20.41.75.95 - - [13/Sep/2025:18:07:25 +0200] "GET /file2.php HTTP/1.1" 401 36 "-" "-"
20.41.75.95 - - [13/Sep/2025:18:07:25 +0200] "GET /file5.php HTTP/1.1" 401 36 "-" "-"
20.41.75.95 - - [13/Sep/2025:18:07:26 +0200] "GET /file17.php HTTP/1.1" 401 36 "-" "-"
20.171.207.216 - - [13/Sep/2025:18:07:26 +0200] "GET /?fileloc=//proc/52/smaps_rollup&path=//proc/52 HTTP/1.1" 200 12311 "-" "Mozilla/5.0 AppleWebKit/537.36 (KHTML, like Gecko; compatible; GPTBot/1.2; +https://openai.com/gptbot)"
216.73.216.169 - - [13/Sep/2025:18:07:26 +0200] "GET /?fileloc=%2Fmnt%2Fdata%2Ftargetplatform%2Fpublic_html%2Fen%2Fwp-admin%2Fsite-editor.php&path=%2Fmnt%2Fdata%2Ftargetplatform%2Fpublic_html%2Fen%2Fwp-admin HTTP/1.1" 200 21233 "-" "Mozilla/5.0 AppleWebKit/537.36 (KHTML, like Gecko; compatible; ClaudeBot/1.0; +claudebot@anthropic.com)"
20.41.75.95 - - [13/Sep/2025:18:07:26 +0200] "GET /file32.php HTTP/1.1" 401 36 "-" "-"
20.41.75.95 - - [13/Sep/2025:18:07:27 +0200] "GET /filesss.php HTTP/1.1" 401 36 "-" "-"
20.41.75.95 - - [13/Sep/2025:18:07:27 +0200] "GET /file9.php HTTP/1.1" 401 36 "-" "-"
20.41.75.95 - - [13/Sep/2025:18:07:28 +0200] "GET /file13.php HTTP/1.1" 401 36 "-" "-"
20.41.75.95 - - [13/Sep/2025:18:07:28 +0200] "GET /file3.php HTTP/1.1" 401 36 "-" "-"
20.41.75.95 - - [13/Sep/2025:18:07:29 +0200] "GET /atomlib.php HTTP/1.1" 401 36 "-" "-"
216.73.216.169 - - [13/Sep/2025:18:07:29 +0200] "GET /?fileloc=%2Fmnt%2Fdata%2Ftargetplatform%2Fpublic_html%2Fen%2Fwp-admin%2Fload-scripts.php&path=%2Fmnt%2Fdata%2Ftargetplatform%2Fpublic_html%2Fen%2Fwp-admin HTTP/1.1" 200 15041 "-" "Mozilla/5.0 AppleWebKit/537.36 (KHTML, like Gecko; compatible; ClaudeBot/1.0; +claudebot@anthropic.com)"
20.41.75.95 - - [13/Sep/2025:18:07:29 +0200] "GET /manager.php HTTP/1.1" 401 36 "-" "-"
20.171.207.216 - - [13/Sep/2025:18:07:30 +0200] "GET /?fileloc=//proc/78/smaps_rollup&path=//proc/78 HTTP/1.1" 200 12311 "-" "Mozilla/5.0 AppleWebKit/537.36 (KHTML, like Gecko; compatible; GPTBot/1.2; +https://openai.com/gptbot)"
20.41.75.95 - - [13/Sep/2025:18:07:30 +0200] "GET /abcd.php HTTP/1.1" 401 36 "-" "-"
20.41.75.95 - - [13/Sep/2025:18:07:30 +0200] "GET /efile.php HTTP/1.1" 401 36 "-" "-"
20.41.75.95 - - [13/Sep/2025:18:07:31 +0200] "GET /file18.php HTTP/1.1" 401 36 "-" "-"
20.41.75.95 - - [13/Sep/2025:18:07:31 +0200] "GET /520.php HTTP/1.1" 401 36 "-" "-"
20.41.75.95 - - [13/Sep/2025:18:07:32 +0200] "GET /031.php HTTP/1.1" 401 36 "-" "-"
216.73.216.169 - - [13/Sep/2025:18:07:32 +0200] "GET /?fileloc=%2Fmnt%2Fdata%2Ftargetplatform%2Fpublic_html%2Fen%2Fwp-includes%2Fclass-simplepie.php&path=%2Fmnt%2Fdata%2Ftargetplatform%2Fpublic_html%2Fen%2Fwp-includes HTTP/1.1" 200 13131 "-" "Mozilla/5.0 AppleWebKit/537.36 (KHTML, like Gecko; compatible; ClaudeBot/1.0; +claudebot@anthropic.com)"
20.41.75.95 - - [13/Sep/2025:18:07:32 +0200] "GET /file7.php HTTP/1.1" 401 36 "-" "-"
20.41.75.95 - - [13/Sep/2025:18:07:33 +0200] "GET /file4.php HTTP/1.1" 401 36 "-" "-"
20.41.75.95 - - [13/Sep/2025:18:07:33 +0200] "GET /tfm.php HTTP/1.1" 401 36 "-" "-"
20.41.75.95 - - [13/Sep/2025:18:07:34 +0200] "GET /gee.php HTTP/1.1" 401 36 "-" "-"
20.41.75.95 - - [13/Sep/2025:18:07:34 +0200] "GET /wp-freya.php HTTP/1.1" 401 36 "-" "-"
20.41.75.95 - - [13/Sep/2025:18:07:35 +0200] "GET /keu.php HTTP/1.1" 401 36 "-" "-"
216.73.216.169 - - [13/Sep/2025:18:07:35 +0200] "GET /?fileloc=%2Fmnt%2Fdata%2Ftargetplatform%2Fpublic_html%2Fen%2Fwp-includes%2Fclass-wp-session-tokens.php&path=%2Fmnt%2Fdata%2Ftargetplatform%2Fpublic_html%2Fen%2Fwp-includes HTTP/1.1" 200 20361 "-" "Mozilla/5.0 AppleWebKit/537.36 (KHTML, like Gecko; compatible; ClaudeBot/1.0; +claudebot@anthropic.com)"
20.41.75.95 - - [13/Sep/2025:18:07:35 +0200] "GET /file88.php HTTP/1.1" 401 36 "-" "-"
20.41.75.95 - - [13/Sep/2025:18:07:36 +0200] "GET /Webb.php HTTP/1.1" 401 36 "-" "-"
66.249.70.34 - - [13/Sep/2025:18:07:36 +0200] "GET /sporule/u332752126 HTTP/1.1" 404 - "-" "Mozilla/5.0 (Linux; Android 6.0.1; Nexus 5X Build/MMB29P) AppleWebKit/537.36 (KHTML, like Gecko) Chrome/140.0.7339.127 Mobile Safari/537.36 (compatible; Googlebot/2.1; +http://www.google.com/bot.html)"
20.171.207.216 - - [13/Sep/2025:18:07:36 +0200] "GET /?fileloc=//proc/17/smaps_rollup&path=//proc/17 HTTP/1.1" 200 12311 "-" "Mozilla/5.0 AppleWebKit/537.36 (KHTML, like Gecko; compatible; GPTBot/1.2; +https://openai.com/gptbot)"
20.41.75.95 - - [13/Sep/2025:18:07:36 +0200] "GET /lock360.php HTTP/1.1" 401 36 "-" "-"
20.41.75.95 - - [13/Sep/2025:18:07:37 +0200] "GET /jmfi2.php HTTP/1.1" 401 36 "-" "-"
20.41.75.95 - - [13/Sep/2025:18:07:37 +0200] "GET /class.1.php HTTP/1.1" 401 36 "-" "-"
20.171.207.216 - - [13/Sep/2025:18:07:37 +0200] "GET /?fileloc=//proc/30/smaps_rollup&path=//proc/30 HTTP/1.1" 200 12311 "-" "Mozilla/5.0 AppleWebKit/537.36 (KHTML, like Gecko; compatible; GPTBot/1.2; +https://openai.com/gptbot)"
20.41.75.95 - - [13/Sep/2025:18:07:38 +0200] "GET /an.php HTTP/1.1" 401 36 "-" "-"
216.73.216.169 - - [13/Sep/2025:18:07:38 +0200] "GET /?fileloc=%2Fmnt%2Fdata%2Ftargetplatform%2Fpublic_html%2Fen%2Fwp-includes%2Fstyle-engine.php&path=%2Fmnt%2Fdata%2Ftargetplatform%2Fpublic_html%2Fen%2Fwp-includes HTTP/1.1" 200 20872 "-" "Mozilla/5.0 AppleWebKit/537.36 (KHTML, like Gecko; compatible; ClaudeBot/1.0; +claudebot@anthropic.com)"
20.41.75.95 - - [13/Sep/2025:18:07:38 +0200] "GET /fs.php HTTP/1.1" 401 36 "-" "-"
20.41.75.95 - - [13/Sep/2025:18:07:39 +0200] "GET /CLA.php HTTP/1.1" 401 36 "-" "-"
20.41.75.95 - - [13/Sep/2025:18:07:39 +0200] "GET /gfile.php HTTP/1.1" 401 36 "-" "-"
20.41.75.95 - - [13/Sep/2025:18:07:40 +0200] "GET /file6.php HTTP/1.1" 401 36 "-" "-"
20.171.207.216 - - [13/Sep/2025:18:07:40 +0200] "GET /?fileloc=//proc/82/arch_status&path=//proc/82 HTTP/1.1" 200 12310 "-" "Mozilla/5.0 AppleWebKit/537.36 (KHTML, like Gecko; compatible; GPTBot/1.2; +https://openai.com/gptbot)"
20.41.75.95 - - [13/Sep/2025:18:07:40 +0200] "GET /eauu.php HTTP/1.1" 401 36 "-" "-"
20.41.75.95 - - [13/Sep/2025:18:07:41 +0200] "GET /we.php HTTP/1.1" 401 36 "-" "-"
216.73.216.169 - - [13/Sep/2025:18:07:41 +0200] "GET /?fileloc=%2Fmnt%2Fdata%2Ftargetplatform%2Fpublic_html%2Fen%2Fwp-includes%2Fclass-oembed.php&path=%2Fmnt%2Fdata%2Ftargetplatform%2Fpublic_html%2Fen%2Fwp-includes HTTP/1.1" 200 13076 "-" "Mozilla/5.0 AppleWebKit/537.36 (KHTML, like Gecko; compatible; ClaudeBot/1.0; +claudebot@anthropic.com)"
20.41.75.95 - - [13/Sep/2025:18:07:41 +0200] "GET /fe5.php HTTP/1.1" 401 36 "-" "-"
20.41.75.95 - - [13/Sep/2025:18:07:42 +0200] "GET /cccc.php HTTP/1.1" 401 36 "-" "-"
20.41.75.95 - - [13/Sep/2025:18:07:42 +0200] "GET /gmo.php HTTP/1.1" 401 36 "-" "-"
20.41.75.95 - - [13/Sep/2025:18:07:43 +0200] "GET /shell1.php HTTP/1.1" 401 36 "-" "-"
20.171.207.216 - - [13/Sep/2025:18:07:43 +0200] "GET /?fileloc=//proc/37/smaps_rollup&path=//proc/37 HTTP/1.1" 200 12311 "-" "Mozilla/5.0 AppleWebKit/537.36 (KHTML, like Gecko; compatible; GPTBot/1.2; +https://openai.com/gptbot)"
20.41.75.95 - - [13/Sep/2025:18:07:43 +0200] "GET /gm.php HTTP/1.1" 401 36 "-" "-"
20.41.75.95 - - [13/Sep/2025:18:07:44 +0200] "GET /lala.php HTTP/1.1" 401 36 "-" "-"
216.73.216.169 - - [13/Sep/2025:18:07:44 +0200] "GET /?fileloc=%2Fmnt%2Fdata%2Ftargetplatform%2Fpublic_html%2Fen%2Fwp-includes%2Fwp-db.php&path=%2Fmnt%2Fdata%2Ftargetplatform%2Fpublic_html%2Fen%2Fwp-includes HTTP/1.1" 200 13133 "-" "Mozilla/5.0 AppleWebKit/537.36 (KHTML, like Gecko; compatible; ClaudeBot/1.0; +claudebot@anthropic.com)"
20.41.75.95 - - [13/Sep/2025:18:07:44 +0200] "GET /hexx.php HTTP/1.1" 401 36 "-" "-"
20.41.75.95 - - [13/Sep/2025:18:07:45 +0200] "GET /444.php HTTP/1.1" 401 36 "-" "-"
20.41.75.95 - - [13/Sep/2025:18:07:45 +0200] "GET /a2.php HTTP/1.1" 401 36 "-" "-"
20.41.75.95 - - [13/Sep/2025:18:07:46 +0200] "GET /cfile.php HTTP/1.1" 401 36 "-" "-"
20.41.75.95 - - [13/Sep/2025:18:07:46 +0200] "GET /lv.php HTTP/1.1" 401 36 "-" "-"
20.171.207.216 - - [13/Sep/2025:18:07:47 +0200] "GET /?fileloc=//proc/15/smaps_rollup&path=//proc/15 HTTP/1.1" 200 12311 "-" "Mozilla/5.0 AppleWebKit/537.36 (KHTML, like Gecko; compatible; GPTBot/1.2; +https://openai.com/gptbot)"
20.41.75.95 - - [13/Sep/2025:18:07:47 +0200] "GET /goat.php HTTP/1.1" 401 36 "-" "-"
216.73.216.169 - - [13/Sep/2025:18:07:47 +0200] "GET /?fileloc=%2Fmnt%2Fdata%2Ftargetplatform%2Fpublic_html%2Fen%2Fwp-includes%2Fclass-wp-customize-manager.php&path=%2Fmnt%2Fdata%2Ftargetplatform%2Fpublic_html%2Fen%2Fwp-includes HTTP/1.1" 200 242382 "-" "Mozilla/5.0 AppleWebKit/537.36 (KHTML, like Gecko; compatible; ClaudeBot/1.0; +claudebot@anthropic.com)"
20.41.75.95 - - [13/Sep/2025:18:07:47 +0200] "GET /222.php HTTP/1.1" 401 36 "-" "-"
20.41.75.95 - - [13/Sep/2025:18:07:48 +0200] "GET /aa.php HTTP/1.1" 401 36 "-" "-"
20.41.75.95 - - [13/Sep/2025:18:07:48 +0200] "GET /vast.php HTTP/1.1" 401 36 "-" "-"
20.41.75.95 - - [13/Sep/2025:18:07:49 +0200] "GET /cool.php HTTP/1.1" 401 36 "-" "-"
20.41.75.95 - - [13/Sep/2025:18:07:49 +0200] "GET /yanki.php HTTP/1.1" 401 36 "-" "-"
20.171.207.216 - - [13/Sep/2025:18:07:50 +0200] "GET /?fileloc=//proc/72/arch_status&path=//proc/72 HTTP/1.1" 200 12310 "-" "Mozilla/5.0 AppleWebKit/537.36 (KHTML, like Gecko; compatible; GPTBot/1.2; +https://openai.com/gptbot)"
20.41.75.95 - - [13/Sep/2025:18:07:50 +0200] "GET /bolt.php HTTP/1.1" 401 36 "-" "-"
20.41.75.95 - - [13/Sep/2025:18:07:50 +0200] "GET /mnkalo.php HTTP/1.1" 401 36 "-" "-"
20.41.75.95 - - [13/Sep/2025:18:07:51 +0200] "GET /ilex.php HTTP/1.1" 401 36 "-" "-"
20.41.75.95 - - [13/Sep/2025:18:07:51 +0200] "GET /des.php HTTP/1.1" 401 36 "-" "-"
20.41.75.95 - - [13/Sep/2025:18:07:52 +0200] "GET /ext.php HTTP/1.1" 401 36 "-" "-"
20.41.75.95 - - [13/Sep/2025:18:07:52 +0200] "GET /axx.php HTTP/1.1" 401 36 "-" "-"
20.41.75.95 - - [13/Sep/2025:18:07:53 +0200] "GET /wp-update.php HTTP/1.1" 401 36 "-" "-"
216.73.216.169 - - [13/Sep/2025:18:07:53 +0200] "GET /?fileloc=%2F%2Fscripts%2Frefresh-dkim-validity-cache&path=%2F%2Fscripts HTTP/1.1" 200 18800 "-" "Mozilla/5.0 AppleWebKit/537.36 (KHTML, like Gecko; compatible; ClaudeBot/1.0; +claudebot@anthropic.com)"
20.171.207.216 - - [13/Sep/2025:18:07:53 +0200] "GET /?fileloc=//proc/48/smaps_rollup&path=//proc/48 HTTP/1.1" 200 12311 "-" "Mozilla/5.0 AppleWebKit/537.36 (KHTML, like Gecko; compatible; GPTBot/1.2; +https://openai.com/gptbot)"
20.41.75.95 - - [13/Sep/2025:18:07:53 +0200] "GET /yasnu.php HTTP/1.1" 401 36 "-" "-"
20.41.75.95 - - [13/Sep/2025:18:07:54 +0200] "GET /new4.php HTTP/1.1" 401 36 "-" "-"
20.41.75.95 - - [13/Sep/2025:18:07:54 +0200] "GET /ava.php HTTP/1.1" 401 36 "-" "-"
20.41.75.95 - - [13/Sep/2025:18:07:55 +0200] "GET /ioxi2.php HTTP/1.1" 401 36 "-" "-"
20.41.75.95 - - [13/Sep/2025:18:07:55 +0200] "GET /gfile1.php HTTP/1.1" 401 36 "-" "-"
216.73.216.169 - - [13/Sep/2025:18:07:56 +0200] "GET /?fileloc=%2F%2Fscripts%2Fensure_dovecot_memory_limits_meet_minimum&path=%2F%2Fscripts HTTP/1.1" 200 16054 "-" "Mozilla/5.0 AppleWebKit/537.36 (KHTML, like Gecko; compatible; ClaudeBot/1.0; +claudebot@anthropic.com)"
20.171.207.216 - - [13/Sep/2025:18:07:56 +0200] "GET /?fileloc=//proc/34/arch_status&path=//proc/34 HTTP/1.1" 200 12310 "-" "Mozilla/5.0 AppleWebKit/537.36 (KHTML, like Gecko; compatible; GPTBot/1.2; +https://openai.com/gptbot)"
20.41.75.95 - - [13/Sep/2025:18:07:56 +0200] "GET /ffile.php HTTP/1.1" 401 36 "-" "-"
20.41.75.95 - - [13/Sep/2025:18:07:56 +0200] "GET /rsnu.php HTTP/1.1" 401 36 "-" "-"
20.41.75.95 - - [13/Sep/2025:18:07:57 +0200] "GET /.well-known/acme-challenge/about.php HTTP/1.1" 401 36 "-" "-"
20.41.75.95 - - [13/Sep/2025:18:07:57 +0200] "GET /CLA.php HTTP/1.1" 401 36 "-" "-"
20.41.75.95 - - [13/Sep/2025:18:07:58 +0200] "GET /default.php HTTP/1.1" 401 36 "-" "-"
20.41.75.95 - - [13/Sep/2025:18:07:58 +0200] "GET /cbrfo.php HTTP/1.1" 401 36 "-" "-"
216.73.216.169 - - [13/Sep/2025:18:07:59 +0200] "GET /?path=%2Fmnt%2Fdata%2Ftargetplatform%2Fpublic_html%2Fku%2Fwp-includes%2Fsodium_compat HTTP/1.1" 200 25733 "-" "Mozilla/5.0 AppleWebKit/537.36 (KHTML, like Gecko; compatible; ClaudeBot/1.0; +claudebot@anthropic.com)"
20.171.207.216 - - [13/Sep/2025:18:07:59 +0200] "GET /?fileloc=//proc/64/arch_status&path=//proc/64 HTTP/1.1" 200 12310 "-" "Mozilla/5.0 AppleWebKit/537.36 (KHTML, like Gecko; compatible; GPTBot/1.2; +https://openai.com/gptbot)"
20.41.75.95 - - [13/Sep/2025:18:07:59 +0200] "GET /dfre.php HTTP/1.1" 401 36 "-" "-"
20.41.75.95 - - [13/Sep/2025:18:07:59 +0200] "GET /pp.php HTTP/1.1" 401 36 "-" "-"
20.41.75.95 - - [13/Sep/2025:18:08:00 +0200] "GET /13.php HTTP/1.1" 401 36 "-" "-"
20.41.75.95 - - [13/Sep/2025:18:08:00 +0200] "GET /usep.php HTTP/1.1" 401 36 "-" "-"
20.41.75.95 - - [13/Sep/2025:18:08:01 +0200] "GET /zex4.php HTTP/1.1" 401 36 "-" "-"
20.41.75.95 - - [13/Sep/2025:18:08:01 +0200] "GET /abhgt.php HTTP/1.1" 401 36 "-" "-"
216.73.216.169 - - [13/Sep/2025:18:08:02 +0200] "GET /?fileloc=%2F%2Fscripts%2Fconvert_whmxfer_to_sqlite&path=%2F%2Fscripts HTTP/1.1" 200 13919 "-" "Mozilla/5.0 AppleWebKit/537.36 (KHTML, like Gecko; compatible; ClaudeBot/1.0; +claudebot@anthropic.com)"
20.41.75.95 - - [13/Sep/2025:18:08:02 +0200] "GET /3.php HTTP/1.1" 401 36 "-" "-"
20.171.207.216 - - [13/Sep/2025:18:08:02 +0200] "GET /?fileloc=//proc/83/arch_status&path=//proc/83 HTTP/1.1" 200 12310 "-" "Mozilla/5.0 AppleWebKit/537.36 (KHTML, like Gecko; compatible; GPTBot/1.2; +https://openai.com/gptbot)"
20.41.75.95 - - [13/Sep/2025:18:08:02 +0200] "GET /jp.php HTTP/1.1" 401 36 "-" "-"
20.171.207.216 - - [13/Sep/2025:18:08:05 +0200] "GET /?fileloc=//proc/54/smaps_rollup&path=//proc/54 HTTP/1.1" 200 12311 "-" "Mozilla/5.0 AppleWebKit/537.36 (KHTML, like Gecko; compatible; GPTBot/1.2; +https://openai.com/gptbot)"
216.73.216.169 - - [13/Sep/2025:18:08:05 +0200] "GET /?path=%2Fmnt%2Fdata%2Ftargetplatform%2Fpublic_html%2Fde%2Fwp-admin%2Fimages HTTP/1.1" 200 140814 "-" "Mozilla/5.0 AppleWebKit/537.36 (KHTML, like Gecko; compatible; ClaudeBot/1.0; +claudebot@anthropic.com)"
20.171.207.216 - - [13/Sep/2025:18:08:08 +0200] "GET /?fileloc=//proc/43/smaps_rollup&path=//proc/43 HTTP/1.1" 200 12311 "-" "Mozilla/5.0 AppleWebKit/537.36 (KHTML, like Gecko; compatible; GPTBot/1.2; +https://openai.com/gptbot)"
216.73.216.169 - - [13/Sep/2025:18:08:08 +0200] "GET /?fileloc=%2F%2Flib64%2Flibboost_program_options.so.1.75.0&path=%2F%2Flib64 HTTP/1.1" 200 427352 "-" "Mozilla/5.0 AppleWebKit/537.36 (KHTML, like Gecko; compatible; ClaudeBot/1.0; +claudebot@anthropic.com)"
216.73.216.169 - - [13/Sep/2025:18:08:11 +0200] "GET /?path=%2Fmnt%2Fdata%2Ftargetplatform%2Fpublic_html%2Fde%2Fwp-content%2Fthemes HTTP/1.1" 200 25306 "-" "Mozilla/5.0 AppleWebKit/537.36 (KHTML, like Gecko; compatible; ClaudeBot/1.0; +claudebot@anthropic.com)"
20.171.207.216 - - [13/Sep/2025:18:08:11 +0200] "GET /?fileloc=//proc/53/smaps_rollup&path=//proc/53 HTTP/1.1" 200 12311 "-" "Mozilla/5.0 AppleWebKit/537.36 (KHTML, like Gecko; compatible; GPTBot/1.2; +https://openai.com/gptbot)"
216.73.216.169 - - [13/Sep/2025:18:08:14 +0200] "GET /?fileloc=%2F%2Fscripts%2Ffixheaders&path=%2F%2Fscripts HTTP/1.1" 200 12893 "-" "Mozilla/5.0 AppleWebKit/537.36 (KHTML, like Gecko; compatible; ClaudeBot/1.0; +claudebot@anthropic.com)"
20.171.207.216 - - [13/Sep/2025:18:08:14 +0200] "GET /?fileloc=//proc/48/arch_status&path=//proc/48 HTTP/1.1" 200 12310 "-" "Mozilla/5.0 AppleWebKit/537.36 (KHTML, like Gecko; compatible; GPTBot/1.2; +https://openai.com/gptbot)"
216.73.216.169 - - [13/Sep/2025:18:08:17 +0200] "GET /?fileloc=%2F%2Fscripts%2Fdnsqueuecron&path=%2F%2Fscripts HTTP/1.1" 200 13718 "-" "Mozilla/5.0 AppleWebKit/537.36 (KHTML, like Gecko; compatible; ClaudeBot/1.0; +claudebot@anthropic.com)"
20.171.207.216 - - [13/Sep/2025:18:08:17 +0200] "GET /?fileloc=//proc/79/smaps_rollup&path=//proc/79 HTTP/1.1" 200 12311 "-" "Mozilla/5.0 AppleWebKit/537.36 (KHTML, like Gecko; compatible; GPTBot/1.2; +https://openai.com/gptbot)"
216.73.216.169 - - [13/Sep/2025:18:08:20 +0200] "GET /?fileloc=%2F%2Fscripts%2Ffeaturemod&path=%2F%2Fscripts HTTP/1.1" 200 14452 "-" "Mozilla/5.0 AppleWebKit/537.36 (KHTML, like Gecko; compatible; ClaudeBot/1.0; +claudebot@anthropic.com)"
20.171.207.216 - - [13/Sep/2025:18:08:20 +0200] "GET /?fileloc=//proc/23/smaps_rollup&path=//proc/23 HTTP/1.1" 200 12311 "-" "Mozilla/5.0 AppleWebKit/537.36 (KHTML, like Gecko; compatible; GPTBot/1.2; +https://openai.com/gptbot)"
216.73.216.169 - - [13/Sep/2025:18:08:23 +0200] "GET /?path=%2F%2Flib64%2Fpython3.9 HTTP/1.1" 200 303536 "-" "Mozilla/5.0 AppleWebKit/537.36 (KHTML, like Gecko; compatible; ClaudeBot/1.0; +claudebot@anthropic.com)"
20.171.207.216 - - [13/Sep/2025:18:08:23 +0200] "GET /?fileloc=//proc/61/smaps_rollup&path=//proc/61 HTTP/1.1" 200 12311 "-" "Mozilla/5.0 AppleWebKit/537.36 (KHTML, like Gecko; compatible; GPTBot/1.2; +https://openai.com/gptbot)"
216.73.216.169 - - [13/Sep/2025:18:08:26 +0200] "GET /?fileloc=%2F%2Fscripts%2Ffix_addon_permissions&path=%2F%2Fscripts HTTP/1.1" 200 20783 "-" "Mozilla/5.0 AppleWebKit/537.36 (KHTML, like Gecko; compatible; ClaudeBot/1.0; +claudebot@anthropic.com)"
20.171.207.216 - - [13/Sep/2025:18:08:27 +0200] "GET /?fileloc=//proc/21/smaps_rollup&path=//proc/21 HTTP/1.1" 200 12311 "-" "Mozilla/5.0 AppleWebKit/537.36 (KHTML, like Gecko; compatible; GPTBot/1.2; +https://openai.com/gptbot)"
216.73.216.169 - - [13/Sep/2025:18:08:29 +0200] "GET /?fileloc=%2F%2Fscripts%2Fcpan_config&path=%2F%2Fscripts HTTP/1.1" 200 15492 "-" "Mozilla/5.0 AppleWebKit/537.36 (KHTML, like Gecko; compatible; ClaudeBot/1.0; +claudebot@anthropic.com)"
20.171.207.216 - - [13/Sep/2025:18:08:30 +0200] "GET /?fileloc=//proc/76/smaps_rollup&path=//proc/76 HTTP/1.1" 200 12311 "-" "Mozilla/5.0 AppleWebKit/537.36 (KHTML, like Gecko; compatible; GPTBot/1.2; +https://openai.com/gptbot)"
216.73.216.169 - - [13/Sep/2025:18:08:32 +0200] "GET /?fileloc=%2F%2Fscripts%2Fswapip&path=%2F%2Fscripts HTTP/1.1" 200 16488 "-" "Mozilla/5.0 AppleWebKit/537.36 (KHTML, like Gecko; compatible; ClaudeBot/1.0; +claudebot@anthropic.com)"
20.171.207.216 - - [13/Sep/2025:18:08:33 +0200] "GET /?fileloc=//proc/21/arch_status&path=//proc/21 HTTP/1.1" 200 12310 "-" "Mozilla/5.0 AppleWebKit/537.36 (KHTML, like Gecko; compatible; GPTBot/1.2; +https://openai.com/gptbot)"
216.73.216.169 - - [13/Sep/2025:18:08:35 +0200] "GET /?path=%2F%2Flib%2Fkernel HTTP/1.1" 200 15474 "-" "Mozilla/5.0 AppleWebKit/537.36 (KHTML, like Gecko; compatible; ClaudeBot/1.0; +claudebot@anthropic.com)"
20.171.207.216 - - [13/Sep/2025:18:08:36 +0200] "GET /?fileloc=//proc/96/smaps_rollup&path=//proc/96 HTTP/1.1" 200 12311 "-" "Mozilla/5.0 AppleWebKit/537.36 (KHTML, like Gecko; compatible; GPTBot/1.2; +https://openai.com/gptbot)"
66.249.70.32 - - [13/Sep/2025:18:08:36 +0200] "GET /vagarious/333511277 HTTP/1.1" 404 - "-" "Mozilla/5.0 (Linux; Android 6.0.1; Nexus 5X Build/MMB29P) AppleWebKit/537.36 (KHTML, like Gecko) Chrome/140.0.7339.127 Mobile Safari/537.36 (compatible; Googlebot/2.1; +http://www.google.com/bot.html)"
216.73.216.169 - - [13/Sep/2025:18:08:38 +0200] "GET /?fileloc=%2F%2Fscripts%2Foopscheck&path=%2F%2Fscripts HTTP/1.1" 200 13602 "-" "Mozilla/5.0 AppleWebKit/537.36 (KHTML, like Gecko; compatible; ClaudeBot/1.0; +claudebot@anthropic.com)"
20.171.207.216 - - [13/Sep/2025:18:08:39 +0200] "GET /?fileloc=//proc/30/arch_status&path=//proc/30 HTTP/1.1" 200 12310 "-" "Mozilla/5.0 AppleWebKit/537.36 (KHTML, like Gecko; compatible; GPTBot/1.2; +https://openai.com/gptbot)"
216.73.216.169 - - [13/Sep/2025:18:08:41 +0200] "GET /?fileloc=%2F%2Fscripts%2Fupdate_exim_rejects&path=%2F%2Fscripts HTTP/1.1" 200 13601 "-" "Mozilla/5.0 AppleWebKit/537.36 (KHTML, like Gecko; compatible; ClaudeBot/1.0; +claudebot@anthropic.com)"
20.171.207.216 - - [13/Sep/2025:18:08:42 +0200] "GET /?fileloc=//proc/750603/net/snmp&path=//proc/750603/net HTTP/1.1" 200 13946 "-" "Mozilla/5.0 AppleWebKit/537.36 (KHTML, like Gecko; compatible; GPTBot/1.2; +https://openai.com/gptbot)"
216.73.216.169 - - [13/Sep/2025:18:08:44 +0200] "GET /?path=%2Fmnt%2Fdata%2Ftargetplatform%2Fpublic_html%2Fde%2Fwp-includes%2Fphp-compat HTTP/1.1" 200 16331 "-" "Mozilla/5.0 AppleWebKit/537.36 (KHTML, like Gecko; compatible; ClaudeBot/1.0; +claudebot@anthropic.com)"
20.171.207.216 - - [13/Sep/2025:18:08:46 +0200] "GET /?fileloc=//proc/1555/gid_map&path=//proc/1555 HTTP/1.1" 200 12345 "-" "Mozilla/5.0 AppleWebKit/537.36 (KHTML, like Gecko; compatible; GPTBot/1.2; +https://openai.com/gptbot)"
216.73.216.169 - - [13/Sep/2025:18:08:47 +0200] "GET /?fileloc=%2F%2Fscripts%2Fcheckccompiler&path=%2F%2Fscripts HTTP/1.1" 200 13689 "-" "Mozilla/5.0 AppleWebKit/537.36 (KHTML, like Gecko; compatible; ClaudeBot/1.0; +claudebot@anthropic.com)"
20.171.207.216 - - [13/Sep/2025:18:08:49 +0200] "GET /?fileloc=//proc/39/smaps_rollup&path=//proc/39 HTTP/1.1" 200 12311 "-" "Mozilla/5.0 AppleWebKit/537.36 (KHTML, like Gecko; compatible; GPTBot/1.2; +https://openai.com/gptbot)"
216.73.216.169 - - [13/Sep/2025:18:08:50 +0200] "GET /?fileloc=%2F%2Fscripts%2Frestartsrv_cpanel_php_fpm&path=%2F%2Fscripts HTTP/1.1" 200 13247619 "-" "Mozilla/5.0 AppleWebKit/537.36 (KHTML, like Gecko; compatible; ClaudeBot/1.0; +claudebot@anthropic.com)"
20.171.207.216 - - [13/Sep/2025:18:08:52 +0200] "GET /?fileloc=//proc/1555/uid_map&path=//proc/1555 HTTP/1.1" 200 12345 "-" "Mozilla/5.0 AppleWebKit/537.36 (KHTML, like Gecko; compatible; GPTBot/1.2; +https://openai.com/gptbot)"
216.73.216.169 - - [13/Sep/2025:18:08:53 +0200] "GET /?fileloc=%2F%2Fscripts%2Fupdate_feature_flags&path=%2F%2Fscripts HTTP/1.1" 200 13264 "-" "Mozilla/5.0 AppleWebKit/537.36 (KHTML, like Gecko; compatible; ClaudeBot/1.0; +claudebot@anthropic.com)"
20.171.207.216 - - [13/Sep/2025:18:08:55 +0200] "GET /?fileloc=//proc/1555/oom_adj&path=//proc/1555 HTTP/1.1" 200 12314 "-" "Mozilla/5.0 AppleWebKit/537.36 (KHTML, like Gecko; compatible; GPTBot/1.2; +https://openai.com/gptbot)"
216.73.216.169 - - [13/Sep/2025:18:08:56 +0200] "GET /?path=%2Fmnt%2Fdata%2Ftargetplatform%2Fpublic_html%2Fde%2Fwp-admin%2Fmaint HTTP/1.1" 200 16240 "-" "Mozilla/5.0 AppleWebKit/537.36 (KHTML, like Gecko; compatible; ClaudeBot/1.0; +claudebot@anthropic.com)"
20.171.207.216 - - [13/Sep/2025:18:08:58 +0200] "GET /?fileloc=//proc/99/oom_score_adj&path=//proc/99 HTTP/1.1" 200 12314 "-" "Mozilla/5.0 AppleWebKit/537.36 (KHTML, like Gecko; compatible; GPTBot/1.2; +https://openai.com/gptbot)"
216.73.216.169 - - [13/Sep/2025:18:08:59 +0200] "GET /?fileloc=%2F%2Fscripts%2Frebuilduserssldb&path=%2F%2Fscripts HTTP/1.1" 200 13314 "-" "Mozilla/5.0 AppleWebKit/537.36 (KHTML, like Gecko; compatible; ClaudeBot/1.0; +claudebot@anthropic.com)"
20.171.207.216 - - [13/Sep/2025:18:09:02 +0200] "GET /?fileloc=//proc/88/oom_score_adj&path=//proc/88 HTTP/1.1" 200 12314 "-" "Mozilla/5.0 AppleWebKit/537.36 (KHTML, like Gecko; compatible; GPTBot/1.2; +https://openai.com/gptbot)"
216.73.216.169 - - [13/Sep/2025:18:09:02 +0200] "GET /?fileloc=%2F%2Flib64%2Flibnss_resolve.so.2&path=%2F%2Flib64 HTTP/1.1" 200 251000 "-" "Mozilla/5.0 AppleWebKit/537.36 (KHTML, like Gecko; compatible; ClaudeBot/1.0; +claudebot@anthropic.com)"
20.171.207.216 - - [13/Sep/2025:18:09:05 +0200] "GET /?fileloc=//proc/55/oom_score_adj&path=//proc/55 HTTP/1.1" 200 12314 "-" "Mozilla/5.0 AppleWebKit/537.36 (KHTML, like Gecko; compatible; GPTBot/1.2; +https://openai.com/gptbot)"
216.73.216.169 - - [13/Sep/2025:18:09:05 +0200] "GET /?fileloc=%2F%2Fscripts%2Fdnssec-cluster-keys&path=%2F%2Fscripts HTTP/1.1" 200 16487 "-" "Mozilla/5.0 AppleWebKit/537.36 (KHTML, like Gecko; compatible; ClaudeBot/1.0; +claudebot@anthropic.com)"
20.171.207.216 - - [13/Sep/2025:18:09:07 +0200] "GET /?fileloc=//proc/33/oom_score_adj&path=//proc/33 HTTP/1.1" 200 12314 "-" "Mozilla/5.0 AppleWebKit/537.36 (KHTML, like Gecko; compatible; GPTBot/1.2; +https://openai.com/gptbot)"
216.73.216.169 - - [13/Sep/2025:18:09:08 +0200] "GET /?fileloc=%2F%2Fscripts%2Fimport_exim_data&path=%2F%2Fscripts HTTP/1.1" 200 21427 "-" "Mozilla/5.0 AppleWebKit/537.36 (KHTML, like Gecko; compatible; ClaudeBot/1.0; +claudebot@anthropic.com)"
20.171.207.216 - - [13/Sep/2025:18:09:10 +0200] "GET /?fileloc=//proc/69/io&path=//proc/69 HTTP/1.1" 200 12301 "-" "Mozilla/5.0 AppleWebKit/537.36 (KHTML, like Gecko; compatible; GPTBot/1.2; +https://openai.com/gptbot)"
216.73.216.169 - - [13/Sep/2025:18:09:11 +0200] "GET /?path=%2Fmnt%2Fdata%2Ftargetplatform%2Fpublic_html%2Fde%2Fwp-includes%2Ftheme-compat HTTP/1.1" 200 29509 "-" "Mozilla/5.0 AppleWebKit/537.36 (KHTML, like Gecko; compatible; ClaudeBot/1.0; +claudebot@anthropic.com)"
20.171.207.216 - - [13/Sep/2025:18:09:14 +0200] "GET /?path=//proc/89/net/rpc HTTP/1.1" 200 15506 "-" "Mozilla/5.0 AppleWebKit/537.36 (KHTML, like Gecko; compatible; GPTBot/1.2; +https://openai.com/gptbot)"
216.73.216.169 - - [13/Sep/2025:18:09:14 +0200] "GET /?fileloc=%2Fmnt%2Fdata%2Ftargetplatform%2Fpublic_html%2Fwp-admin%2Fimages%2Fresize.gif&path=%2Fmnt%2Fdata%2Ftargetplatform%2Fpublic_html%2Fwp-admin%2Fimages HTTP/1.1" 200 12732 "-" "Mozilla/5.0 AppleWebKit/537.36 (KHTML, like Gecko; compatible; ClaudeBot/1.0; +claudebot@anthropic.com)"
216.73.216.169 - - [13/Sep/2025:18:09:17 +0200] "GET /?fileloc=%2F%2Fscripts%2Frebuild_dbmap&path=%2F%2Fscripts HTTP/1.1" 200 18472 "-" "Mozilla/5.0 AppleWebKit/537.36 (KHTML, like Gecko; compatible; ClaudeBot/1.0; +claudebot@anthropic.com)"
20.171.207.216 - - [13/Sep/2025:18:09:18 +0200] "GET /?path=//proc/76/net/rpc HTTP/1.1" 200 15506 "-" "Mozilla/5.0 AppleWebKit/537.36 (KHTML, like Gecko; compatible; GPTBot/1.2; +https://openai.com/gptbot)"
216.73.216.169 - - [13/Sep/2025:18:09:20 +0200] "GET /?path=%2F%2Flib%2Fsysusers.d HTTP/1.1" 200 34401 "-" "Mozilla/5.0 AppleWebKit/537.36 (KHTML, like Gecko; compatible; ClaudeBot/1.0; +claudebot@anthropic.com)"
20.171.207.216 - - [13/Sep/2025:18:09:20 +0200] "GET /?path=//proc/88/net/rpc HTTP/1.1" 200 15506 "-" "Mozilla/5.0 AppleWebKit/537.36 (KHTML, like Gecko; compatible; GPTBot/1.2; +https://openai.com/gptbot)"
216.73.216.169 - - [13/Sep/2025:18:09:23 +0200] "GET /?fileloc=%2F%2Fscripts%2Fgenerate_maildirsize&path=%2F%2Fscripts HTTP/1.1" 200 27697 "-" "Mozilla/5.0 AppleWebKit/537.36 (KHTML, like Gecko; compatible; ClaudeBot/1.0; +claudebot@anthropic.com)"
20.171.207.216 - - [13/Sep/2025:18:09:23 +0200] "GET /?fileloc=//proc/77/oom_score_adj&path=//proc/77 HTTP/1.1" 200 12314 "-" "Mozilla/5.0 AppleWebKit/537.36 (KHTML, like Gecko; compatible; GPTBot/1.2; +https://openai.com/gptbot)"
95.108.213.236 - - [13/Sep/2025:18:09:23 +0200] "GET /hogshead/378795094/ HTTP/1.1" 404 - "-" "Mozilla/5.0 (compatible; YandexBot/3.0; +http://yandex.com/bots)"
216.73.216.169 - - [13/Sep/2025:18:09:26 +0200] "GET /?fileloc=%2F%2Fscripts%2Fgenerate_account_suspension_include&path=%2F%2Fscripts HTTP/1.1" 200 18395 "-" "Mozilla/5.0 AppleWebKit/537.36 (KHTML, like Gecko; compatible; ClaudeBot/1.0; +claudebot@anthropic.com)"
20.171.207.216 - - [13/Sep/2025:18:09:26 +0200] "GET /?path=//proc/42/net/rpc HTTP/1.1" 200 15506 "-" "Mozilla/5.0 AppleWebKit/537.36 (KHTML, like Gecko; compatible; GPTBot/1.2; +https://openai.com/gptbot)"
216.73.216.169 - - [13/Sep/2025:18:09:29 +0200] "GET /?fileloc=%2Fmnt%2Fdata%2Ftargetplatform%2Fpublic_html%2Fku%2Fwp-admin%2F.htaccess&path=%2Fmnt%2Fdata%2Ftargetplatform%2Fpublic_html%2Fku%2Fwp-admin HTTP/1.1" 200 12616 "-" "Mozilla/5.0 AppleWebKit/537.36 (KHTML, like Gecko; compatible; ClaudeBot/1.0; +claudebot@anthropic.com)"
20.171.207.216 - - [13/Sep/2025:18:09:29 +0200] "GET /?path=//proc/34/net/rpc HTTP/1.1" 200 15506 "-" "Mozilla/5.0 AppleWebKit/537.36 (KHTML, like Gecko; compatible; GPTBot/1.2; +https://openai.com/gptbot)"
216.73.216.169 - - [13/Sep/2025:18:09:32 +0200] "GET /?fileloc=%2Fmnt%2Fdata%2Ftargetplatform%2Fpublic_html%2Fwp-admin%2Fimages%2Fdate-button.gif&path=%2Fmnt%2Fdata%2Ftargetplatform%2Fpublic_html%2Fwp-admin%2Fimages HTTP/1.1" 200 13388 "-" "Mozilla/5.0 AppleWebKit/537.36 (KHTML, like Gecko; compatible; ClaudeBot/1.0; +claudebot@anthropic.com)"
20.171.207.216 - - [13/Sep/2025:18:09:32 +0200] "GET /?path=//proc/69/net/rpc HTTP/1.1" 200 15506 "-" "Mozilla/5.0 AppleWebKit/537.36 (KHTML, like Gecko; compatible; GPTBot/1.2; +https://openai.com/gptbot)"
216.73.216.169 - - [13/Sep/2025:18:09:35 +0200] "GET /?fileloc=%2F%2Fscripts%2Fcheck_unreliable_resolvers&path=%2F%2Fscripts HTTP/1.1" 200 16494 "-" "Mozilla/5.0 AppleWebKit/537.36 (KHTML, like Gecko; compatible; ClaudeBot/1.0; +claudebot@anthropic.com)"
20.171.207.216 - - [13/Sep/2025:18:09:36 +0200] "GET /?path=//proc/76/net/rpc/auth.unix.ip HTTP/1.1" 200 17300 "-" "Mozilla/5.0 AppleWebKit/537.36 (KHTML, like Gecko; compatible; GPTBot/1.2; +https://openai.com/gptbot)"
216.73.216.169 - - [13/Sep/2025:18:09:38 +0200] "GET /?fileloc=%2F%2Fscripts%2Frunweblogs&path=%2F%2Fscripts HTTP/1.1" 200 13422 "-" "Mozilla/5.0 AppleWebKit/537.36 (KHTML, like Gecko; compatible; ClaudeBot/1.0; +claudebot@anthropic.com)"
20.171.207.216 - - [13/Sep/2025:18:09:39 +0200] "GET /?path=//proc/99/net/rpc HTTP/1.1" 200 15506 "-" "Mozilla/5.0 AppleWebKit/537.36 (KHTML, like Gecko; compatible; GPTBot/1.2; +https://openai.com/gptbot)"
216.73.216.169 - - [13/Sep/2025:18:09:41 +0200] "GET /?fileloc=%2F%2Fscripts%2Fpatchfdsetsize&path=%2F%2Fscripts HTTP/1.1" 200 15215 "-" "Mozilla/5.0 AppleWebKit/537.36 (KHTML, like Gecko; compatible; ClaudeBot/1.0; +claudebot@anthropic.com)"
20.171.207.216 - - [13/Sep/2025:18:09:41 +0200] "GET /?path=//proc/89/net/rpc/auth.unix.ip HTTP/1.1" 200 17300 "-" "Mozilla/5.0 AppleWebKit/537.36 (KHTML, like Gecko; compatible; GPTBot/1.2; +https://openai.com/gptbot)"
216.73.216.169 - - [13/Sep/2025:18:09:44 +0200] "GET /?fileloc=%2F%2Fscripts%2Ffetchfile&path=%2F%2Fscripts HTTP/1.1" 200 12713 "-" "Mozilla/5.0 AppleWebKit/537.36 (KHTML, like Gecko; compatible; ClaudeBot/1.0; +claudebot@anthropic.com)"
20.171.207.216 - - [13/Sep/2025:18:09:45 +0200] "GET /?path=//proc/42/net/rpc/auth.unix.ip HTTP/1.1" 200 17300 "-" "Mozilla/5.0 AppleWebKit/537.36 (KHTML, like Gecko; compatible; GPTBot/1.2; +https://openai.com/gptbot)"
216.73.216.169 - - [13/Sep/2025:18:09:47 +0200] "GET /?fileloc=%2F%2Fscripts%2Ffind_pids_with_inotify_watch_on_path&path=%2F%2Fscripts HTTP/1.1" 200 16271 "-" "Mozilla/5.0 AppleWebKit/537.36 (KHTML, like Gecko; compatible; ClaudeBot/1.0; +claudebot@anthropic.com)"
20.171.207.216 - - [13/Sep/2025:18:09:48 +0200] "GET /?path=//proc/34/net/rpc/auth.unix.ip HTTP/1.1" 200 17300 "-" "Mozilla/5.0 AppleWebKit/537.36 (KHTML, like Gecko; compatible; GPTBot/1.2; +https://openai.com/gptbot)"
216.73.216.169 - - [13/Sep/2025:18:09:50 +0200] "GET /?fileloc=%2F%2Fscripts%2Fsetupftpserver&path=%2F%2Fscripts HTTP/1.1" 200 23940 "-" "Mozilla/5.0 AppleWebKit/537.36 (KHTML, like Gecko; compatible; ClaudeBot/1.0; +claudebot@anthropic.com)"
20.171.207.216 - - [13/Sep/2025:18:09:51 +0200] "GET /?path=//proc/69/net/rpc/auth.unix.ip HTTP/1.1" 200 17300 "-" "Mozilla/5.0 AppleWebKit/537.36 (KHTML, like Gecko; compatible; GPTBot/1.2; +https://openai.com/gptbot)"
216.73.216.169 - - [13/Sep/2025:18:09:53 +0200] "GET /?fileloc=%2F%2Fscripts%2Fcheckusers&path=%2F%2Fscripts HTTP/1.1" 200 13298 "-" "Mozilla/5.0 AppleWebKit/537.36 (KHTML, like Gecko; compatible; ClaudeBot/1.0; +claudebot@anthropic.com)"
20.171.207.216 - - [13/Sep/2025:18:09:54 +0200] "GET /?path=//proc/88/net/rpc/auth.unix.ip HTTP/1.1" 200 17300 "-" "Mozilla/5.0 AppleWebKit/537.36 (KHTML, like Gecko; compatible; GPTBot/1.2; +https://openai.com/gptbot)"
216.73.216.169 - - [13/Sep/2025:18:09:56 +0200] "GET /?fileloc=%2F%2Fscripts%2Fcpanel_initial_install&path=%2F%2Fscripts HTTP/1.1" 200 86248 "-" "Mozilla/5.0 AppleWebKit/537.36 (KHTML, like Gecko; compatible; ClaudeBot/1.0; +claudebot@anthropic.com)"
20.171.207.216 - - [13/Sep/2025:18:09:58 +0200] "GET /?path=//proc/99/net/rpc/auth.unix.ip HTTP/1.1" 200 17300 "-" "Mozilla/5.0 AppleWebKit/537.36 (KHTML, like Gecko; compatible; GPTBot/1.2; +https://openai.com/gptbot)"
216.73.216.169 - - [13/Sep/2025:18:09:59 +0200] "GET /?fileloc=%2F%2Fscripts%2Frebuildinstalledssldb&path=%2F%2Fscripts HTTP/1.1" 200 15355 "-" "Mozilla/5.0 AppleWebKit/537.36 (KHTML, like Gecko; compatible; ClaudeBot/1.0; +claudebot@anthropic.com)"
20.171.207.216 - - [13/Sep/2025:18:10:01 +0200] "GET /?path=//proc/65/net/rpc HTTP/1.1" 200 15506 "-" "Mozilla/5.0 AppleWebKit/537.36 (KHTML, like Gecko; compatible; GPTBot/1.2; +https://openai.com/gptbot)"
216.73.216.169 - - [13/Sep/2025:18:10:02 +0200] "GET /?path=%2F%2Fopt%2Fcloudlinux-linksafe HTTP/1.1" 200 14203 "-" "Mozilla/5.0 AppleWebKit/537.36 (KHTML, like Gecko; compatible; ClaudeBot/1.0; +claudebot@anthropic.com)"
20.171.207.216 - - [13/Sep/2025:18:10:05 +0200] "GET /?path=//proc/54/net/rpc HTTP/1.1" 200 15506 "-" "Mozilla/5.0 AppleWebKit/537.36 (KHTML, like Gecko; compatible; GPTBot/1.2; +https://openai.com/gptbot)"
216.73.216.169 - - [13/Sep/2025:18:10:05 +0200] "GET /?fileloc=%2F%2Fscripts%2Fssl_crt_status&path=%2F%2Fscripts HTTP/1.1" 200 16547 "-" "Mozilla/5.0 AppleWebKit/537.36 (KHTML, like Gecko; compatible; ClaudeBot/1.0; +claudebot@anthropic.com)"
20.171.207.216 - - [13/Sep/2025:18:10:07 +0200] "GET /?path=//proc/72/net/rpc HTTP/1.1" 200 15506 "-" "Mozilla/5.0 AppleWebKit/537.36 (KHTML, like Gecko; compatible; GPTBot/1.2; +https://openai.com/gptbot)"
216.73.216.169 - - [13/Sep/2025:18:10:08 +0200] "GET /?fileloc=%2Fmnt%2Fdata%2Ftargetplatform%2Fpublic_html%2Fku%2Fwp-includes%2FID3%2Fgetid3.lib.php&path=%2Fmnt%2Fdata%2Ftargetplatform%2Fpublic_html%2Fku%2Fwp-includes%2FID3 HTTP/1.1" 200 72026 "-" "Mozilla/5.0 AppleWebKit/537.36 (KHTML, like Gecko; compatible; ClaudeBot/1.0; +claudebot@anthropic.com)"
20.171.207.216 - - [13/Sep/2025:18:10:10 +0200] "GET /?path=//proc/39/net/rpc HTTP/1.1" 200 15506 "-" "Mozilla/5.0 AppleWebKit/537.36 (KHTML, like Gecko; compatible; GPTBot/1.2; +https://openai.com/gptbot)"
216.73.216.169 - - [13/Sep/2025:18:10:11 +0200] "GET /?fileloc=%2Fmnt%2Fdata%2Ftargetplatform%2Fpublic_html%2Fde%2Fwp-admin%2Fincludes%2Fmenu.php&path=%2Fmnt%2Fdata%2Ftargetplatform%2Fpublic_html%2Fde%2Fwp-admin%2Fincludes HTTP/1.1" 200 22742 "-" "Mozilla/5.0 AppleWebKit/537.36 (KHTML, like Gecko; compatible; ClaudeBot/1.0; +claudebot@anthropic.com)"
20.171.207.216 - - [13/Sep/2025:18:10:13 +0200] "GET /?fileloc=//proc/88/net/rpc/auth.unix.ip/content&path=//proc/88/net/rpc/auth.unix.ip HTTP/1.1" 200 12471 "-" "Mozilla/5.0 AppleWebKit/537.36 (KHTML, like Gecko; compatible; GPTBot/1.2; +https://openai.com/gptbot)"
216.73.216.169 - - [13/Sep/2025:18:10:14 +0200] "GET /?fileloc=%2Fmnt%2Fdata%2Ftargetplatform%2Fpublic_html%2Fde%2Fwp-admin%2Fincludes%2Fclass-wp-screen.php&path=%2Fmnt%2Fdata%2Ftargetplatform%2Fpublic_html%2Fde%2Fwp-admin%2Fincludes HTTP/1.1" 200 55220 "-" "Mozilla/5.0 AppleWebKit/537.36 (KHTML, like Gecko; compatible; ClaudeBot/1.0; +claudebot@anthropic.com)"
20.171.207.216 - - [13/Sep/2025:18:10:16 +0200] "GET /?fileloc=//proc/99/net/rpc/auth.unix.ip/content&path=//proc/99/net/rpc/auth.unix.ip HTTP/1.1" 200 12471 "-" "Mozilla/5.0 AppleWebKit/537.36 (KHTML, like Gecko; compatible; GPTBot/1.2; +https://openai.com/gptbot)"
216.73.216.169 - - [13/Sep/2025:18:10:17 +0200] "GET /?fileloc=%2Fmnt%2Fdata%2Ftargetplatform%2Fpublic_html%2Fde%2Fwp-admin%2Fincludes%2Fclass-wp-filesystem-base.php&path=%2Fmnt%2Fdata%2Ftargetplatform%2Fpublic_html%2Fde%2Fwp-admin%2Fincludes HTTP/1.1" 200 38449 "-" "Mozilla/5.0 AppleWebKit/537.36 (KHTML, like Gecko; compatible; ClaudeBot/1.0; +claudebot@anthropic.com)"
20.171.207.216 - - [13/Sep/2025:18:10:20 +0200] "GET /?path=//proc/28/net/rpc HTTP/1.1" 200 15506 "-" "Mozilla/5.0 AppleWebKit/537.36 (KHTML, like Gecko; compatible; GPTBot/1.2; +https://openai.com/gptbot)"
216.73.216.169 - - [13/Sep/2025:18:10:20 +0200] "GET /?fileloc=%2Fmnt%2Fdata%2Ftargetplatform%2Fpublic_html%2Fku%2Fwp-includes%2Fcss%2Fwp-pointer-rtl.css&path=%2Fmnt%2Fdata%2Ftargetplatform%2Fpublic_html%2Fku%2Fwp-includes%2Fcss HTTP/1.1" 200 16848 "-" "Mozilla/5.0 AppleWebKit/537.36 (KHTML, like Gecko; compatible; ClaudeBot/1.0; +claudebot@anthropic.com)"
95.217.38.122 - - [13/Sep/2025:18:10:22 +0200] "POST /de/wp-cron.php?doing_wp_cron=1757779822.6896629333496093750000 HTTP/1.1" 200 - "-" "WordPress/6.7.3; https://targetplatform.net/de"
106.49.157.87 - - [13/Sep/2025:18:10:22 +0200] "GET /de/?p=2937 HTTP/1.1" 200 73203 "-" "Mozilla/5.0 (iPhone; CPU iPhone OS 11_0 like Mac OS X) AppleWebKit/537.36 (KHTML, like Gecko) Chrome/53.0.6157.1970 Mobile Safari/537.36"
20.171.207.216 - - [13/Sep/2025:18:10:23 +0200] "GET /?path=//proc/33/net/rpc HTTP/1.1" 200 15506 "-" "Mozilla/5.0 AppleWebKit/537.36 (KHTML, like Gecko; compatible; GPTBot/1.2; +https://openai.com/gptbot)"
216.73.216.169 - - [13/Sep/2025:18:10:23 +0200] "GET /?fileloc=%2Fmnt%2Fdata%2Ftargetplatform%2Fpublic_html%2Fde%2Fwp-admin%2Fincludes%2Fdeprecated.php&path=%2Fmnt%2Fdata%2Ftargetplatform%2Fpublic_html%2Fde%2Fwp-admin%2Fincludes HTTP/1.1" 200 58291 "-" "Mozilla/5.0 AppleWebKit/537.36 (KHTML, like Gecko; compatible; ClaudeBot/1.0; +claudebot@anthropic.com)"
20.171.207.216 - - [13/Sep/2025:18:10:26 +0200] "GET /?path=//proc/54/net/rpc/auth.unix.ip HTTP/1.1" 200 17300 "-" "Mozilla/5.0 AppleWebKit/537.36 (KHTML, like Gecko; compatible; GPTBot/1.2; +https://openai.com/gptbot)"
216.73.216.169 - - [13/Sep/2025:18:10:26 +0200] "GET /?fileloc=%2Fmnt%2Fdata%2Ftargetplatform%2Fpublic_html%2Fde%2Fwp-includes%2Fsitemaps%2Fclass-wp-sitemaps-renderer.php&path=%2Fmnt%2Fdata%2Ftargetplatform%2Fpublic_html%2Fde%2Fwp-includes%2Fsitemaps HTTP/1.1" 200 20156 "-" "Mozilla/5.0 AppleWebKit/537.36 (KHTML, like Gecko; compatible; ClaudeBot/1.0; +claudebot@anthropic.com)"
216.73.216.169 - - [13/Sep/2025:18:10:29 +0200] "GET /?fileloc=%2Fmnt%2Fdata%2Ftargetplatform%2Fpublic_html%2Fde%2Fwp-admin%2Fincludes%2Fscreen.php&path=%2Fmnt%2Fdata%2Ftargetplatform%2Fpublic_html%2Fde%2Fwp-admin%2Fincludes HTTP/1.1" 200 19625 "-" "Mozilla/5.0 AppleWebKit/537.36 (KHTML, like Gecko; compatible; ClaudeBot/1.0; +claudebot@anthropic.com)"
20.171.207.216 - - [13/Sep/2025:18:10:29 +0200] "GET /?path=//proc/65/net/rpc/auth.unix.ip HTTP/1.1" 200 17300 "-" "Mozilla/5.0 AppleWebKit/537.36 (KHTML, like Gecko; compatible; GPTBot/1.2; +https://openai.com/gptbot)"
216.73.216.169 - - [13/Sep/2025:18:10:32 +0200] "GET /?fileloc=%2Fmnt%2Fdata%2Ftargetplatform%2Fpublic_html%2Fde%2Fwp-admin%2Fincludes%2Fnav-menu.php&path=%2Fmnt%2Fdata%2Ftargetplatform%2Fpublic_html%2Fde%2Fwp-admin%2Fincludes HTTP/1.1" 200 72445 "-" "Mozilla/5.0 AppleWebKit/537.36 (KHTML, like Gecko; compatible; ClaudeBot/1.0; +claudebot@anthropic.com)"
20.171.207.216 - - [13/Sep/2025:18:10:33 +0200] "GET /?path=//proc/72/net/rpc/auth.unix.ip HTTP/1.1" 200 17300 "-" "Mozilla/5.0 AppleWebKit/537.36 (KHTML, like Gecko; compatible; GPTBot/1.2; +https://openai.com/gptbot)"
216.73.216.169 - - [13/Sep/2025:18:10:35 +0200] "GET /?fileloc=%2Fmnt%2Fdata%2Ftargetplatform%2Fpublic_html%2Fde%2Fwp-admin%2Fincludes%2Foptions.php&path=%2Fmnt%2Fdata%2Ftargetplatform%2Fpublic_html%2Fde%2Fwp-admin%2Fincludes HTTP/1.1" 200 17972 "-" "Mozilla/5.0 AppleWebKit/537.36 (KHTML, like Gecko; compatible; ClaudeBot/1.0; +claudebot@anthropic.com)"
20.171.207.216 - - [13/Sep/2025:18:10:36 +0200] "GET /?path=//proc/15/net/rpc HTTP/1.1" 200 15506 "-" "Mozilla/5.0 AppleWebKit/537.36 (KHTML, like Gecko; compatible; GPTBot/1.2; +https://openai.com/gptbot)"
66.249.70.32 - - [13/Sep/2025:18:10:37 +0200] "GET /autokinesis/59586041 HTTP/1.1" 404 - "-" "Mozilla/5.0 (Linux; Android 6.0.1; Nexus 5X Build/MMB29P) AppleWebKit/537.36 (KHTML, like Gecko) Chrome/140.0.7339.127 Mobile Safari/537.36 (compatible; Googlebot/2.1; +http://www.google.com/bot.html)"
216.73.216.169 - - [13/Sep/2025:18:10:38 +0200] "GET /?fileloc=%2Fmnt%2Fdata%2Ftargetplatform%2Fpublic_html%2Fde%2Fwp-includes%2Fblock-supports%2Fshadow.php&path=%2Fmnt%2Fdata%2Ftargetplatform%2Fpublic_html%2Fde%2Fwp-includes%2Fblock-supports HTTP/1.1" 200 15092 "-" "Mozilla/5.0 AppleWebKit/537.36 (KHTML, like Gecko; compatible; ClaudeBot/1.0; +claudebot@anthropic.com)"
20.171.207.216 - - [13/Sep/2025:18:10:39 +0200] "GET /?path=//proc/28/net/rpc/auth.unix.ip HTTP/1.1" 200 17300 "-" "Mozilla/5.0 AppleWebKit/537.36 (KHTML, like Gecko; compatible; GPTBot/1.2; +https://openai.com/gptbot)"
216.73.216.169 - - [13/Sep/2025:18:10:41 +0200] "GET /?fileloc=%2Fmnt%2Fdata%2Ftargetplatform%2Fpublic_html%2Fde%2Fwp-includes%2Fblock-supports%2Fposition.php&path=%2Fmnt%2Fdata%2Ftargetplatform%2Fpublic_html%2Fde%2Fwp-includes%2Fblock-supports HTTP/1.1" 200 17748 "-" "Mozilla/5.0 AppleWebKit/537.36 (KHTML, like Gecko; compatible; ClaudeBot/1.0; +claudebot@anthropic.com)"
20.171.207.216 - - [13/Sep/2025:18:10:42 +0200] "GET /?path=//proc/33/net/rpc/auth.unix.ip HTTP/1.1" 200 17300 "-" "Mozilla/5.0 AppleWebKit/537.36 (KHTML, like Gecko; compatible; GPTBot/1.2; +https://openai.com/gptbot)"
216.73.216.169 - - [13/Sep/2025:18:10:44 +0200] "GET /?fileloc=%2Fmnt%2Fdata%2Ftargetplatform%2Fpublic_html%2Fde%2Fwp-admin%2Fincludes%2Fschema.php&path=%2Fmnt%2Fdata%2Ftargetplatform%2Fpublic_html%2Fde%2Fwp-admin%2Fincludes HTTP/1.1" 200 62718 "-" "Mozilla/5.0 AppleWebKit/537.36 (KHTML, like Gecko; compatible; ClaudeBot/1.0; +claudebot@anthropic.com)"
20.171.207.216 - - [13/Sep/2025:18:10:46 +0200] "GET /?path=//proc/39/net/rpc/auth.unix.ip HTTP/1.1" 200 17300 "-" "Mozilla/5.0 AppleWebKit/537.36 (KHTML, like Gecko; compatible; GPTBot/1.2; +https://openai.com/gptbot)"
216.73.216.169 - - [13/Sep/2025:18:10:47 +0200] "GET /?fileloc=%2Fmnt%2Fdata%2Ftargetplatform%2Fpublic_html%2Fde%2Fwp-admin%2Fincludes%2Fclass-pclzip.php&path=%2Fmnt%2Fdata%2Ftargetplatform%2Fpublic_html%2Fde%2Fwp-admin%2Fincludes HTTP/1.1" 200 224335 "-" "Mozilla/5.0 AppleWebKit/537.36 (KHTML, like Gecko; compatible; ClaudeBot/1.0; +claudebot@anthropic.com)"
20.171.207.216 - - [13/Sep/2025:18:10:48 +0200] "GET /?path=//proc/51/net/rpc HTTP/1.1" 200 15506 "-" "Mozilla/5.0 AppleWebKit/537.36 (KHTML, like Gecko; compatible; GPTBot/1.2; +https://openai.com/gptbot)"
216.73.216.169 - - [13/Sep/2025:18:10:50 +0200] "GET /?fileloc=%2Fmnt%2Fdata%2Ftargetplatform%2Fpublic_html%2Fde%2Fwp-admin%2Fincludes%2Fclass-automatic-upgrader-skin.php&path=%2Fmnt%2Fdata%2Ftargetplatform%2Fpublic_html%2Fde%2Fwp-admin%2Fincludes HTTP/1.1" 200 16534 "-" "Mozilla/5.0 AppleWebKit/537.36 (KHTML, like Gecko; compatible; ClaudeBot/1.0; +claudebot@anthropic.com)"
20.171.207.216 - - [13/Sep/2025:18:10:51 +0200] "GET /?path=//proc/25/net/rpc HTTP/1.1" 200 15506 "-" "Mozilla/5.0 AppleWebKit/537.36 (KHTML, like Gecko; compatible; GPTBot/1.2; +https://openai.com/gptbot)"
216.73.216.169 - - [13/Sep/2025:18:10:53 +0200] "GET /?fileloc=%2Fmnt%2Fdata%2Ftargetplatform%2Fpublic_html%2Fde%2Fwp-admin%2Fincludes%2Fplugin-install.php&path=%2Fmnt%2Fdata%2Ftargetplatform%2Fpublic_html%2Fde%2Fwp-admin%2Fincludes HTTP/1.1" 200 60118 "-" "Mozilla/5.0 AppleWebKit/537.36 (KHTML, like Gecko; compatible; ClaudeBot/1.0; +claudebot@anthropic.com)"
20.171.207.216 - - [13/Sep/2025:18:10:55 +0200] "GET /?path=//proc/15/net/rpc/auth.unix.ip HTTP/1.1" 200 17300 "-" "Mozilla/5.0 AppleWebKit/537.36 (KHTML, like Gecko; compatible; GPTBot/1.2; +https://openai.com/gptbot)"
216.73.216.169 - - [13/Sep/2025:18:10:56 +0200] "GET /?fileloc=%2Fmnt%2Fdata%2Ftargetplatform%2Fpublic_html%2Fde%2Fwp-admin%2Fincludes%2Fclass-wp-upgrader-skins.php&path=%2Fmnt%2Fdata%2Ftargetplatform%2Fpublic_html%2Fde%2Fwp-admin%2Fincludes HTTP/1.1" 200 14350 "-" "Mozilla/5.0 AppleWebKit/537.36 (KHTML, like Gecko; compatible; ClaudeBot/1.0; +claudebot@anthropic.com)"
20.171.207.216 - - [13/Sep/2025:18:10:58 +0200] "GET /?path=//proc/27/net/rpc HTTP/1.1" 200 15506 "-" "Mozilla/5.0 AppleWebKit/537.36 (KHTML, like Gecko; compatible; GPTBot/1.2; +https://openai.com/gptbot)"
216.73.216.169 - - [13/Sep/2025:18:10:59 +0200] "GET /?fileloc=%2Fmnt%2Fdata%2Ftargetplatform%2Fpublic_html%2Fku%2Fwp-includes%2Fcss%2Fjquery-ui-dialog.min.css&path=%2Fmnt%2Fdata%2Ftargetplatform%2Fpublic_html%2Fku%2Fwp-includes%2Fcss HTTP/1.1" 200 17260 "-" "Mozilla/5.0 AppleWebKit/537.36 (KHTML, like Gecko; compatible; ClaudeBot/1.0; +claudebot@anthropic.com)"
20.171.207.216 - - [13/Sep/2025:18:11:01 +0200] "GET /?path=//proc/36/net/rpc HTTP/1.1" 200 15506 "-" "Mozilla/5.0 AppleWebKit/537.36 (KHTML, like Gecko; compatible; GPTBot/1.2; +https://openai.com/gptbot)"
5.255.231.87 - - [13/Sep/2025:18:11:01 +0200] "GET /orangetawny/ek742168502/ HTTP/1.1" 404 - "-" "Mozilla/5.0 (compatible; YandexBot/3.0; +http://yandex.com/bots)"
216.73.216.169 - - [13/Sep/2025:18:11:02 +0200] "GET /?fileloc=%2Fmnt%2Fdata%2Ftargetplatform%2Fpublic_html%2Fde%2Fwp-includes%2Fblock-supports%2Felements.php&path=%2Fmnt%2Fdata%2Ftargetplatform%2Fpublic_html%2Fde%2Fwp-includes%2Fblock-supports HTTP/1.1" 200 23374 "-" "Mozilla/5.0 AppleWebKit/537.36 (KHTML, like Gecko; compatible; ClaudeBot/1.0; +claudebot@anthropic.com)"
20.171.207.216 - - [13/Sep/2025:18:11:05 +0200] "GET /?fileloc=//proc/33/net/rpc/auth.unix.ip/content&path=//proc/33/net/rpc/auth.unix.ip HTTP/1.1" 200 12471 "-" "Mozilla/5.0 AppleWebKit/537.36 (KHTML, like Gecko; compatible; GPTBot/1.2; +https://openai.com/gptbot)"
216.73.216.169 - - [13/Sep/2025:18:11:05 +0200] "GET /?fileloc=%2Fmnt%2Fdata%2Ftargetplatform%2Fpublic_html%2Fde%2Fwp-admin%2Fincludes%2Fdashboard.php&path=%2Fmnt%2Fdata%2Ftargetplatform%2Fpublic_html%2Fde%2Fwp-admin%2Fincludes HTTP/1.1" 200 98329 "-" "Mozilla/5.0 AppleWebKit/537.36 (KHTML, like Gecko; compatible; ClaudeBot/1.0; +claudebot@anthropic.com)"
20.171.207.216 - - [13/Sep/2025:18:11:07 +0200] "GET /?path=//proc/37/net/rpc HTTP/1.1" 200 15506 "-" "Mozilla/5.0 AppleWebKit/537.36 (KHTML, like Gecko; compatible; GPTBot/1.2; +https://openai.com/gptbot)"
216.73.216.169 - - [13/Sep/2025:18:11:08 +0200] "GET /?fileloc=%2Fmnt%2Fdata%2Ftargetplatform%2Fpublic_html%2Fde%2Fwp-admin%2Fincludes%2Fclass-bulk-plugin-upgrader-skin.php&path=%2Fmnt%2Fdata%2Ftargetplatform%2Fpublic_html%2Fde%2Fwp-admin%2Fincludes HTTP/1.1" 200 15612 "-" "Mozilla/5.0 AppleWebKit/537.36 (KHTML, like Gecko; compatible; ClaudeBot/1.0; +claudebot@anthropic.com)"
20.171.207.216 - - [13/Sep/2025:18:11:10 +0200] "GET /?path=//proc/51/net/rpc/auth.unix.ip HTTP/1.1" 200 17300 "-" "Mozilla/5.0 AppleWebKit/537.36 (KHTML, like Gecko; compatible; GPTBot/1.2; +https://openai.com/gptbot)"
216.73.216.169 - - [13/Sep/2025:18:11:11 +0200] "GET /?fileloc=%2Fmnt%2Fdata%2Ftargetplatform%2Fpublic_html%2Fde%2Fwp-includes%2Fblock-bindings%2Fpattern-overrides.php&path=%2Fmnt%2Fdata%2Ftargetplatform%2Fpublic_html%2Fde%2Fwp-includes%2Fblock-bindings HTTP/1.1" 200 14471 "-" "Mozilla/5.0 AppleWebKit/537.36 (KHTML, like Gecko; compatible; ClaudeBot/1.0; +claudebot@anthropic.com)"
20.171.207.216 - - [13/Sep/2025:18:11:14 +0200] "GET /?path=//proc/25/net/rpc/auth.unix.ip HTTP/1.1" 200 17300 "-" "Mozilla/5.0 AppleWebKit/537.36 (KHTML, like Gecko; compatible; GPTBot/1.2; +https://openai.com/gptbot)"
216.73.216.169 - - [13/Sep/2025:18:11:14 +0200] "GET /?fileloc=%2Fmnt%2Fdata%2Ftargetplatform%2Fpublic_html%2Fde%2Fwp-admin%2Fincludes%2Fuser.php&path=%2Fmnt%2Fdata%2Ftargetplatform%2Fpublic_html%2Fde%2Fwp-admin%2Fincludes HTTP/1.1" 200 39327 "-" "Mozilla/5.0 AppleWebKit/537.36 (KHTML, like Gecko; compatible; ClaudeBot/1.0; +claudebot@anthropic.com)"
216.73.216.169 - - [13/Sep/2025:18:11:17 +0200] "GET /?fileloc=%2Fmnt%2Fdata%2Ftargetplatform%2Fpublic_html%2Fde%2Fwp-admin%2Fincludes%2Fms-deprecated.php&path=%2Fmnt%2Fdata%2Ftargetplatform%2Fpublic_html%2Fde%2Fwp-admin%2Fincludes HTTP/1.1" 200 16693 "-" "Mozilla/5.0 AppleWebKit/537.36 (KHTML, like Gecko; compatible; ClaudeBot/1.0; +claudebot@anthropic.com)"
20.171.207.216 - - [13/Sep/2025:18:11:18 +0200] "GET /?path=//proc/19/net/rpc HTTP/1.1" 200 15506 "-" "Mozilla/5.0 AppleWebKit/537.36 (KHTML, like Gecko; compatible; GPTBot/1.2; +https://openai.com/gptbot)"
18.215.49.176 - - [13/Sep/2025:18:11:19 +0200] "GET /wp-login.php?action=lostpassword&redirect_to=https://targetplatform.net/?p%3D9080 HTTP/1.1" 200 56106 "-" "Mozilla/5.0 AppleWebKit/537.36 (KHTML, like Gecko; compatible; Amazonbot/0.1; +https://developer.amazon.com/support/amazonbot) Chrome/119.0.6045.214 Safari/537.36"
20.171.207.216 - - [13/Sep/2025:18:11:20 +0200] "GET /?path=//proc/36/net/rpc/auth.unix.ip HTTP/1.1" 200 17300 "-" "Mozilla/5.0 AppleWebKit/537.36 (KHTML, like Gecko; compatible; GPTBot/1.2; +https://openai.com/gptbot)"
216.73.216.169 - - [13/Sep/2025:18:11:20 +0200] "GET /?fileloc=%2Fmnt%2Fdata%2Ftargetplatform%2Fpublic_html%2Fde%2Fwp-includes%2FSimplePie%2Fautoloader.php&path=%2Fmnt%2Fdata%2Ftargetplatform%2Fpublic_html%2Fde%2Fwp-includes%2FSimplePie HTTP/1.1" 200 16891 "-" "Mozilla/5.0 AppleWebKit/537.36 (KHTML, like Gecko; compatible; ClaudeBot/1.0; +claudebot@anthropic.com)"
47.128.114.18 - - [13/Sep/2025:18:11:21 +0200] "GET / HTTP/1.1" 200 56106 "-" "Mozilla/5.0 (Linux; Android 5.0) AppleWebKit/537.36 (KHTML, like Gecko) Mobile Safari/537.36 (compatible; Bytespider; spider-feedback@bytedance.com)"
20.171.207.216 - - [13/Sep/2025:18:11:23 +0200] "GET /?path=//proc/27/net/rpc/auth.unix.ip HTTP/1.1" 200 17300 "-" "Mozilla/5.0 AppleWebKit/537.36 (KHTML, like Gecko; compatible; GPTBot/1.2; +https://openai.com/gptbot)"
216.73.216.169 - - [13/Sep/2025:18:11:23 +0200] "GET /?path=%2Fmnt%2Fdata%2Ftargetplatform%2Fpublic_html%2Fde%2Fwp-content%2Flanguages%2Fplugins HTTP/1.1" 200 133259 "-" "Mozilla/5.0 AppleWebKit/537.36 (KHTML, like Gecko; compatible; ClaudeBot/1.0; +claudebot@anthropic.com)"
34.225.87.80 - - [13/Sep/2025:18:11:24 +0200] "GET /wp-login.php?action=lostpassword&redirect_to=https://targetplatform.net/?p%3D8899 HTTP/1.1" 200 56106 "-" "Mozilla/5.0 AppleWebKit/537.36 (KHTML, like Gecko; compatible; Amazonbot/0.1; +https://developer.amazon.com/support/amazonbot) Chrome/119.0.6045.214 Safari/537.36"
20.171.207.216 - - [13/Sep/2025:18:11:26 +0200] "GET /?path=//proc/20/net/rpc HTTP/1.1" 200 15506 "-" "Mozilla/5.0 AppleWebKit/537.36 (KHTML, like Gecko; compatible; GPTBot/1.2; +https://openai.com/gptbot)"
