216.73.216.169 - - [13/Sep/2025:17:22:56 +0200] "GET /index.php?fileloc=%2F%2Fetc%2Fman_db.conf&path=%2F%2Fetc HTTP/1.1" 200 17552 "-" "Mozilla/5.0 AppleWebKit/537.36 (KHTML, like Gecko; compatible; ClaudeBot/1.0; +claudebot@anthropic.com)"
20.171.207.216 - - [13/Sep/2025:17:22:57 +0200] "GET /?fileloc=//proc/85/timerslack_ns&path=//proc/85 HTTP/1.1" 200 12312 "-" "Mozilla/5.0 AppleWebKit/537.36 (KHTML, like Gecko; compatible; GPTBot/1.2; +https://openai.com/gptbot)"
216.73.216.169 - - [13/Sep/2025:17:22:59 +0200] "GET /index.php?fileloc=%2F%2Fetc%2Fnamed.conf.prerebuilddnsconfig&path=%2F%2Fetc HTTP/1.1" 200 16095 "-" "Mozilla/5.0 AppleWebKit/537.36 (KHTML, like Gecko; compatible; ClaudeBot/1.0; +claudebot@anthropic.com)"
20.171.207.216 - - [13/Sep/2025:17:23:00 +0200] "GET /?fileloc=//proc/39/timerslack_ns&path=//proc/39 HTTP/1.1" 200 12312 "-" "Mozilla/5.0 AppleWebKit/537.36 (KHTML, like Gecko; compatible; GPTBot/1.2; +https://openai.com/gptbot)"
20.171.207.216 - - [13/Sep/2025:17:23:02 +0200] "GET /?fileloc=//proc/84/timerslack_ns&path=//proc/84 HTTP/1.1" 200 12312 "-" "Mozilla/5.0 AppleWebKit/537.36 (KHTML, like Gecko; compatible; GPTBot/1.2; +https://openai.com/gptbot)"
216.73.216.169 - - [13/Sep/2025:17:23:02 +0200] "GET /index.php?fileloc=%2F%2Fetc%2Fexim.conf.localopts&path=%2F%2Fetc HTTP/1.1" 200 14386 "-" "Mozilla/5.0 AppleWebKit/537.36 (KHTML, like Gecko; compatible; ClaudeBot/1.0; +claudebot@anthropic.com)"
20.171.207.216 - - [13/Sep/2025:17:23:05 +0200] "GET /?fileloc=//proc/84/mounts&path=//proc/84 HTTP/1.1" 200 14405 "-" "Mozilla/5.0 AppleWebKit/537.36 (KHTML, like Gecko; compatible; GPTBot/1.2; +https://openai.com/gptbot)"
216.73.216.169 - - [13/Sep/2025:17:23:05 +0200] "GET /index.php?fileloc=%2F%2Fetc%2Feximrejects.rpmorig&path=%2F%2Fetc HTTP/1.1" 200 12646 "-" "Mozilla/5.0 AppleWebKit/537.36 (KHTML, like Gecko; compatible; ClaudeBot/1.0; +claudebot@anthropic.com)"
20.171.207.216 - - [13/Sep/2025:17:23:08 +0200] "GET /?fileloc=//proc/84/net/snmp6&path=//proc/84/net HTTP/1.1" 200 15829 "-" "Mozilla/5.0 AppleWebKit/537.36 (KHTML, like Gecko; compatible; GPTBot/1.2; +https://openai.com/gptbot)"
216.73.216.169 - - [13/Sep/2025:17:23:08 +0200] "GET /index.php?fileloc=%2F%2Fetc%2Fhost.conf&path=%2F%2Fetc HTTP/1.1" 404 - "-" "Mozilla/5.0 AppleWebKit/537.36 (KHTML, like Gecko; compatible; ClaudeBot/1.0; +claudebot@anthropic.com)"
216.73.216.169 - - [13/Sep/2025:17:23:11 +0200] "GET /index.php?fileloc=%2F%2Fetc%2Fstats.conf&path=%2F%2Fetc HTTP/1.1" 200 12307 "-" "Mozilla/5.0 AppleWebKit/537.36 (KHTML, like Gecko; compatible; ClaudeBot/1.0; +claudebot@anthropic.com)"
20.171.207.216 - - [13/Sep/2025:17:23:12 +0200] "GET /?fileloc=//proc/17/mounts&path=//proc/17 HTTP/1.1" 200 14302 "-" "Mozilla/5.0 AppleWebKit/537.36 (KHTML, like Gecko; compatible; GPTBot/1.2; +https://openai.com/gptbot)"
216.73.216.169 - - [13/Sep/2025:17:23:14 +0200] "GET /index.php?fileloc=%2F%2Fetc%2Fnscd.conf&path=%2F%2Fetc HTTP/1.1" 200 15200 "-" "Mozilla/5.0 AppleWebKit/537.36 (KHTML, like Gecko; compatible; ClaudeBot/1.0; +claudebot@anthropic.com)"
20.171.207.216 - - [13/Sep/2025:17:23:15 +0200] "GET /?fileloc=//proc/85/mounts&path=//proc/85 HTTP/1.1" 200 14302 "-" "Mozilla/5.0 AppleWebKit/537.36 (KHTML, like Gecko; compatible; GPTBot/1.2; +https://openai.com/gptbot)"
20.171.207.216 - - [13/Sep/2025:17:23:17 +0200] "GET /?fileloc=//proc/14/net/snmp6&path=//proc/14/net HTTP/1.1" 200 15829 "-" "Mozilla/5.0 AppleWebKit/537.36 (KHTML, like Gecko; compatible; GPTBot/1.2; +https://openai.com/gptbot)"
216.73.216.169 - - [13/Sep/2025:17:23:18 +0200] "GET /index.php?fileloc=%2F%2Fetc%2Fgreylist_common_mail_providers&path=%2F%2Fetc HTTP/1.1" 200 12290 "-" "Mozilla/5.0 AppleWebKit/537.36 (KHTML, like Gecko; compatible; ClaudeBot/1.0; +claudebot@anthropic.com)"
20.171.207.216 - - [13/Sep/2025:17:23:20 +0200] "GET /?fileloc=//proc/14/net/icmp6&path=//proc/14/net HTTP/1.1" 200 12512 "-" "Mozilla/5.0 AppleWebKit/537.36 (KHTML, like Gecko; compatible; GPTBot/1.2; +https://openai.com/gptbot)"
216.73.216.169 - - [13/Sep/2025:17:23:21 +0200] "GET /index.php?fileloc=%2F%2Fetc%2Fnamed.conf.zonedir.cache&path=%2F%2Fetc HTTP/1.1" 200 12284 "-" "Mozilla/5.0 AppleWebKit/537.36 (KHTML, like Gecko; compatible; ClaudeBot/1.0; +claudebot@anthropic.com)"
216.73.216.169 - - [13/Sep/2025:17:23:24 +0200] "GET /index.php?fileloc=%2F%2Fetc%2Fnamed.conf&path=%2F%2Fetc HTTP/1.1" 200 17865 "-" "Mozilla/5.0 AppleWebKit/537.36 (KHTML, like Gecko; compatible; ClaudeBot/1.0; +claudebot@anthropic.com)"
20.171.207.216 - - [13/Sep/2025:17:23:24 +0200] "GET /?fileloc=//proc/17/net/snmp6&path=//proc/17/net HTTP/1.1" 200 15829 "-" "Mozilla/5.0 AppleWebKit/537.36 (KHTML, like Gecko; compatible; GPTBot/1.2; +https://openai.com/gptbot)"
216.73.216.169 - - [13/Sep/2025:17:23:27 +0200] "GET /index.php?fileloc=%2F%2Fetc%2Fld.so.conf&path=%2F%2Fetc HTTP/1.1" 404 - "-" "Mozilla/5.0 AppleWebKit/537.36 (KHTML, like Gecko; compatible; ClaudeBot/1.0; +claudebot@anthropic.com)"
20.171.207.216 - - [13/Sep/2025:17:23:28 +0200] "GET /?fileloc=//proc/85/net/icmp6&path=//proc/85/net HTTP/1.1" 200 12512 "-" "Mozilla/5.0 AppleWebKit/537.36 (KHTML, like Gecko; compatible; GPTBot/1.2; +https://openai.com/gptbot)"
216.73.216.169 - - [13/Sep/2025:17:23:30 +0200] "GET /index.php?fileloc=%2F%2Fetc%2Fpcp.conf&path=%2F%2Fetc HTTP/1.1" 200 19706 "-" "Mozilla/5.0 AppleWebKit/537.36 (KHTML, like Gecko; compatible; ClaudeBot/1.0; +claudebot@anthropic.com)"
20.171.207.216 - - [13/Sep/2025:17:23:30 +0200] "GET /?fileloc=//proc/43/net/snmp6&path=//proc/43/net HTTP/1.1" 200 15829 "-" "Mozilla/5.0 AppleWebKit/537.36 (KHTML, like Gecko; compatible; GPTBot/1.2; +https://openai.com/gptbot)"
66.132.153.123 - - [13/Sep/2025:17:23:31 +0200] "GET / HTTP/1.1" 200 12415 "-" "Mozilla/5.0 (compatible; CensysInspect/1.1; +https://about.censys.io/)"
66.132.153.123 - - [13/Sep/2025:17:23:32 +0200] "GET /favicon.ico HTTP/1.1" 200 12412 "-" "Mozilla/5.0 (compatible; CensysInspect/1.1; +https://about.censys.io/)"
216.73.216.169 - - [13/Sep/2025:17:23:33 +0200] "GET /index.php?fileloc=%2F%2Fetc%2Fcpspamd.conf&path=%2F%2Fetc HTTP/1.1" 200 12272 "-" "Mozilla/5.0 AppleWebKit/537.36 (KHTML, like Gecko; compatible; ClaudeBot/1.0; +claudebot@anthropic.com)"
20.171.207.216 - - [13/Sep/2025:17:23:33 +0200] "GET /?fileloc=//proc/84/net/icmp6&path=//proc/84/net HTTP/1.1" 200 12512 "-" "Mozilla/5.0 AppleWebKit/537.36 (KHTML, like Gecko; compatible; GPTBot/1.2; +https://openai.com/gptbot)"
216.73.216.169 - - [13/Sep/2025:17:23:36 +0200] "GET /index.php?fileloc=%2F%2Fetc%2Flocales.conf&path=%2F%2Fetc HTTP/1.1" 200 12642 "-" "Mozilla/5.0 AppleWebKit/537.36 (KHTML, like Gecko; compatible; ClaudeBot/1.0; +claudebot@anthropic.com)"
20.171.207.216 - - [13/Sep/2025:17:23:36 +0200] "GET /?fileloc=//proc/43/net/icmp6&path=//proc/43/net HTTP/1.1" 200 12512 "-" "Mozilla/5.0 AppleWebKit/537.36 (KHTML, like Gecko; compatible; GPTBot/1.2; +https://openai.com/gptbot)"
216.73.216.169 - - [13/Sep/2025:17:23:39 +0200] "GET /index.php?fileloc=%2F%2Fetc%2Fexim.conf.mailman2.exiscan.dist&path=%2F%2Fetc HTTP/1.1" 200 42930 "-" "Mozilla/5.0 AppleWebKit/537.36 (KHTML, like Gecko; compatible; ClaudeBot/1.0; +claudebot@anthropic.com)"
20.171.207.216 - - [13/Sep/2025:17:23:39 +0200] "GET /?fileloc=//proc/40/net/icmp6&path=//proc/40/net HTTP/1.1" 200 12512 "-" "Mozilla/5.0 AppleWebKit/537.36 (KHTML, like Gecko; compatible; GPTBot/1.2; +https://openai.com/gptbot)"
216.73.216.169 - - [13/Sep/2025:17:23:42 +0200] "GET /index.php?fileloc=%2F%2Fetc%2Fagent360.ini&path=%2F%2Fetc HTTP/1.1" 200 12272 "-" "Mozilla/5.0 AppleWebKit/537.36 (KHTML, like Gecko; compatible; ClaudeBot/1.0; +claudebot@anthropic.com)"
66.132.153.123 - - [13/Sep/2025:17:23:42 +0200] "GET /favicon.ico HTTP/1.1" 200 12424 "-" "Mozilla/5.0 (compatible; CensysInspect/1.1; +https://about.censys.io/)"
20.171.207.216 - - [13/Sep/2025:17:23:43 +0200] "GET /?fileloc=//proc/53/net/snmp6&path=//proc/53/net HTTP/1.1" 200 15829 "-" "Mozilla/5.0 AppleWebKit/537.36 (KHTML, like Gecko; compatible; GPTBot/1.2; +https://openai.com/gptbot)"
216.73.216.169 - - [13/Sep/2025:17:23:45 +0200] "GET /index.php?fileloc=%2F%2Fetc%2Fmke2fs.conf&path=%2F%2Fetc HTTP/1.1" 200 13489 "-" "Mozilla/5.0 AppleWebKit/537.36 (KHTML, like Gecko; compatible; ClaudeBot/1.0; +claudebot@anthropic.com)"
20.171.207.216 - - [13/Sep/2025:17:23:47 +0200] "GET /?fileloc=//proc/31/net/icmp6&path=//proc/31/net HTTP/1.1" 200 12512 "-" "Mozilla/5.0 AppleWebKit/537.36 (KHTML, like Gecko; compatible; GPTBot/1.2; +https://openai.com/gptbot)"
216.73.216.169 - - [13/Sep/2025:17:23:48 +0200] "GET /index.php?fileloc=%2F%2Fetc%2Fxattr.conf&path=%2F%2Fetc HTTP/1.1" 200 13099 "-" "Mozilla/5.0 AppleWebKit/537.36 (KHTML, like Gecko; compatible; ClaudeBot/1.0; +claudebot@anthropic.com)"
20.171.207.216 - - [13/Sep/2025:17:23:50 +0200] "GET /?fileloc=//proc/14/net/psched&path=//proc/14/net HTTP/1.1" 200 12383 "-" "Mozilla/5.0 AppleWebKit/537.36 (KHTML, like Gecko; compatible; GPTBot/1.2; +https://openai.com/gptbot)"
216.73.216.169 - - [13/Sep/2025:17:23:51 +0200] "GET /index.php?fileloc=%2F%2Fetc%2Fexim.conf.dist&path=%2F%2Fetc HTTP/1.1" 200 39392 "-" "Mozilla/5.0 AppleWebKit/537.36 (KHTML, like Gecko; compatible; ClaudeBot/1.0; +claudebot@anthropic.com)"
20.171.207.216 - - [13/Sep/2025:17:23:52 +0200] "GET /?fileloc=//proc/17/net/udplite&path=//proc/17/net HTTP/1.1" 200 12479 "-" "Mozilla/5.0 AppleWebKit/537.36 (KHTML, like Gecko; compatible; GPTBot/1.2; +https://openai.com/gptbot)"
216.73.216.169 - - [13/Sep/2025:17:23:54 +0200] "GET /index.php?fileloc=%2F%2Fetc%2Fyum.conf&path=%2F%2Fetc HTTP/1.1" 200 12484 "-" "Mozilla/5.0 AppleWebKit/537.36 (KHTML, like Gecko; compatible; ClaudeBot/1.0; +claudebot@anthropic.com)"
20.171.207.216 - - [13/Sep/2025:17:23:56 +0200] "GET /?fileloc=//proc/14/net/tls_stat&path=//proc/14/net HTTP/1.1" 200 12769 "-" "Mozilla/5.0 AppleWebKit/537.36 (KHTML, like Gecko; compatible; GPTBot/1.2; +https://openai.com/gptbot)"
216.73.216.169 - - [13/Sep/2025:17:23:57 +0200] "GET /index.php?fileloc=%2F%2Fetc%2Fchrony.conf&path=%2F%2Fetc HTTP/1.1" 200 13689 "-" "Mozilla/5.0 AppleWebKit/537.36 (KHTML, like Gecko; compatible; ClaudeBot/1.0; +claudebot@anthropic.com)"
20.171.207.216 - - [13/Sep/2025:17:23:59 +0200] "GET /?fileloc=//proc/43/net/udplite&path=//proc/43/net HTTP/1.1" 200 12479 "-" "Mozilla/5.0 AppleWebKit/537.36 (KHTML, like Gecko; compatible; GPTBot/1.2; +https://openai.com/gptbot)"
216.73.216.169 - - [13/Sep/2025:17:24:00 +0200] "GET /index.php?fileloc=%2F%2Fetc%2Fidmapd.conf&path=%2F%2Fetc HTTP/1.1" 200 18352 "-" "Mozilla/5.0 AppleWebKit/537.36 (KHTML, like Gecko; compatible; ClaudeBot/1.0; +claudebot@anthropic.com)"
20.171.207.216 - - [13/Sep/2025:17:24:02 +0200] "GET /?fileloc=//proc/31/net/tls_stat&path=//proc/31/net HTTP/1.1" 200 12769 "-" "Mozilla/5.0 AppleWebKit/537.36 (KHTML, like Gecko; compatible; GPTBot/1.2; +https://openai.com/gptbot)"
216.73.216.169 - - [13/Sep/2025:17:24:03 +0200] "GET /index.php?fileloc=%2F%2Fetc%2Fexim.conf.localopts.shadow&path=%2F%2Fetc HTTP/1.1" 200 12286 "-" "Mozilla/5.0 AppleWebKit/537.36 (KHTML, like Gecko; compatible; ClaudeBot/1.0; +claudebot@anthropic.com)"
20.171.207.216 - - [13/Sep/2025:17:24:05 +0200] "GET /?fileloc=//proc/39/net/packet&path=//proc/39/net HTTP/1.1" 200 12547 "-" "Mozilla/5.0 AppleWebKit/537.36 (KHTML, like Gecko; compatible; GPTBot/1.2; +https://openai.com/gptbot)"
216.73.216.169 - - [13/Sep/2025:17:24:06 +0200] "GET /index.php?fileloc=%2F%2Fetc%2Fwwwacct.conf&path=%2F%2Fetc HTTP/1.1" 200 12556 "-" "Mozilla/5.0 AppleWebKit/537.36 (KHTML, like Gecko; compatible; ClaudeBot/1.0; +claudebot@anthropic.com)"
20.171.207.216 - - [13/Sep/2025:17:24:08 +0200] "GET /?fileloc=//proc/17/net/rt_acct&path=//proc/17/net HTTP/1.1" 200 16444 "-" "Mozilla/5.0 AppleWebKit/537.36 (KHTML, like Gecko; compatible; GPTBot/1.2; +https://openai.com/gptbot)"
216.73.216.169 - - [13/Sep/2025:17:24:09 +0200] "GET /index.php?fileloc=%2F%2Fetc%2Fasound.conf&path=%2F%2Fetc HTTP/1.1" 200 12326 "-" "Mozilla/5.0 AppleWebKit/537.36 (KHTML, like Gecko; compatible; ClaudeBot/1.0; +claudebot@anthropic.com)"
20.171.207.216 - - [13/Sep/2025:17:24:11 +0200] "GET /?fileloc=//proc/39/net/tls_stat&path=//proc/39/net HTTP/1.1" 200 12769 "-" "Mozilla/5.0 AppleWebKit/537.36 (KHTML, like Gecko; compatible; GPTBot/1.2; +https://openai.com/gptbot)"
216.73.216.169 - - [13/Sep/2025:17:24:12 +0200] "GET /index.php?fileloc=%2F%2Fetc%2Fexim.conf&path=%2F%2Fetc HTTP/1.1" 200 101443 "-" "Mozilla/5.0 AppleWebKit/537.36 (KHTML, like Gecko; compatible; ClaudeBot/1.0; +claudebot@anthropic.com)"
216.73.216.169 - - [13/Sep/2025:17:24:15 +0200] "GET /index.php?fileloc=%2F%2Fetc%2Fpool.conf&path=%2F%2Fetc HTTP/1.1" 200 12488 "-" "Mozilla/5.0 AppleWebKit/537.36 (KHTML, like Gecko; compatible; ClaudeBot/1.0; +claudebot@anthropic.com)"
20.171.207.216 - - [13/Sep/2025:17:24:15 +0200] "GET /?fileloc=//proc/14/net/netlink&path=//proc/14/net HTTP/1.1" 200 15022 "-" "Mozilla/5.0 AppleWebKit/537.36 (KHTML, like Gecko; compatible; GPTBot/1.2; +https://openai.com/gptbot)"
216.73.216.169 - - [13/Sep/2025:17:24:18 +0200] "GET /index.php?fileloc=%2F%2Fetc%2Foutgoing_mail_suspended_users&path=%2F%2Fetc HTTP/1.1" 200 12289 "-" "Mozilla/5.0 AppleWebKit/537.36 (KHTML, like Gecko; compatible; ClaudeBot/1.0; +claudebot@anthropic.com)"
20.171.207.216 - - [13/Sep/2025:17:24:18 +0200] "GET /?fileloc=//proc/40/net/rt_cache&path=//proc/40/net HTTP/1.1" 200 12477 "-" "Mozilla/5.0 AppleWebKit/537.36 (KHTML, like Gecko; compatible; GPTBot/1.2; +https://openai.com/gptbot)"
216.73.216.169 - - [13/Sep/2025:17:24:21 +0200] "GET /index.php?fileloc=%2F%2Fetc%2Fkdump.conf&path=%2F%2Fetc HTTP/1.1" 200 21719 "-" "Mozilla/5.0 AppleWebKit/537.36 (KHTML, like Gecko; compatible; ClaudeBot/1.0; +claudebot@anthropic.com)"
20.171.207.216 - - [13/Sep/2025:17:24:21 +0200] "GET /?fileloc=//proc/39/net/rt_acct&path=//proc/39/net HTTP/1.1" 200 16444 "-" "Mozilla/5.0 AppleWebKit/537.36 (KHTML, like Gecko; compatible; GPTBot/1.2; +https://openai.com/gptbot)"
216.73.216.169 - - [13/Sep/2025:17:24:24 +0200] "GET /index.php?fileloc=%2F%2Fetc%2Fkrb5.conf&path=%2F%2Fetc HTTP/1.1" 200 13159 "-" "Mozilla/5.0 AppleWebKit/537.36 (KHTML, like Gecko; compatible; ClaudeBot/1.0; +claudebot@anthropic.com)"
20.171.207.216 - - [13/Sep/2025:17:24:24 +0200] "GET /?fileloc=//proc/84/net/rt_cache&path=//proc/84/net HTTP/1.1" 200 12477 "-" "Mozilla/5.0 AppleWebKit/537.36 (KHTML, like Gecko; compatible; GPTBot/1.2; +https://openai.com/gptbot)"
216.73.216.169 - - [13/Sep/2025:17:24:27 +0200] "GET /index.php?fileloc=%2F%2Fetc%2Foutgoing_mail_hold_users&path=%2F%2Fetc HTTP/1.1" 200 12284 "-" "Mozilla/5.0 AppleWebKit/537.36 (KHTML, like Gecko; compatible; ClaudeBot/1.0; +claudebot@anthropic.com)"
20.171.207.216 - - [13/Sep/2025:17:24:27 +0200] "GET /?fileloc=//proc/17/net/psched&path=//proc/17/net HTTP/1.1" 200 12383 "-" "Mozilla/5.0 AppleWebKit/537.36 (KHTML, like Gecko; compatible; GPTBot/1.2; +https://openai.com/gptbot)"
66.249.70.33 - - [13/Sep/2025:17:24:28 +0200] "GET /sunken331837627 HTTP/1.1" 404 - "-" "Mozilla/5.0 (Linux; Android 6.0.1; Nexus 5X Build/MMB29P) AppleWebKit/537.36 (KHTML, like Gecko) Chrome/140.0.7339.127 Mobile Safari/537.36 (compatible; Googlebot/2.1; +http://www.google.com/bot.html)"
216.73.216.169 - - [13/Sep/2025:17:24:30 +0200] "GET /index.php?fileloc=%2F%2Fetc%2Fexim.key&path=%2F%2Fetc HTTP/1.1" 200 12268 "-" "Mozilla/5.0 AppleWebKit/537.36 (KHTML, like Gecko; compatible; ClaudeBot/1.0; +claudebot@anthropic.com)"
20.171.207.216 - - [13/Sep/2025:17:24:30 +0200] "GET /?fileloc=//proc/14/net/rt_acct&path=//proc/14/net HTTP/1.1" 200 16444 "-" "Mozilla/5.0 AppleWebKit/537.36 (KHTML, like Gecko; compatible; GPTBot/1.2; +https://openai.com/gptbot)"
216.73.216.169 - - [13/Sep/2025:17:24:33 +0200] "GET /index.php?fileloc=%2F%2Fetc%2Fmdadm.conf&path=%2F%2Fetc HTTP/1.1" 200 12878 "-" "Mozilla/5.0 AppleWebKit/537.36 (KHTML, like Gecko; compatible; ClaudeBot/1.0; +claudebot@anthropic.com)"
20.171.207.216 - - [13/Sep/2025:17:24:34 +0200] "GET /?fileloc=//proc/84/net/packet&path=//proc/84/net HTTP/1.1" 200 12547 "-" "Mozilla/5.0 AppleWebKit/537.36 (KHTML, like Gecko; compatible; GPTBot/1.2; +https://openai.com/gptbot)"
216.73.216.169 - - [13/Sep/2025:17:24:36 +0200] "GET /index.php?fileloc=%2F%2Fetc%2Fcpupdate.conf&path=%2F%2Fetc HTTP/1.1" 200 12360 "-" "Mozilla/5.0 AppleWebKit/537.36 (KHTML, like Gecko; compatible; ClaudeBot/1.0; +claudebot@anthropic.com)"
20.171.207.216 - - [13/Sep/2025:17:24:37 +0200] "GET /?fileloc=//proc/43/net/psched&path=//proc/43/net HTTP/1.1" 200 12383 "-" "Mozilla/5.0 AppleWebKit/537.36 (KHTML, like Gecko; compatible; GPTBot/1.2; +https://openai.com/gptbot)"
216.73.216.169 - - [13/Sep/2025:17:24:39 +0200] "GET /index.php?fileloc=%2F%2Fetc%2Fexim_trusted_configs&path=%2F%2Fetc HTTP/1.1" 200 12304 "-" "Mozilla/5.0 AppleWebKit/537.36 (KHTML, like Gecko; compatible; ClaudeBot/1.0; +claudebot@anthropic.com)"
20.171.207.216 - - [13/Sep/2025:17:24:40 +0200] "GET /?fileloc=//proc/43/net/tls_stat&path=//proc/43/net HTTP/1.1" 200 12769 "-" "Mozilla/5.0 AppleWebKit/537.36 (KHTML, like Gecko; compatible; GPTBot/1.2; +https://openai.com/gptbot)"
216.73.216.169 - - [13/Sep/2025:17:24:42 +0200] "GET /index.php?fileloc=%2F%2Fetc%2Fantivirus.exim&path=%2F%2Fetc HTTP/1.1" 200 23158 "-" "Mozilla/5.0 AppleWebKit/537.36 (KHTML, like Gecko; compatible; ClaudeBot/1.0; +claudebot@anthropic.com)"
20.171.207.216 - - [13/Sep/2025:17:24:43 +0200] "GET /?fileloc=//proc/84/net/netstat&path=//proc/84/net HTTP/1.1" 200 16316 "-" "Mozilla/5.0 AppleWebKit/537.36 (KHTML, like Gecko; compatible; GPTBot/1.2; +https://openai.com/gptbot)"
216.73.216.169 - - [13/Sep/2025:17:24:45 +0200] "GET /index.php?fileloc=%2F%2Fetc%2Fgshadow-&path=%2F%2Fetc HTTP/1.1" 200 12268 "-" "Mozilla/5.0 AppleWebKit/537.36 (KHTML, like Gecko; compatible; ClaudeBot/1.0; +claudebot@anthropic.com)"
20.171.207.216 - - [13/Sep/2025:17:24:46 +0200] "GET /?fileloc=//proc/85/net/rt_cache&path=//proc/85/net HTTP/1.1" 200 12477 "-" "Mozilla/5.0 AppleWebKit/537.36 (KHTML, like Gecko; compatible; GPTBot/1.2; +https://openai.com/gptbot)"
216.73.216.169 - - [13/Sep/2025:17:24:48 +0200] "GET /index.php?fileloc=%2F%2Fetc%2Fwwwacct.conf.shadow&path=%2F%2Fetc HTTP/1.1" 200 12279 "-" "Mozilla/5.0 AppleWebKit/537.36 (KHTML, like Gecko; compatible; ClaudeBot/1.0; +claudebot@anthropic.com)"
95.108.213.136 - - [13/Sep/2025:17:24:48 +0200] "GET /treatable/shopping/c/813619958/ HTTP/1.1" 404 - "-" "Mozilla/5.0 (compatible; YandexBot/3.0; +http://yandex.com/bots)"
20.171.207.216 - - [13/Sep/2025:17:24:49 +0200] "GET /?fileloc=//proc/53/net/tls_stat&path=//proc/53/net HTTP/1.1" 200 12769 "-" "Mozilla/5.0 AppleWebKit/537.36 (KHTML, like Gecko; compatible; GPTBot/1.2; +https://openai.com/gptbot)"
216.73.216.169 - - [13/Sep/2025:17:24:51 +0200] "GET /index.php?fileloc=%2F%2Fetc%2FDIR_COLORS.lightbgcolor&path=%2F%2Fetc HTTP/1.1" 200 17103 "-" "Mozilla/5.0 AppleWebKit/537.36 (KHTML, like Gecko; compatible; ClaudeBot/1.0; +claudebot@anthropic.com)"
20.171.207.216 - - [13/Sep/2025:17:24:52 +0200] "GET /?fileloc=//proc/14/net/rt_cache&path=//proc/14/net HTTP/1.1" 200 12477 "-" "Mozilla/5.0 AppleWebKit/537.36 (KHTML, like Gecko; compatible; GPTBot/1.2; +https://openai.com/gptbot)"
216.73.216.169 - - [13/Sep/2025:17:24:54 +0200] "GET /index.php?fileloc=%2F%2Fetc%2Flocale.conf&path=%2F%2Fetc HTTP/1.1" 200 12299 "-" "Mozilla/5.0 AppleWebKit/537.36 (KHTML, like Gecko; compatible; ClaudeBot/1.0; +claudebot@anthropic.com)"
20.171.207.216 - - [13/Sep/2025:17:24:56 +0200] "GET /?fileloc=//proc/40/net/udplite&path=//proc/40/net HTTP/1.1" 200 12479 "-" "Mozilla/5.0 AppleWebKit/537.36 (KHTML, like Gecko; compatible; GPTBot/1.2; +https://openai.com/gptbot)"
216.73.216.169 - - [13/Sep/2025:17:24:57 +0200] "GET /index.php?fileloc=%2F%2Fetc%2Fshadow-&path=%2F%2Fetc HTTP/1.1" 404 - "-" "Mozilla/5.0 AppleWebKit/537.36 (KHTML, like Gecko; compatible; ClaudeBot/1.0; +claudebot@anthropic.com)"
20.171.207.216 - - [13/Sep/2025:17:24:58 +0200] "GET /?fileloc=//proc/84/net/netlink&path=//proc/84/net HTTP/1.1" 200 15022 "-" "Mozilla/5.0 AppleWebKit/537.36 (KHTML, like Gecko; compatible; GPTBot/1.2; +https://openai.com/gptbot)"
216.73.216.169 - - [13/Sep/2025:17:25:00 +0200] "GET /index.php?fileloc=%2F%2Fetc%2Fsubgid&path=%2F%2Fetc HTTP/1.1" 200 12266 "-" "Mozilla/5.0 AppleWebKit/537.36 (KHTML, like Gecko; compatible; ClaudeBot/1.0; +claudebot@anthropic.com)"
20.171.207.216 - - [13/Sep/2025:17:25:02 +0200] "GET /?fileloc=//proc/14/net/netstat&path=//proc/14/net HTTP/1.1" 200 16316 "-" "Mozilla/5.0 AppleWebKit/537.36 (KHTML, like Gecko; compatible; GPTBot/1.2; +https://openai.com/gptbot)"
216.73.216.169 - - [13/Sep/2025:17:25:03 +0200] "GET /index.php?fileloc=%2F%2Fetc%2Fvconsole.conf&path=%2F%2Fetc HTTP/1.1" 200 12330 "-" "Mozilla/5.0 AppleWebKit/537.36 (KHTML, like Gecko; compatible; ClaudeBot/1.0; +claudebot@anthropic.com)"
20.171.207.216 - - [13/Sep/2025:17:25:05 +0200] "GET /?fileloc=//proc/40/net/rt_acct&path=//proc/40/net HTTP/1.1" 200 16444 "-" "Mozilla/5.0 AppleWebKit/537.36 (KHTML, like Gecko; compatible; GPTBot/1.2; +https://openai.com/gptbot)"
216.73.216.169 - - [13/Sep/2025:17:25:06 +0200] "GET /index.php?fileloc=%2F%2Fbin%2Fmsginit&path=%2F%2Fbin HTTP/1.1" 200 99888 "-" "Mozilla/5.0 AppleWebKit/537.36 (KHTML, like Gecko; compatible; ClaudeBot/1.0; +claudebot@anthropic.com)"
20.171.207.216 - - [13/Sep/2025:17:25:08 +0200] "GET /?fileloc=//proc/43/net/fib_trie&path=//proc/43/net HTTP/1.1" 200 13214 "-" "Mozilla/5.0 AppleWebKit/537.36 (KHTML, like Gecko; compatible; GPTBot/1.2; +https://openai.com/gptbot)"
216.73.216.169 - - [13/Sep/2025:17:25:09 +0200] "GET /index.php?fileloc=%2F%2Fbin%2Ftred&path=%2F%2Fbin HTTP/1.1" 200 32266 "-" "Mozilla/5.0 AppleWebKit/537.36 (KHTML, like Gecko; compatible; ClaudeBot/1.0; +claudebot@anthropic.com)"
20.171.207.216 - - [13/Sep/2025:17:25:11 +0200] "GET /?fileloc=//proc/43/net/packet&path=//proc/43/net HTTP/1.1" 200 12547 "-" "Mozilla/5.0 AppleWebKit/537.36 (KHTML, like Gecko; compatible; GPTBot/1.2; +https://openai.com/gptbot)"
216.73.216.169 - - [13/Sep/2025:17:25:12 +0200] "GET /index.php?fileloc=%2F%2Fbin%2Fxgettext&path=%2F%2Fbin HTTP/1.1" 200 502343 "-" "Mozilla/5.0 AppleWebKit/537.36 (KHTML, like Gecko; compatible; ClaudeBot/1.0; +claudebot@anthropic.com)"
20.171.207.216 - - [13/Sep/2025:17:25:14 +0200] "GET /?fileloc=//proc/39/net/udplite&path=//proc/39/net HTTP/1.1" 200 12479 "-" "Mozilla/5.0 AppleWebKit/537.36 (KHTML, like Gecko; compatible; GPTBot/1.2; +https://openai.com/gptbot)"
216.73.216.169 - - [13/Sep/2025:17:25:15 +0200] "GET /index.php?fileloc=%2F%2Fbin%2Fdbus-uuidgen&path=%2F%2Fbin HTTP/1.1" 200 29975 "-" "Mozilla/5.0 AppleWebKit/537.36 (KHTML, like Gecko; compatible; ClaudeBot/1.0; +claudebot@anthropic.com)"
20.171.207.216 - - [13/Sep/2025:17:25:18 +0200] "GET /?fileloc=//proc/85/net/psched&path=//proc/85/net HTTP/1.1" 200 12383 "-" "Mozilla/5.0 AppleWebKit/537.36 (KHTML, like Gecko; compatible; GPTBot/1.2; +https://openai.com/gptbot)"
216.73.216.169 - - [13/Sep/2025:17:25:18 +0200] "GET /index.php?fileloc=%2F%2Fbin%2Fupdate-crypto-policies&path=%2F%2Fbin HTTP/1.1" 200 12389 "-" "Mozilla/5.0 AppleWebKit/537.36 (KHTML, like Gecko; compatible; ClaudeBot/1.0; +claudebot@anthropic.com)"
20.171.207.216 - - [13/Sep/2025:17:25:21 +0200] "GET /?fileloc=//proc/14/net/udplite&path=//proc/14/net HTTP/1.1" 200 12479 "-" "Mozilla/5.0 AppleWebKit/537.36 (KHTML, like Gecko; compatible; GPTBot/1.2; +https://openai.com/gptbot)"
216.73.216.169 - - [13/Sep/2025:17:25:21 +0200] "GET /index.php?fileloc=%2F%2Fbin%2Flefty&path=%2F%2Fbin HTTP/1.1" 200 477060 "-" "Mozilla/5.0 AppleWebKit/537.36 (KHTML, like Gecko; compatible; ClaudeBot/1.0; +claudebot@anthropic.com)"
20.171.207.216 - - [13/Sep/2025:17:25:24 +0200] "GET /?fileloc=//proc/17/net/netlink&path=//proc/17/net HTTP/1.1" 200 15022 "-" "Mozilla/5.0 AppleWebKit/537.36 (KHTML, like Gecko; compatible; GPTBot/1.2; +https://openai.com/gptbot)"
216.73.216.169 - - [13/Sep/2025:17:25:24 +0200] "GET /index.php?fileloc=%2F%2Fbin%2Fnl-link-set&path=%2F%2Fbin HTTP/1.1" 200 31323 "-" "Mozilla/5.0 AppleWebKit/537.36 (KHTML, like Gecko; compatible; ClaudeBot/1.0; +claudebot@anthropic.com)"
216.73.216.169 - - [13/Sep/2025:17:25:27 +0200] "GET /index.php?fileloc=%2F%2Fbin%2Fzegrep&path=%2F%2Fbin HTTP/1.1" 200 12309 "-" "Mozilla/5.0 AppleWebKit/537.36 (KHTML, like Gecko; compatible; ClaudeBot/1.0; +claudebot@anthropic.com)"
20.171.207.216 - - [13/Sep/2025:17:25:27 +0200] "GET /?fileloc=//proc/43/net/rt_acct&path=//proc/43/net HTTP/1.1" 200 16444 "-" "Mozilla/5.0 AppleWebKit/537.36 (KHTML, like Gecko; compatible; GPTBot/1.2; +https://openai.com/gptbot)"
216.73.216.169 - - [13/Sep/2025:17:25:30 +0200] "GET /index.php?fileloc=%2F%2Fbin%2Fprocan&path=%2F%2Fbin HTTP/1.1" 200 60007 "-" "Mozilla/5.0 AppleWebKit/537.36 (KHTML, like Gecko; compatible; ClaudeBot/1.0; +claudebot@anthropic.com)"
20.171.207.216 - - [13/Sep/2025:17:25:30 +0200] "GET /?fileloc=//proc/53/net/rt_acct&path=//proc/53/net HTTP/1.1" 200 16444 "-" "Mozilla/5.0 AppleWebKit/537.36 (KHTML, like Gecko; compatible; GPTBot/1.2; +https://openai.com/gptbot)"
20.171.207.216 - - [13/Sep/2025:17:25:33 +0200] "GET /?fileloc=//proc/31/net/rt_acct&path=//proc/31/net HTTP/1.1" 200 16444 "-" "Mozilla/5.0 AppleWebKit/537.36 (KHTML, like Gecko; compatible; GPTBot/1.2; +https://openai.com/gptbot)"
216.73.216.169 - - [13/Sep/2025:17:25:33 +0200] "GET /index.php?fileloc=%2F%2Fbin%2Fnmtui&path=%2F%2Fbin HTTP/1.1" 200 1168420 "-" "Mozilla/5.0 AppleWebKit/537.36 (KHTML, like Gecko; compatible; ClaudeBot/1.0; +claudebot@anthropic.com)"
216.73.216.169 - - [13/Sep/2025:17:25:36 +0200] "GET /index.php?fileloc=%2F%2Fbin%2Fbasenc&path=%2F%2Fbin HTTP/1.1" 200 82235 "-" "Mozilla/5.0 AppleWebKit/537.36 (KHTML, like Gecko; compatible; ClaudeBot/1.0; +claudebot@anthropic.com)"
20.171.207.216 - - [13/Sep/2025:17:25:36 +0200] "GET /?fileloc=//proc/14/net/packet&path=//proc/14/net HTTP/1.1" 200 12547 "-" "Mozilla/5.0 AppleWebKit/537.36 (KHTML, like Gecko; compatible; GPTBot/1.2; +https://openai.com/gptbot)"
216.73.216.169 - - [13/Sep/2025:17:25:39 +0200] "GET /index.php?fileloc=%2F%2Fbin%2Fld.bfd&path=%2F%2Fbin HTTP/1.1" 200 2077866 "-" "Mozilla/5.0 AppleWebKit/537.36 (KHTML, like Gecko; compatible; ClaudeBot/1.0; +claudebot@anthropic.com)"
20.171.207.216 - - [13/Sep/2025:17:25:40 +0200] "GET /?fileloc=//proc/53/net/packet&path=//proc/53/net HTTP/1.1" 200 12547 "-" "Mozilla/5.0 AppleWebKit/537.36 (KHTML, like Gecko; compatible; GPTBot/1.2; +https://openai.com/gptbot)"
216.73.216.169 - - [13/Sep/2025:17:25:42 +0200] "GET /index.php?fileloc=%2F%2Fbin%2Fprune&path=%2F%2Fbin HTTP/1.1" 200 32611 "-" "Mozilla/5.0 AppleWebKit/537.36 (KHTML, like Gecko; compatible; ClaudeBot/1.0; +claudebot@anthropic.com)"
20.171.207.216 - - [13/Sep/2025:17:25:43 +0200] "GET /?fileloc=//proc/31/net/netstat&path=//proc/31/net HTTP/1.1" 200 16316 "-" "Mozilla/5.0 AppleWebKit/537.36 (KHTML, like Gecko; compatible; GPTBot/1.2; +https://openai.com/gptbot)"
216.73.216.169 - - [13/Sep/2025:17:25:45 +0200] "GET /index.php?fileloc=%2F%2Fbin%2Frenew-dummy-cert&path=%2F%2Fbin HTTP/1.1" 200 13082 "-" "Mozilla/5.0 AppleWebKit/537.36 (KHTML, like Gecko; compatible; ClaudeBot/1.0; +claudebot@anthropic.com)"
20.171.207.216 - - [13/Sep/2025:17:25:47 +0200] "GET /?fileloc=//proc/40/net/tls_stat&path=//proc/40/net HTTP/1.1" 200 12769 "-" "Mozilla/5.0 AppleWebKit/537.36 (KHTML, like Gecko; compatible; GPTBot/1.2; +https://openai.com/gptbot)"
216.73.216.169 - - [13/Sep/2025:17:25:48 +0200] "GET /index.php?fileloc=%2F%2Fbin%2Fwhatis&path=%2F%2Fbin HTTP/1.1" 200 80190 "-" "Mozilla/5.0 AppleWebKit/537.36 (KHTML, like Gecko; compatible; ClaudeBot/1.0; +claudebot@anthropic.com)"
20.171.207.216 - - [13/Sep/2025:17:25:50 +0200] "GET /?fileloc=//proc/84/net/tls_stat&path=//proc/84/net HTTP/1.1" 200 12769 "-" "Mozilla/5.0 AppleWebKit/537.36 (KHTML, like Gecko; compatible; GPTBot/1.2; +https://openai.com/gptbot)"
216.73.216.169 - - [13/Sep/2025:17:25:51 +0200] "GET /index.php?fileloc=%2F%2Fbin%2Fsg_sat_phy_event&path=%2F%2Fbin HTTP/1.1" 200 37008 "-" "Mozilla/5.0 AppleWebKit/537.36 (KHTML, like Gecko; compatible; ClaudeBot/1.0; +claudebot@anthropic.com)"
20.171.207.216 - - [13/Sep/2025:17:25:53 +0200] "GET /?fileloc=//proc/17/net/packet&path=//proc/17/net HTTP/1.1" 200 12547 "-" "Mozilla/5.0 AppleWebKit/537.36 (KHTML, like Gecko; compatible; GPTBot/1.2; +https://openai.com/gptbot)"
216.73.216.169 - - [13/Sep/2025:17:25:54 +0200] "GET /index.php?fileloc=%2F%2Fsbin%2Fconvertquota&path=%2F%2Fsbin HTTP/1.1" 200 117110 "-" "Mozilla/5.0 AppleWebKit/537.36 (KHTML, like Gecko; compatible; ClaudeBot/1.0; +claudebot@anthropic.com)"
20.171.207.216 - - [13/Sep/2025:17:25:56 +0200] "GET /?fileloc=//proc/43/net/netlink&path=//proc/43/net HTTP/1.1" 200 15022 "-" "Mozilla/5.0 AppleWebKit/537.36 (KHTML, like Gecko; compatible; GPTBot/1.2; +https://openai.com/gptbot)"
216.73.216.169 - - [13/Sep/2025:17:25:57 +0200] "GET /index.php?fileloc=%2F%2Fbin%2Fpf2afm&path=%2F%2Fbin HTTP/1.1" 200 12838 "-" "Mozilla/5.0 AppleWebKit/537.36 (KHTML, like Gecko; compatible; ClaudeBot/1.0; +claudebot@anthropic.com)"
20.171.207.216 - - [13/Sep/2025:17:25:59 +0200] "GET /?fileloc=//proc/39/net/netstat&path=//proc/39/net HTTP/1.1" 200 16316 "-" "Mozilla/5.0 AppleWebKit/537.36 (KHTML, like Gecko; compatible; GPTBot/1.2; +https://openai.com/gptbot)"
216.73.216.169 - - [13/Sep/2025:17:26:00 +0200] "GET /index.php?fileloc=%2F%2Fetc%2Fsenderverifybypasshosts&path=%2F%2Fetc HTTP/1.1" 200 12283 "-" "Mozilla/5.0 AppleWebKit/537.36 (KHTML, like Gecko; compatible; ClaudeBot/1.0; +claudebot@anthropic.com)"
212.64.199.131 - - [13/Sep/2025:17:26:00 +0200] "GET /wp-login.php HTTP/1.1" 200 56106 "-" "GRequests/0.10"
212.64.199.131 - - [13/Sep/2025:17:26:00 +0200] "POST /wp-login.php HTTP/1.1" 200 56106 "-" "GRequests/0.10"
212.64.199.131 - - [13/Sep/2025:17:26:01 +0200] "GET /wp-admin/ HTTP/1.1" 200 171045 "-" "GRequests/0.10"
20.171.207.216 - - [13/Sep/2025:17:26:02 +0200] "GET /?fileloc=//proc/84/net/route&path=//proc/84/net HTTP/1.1" 200 12730 "-" "Mozilla/5.0 AppleWebKit/537.36 (KHTML, like Gecko; compatible; GPTBot/1.2; +https://openai.com/gptbot)"
216.73.216.169 - - [13/Sep/2025:17:26:03 +0200] "GET /index.php?fileloc=%2F%2Fbin%2Fresizecons&path=%2F%2Fbin HTTP/1.1" 200 48555 "-" "Mozilla/5.0 AppleWebKit/537.36 (KHTML, like Gecko; compatible; ClaudeBot/1.0; +claudebot@anthropic.com)"
20.171.207.216 - - [13/Sep/2025:17:26:05 +0200] "GET /?fileloc=//proc/31/net/fib_trie&path=//proc/31/net HTTP/1.1" 200 13214 "-" "Mozilla/5.0 AppleWebKit/537.36 (KHTML, like Gecko; compatible; GPTBot/1.2; +https://openai.com/gptbot)"
216.73.216.169 - - [13/Sep/2025:17:26:06 +0200] "GET /index.php?fileloc=%2F%2Fbin%2Fsha384sum&path=%2F%2Fbin HTTP/1.1" 200 68406 "-" "Mozilla/5.0 AppleWebKit/537.36 (KHTML, like Gecko; compatible; ClaudeBot/1.0; +claudebot@anthropic.com)"
20.171.207.216 - - [13/Sep/2025:17:26:08 +0200] "GET /?fileloc=//proc/85/net/netlink&path=//proc/85/net HTTP/1.1" 200 15022 "-" "Mozilla/5.0 AppleWebKit/537.36 (KHTML, like Gecko; compatible; GPTBot/1.2; +https://openai.com/gptbot)"
216.73.216.169 - - [13/Sep/2025:17:26:09 +0200] "GET /index.php?fileloc=%2F%2Fbin%2Fnl-route-get&path=%2F%2Fbin HTTP/1.1" 200 30448 "-" "Mozilla/5.0 AppleWebKit/537.36 (KHTML, like Gecko; compatible; ClaudeBot/1.0; +claudebot@anthropic.com)"
20.171.207.216 - - [13/Sep/2025:17:26:12 +0200] "GET /?fileloc=//proc/43/net/route&path=//proc/43/net HTTP/1.1" 200 12730 "-" "Mozilla/5.0 AppleWebKit/537.36 (KHTML, like Gecko; compatible; GPTBot/1.2; +https://openai.com/gptbot)"
216.73.216.169 - - [13/Sep/2025:17:26:12 +0200] "GET /index.php?fileloc=%2F%2Fbin%2Fgst-launch-1.0&path=%2F%2Fbin HTTP/1.1" 200 66594 "-" "Mozilla/5.0 AppleWebKit/537.36 (KHTML, like Gecko; compatible; ClaudeBot/1.0; +claudebot@anthropic.com)"
216.73.216.169 - - [13/Sep/2025:17:26:15 +0200] "GET /index.php?fileloc=%2F%2Fbin%2Fclear&path=%2F%2Fbin HTTP/1.1" 200 30030 "-" "Mozilla/5.0 AppleWebKit/537.36 (KHTML, like Gecko; compatible; ClaudeBot/1.0; +claudebot@anthropic.com)"
20.171.207.216 - - [13/Sep/2025:17:26:15 +0200] "GET /?fileloc=//proc/17/net/rt_cache&path=//proc/17/net HTTP/1.1" 200 12477 "-" "Mozilla/5.0 AppleWebKit/537.36 (KHTML, like Gecko; compatible; GPTBot/1.2; +https://openai.com/gptbot)"
20.171.207.216 - - [13/Sep/2025:17:26:17 +0200] "GET /?fileloc=//proc/85/net/udplite&path=//proc/85/net HTTP/1.1" 200 12479 "-" "Mozilla/5.0 AppleWebKit/537.36 (KHTML, like Gecko; compatible; GPTBot/1.2; +https://openai.com/gptbot)"
216.73.216.169 - - [13/Sep/2025:17:26:18 +0200] "GET /index.php?fileloc=%2F%2Fbin%2Fchcat&path=%2F%2Fbin HTTP/1.1" 200 27682 "-" "Mozilla/5.0 AppleWebKit/537.36 (KHTML, like Gecko; compatible; ClaudeBot/1.0; +claudebot@anthropic.com)"
216.73.216.169 - - [13/Sep/2025:17:26:21 +0200] "GET /index.php?fileloc=%2F%2Fbin%2Fsha1hmac&path=%2F%2Fbin HTTP/1.1" 200 59260 "-" "Mozilla/5.0 AppleWebKit/537.36 (KHTML, like Gecko; compatible; ClaudeBot/1.0; +claudebot@anthropic.com)"
20.171.207.216 - - [13/Sep/2025:17:26:21 +0200] "GET /?fileloc=//proc/17/net/fib_trie&path=//proc/17/net HTTP/1.1" 200 13214 "-" "Mozilla/5.0 AppleWebKit/537.36 (KHTML, like Gecko; compatible; GPTBot/1.2; +https://openai.com/gptbot)"
216.73.216.169 - - [13/Sep/2025:17:26:24 +0200] "GET /index.php?fileloc=%2F%2Fsbin%2Fmakedumpfile&path=%2F%2Fsbin HTTP/1.1" 200 687204 "-" "Mozilla/5.0 AppleWebKit/537.36 (KHTML, like Gecko; compatible; ClaudeBot/1.0; +claudebot@anthropic.com)"
20.171.207.216 - - [13/Sep/2025:17:26:24 +0200] "GET /?fileloc=//proc/39/net/psched&path=//proc/39/net HTTP/1.1" 200 12383 "-" "Mozilla/5.0 AppleWebKit/537.36 (KHTML, like Gecko; compatible; GPTBot/1.2; +https://openai.com/gptbot)"
216.73.216.169 - - [13/Sep/2025:17:26:27 +0200] "GET /index.php?fileloc=%2F%2Fbin%2Fpw-jack&path=%2F%2Fbin HTTP/1.1" 200 13865 "-" "Mozilla/5.0 AppleWebKit/537.36 (KHTML, like Gecko; compatible; ClaudeBot/1.0; +claudebot@anthropic.com)"
20.171.207.216 - - [13/Sep/2025:17:26:27 +0200] "GET /?fileloc=//proc/84/net/udplite&path=//proc/84/net HTTP/1.1" 200 12479 "-" "Mozilla/5.0 AppleWebKit/537.36 (KHTML, like Gecko; compatible; GPTBot/1.2; +https://openai.com/gptbot)"
216.73.216.169 - - [13/Sep/2025:17:26:30 +0200] "GET /index.php?fileloc=%2F%2Fbin%2Fegrep&path=%2F%2Fbin HTTP/1.1" 200 12307 "-" "Mozilla/5.0 AppleWebKit/537.36 (KHTML, like Gecko; compatible; ClaudeBot/1.0; +claudebot@anthropic.com)"
20.171.207.216 - - [13/Sep/2025:17:26:30 +0200] "GET /?fileloc=//proc/53/net/rt_cache&path=//proc/53/net HTTP/1.1" 200 12477 "-" "Mozilla/5.0 AppleWebKit/537.36 (KHTML, like Gecko; compatible; GPTBot/1.2; +https://openai.com/gptbot)"
216.73.216.169 - - [13/Sep/2025:17:26:33 +0200] "GET /index.php?fileloc=%2F%2Fbin%2Fkmod&path=%2F%2Fbin HTTP/1.1" 200 267885 "-" "Mozilla/5.0 AppleWebKit/537.36 (KHTML, like Gecko; compatible; ClaudeBot/1.0; +claudebot@anthropic.com)"
20.171.207.216 - - [13/Sep/2025:17:26:33 +0200] "GET /?fileloc=//proc/43/net/rt_cache&path=//proc/43/net HTTP/1.1" 200 12477 "-" "Mozilla/5.0 AppleWebKit/537.36 (KHTML, like Gecko; compatible; GPTBot/1.2; +https://openai.com/gptbot)"
216.73.216.169 - - [13/Sep/2025:17:26:36 +0200] "GET /index.php?fileloc=%2F%2Fbin%2Fwireplumber&path=%2F%2Fbin HTTP/1.1" 200 53032 "-" "Mozilla/5.0 AppleWebKit/537.36 (KHTML, like Gecko; compatible; ClaudeBot/1.0; +claudebot@anthropic.com)"
20.171.207.216 - - [13/Sep/2025:17:26:37 +0200] "GET /?fileloc=//proc/31/net/psched&path=//proc/31/net HTTP/1.1" 200 12383 "-" "Mozilla/5.0 AppleWebKit/537.36 (KHTML, like Gecko; compatible; GPTBot/1.2; +https://openai.com/gptbot)"
216.73.216.169 - - [13/Sep/2025:17:26:39 +0200] "GET /index.php?fileloc=%2F%2Fbin%2Fgpgconf&path=%2F%2Fbin HTTP/1.1" 200 161552 "-" "Mozilla/5.0 AppleWebKit/537.36 (KHTML, like Gecko; compatible; ClaudeBot/1.0; +claudebot@anthropic.com)"
20.171.207.216 - - [13/Sep/2025:17:26:40 +0200] "GET /?fileloc=//proc/31/net/route&path=//proc/31/net HTTP/1.1" 200 12730 "-" "Mozilla/5.0 AppleWebKit/537.36 (KHTML, like Gecko; compatible; GPTBot/1.2; +https://openai.com/gptbot)"
216.73.216.169 - - [13/Sep/2025:17:26:42 +0200] "GET /index.php?fileloc=%2F%2Fbin%2Fcolrm&path=%2F%2Fbin HTTP/1.1" 200 31647 "-" "Mozilla/5.0 AppleWebKit/537.36 (KHTML, like Gecko; compatible; ClaudeBot/1.0; +claudebot@anthropic.com)"
20.171.207.216 - - [13/Sep/2025:17:26:43 +0200] "GET /?fileloc=//proc/85/net/fib_trie&path=//proc/85/net HTTP/1.1" 200 13214 "-" "Mozilla/5.0 AppleWebKit/537.36 (KHTML, like Gecko; compatible; GPTBot/1.2; +https://openai.com/gptbot)"
216.73.216.169 - - [13/Sep/2025:17:26:45 +0200] "GET /index.php?fileloc=%2F%2Fetc%2Fbackupmxhosts&path=%2F%2Fetc HTTP/1.1" 200 12273 "-" "Mozilla/5.0 AppleWebKit/537.36 (KHTML, like Gecko; compatible; ClaudeBot/1.0; +claudebot@anthropic.com)"
20.171.207.216 - - [13/Sep/2025:17:26:46 +0200] "GET /?fileloc=//proc/40/net/netstat&path=//proc/40/net HTTP/1.1" 200 16316 "-" "Mozilla/5.0 AppleWebKit/537.36 (KHTML, like Gecko; compatible; GPTBot/1.2; +https://openai.com/gptbot)"
216.73.216.169 - - [13/Sep/2025:17:26:48 +0200] "GET /index.php?fileloc=%2F%2Fbin%2Fprlimit&path=%2F%2Fbin HTTP/1.1" 200 47511 "-" "Mozilla/5.0 AppleWebKit/537.36 (KHTML, like Gecko; compatible; ClaudeBot/1.0; +claudebot@anthropic.com)"
20.171.207.216 - - [13/Sep/2025:17:26:49 +0200] "GET /?fileloc=//proc/53/net/netstat&path=//proc/53/net HTTP/1.1" 200 16316 "-" "Mozilla/5.0 AppleWebKit/537.36 (KHTML, like Gecko; compatible; GPTBot/1.2; +https://openai.com/gptbot)"
216.73.216.169 - - [13/Sep/2025:17:26:51 +0200] "GET /index.php?fileloc=%2F%2Fbin%2Flsattr&path=%2F%2Fbin HTTP/1.1" 200 31478 "-" "Mozilla/5.0 AppleWebKit/537.36 (KHTML, like Gecko; compatible; ClaudeBot/1.0; +claudebot@anthropic.com)"
20.171.207.216 - - [13/Sep/2025:17:26:52 +0200] "GET /?fileloc=//proc/17/net/netstat&path=//proc/17/net HTTP/1.1" 200 16316 "-" "Mozilla/5.0 AppleWebKit/537.36 (KHTML, like Gecko; compatible; GPTBot/1.2; +https://openai.com/gptbot)"
216.73.216.169 - - [13/Sep/2025:17:26:54 +0200] "GET /index.php?fileloc=%2F%2Fbin%2Fsplain&path=%2F%2Fbin HTTP/1.1" 200 33953 "-" "Mozilla/5.0 AppleWebKit/537.36 (KHTML, like Gecko; compatible; ClaudeBot/1.0; +claudebot@anthropic.com)"
20.171.207.216 - - [13/Sep/2025:17:26:56 +0200] "GET /?fileloc=//proc/39/net/netlink&path=//proc/39/net HTTP/1.1" 200 15022 "-" "Mozilla/5.0 AppleWebKit/537.36 (KHTML, like Gecko; compatible; GPTBot/1.2; +https://openai.com/gptbot)"
216.73.216.169 - - [13/Sep/2025:17:26:57 +0200] "GET /index.php?fileloc=%2F%2Fbin%2Fumask&path=%2F%2Fbin HTTP/1.1" 200 12308 "-" "Mozilla/5.0 AppleWebKit/537.36 (KHTML, like Gecko; compatible; ClaudeBot/1.0; +claudebot@anthropic.com)"
20.171.207.216 - - [13/Sep/2025:17:26:59 +0200] "GET /?fileloc=//proc/85/net/netstat&path=//proc/85/net HTTP/1.1" 200 16316 "-" "Mozilla/5.0 AppleWebKit/537.36 (KHTML, like Gecko; compatible; GPTBot/1.2; +https://openai.com/gptbot)"
216.73.216.169 - - [13/Sep/2025:17:27:00 +0200] "GET /index.php?fileloc=%2F%2Fbin%2Fcp&path=%2F%2Fbin HTTP/1.1" 200 251222 "-" "Mozilla/5.0 AppleWebKit/537.36 (KHTML, like Gecko; compatible; ClaudeBot/1.0; +claudebot@anthropic.com)"
20.171.207.216 - - [13/Sep/2025:17:27:02 +0200] "GET /?fileloc=//proc/84/net/psched&path=//proc/84/net HTTP/1.1" 200 12383 "-" "Mozilla/5.0 AppleWebKit/537.36 (KHTML, like Gecko; compatible; GPTBot/1.2; +https://openai.com/gptbot)"
216.73.216.169 - - [13/Sep/2025:17:27:03 +0200] "GET /index.php?fileloc=%2F%2Fbin%2Fauvirt&path=%2F%2Fbin HTTP/1.1" 200 60439 "-" "Mozilla/5.0 AppleWebKit/537.36 (KHTML, like Gecko; compatible; ClaudeBot/1.0; +claudebot@anthropic.com)"
20.171.207.216 - - [13/Sep/2025:17:27:05 +0200] "GET /?fileloc=//proc/85/net/rt_acct&path=//proc/85/net HTTP/1.1" 200 16444 "-" "Mozilla/5.0 AppleWebKit/537.36 (KHTML, like Gecko; compatible; GPTBot/1.2; +https://openai.com/gptbot)"
216.73.216.169 - - [13/Sep/2025:17:27:06 +0200] "GET /index.php?fileloc=%2F%2Fbin%2Fgrub2-mount&path=%2F%2Fbin HTTP/1.1" 200 1833357 "-" "Mozilla/5.0 AppleWebKit/537.36 (KHTML, like Gecko; compatible; ClaudeBot/1.0; +claudebot@anthropic.com)"
20.171.207.216 - - [13/Sep/2025:17:27:08 +0200] "GET /?fileloc=//proc/84/net/fib_trie&path=//proc/84/net HTTP/1.1" 200 13214 "-" "Mozilla/5.0 AppleWebKit/537.36 (KHTML, like Gecko; compatible; GPTBot/1.2; +https://openai.com/gptbot)"
216.73.216.169 - - [13/Sep/2025:17:27:09 +0200] "GET /index.php?fileloc=%2F%2Fsbin%2Ffixparts&path=%2F%2Fsbin HTTP/1.1" 200 103795 "-" "Mozilla/5.0 AppleWebKit/537.36 (KHTML, like Gecko; compatible; ClaudeBot/1.0; +claudebot@anthropic.com)"
20.171.207.216 - - [13/Sep/2025:17:27:11 +0200] "GET /?fileloc=//proc/39/net/fib_trie&path=//proc/39/net HTTP/1.1" 200 13214 "-" "Mozilla/5.0 AppleWebKit/537.36 (KHTML, like Gecko; compatible; GPTBot/1.2; +https://openai.com/gptbot)"
216.73.216.169 - - [13/Sep/2025:17:27:12 +0200] "GET /index.php?fileloc=%2F%2Fbin%2Fnslookup&path=%2F%2Fbin HTTP/1.1" 200 176301 "-" "Mozilla/5.0 AppleWebKit/537.36 (KHTML, like Gecko; compatible; ClaudeBot/1.0; +claudebot@anthropic.com)"
20.171.207.216 - - [13/Sep/2025:17:27:15 +0200] "GET /?fileloc=//proc/40/net/fib_trie&path=//proc/40/net HTTP/1.1" 200 13214 "-" "Mozilla/5.0 AppleWebKit/537.36 (KHTML, like Gecko; compatible; GPTBot/1.2; +https://openai.com/gptbot)"
216.73.216.169 - - [13/Sep/2025:17:27:15 +0200] "GET /index.php?fileloc=%2F%2Fbin%2Fchattr&path=%2F%2Fbin HTTP/1.1" 200 32193 "-" "Mozilla/5.0 AppleWebKit/537.36 (KHTML, like Gecko; compatible; ClaudeBot/1.0; +claudebot@anthropic.com)"
20.171.207.216 - - [13/Sep/2025:17:27:18 +0200] "GET /?fileloc=//proc/53/net/psched&path=//proc/53/net HTTP/1.1" 200 12383 "-" "Mozilla/5.0 AppleWebKit/537.36 (KHTML, like Gecko; compatible; GPTBot/1.2; +https://openai.com/gptbot)"
216.73.216.169 - - [13/Sep/2025:17:27:18 +0200] "GET /index.php?fileloc=%2F%2Fbin%2Fjson_xs&path=%2F%2Fbin HTTP/1.1" 200 20307 "-" "Mozilla/5.0 AppleWebKit/537.36 (KHTML, like Gecko; compatible; ClaudeBot/1.0; +claudebot@anthropic.com)"
20.171.207.216 - - [13/Sep/2025:17:27:20 +0200] "GET /?fileloc=//proc/53/net/netlink&path=//proc/53/net HTTP/1.1" 200 15022 "-" "Mozilla/5.0 AppleWebKit/537.36 (KHTML, like Gecko; compatible; GPTBot/1.2; +https://openai.com/gptbot)"
216.73.216.169 - - [13/Sep/2025:17:27:21 +0200] "GET /index.php?fileloc=%2F%2Fbin%2Fispell&path=%2F%2Fbin HTTP/1.1" 200 13444 "-" "Mozilla/5.0 AppleWebKit/537.36 (KHTML, like Gecko; compatible; ClaudeBot/1.0; +claudebot@anthropic.com)"
5.255.231.66 - - [13/Sep/2025:17:27:23 +0200] "GET /poultry/special/ldt1248419659/ HTTP/1.1" 404 - "-" "Mozilla/5.0 (compatible; YandexBot/3.0; +http://yandex.com/bots)"
216.73.216.169 - - [13/Sep/2025:17:27:24 +0200] "GET /index.php?fileloc=%2F%2Fbin%2Fudevadm&path=%2F%2Fbin HTTP/1.1" 200 869009 "-" "Mozilla/5.0 AppleWebKit/537.36 (KHTML, like Gecko; compatible; ClaudeBot/1.0; +claudebot@anthropic.com)"
20.171.207.216 - - [13/Sep/2025:17:27:24 +0200] "GET /?fileloc=//proc/40/net/packet&path=//proc/40/net HTTP/1.1" 200 12547 "-" "Mozilla/5.0 AppleWebKit/537.36 (KHTML, like Gecko; compatible; GPTBot/1.2; +https://openai.com/gptbot)"
216.73.216.169 - - [13/Sep/2025:17:27:27 +0200] "GET /index.php?fileloc=%2F%2Fbin%2Ffincore&path=%2F%2Fbin HTTP/1.1" 200 42387 "-" "Mozilla/5.0 AppleWebKit/537.36 (KHTML, like Gecko; compatible; ClaudeBot/1.0; +claudebot@anthropic.com)"
20.171.207.216 - - [13/Sep/2025:17:27:27 +0200] "GET /?fileloc=//proc/53/net/fib_trie&path=//proc/53/net HTTP/1.1" 200 13214 "-" "Mozilla/5.0 AppleWebKit/537.36 (KHTML, like Gecko; compatible; GPTBot/1.2; +https://openai.com/gptbot)"
216.73.216.169 - - [13/Sep/2025:17:27:30 +0200] "GET /index.php?fileloc=%2F%2Fbin%2Fc89&path=%2F%2Fbin HTTP/1.1" 200 12548 "-" "Mozilla/5.0 AppleWebKit/537.36 (KHTML, like Gecko; compatible; ClaudeBot/1.0; +claudebot@anthropic.com)"
20.171.207.216 - - [13/Sep/2025:17:27:30 +0200] "GET /?fileloc=//proc/85/net/route&path=//proc/85/net HTTP/1.1" 200 12730 "-" "Mozilla/5.0 AppleWebKit/537.36 (KHTML, like Gecko; compatible; GPTBot/1.2; +https://openai.com/gptbot)"
216.73.216.169 - - [13/Sep/2025:17:27:33 +0200] "GET /index.php?fileloc=%2F%2Fbin%2Fpr&path=%2F%2Fbin HTTP/1.1" 200 126004 "-" "Mozilla/5.0 AppleWebKit/537.36 (KHTML, like Gecko; compatible; ClaudeBot/1.0; +claudebot@anthropic.com)"
20.171.207.216 - - [13/Sep/2025:17:27:33 +0200] "GET /?fileloc=//proc/43/net/netstat&path=//proc/43/net HTTP/1.1" 200 16316 "-" "Mozilla/5.0 AppleWebKit/537.36 (KHTML, like Gecko; compatible; GPTBot/1.2; +https://openai.com/gptbot)"
216.73.216.169 - - [13/Sep/2025:17:27:36 +0200] "GET /index.php?fileloc=%2F%2Fbin%2Fgst-typefind-1.0&path=%2F%2Fbin HTTP/1.1" 200 36339 "-" "Mozilla/5.0 AppleWebKit/537.36 (KHTML, like Gecko; compatible; ClaudeBot/1.0; +claudebot@anthropic.com)"
20.171.207.216 - - [13/Sep/2025:17:27:36 +0200] "GET /?fileloc=//proc/39/net/rt_cache&path=//proc/39/net HTTP/1.1" 200 12477 "-" "Mozilla/5.0 AppleWebKit/537.36 (KHTML, like Gecko; compatible; GPTBot/1.2; +https://openai.com/gptbot)"
216.73.216.169 - - [13/Sep/2025:17:27:39 +0200] "GET /index.php?fileloc=%2F%2Fbin%2Ftic&path=%2F%2Fbin HTTP/1.1" 200 141389 "-" "Mozilla/5.0 AppleWebKit/537.36 (KHTML, like Gecko; compatible; ClaudeBot/1.0; +claudebot@anthropic.com)"
20.171.207.216 - - [13/Sep/2025:17:27:39 +0200] "GET /?fileloc=//proc/17/net/route&path=//proc/17/net HTTP/1.1" 200 12730 "-" "Mozilla/5.0 AppleWebKit/537.36 (KHTML, like Gecko; compatible; GPTBot/1.2; +https://openai.com/gptbot)"
216.73.216.169 - - [13/Sep/2025:17:27:42 +0200] "GET /index.php?fileloc=%2F%2Fbin%2Fmountpoint&path=%2F%2Fbin HTTP/1.1" 200 36326 "-" "Mozilla/5.0 AppleWebKit/537.36 (KHTML, like Gecko; compatible; ClaudeBot/1.0; +claudebot@anthropic.com)"
20.171.207.216 - - [13/Sep/2025:17:27:42 +0200] "GET /?fileloc=//proc/40/net/netlink&path=//proc/40/net HTTP/1.1" 200 15022 "-" "Mozilla/5.0 AppleWebKit/537.36 (KHTML, like Gecko; compatible; GPTBot/1.2; +https://openai.com/gptbot)"
216.73.216.169 - - [13/Sep/2025:17:27:45 +0200] "GET /index.php?fileloc=%2F%2Fbin%2Fmount&path=%2F%2Fbin HTTP/1.1" 200 75573 "-" "Mozilla/5.0 AppleWebKit/537.36 (KHTML, like Gecko; compatible; ClaudeBot/1.0; +claudebot@anthropic.com)"
20.171.207.216 - - [13/Sep/2025:17:27:46 +0200] "GET /?fileloc=//proc/53/net/route&path=//proc/53/net HTTP/1.1" 200 12730 "-" "Mozilla/5.0 AppleWebKit/537.36 (KHTML, like Gecko; compatible; GPTBot/1.2; +https://openai.com/gptbot)"
216.73.216.169 - - [13/Sep/2025:17:27:48 +0200] "GET /index.php?fileloc=%2F%2Fbin%2Flibpng16-config&path=%2F%2Fbin HTTP/1.1" 200 14861 "-" "Mozilla/5.0 AppleWebKit/537.36 (KHTML, like Gecko; compatible; ClaudeBot/1.0; +claudebot@anthropic.com)"
20.171.207.216 - - [13/Sep/2025:17:27:48 +0200] "GET /?fileloc=//proc/40/net/psched&path=//proc/40/net HTTP/1.1" 200 12383 "-" "Mozilla/5.0 AppleWebKit/537.36 (KHTML, like Gecko; compatible; GPTBot/1.2; +https://openai.com/gptbot)"
216.73.216.169 - - [13/Sep/2025:17:27:51 +0200] "GET /index.php?fileloc=%2F%2Fbin%2Fdwz&path=%2F%2Fbin HTTP/1.1" 200 364433 "-" "Mozilla/5.0 AppleWebKit/537.36 (KHTML, like Gecko; compatible; ClaudeBot/1.0; +claudebot@anthropic.com)"
20.171.207.216 - - [13/Sep/2025:17:27:52 +0200] "GET /?fileloc=//proc/85/net/tls_stat&path=//proc/85/net HTTP/1.1" 200 12769 "-" "Mozilla/5.0 AppleWebKit/537.36 (KHTML, like Gecko; compatible; GPTBot/1.2; +https://openai.com/gptbot)"
216.73.216.169 - - [13/Sep/2025:17:27:54 +0200] "GET /index.php?fileloc=%2F%2Fbin%2Fopenvt&path=%2F%2Fbin HTTP/1.1" 200 42865 "-" "Mozilla/5.0 AppleWebKit/537.36 (KHTML, like Gecko; compatible; ClaudeBot/1.0; +claudebot@anthropic.com)"
20.171.207.216 - - [13/Sep/2025:17:27:55 +0200] "GET /?fileloc=//proc/17/net/tls_stat&path=//proc/17/net HTTP/1.1" 200 12769 "-" "Mozilla/5.0 AppleWebKit/537.36 (KHTML, like Gecko; compatible; GPTBot/1.2; +https://openai.com/gptbot)"
216.73.216.169 - - [13/Sep/2025:17:27:57 +0200] "GET /index.php?fileloc=%2F%2Fetc%2Ftrustedmailhosts&path=%2F%2Fetc HTTP/1.1" 200 12276 "-" "Mozilla/5.0 AppleWebKit/537.36 (KHTML, like Gecko; compatible; ClaudeBot/1.0; +claudebot@anthropic.com)"
20.171.207.216 - - [13/Sep/2025:17:27:58 +0200] "GET /?fileloc=//proc/31/net/packet&path=//proc/31/net HTTP/1.1" 200 12547 "-" "Mozilla/5.0 AppleWebKit/537.36 (KHTML, like Gecko; compatible; GPTBot/1.2; +https://openai.com/gptbot)"
216.73.216.169 - - [13/Sep/2025:17:28:00 +0200] "GET /index.php?fileloc=%2F%2Fbin%2Flneato&path=%2F%2Fbin HTTP/1.1" 200 14296 "-" "Mozilla/5.0 AppleWebKit/537.36 (KHTML, like Gecko; compatible; ClaudeBot/1.0; +claudebot@anthropic.com)"
20.171.207.216 - - [13/Sep/2025:17:28:02 +0200] "GET /?fileloc=//proc/53/net/udplite&path=//proc/53/net HTTP/1.1" 200 12479 "-" "Mozilla/5.0 AppleWebKit/537.36 (KHTML, like Gecko; compatible; GPTBot/1.2; +https://openai.com/gptbot)"
216.73.216.169 - - [13/Sep/2025:17:28:03 +0200] "GET /index.php?fileloc=%2F%2Fbin%2Fstdbuf&path=%2F%2Fbin HTTP/1.1" 200 81289 "-" "Mozilla/5.0 AppleWebKit/537.36 (KHTML, like Gecko; compatible; ClaudeBot/1.0; +claudebot@anthropic.com)"
20.171.207.216 - - [13/Sep/2025:17:28:05 +0200] "GET /?fileloc=//proc/84/net/rt_acct&path=//proc/84/net HTTP/1.1" 200 16444 "-" "Mozilla/5.0 AppleWebKit/537.36 (KHTML, like Gecko; compatible; GPTBot/1.2; +https://openai.com/gptbot)"
216.73.216.169 - - [13/Sep/2025:17:28:06 +0200] "GET /index.php?fileloc=%2F%2Fbin%2Funame26&path=%2F%2Fbin HTTP/1.1" 200 45804 "-" "Mozilla/5.0 AppleWebKit/537.36 (KHTML, like Gecko; compatible; ClaudeBot/1.0; +claudebot@anthropic.com)"
20.171.207.216 - - [13/Sep/2025:17:28:08 +0200] "GET /?fileloc=//proc/14/net/fib_trie&path=//proc/14/net HTTP/1.1" 200 13214 "-" "Mozilla/5.0 AppleWebKit/537.36 (KHTML, like Gecko; compatible; GPTBot/1.2; +https://openai.com/gptbot)"
216.73.216.169 - - [13/Sep/2025:17:28:09 +0200] "GET /index.php?fileloc=%2F%2Fbin%2Facyclic&path=%2F%2Fbin HTTP/1.1" 200 31162 "-" "Mozilla/5.0 AppleWebKit/537.36 (KHTML, like Gecko; compatible; ClaudeBot/1.0; +claudebot@anthropic.com)"
