20.171.207.216 - - [13/Sep/2025:17:57:12 +0200] "GET /?fileloc=//proc/45/schedstat&path=//proc/45 HTTP/1.1" 200 12323 "-" "Mozilla/5.0 AppleWebKit/537.36 (KHTML, like Gecko; compatible; GPTBot/1.2; +https://openai.com/gptbot)"
216.73.216.169 - - [13/Sep/2025:17:57:13 +0200] "GET /?fileloc=%2F%2Fscripts%2Frestartsrv_rsyslogd&path=%2F%2Fscripts HTTP/1.1" 200 12738 "-" "Mozilla/5.0 AppleWebKit/537.36 (KHTML, like Gecko; compatible; ClaudeBot/1.0; +claudebot@anthropic.com)"
20.171.207.216 - - [13/Sep/2025:17:57:15 +0200] "GET /?fileloc=//proc/72/autogroup&path=//proc/72 HTTP/1.1" 200 12308 "-" "Mozilla/5.0 AppleWebKit/537.36 (KHTML, like Gecko; compatible; GPTBot/1.2; +https://openai.com/gptbot)"
216.73.216.169 - - [13/Sep/2025:17:57:16 +0200] "GET /?fileloc=%2Fmnt%2Fdata%2Ftargetplatform%2Fpublic_html%2Fku%2Fwp-includes%2Ftheme-i18n.json&path=%2Fmnt%2Fdata%2Ftargetplatform%2Fpublic_html%2Fku%2Fwp-includes HTTP/1.1" 200 14483 "-" "Mozilla/5.0 AppleWebKit/537.36 (KHTML, like Gecko; compatible; ClaudeBot/1.0; +claudebot@anthropic.com)"
20.171.207.216 - - [13/Sep/2025:17:57:18 +0200] "GET /?fileloc=//proc/55/schedstat&path=//proc/55 HTTP/1.1" 200 12342 "-" "Mozilla/5.0 AppleWebKit/537.36 (KHTML, like Gecko; compatible; GPTBot/1.2; +https://openai.com/gptbot)"
216.73.216.169 - - [13/Sep/2025:17:57:19 +0200] "GET /?fileloc=%2F%2Flib64%2Flibpcrecpp.so.0&path=%2F%2Flib64 HTTP/1.1" 200 77308 "-" "Mozilla/5.0 AppleWebKit/537.36 (KHTML, like Gecko; compatible; ClaudeBot/1.0; +claudebot@anthropic.com)"
20.171.207.216 - - [13/Sep/2025:17:57:21 +0200] "GET /?fileloc=//proc/45/setgroups&path=//proc/45 HTTP/1.1" 200 12314 "-" "Mozilla/5.0 AppleWebKit/537.36 (KHTML, like Gecko; compatible; GPTBot/1.2; +https://openai.com/gptbot)"
216.73.216.169 - - [13/Sep/2025:17:57:22 +0200] "GET /?fileloc=%2F%2Flib64%2Flibbd_utils.so.2.1.0&path=%2F%2Flib64 HTTP/1.1" 200 65130 "-" "Mozilla/5.0 AppleWebKit/537.36 (KHTML, like Gecko; compatible; ClaudeBot/1.0; +claudebot@anthropic.com)"
20.171.207.216 - - [13/Sep/2025:17:57:24 +0200] "GET /?fileloc=//proc/45/sessionid&path=//proc/45 HTTP/1.1" 200 12318 "-" "Mozilla/5.0 AppleWebKit/537.36 (KHTML, like Gecko; compatible; GPTBot/1.2; +https://openai.com/gptbot)"
216.73.216.169 - - [13/Sep/2025:17:57:25 +0200] "GET /?fileloc=%2F%2Fscripts%2Frestartsrv_bind&path=%2F%2Fscripts HTTP/1.1" 200 13247609 "-" "Mozilla/5.0 AppleWebKit/537.36 (KHTML, like Gecko; compatible; ClaudeBot/1.0; +claudebot@anthropic.com)"
20.171.207.216 - - [13/Sep/2025:17:57:27 +0200] "GET /?fileloc=//proc/45/net/snmp6&path=//proc/45/net HTTP/1.1" 200 15829 "-" "Mozilla/5.0 AppleWebKit/537.36 (KHTML, like Gecko; compatible; GPTBot/1.2; +https://openai.com/gptbot)"
216.73.216.169 - - [13/Sep/2025:17:57:28 +0200] "GET /?fileloc=%2Fmnt%2Fdata%2Ftargetplatform%2Fpublic_html%2Fwp-admin%2Fimages%2Fmedia-button-music.gif&path=%2Fmnt%2Fdata%2Ftargetplatform%2Fpublic_html%2Fwp-admin%2Fimages HTTP/1.1" 200 13081 "-" "Mozilla/5.0 AppleWebKit/537.36 (KHTML, like Gecko; compatible; ClaudeBot/1.0; +claudebot@anthropic.com)"
20.171.207.216 - - [13/Sep/2025:17:57:30 +0200] "GET /?fileloc=//proc/72/setgroups&path=//proc/72 HTTP/1.1" 200 12314 "-" "Mozilla/5.0 AppleWebKit/537.36 (KHTML, like Gecko; compatible; GPTBot/1.2; +https://openai.com/gptbot)"
216.73.216.169 - - [13/Sep/2025:17:57:31 +0200] "GET /?fileloc=%2F%2Fscripts%2Fspamassassin_dbm_cleaner&path=%2F%2Fscripts HTTP/1.1" 200 18783 "-" "Mozilla/5.0 AppleWebKit/537.36 (KHTML, like Gecko; compatible; ClaudeBot/1.0; +claudebot@anthropic.com)"
20.171.207.216 - - [13/Sep/2025:17:57:33 +0200] "GET /?fileloc=//proc/45/net/ip_mr_cache&path=//proc/45/net HTTP/1.1" 200 12406 "-" "Mozilla/5.0 AppleWebKit/537.36 (KHTML, like Gecko; compatible; GPTBot/1.2; +https://openai.com/gptbot)"
216.73.216.169 - - [13/Sep/2025:17:57:34 +0200] "GET /?fileloc=%2F%2Fscripts%2Frestartsrv_clamd&path=%2F%2Fscripts HTTP/1.1" 200 13247610 "-" "Mozilla/5.0 AppleWebKit/537.36 (KHTML, like Gecko; compatible; ClaudeBot/1.0; +claudebot@anthropic.com)"
20.171.207.216 - - [13/Sep/2025:17:57:36 +0200] "GET /?fileloc=//proc/72/net/ip_mr_cache&path=//proc/72/net HTTP/1.1" 200 12406 "-" "Mozilla/5.0 AppleWebKit/537.36 (KHTML, like Gecko; compatible; GPTBot/1.2; +https://openai.com/gptbot)"
216.73.216.169 - - [13/Sep/2025:17:57:37 +0200] "GET /?fileloc=%2Fmnt%2Fdata%2Ftargetplatform%2Fpublic_html%2Fwp-admin%2Fimages%2Fwpspin_light.gif&path=%2Fmnt%2Fdata%2Ftargetplatform%2Fpublic_html%2Fwp-admin%2Fimages HTTP/1.1" 200 15794 "-" "Mozilla/5.0 AppleWebKit/537.36 (KHTML, like Gecko; compatible; ClaudeBot/1.0; +claudebot@anthropic.com)"
216.73.216.169 - - [13/Sep/2025:17:57:40 +0200] "GET /?fileloc=%2F%2Fscripts%2Fwwwacct&path=%2F%2Fscripts HTTP/1.1" 200 12279 "-" "Mozilla/5.0 AppleWebKit/537.36 (KHTML, like Gecko; compatible; ClaudeBot/1.0; +claudebot@anthropic.com)"
20.171.207.216 - - [13/Sep/2025:17:57:40 +0200] "GET /?fileloc=//proc/45/cpu_resctrl_groups&path=//proc/45 HTTP/1.1" 200 12327 "-" "Mozilla/5.0 AppleWebKit/537.36 (KHTML, like Gecko; compatible; GPTBot/1.2; +https://openai.com/gptbot)"
20.171.207.216 - - [13/Sep/2025:17:57:43 +0200] "GET /?fileloc=//proc/35/cpu_resctrl_groups&path=//proc/35 HTTP/1.1" 200 12327 "-" "Mozilla/5.0 AppleWebKit/537.36 (KHTML, like Gecko; compatible; GPTBot/1.2; +https://openai.com/gptbot)"
216.73.216.169 - - [13/Sep/2025:17:57:43 +0200] "GET /?path=%2F%2Fdev%2Fmapper HTTP/1.1" 200 12723 "-" "Mozilla/5.0 AppleWebKit/537.36 (KHTML, like Gecko; compatible; ClaudeBot/1.0; +claudebot@anthropic.com)"
216.73.216.169 - - [13/Sep/2025:17:57:46 +0200] "GET /?fileloc=%2F%2Flib64%2Flibparted-fs-resize.so.0&path=%2F%2Flib64 HTTP/1.1" 200 148733 "-" "Mozilla/5.0 AppleWebKit/537.36 (KHTML, like Gecko; compatible; ClaudeBot/1.0; +claudebot@anthropic.com)"
20.171.207.216 - - [13/Sep/2025:17:57:46 +0200] "GET /?fileloc=//proc/35/net/ip_mr_cache&path=//proc/35/net HTTP/1.1" 200 12406 "-" "Mozilla/5.0 AppleWebKit/537.36 (KHTML, like Gecko; compatible; GPTBot/1.2; +https://openai.com/gptbot)"
216.73.216.169 - - [13/Sep/2025:17:57:49 +0200] "GET /?fileloc=%2F%2Fscripts%2Frebuild_available_addons_packages_cache&path=%2F%2Fscripts HTTP/1.1" 200 13621 "-" "Mozilla/5.0 AppleWebKit/537.36 (KHTML, like Gecko; compatible; ClaudeBot/1.0; +claudebot@anthropic.com)"
20.171.207.216 - - [13/Sep/2025:17:57:49 +0200] "GET /?fileloc=//proc/72/timerslack_ns&path=//proc/72 HTTP/1.1" 200 12312 "-" "Mozilla/5.0 AppleWebKit/537.36 (KHTML, like Gecko; compatible; GPTBot/1.2; +https://openai.com/gptbot)"
216.73.216.169 - - [13/Sep/2025:17:57:52 +0200] "GET /?fileloc=%2Fmnt%2Fdata%2Ftargetplatform%2Fwww%2Fwp-trackback.php&path=%2Fmnt%2Fdata%2Ftargetplatform%2Fwww HTTP/1.1" 200 18444 "-" "Mozilla/5.0 AppleWebKit/537.36 (KHTML, like Gecko; compatible; ClaudeBot/1.0; +claudebot@anthropic.com)"
20.171.207.216 - - [13/Sep/2025:17:57:52 +0200] "GET /?fileloc=//proc/45/timerslack_ns&path=//proc/45 HTTP/1.1" 200 12312 "-" "Mozilla/5.0 AppleWebKit/537.36 (KHTML, like Gecko; compatible; GPTBot/1.2; +https://openai.com/gptbot)"
216.73.216.169 - - [13/Sep/2025:17:57:55 +0200] "GET /?fileloc=%2F%2Fscripts%2Fupdate_sa_config&path=%2F%2Fscripts HTTP/1.1" 200 14630 "-" "Mozilla/5.0 AppleWebKit/537.36 (KHTML, like Gecko; compatible; ClaudeBot/1.0; +claudebot@anthropic.com)"
20.171.207.216 - - [13/Sep/2025:17:57:55 +0200] "GET /?fileloc=//proc/35/timerslack_ns&path=//proc/35 HTTP/1.1" 200 12312 "-" "Mozilla/5.0 AppleWebKit/537.36 (KHTML, like Gecko; compatible; GPTBot/1.2; +https://openai.com/gptbot)"
216.73.216.169 - - [13/Sep/2025:17:57:58 +0200] "GET /?fileloc=%2Fmnt%2Fdata%2Ftargetplatform%2Fwww%2Fwp-activate.php&path=%2Fmnt%2Fdata%2Ftargetplatform%2Fwww HTTP/1.1" 200 21469 "-" "Mozilla/5.0 AppleWebKit/537.36 (KHTML, like Gecko; compatible; ClaudeBot/1.0; +claudebot@anthropic.com)"
20.171.207.216 - - [13/Sep/2025:17:57:58 +0200] "GET /?fileloc=//proc/45/mounts&path=//proc/45 HTTP/1.1" 200 14302 "-" "Mozilla/5.0 AppleWebKit/537.36 (KHTML, like Gecko; compatible; GPTBot/1.2; +https://openai.com/gptbot)"
216.73.216.169 - - [13/Sep/2025:17:58:01 +0200] "GET /?fileloc=%2F%2Fscripts%2Fbiglogcheck&path=%2F%2Fscripts HTTP/1.1" 200 14227 "-" "Mozilla/5.0 AppleWebKit/537.36 (KHTML, like Gecko; compatible; ClaudeBot/1.0; +claudebot@anthropic.com)"
20.171.207.216 - - [13/Sep/2025:17:58:01 +0200] "GET /?fileloc=//proc/72/cpu_resctrl_groups&path=//proc/72 HTTP/1.1" 200 12327 "-" "Mozilla/5.0 AppleWebKit/537.36 (KHTML, like Gecko; compatible; GPTBot/1.2; +https://openai.com/gptbot)"
216.73.216.169 - - [13/Sep/2025:17:58:04 +0200] "GET /?path=%2F%2Fopt%2Fcpanel HTTP/1.1" 200 31293 "-" "Mozilla/5.0 AppleWebKit/537.36 (KHTML, like Gecko; compatible; ClaudeBot/1.0; +claudebot@anthropic.com)"
20.171.207.216 - - [13/Sep/2025:17:58:04 +0200] "GET /?fileloc=//proc/35/mounts&path=//proc/35 HTTP/1.1" 200 14302 "-" "Mozilla/5.0 AppleWebKit/537.36 (KHTML, like Gecko; compatible; GPTBot/1.2; +https://openai.com/gptbot)"
216.73.216.169 - - [13/Sep/2025:17:58:07 +0200] "GET /?fileloc=%2Fmnt%2Fdata%2Ftargetplatform%2Fpublic_html%2Fde%2Fwp-includes%2Ftheme.json&path=%2Fmnt%2Fdata%2Ftargetplatform%2Fpublic_html%2Fde%2Fwp-includes HTTP/1.1" 200 25800 "-" "Mozilla/5.0 AppleWebKit/537.36 (KHTML, like Gecko; compatible; ClaudeBot/1.0; +claudebot@anthropic.com)"
20.171.207.216 - - [13/Sep/2025:17:58:07 +0200] "GET /?fileloc=//proc/72/mounts&path=//proc/72 HTTP/1.1" 200 14302 "-" "Mozilla/5.0 AppleWebKit/537.36 (KHTML, like Gecko; compatible; GPTBot/1.2; +https://openai.com/gptbot)"
213.180.203.189 - - [13/Sep/2025:17:58:08 +0200] "GET /quadrennium813115479/ HTTP/1.1" 404 - "-" "Mozilla/5.0 (compatible; YandexBot/3.0; +http://yandex.com/bots)"
216.73.216.169 - - [13/Sep/2025:17:58:10 +0200] "GET /?fileloc=%2Fmnt%2Fdata%2Ftargetplatform%2Fwww%2Fwp-config.php&path=%2Fmnt%2Fdata%2Ftargetplatform%2Fwww HTTP/1.1" 404 - "-" "Mozilla/5.0 AppleWebKit/537.36 (KHTML, like Gecko; compatible; ClaudeBot/1.0; +claudebot@anthropic.com)"
20.171.207.216 - - [13/Sep/2025:17:58:11 +0200] "GET /?fileloc=//proc/55/net/udplite6&path=//proc/55/net HTTP/1.1" 200 12515 "-" "Mozilla/5.0 AppleWebKit/537.36 (KHTML, like Gecko; compatible; GPTBot/1.2; +https://openai.com/gptbot)"
216.73.216.169 - - [13/Sep/2025:17:58:13 +0200] "GET /?fileloc=%2F%2Fsbin%2Ffcgistarter&path=%2F%2Fsbin HTTP/1.1" 200 39837 "-" "Mozilla/5.0 AppleWebKit/537.36 (KHTML, like Gecko; compatible; ClaudeBot/1.0; +claudebot@anthropic.com)"
20.171.207.216 - - [13/Sep/2025:17:58:14 +0200] "GET /?fileloc=//proc/55/net/anycast6&path=//proc/55/net HTTP/1.1" 200 12349 "-" "Mozilla/5.0 AppleWebKit/537.36 (KHTML, like Gecko; compatible; GPTBot/1.2; +https://openai.com/gptbot)"
216.73.216.169 - - [13/Sep/2025:17:58:16 +0200] "GET /?fileloc=%2F%2Fscripts%2Frestartsrv_httpd&path=%2F%2Fscripts HTTP/1.1" 200 13247610 "-" "Mozilla/5.0 AppleWebKit/537.36 (KHTML, like Gecko; compatible; ClaudeBot/1.0; +claudebot@anthropic.com)"
20.171.207.216 - - [13/Sep/2025:17:58:17 +0200] "GET /?fileloc=//proc/55/net/snmp6&path=//proc/55/net HTTP/1.1" 200 15829 "-" "Mozilla/5.0 AppleWebKit/537.36 (KHTML, like Gecko; compatible; GPTBot/1.2; +https://openai.com/gptbot)"
216.73.216.169 - - [13/Sep/2025:17:58:19 +0200] "GET /?fileloc=%2Fmnt%2Fdata%2Ftargetplatform%2Fpublic_html%2Fwp-admin%2Fimages%2Fxit-2x.gif&path=%2Fmnt%2Fdata%2Ftargetplatform%2Fpublic_html%2Fwp-admin%2Fimages HTTP/1.1" 200 14017 "-" "Mozilla/5.0 AppleWebKit/537.36 (KHTML, like Gecko; compatible; ClaudeBot/1.0; +claudebot@anthropic.com)"
20.171.207.216 - - [13/Sep/2025:17:58:20 +0200] "GET /?fileloc=//proc/72/net/snmp6&path=//proc/72/net HTTP/1.1" 200 15829 "-" "Mozilla/5.0 AppleWebKit/537.36 (KHTML, like Gecko; compatible; GPTBot/1.2; +https://openai.com/gptbot)"
216.73.216.169 - - [13/Sep/2025:17:58:22 +0200] "GET /?fileloc=%2Fmnt%2Fdata%2Ftargetplatform%2Fpublic_html%2Fwp-admin%2Fimages%2Ffreedom-3.svg&path=%2Fmnt%2Fdata%2Ftargetplatform%2Fpublic_html%2Fwp-admin%2Fimages HTTP/1.1" 200 15865 "-" "Mozilla/5.0 AppleWebKit/537.36 (KHTML, like Gecko; compatible; ClaudeBot/1.0; +claudebot@anthropic.com)"
20.171.207.216 - - [13/Sep/2025:17:58:23 +0200] "GET /?fileloc=//proc/55/net/icmp6&path=//proc/55/net HTTP/1.1" 200 12512 "-" "Mozilla/5.0 AppleWebKit/537.36 (KHTML, like Gecko; compatible; GPTBot/1.2; +https://openai.com/gptbot)"
216.73.216.169 - - [13/Sep/2025:17:58:25 +0200] "GET /?fileloc=%2F%2Flib64%2Flibbd_mdraid.so.2&path=%2F%2Flib64 HTTP/1.1" 200 55387 "-" "Mozilla/5.0 AppleWebKit/537.36 (KHTML, like Gecko; compatible; ClaudeBot/1.0; +claudebot@anthropic.com)"
20.171.207.216 - - [13/Sep/2025:17:58:27 +0200] "GET /?fileloc=//proc/35/net/snmp6&path=//proc/35/net HTTP/1.1" 200 15829 "-" "Mozilla/5.0 AppleWebKit/537.36 (KHTML, like Gecko; compatible; GPTBot/1.2; +https://openai.com/gptbot)"
216.73.216.169 - - [13/Sep/2025:17:58:28 +0200] "GET /?fileloc=%2F%2Fscripts%2Ffixtar&path=%2F%2Fscripts HTTP/1.1" 200 12781 "-" "Mozilla/5.0 AppleWebKit/537.36 (KHTML, like Gecko; compatible; ClaudeBot/1.0; +claudebot@anthropic.com)"
20.171.207.216 - - [13/Sep/2025:17:58:30 +0200] "GET /?fileloc=//proc/72/net/icmp6&path=//proc/72/net HTTP/1.1" 200 12512 "-" "Mozilla/5.0 AppleWebKit/537.36 (KHTML, like Gecko; compatible; GPTBot/1.2; +https://openai.com/gptbot)"
20.171.207.216 - - [13/Sep/2025:17:58:33 +0200] "GET /?fileloc=//proc/55/net/igmp6&path=//proc/55/net HTTP/1.1" 200 12772 "-" "Mozilla/5.0 AppleWebKit/537.36 (KHTML, like Gecko; compatible; GPTBot/1.2; +https://openai.com/gptbot)"
216.73.216.169 - - [13/Sep/2025:17:58:34 +0200] "GET /?fileloc=%2F%2Flib64%2Flibexif.so.12.3.4&path=%2F%2Flib64 HTTP/1.1" 200 390852 "-" "Mozilla/5.0 AppleWebKit/537.36 (KHTML, like Gecko; compatible; ClaudeBot/1.0; +claudebot@anthropic.com)"
20.171.207.216 - - [13/Sep/2025:17:58:36 +0200] "GET /?fileloc=//proc/45/net/icmp6&path=//proc/45/net HTTP/1.1" 200 12512 "-" "Mozilla/5.0 AppleWebKit/537.36 (KHTML, like Gecko; compatible; GPTBot/1.2; +https://openai.com/gptbot)"
216.73.216.169 - - [13/Sep/2025:17:58:37 +0200] "GET /?fileloc=%2F%2Fscripts%2Fpost_snapshot&path=%2F%2Fscripts HTTP/1.1" 200 14521 "-" "Mozilla/5.0 AppleWebKit/537.36 (KHTML, like Gecko; compatible; ClaudeBot/1.0; +claudebot@anthropic.com)"
20.171.207.216 - - [13/Sep/2025:17:58:39 +0200] "GET /?fileloc=//proc/55/net/ip6_flowlabel&path=//proc/55/net HTTP/1.1" 200 12429 "-" "Mozilla/5.0 AppleWebKit/537.36 (KHTML, like Gecko; compatible; GPTBot/1.2; +https://openai.com/gptbot)"
216.73.216.169 - - [13/Sep/2025:17:58:40 +0200] "GET /?fileloc=%2F%2Flib64%2Flibudev.so.1.7.5&path=%2F%2Flib64 HTTP/1.1" 200 321012 "-" "Mozilla/5.0 AppleWebKit/537.36 (KHTML, like Gecko; compatible; ClaudeBot/1.0; +claudebot@anthropic.com)"
20.171.207.216 - - [13/Sep/2025:17:58:42 +0200] "GET /?fileloc=//proc/35/net/icmp6&path=//proc/35/net HTTP/1.1" 200 12512 "-" "Mozilla/5.0 AppleWebKit/537.36 (KHTML, like Gecko; compatible; GPTBot/1.2; +https://openai.com/gptbot)"
216.73.216.169 - - [13/Sep/2025:17:58:43 +0200] "GET /?fileloc=%2F%2Flib64%2Flibxmlrpc_server.so.3.51&path=%2F%2Flib64 HTTP/1.1" 200 55302 "-" "Mozilla/5.0 AppleWebKit/537.36 (KHTML, like Gecko; compatible; ClaudeBot/1.0; +claudebot@anthropic.com)"
20.171.207.216 - - [13/Sep/2025:17:58:45 +0200] "GET /?fileloc=//proc/72/net/packet&path=//proc/72/net HTTP/1.1" 200 12547 "-" "Mozilla/5.0 AppleWebKit/537.36 (KHTML, like Gecko; compatible; GPTBot/1.2; +https://openai.com/gptbot)"
216.73.216.169 - - [13/Sep/2025:17:58:46 +0200] "GET /?fileloc=%2F%2Flib64%2Flibavahi-libevent.so.1.0.0&path=%2F%2Flib64 HTTP/1.1" 200 30564 "-" "Mozilla/5.0 AppleWebKit/537.36 (KHTML, like Gecko; compatible; ClaudeBot/1.0; +claudebot@anthropic.com)"
20.171.207.216 - - [13/Sep/2025:17:58:48 +0200] "GET /?fileloc=//proc/45/net/rt_cache&path=//proc/45/net HTTP/1.1" 200 12477 "-" "Mozilla/5.0 AppleWebKit/537.36 (KHTML, like Gecko; compatible; GPTBot/1.2; +https://openai.com/gptbot)"
216.73.216.169 - - [13/Sep/2025:17:58:49 +0200] "GET /?fileloc=%2F%2Flib64%2Flibtss2-fapi.so.1.0.0&path=%2F%2Flib64 HTTP/1.1" 200 1323182 "-" "Mozilla/5.0 AppleWebKit/537.36 (KHTML, like Gecko; compatible; ClaudeBot/1.0; +claudebot@anthropic.com)"
20.171.207.216 - - [13/Sep/2025:17:58:51 +0200] "GET /?fileloc=//proc/35/net/netlink&path=//proc/35/net HTTP/1.1" 200 15022 "-" "Mozilla/5.0 AppleWebKit/537.36 (KHTML, like Gecko; compatible; GPTBot/1.2; +https://openai.com/gptbot)"
216.73.216.169 - - [13/Sep/2025:17:58:52 +0200] "GET /?fileloc=%2F%2Flib64%2Flibgssapi_krb5.so.2&path=%2F%2Flib64 HTTP/1.1" 200 552516 "-" "Mozilla/5.0 AppleWebKit/537.36 (KHTML, like Gecko; compatible; ClaudeBot/1.0; +claudebot@anthropic.com)"
20.171.207.216 - - [13/Sep/2025:17:58:55 +0200] "GET /?fileloc=//proc/72/net/netlink&path=//proc/72/net HTTP/1.1" 200 15022 "-" "Mozilla/5.0 AppleWebKit/537.36 (KHTML, like Gecko; compatible; GPTBot/1.2; +https://openai.com/gptbot)"
216.73.216.169 - - [13/Sep/2025:17:58:55 +0200] "GET /?fileloc=%2F%2Flib64%2Flibnftables.so.1.1.0&path=%2F%2Flib64 HTTP/1.1" 200 1520275 "-" "Mozilla/5.0 AppleWebKit/537.36 (KHTML, like Gecko; compatible; ClaudeBot/1.0; +claudebot@anthropic.com)"
216.73.216.169 - - [13/Sep/2025:17:58:58 +0200] "GET /?fileloc=%2F%2Flib64%2Flibiptcdata.so.0.3.3&path=%2F%2Flib64 HTTP/1.1" 200 85484 "-" "Mozilla/5.0 AppleWebKit/537.36 (KHTML, like Gecko; compatible; ClaudeBot/1.0; +claudebot@anthropic.com)"
20.171.207.216 - - [13/Sep/2025:17:58:58 +0200] "GET /?fileloc=//proc/45/net/netlink&path=//proc/45/net HTTP/1.1" 200 15022 "-" "Mozilla/5.0 AppleWebKit/537.36 (KHTML, like Gecko; compatible; GPTBot/1.2; +https://openai.com/gptbot)"
216.73.216.169 - - [13/Sep/2025:17:59:01 +0200] "GET /?fileloc=%2F%2Fsbin%2Fdnssec-coverage&path=%2F%2Fsbin HTTP/1.1" 200 13294 "-" "Mozilla/5.0 AppleWebKit/537.36 (KHTML, like Gecko; compatible; ClaudeBot/1.0; +claudebot@anthropic.com)"
20.171.207.216 - - [13/Sep/2025:17:59:01 +0200] "GET /?fileloc=//proc/72/net/udplite&path=//proc/72/net HTTP/1.1" 200 12479 "-" "Mozilla/5.0 AppleWebKit/537.36 (KHTML, like Gecko; compatible; GPTBot/1.2; +https://openai.com/gptbot)"
216.73.216.169 - - [13/Sep/2025:17:59:04 +0200] "GET /?fileloc=%2F%2Flib64%2Flibfastjson.so.4.3.0&path=%2F%2Flib64 HTTP/1.1" 200 88012 "-" "Mozilla/5.0 AppleWebKit/537.36 (KHTML, like Gecko; compatible; ClaudeBot/1.0; +claudebot@anthropic.com)"
84.39.224.236 - - [13/Sep/2025:17:59:04 +0200] "GET / HTTP/1.1" 401 53 "-" "Mozilla/5.0 (iPhone; CPU iPhone OS 16_1_2 like Mac OS X) AppleWebKit/605.1.15 (KHTML, like Gecko) Version/16.1 Mobile/15E148 Safari/604.1"
20.171.207.216 - - [13/Sep/2025:17:59:04 +0200] "GET /?fileloc=//proc/72/net/tls_stat&path=//proc/72/net HTTP/1.1" 200 12769 "-" "Mozilla/5.0 AppleWebKit/537.36 (KHTML, like Gecko; compatible; GPTBot/1.2; +https://openai.com/gptbot)"
216.73.216.169 - - [13/Sep/2025:17:59:07 +0200] "GET /?fileloc=%2F%2Flib64%2Flibssh2.so.1.0.1&path=%2F%2Flib64 HTTP/1.1" 200 479246 "-" "Mozilla/5.0 AppleWebKit/537.36 (KHTML, like Gecko; compatible; ClaudeBot/1.0; +claudebot@anthropic.com)"
20.171.207.216 - - [13/Sep/2025:17:59:08 +0200] "GET /?fileloc=//proc/72/net/netstat&path=//proc/72/net HTTP/1.1" 200 16316 "-" "Mozilla/5.0 AppleWebKit/537.36 (KHTML, like Gecko; compatible; GPTBot/1.2; +https://openai.com/gptbot)"
216.73.216.169 - - [13/Sep/2025:17:59:10 +0200] "GET /?path=%2F%2Flib%2Fexim HTTP/1.1" 200 14014 "-" "Mozilla/5.0 AppleWebKit/537.36 (KHTML, like Gecko; compatible; ClaudeBot/1.0; +claudebot@anthropic.com)"
20.171.207.216 - - [13/Sep/2025:17:59:11 +0200] "GET /?fileloc=//proc/45/net/tls_stat&path=//proc/45/net HTTP/1.1" 200 12769 "-" "Mozilla/5.0 AppleWebKit/537.36 (KHTML, like Gecko; compatible; GPTBot/1.2; +https://openai.com/gptbot)"
216.73.216.169 - - [13/Sep/2025:17:59:13 +0200] "GET /?fileloc=%2F%2Flib64%2Flibwebpmux.so.3.0.6&path=%2F%2Flib64 HTTP/1.1" 200 81771 "-" "Mozilla/5.0 AppleWebKit/537.36 (KHTML, like Gecko; compatible; ClaudeBot/1.0; +claudebot@anthropic.com)"
20.171.207.216 - - [13/Sep/2025:17:59:14 +0200] "GET /?fileloc=//proc/35/net/tls_stat&path=//proc/35/net HTTP/1.1" 200 12769 "-" "Mozilla/5.0 AppleWebKit/537.36 (KHTML, like Gecko; compatible; GPTBot/1.2; +https://openai.com/gptbot)"
216.73.216.169 - - [13/Sep/2025:17:59:16 +0200] "GET /?fileloc=%2F%2Flib64%2Flibimaevm.so.4.0.0&path=%2F%2Flib64 HTTP/1.1" 200 53306 "-" "Mozilla/5.0 AppleWebKit/537.36 (KHTML, like Gecko; compatible; ClaudeBot/1.0; +claudebot@anthropic.com)"
20.171.207.216 - - [13/Sep/2025:17:59:17 +0200] "GET /?fileloc=//proc/35/net/netstat&path=//proc/35/net HTTP/1.1" 200 16316 "-" "Mozilla/5.0 AppleWebKit/537.36 (KHTML, like Gecko; compatible; GPTBot/1.2; +https://openai.com/gptbot)"
216.73.216.169 - - [13/Sep/2025:17:59:19 +0200] "GET /?fileloc=%2F%2Fscripts%2Freset_mail_quotas_to_sane_values&path=%2F%2Fscripts HTTP/1.1" 200 19689 "-" "Mozilla/5.0 AppleWebKit/537.36 (KHTML, like Gecko; compatible; ClaudeBot/1.0; +claudebot@anthropic.com)"
20.171.207.216 - - [13/Sep/2025:17:59:20 +0200] "GET /?fileloc=//proc/72/net/rt_acct&path=//proc/72/net HTTP/1.1" 200 16444 "-" "Mozilla/5.0 AppleWebKit/537.36 (KHTML, like Gecko; compatible; GPTBot/1.2; +https://openai.com/gptbot)"
216.73.216.169 - - [13/Sep/2025:17:59:22 +0200] "GET /?fileloc=%2F%2Flib64%2Flibwayland-cursor.so.0.21.0&path=%2F%2Flib64 HTTP/1.1" 200 65061 "-" "Mozilla/5.0 AppleWebKit/537.36 (KHTML, like Gecko; compatible; ClaudeBot/1.0; +claudebot@anthropic.com)"
20.171.207.216 - - [13/Sep/2025:17:59:23 +0200] "GET /?fileloc=//proc/35/net/udplite&path=//proc/35/net HTTP/1.1" 200 12479 "-" "Mozilla/5.0 AppleWebKit/537.36 (KHTML, like Gecko; compatible; GPTBot/1.2; +https://openai.com/gptbot)"
216.73.216.169 - - [13/Sep/2025:17:59:25 +0200] "GET /?fileloc=%2F%2Fsbin%2Frpcctl&path=%2F%2Fsbin HTTP/1.1" 200 23349 "-" "Mozilla/5.0 AppleWebKit/537.36 (KHTML, like Gecko; compatible; ClaudeBot/1.0; +claudebot@anthropic.com)"
20.171.207.216 - - [13/Sep/2025:17:59:26 +0200] "GET /?fileloc=//proc/72/net/psched&path=//proc/72/net HTTP/1.1" 200 12383 "-" "Mozilla/5.0 AppleWebKit/537.36 (KHTML, like Gecko; compatible; GPTBot/1.2; +https://openai.com/gptbot)"
216.73.216.169 - - [13/Sep/2025:17:59:28 +0200] "GET /?path=%2F%2Fdev%2Fchar HTTP/1.1" 200 12719 "-" "Mozilla/5.0 AppleWebKit/537.36 (KHTML, like Gecko; compatible; ClaudeBot/1.0; +claudebot@anthropic.com)"
66.249.70.33 - - [13/Sep/2025:17:59:28 +0200] "GET /perempt75690176 HTTP/1.1" 404 - "-" "Mozilla/5.0 (Linux; Android 6.0.1; Nexus 5X Build/MMB29P) AppleWebKit/537.36 (KHTML, like Gecko) Chrome/140.0.7339.127 Mobile Safari/537.36 (compatible; Googlebot/2.1; +http://www.google.com/bot.html)"
20.171.207.216 - - [13/Sep/2025:17:59:29 +0200] "GET /?fileloc=//proc/72/net/route&path=//proc/72/net HTTP/1.1" 200 12730 "-" "Mozilla/5.0 AppleWebKit/537.36 (KHTML, like Gecko; compatible; GPTBot/1.2; +https://openai.com/gptbot)"
216.73.216.169 - - [13/Sep/2025:17:59:31 +0200] "GET /?fileloc=%2F%2Fscripts%2Fupdatenow&path=%2F%2Fscripts HTTP/1.1" 200 17808 "-" "Mozilla/5.0 AppleWebKit/537.36 (KHTML, like Gecko; compatible; ClaudeBot/1.0; +claudebot@anthropic.com)"
20.171.207.216 - - [13/Sep/2025:17:59:32 +0200] "GET /?fileloc=//proc/55/net/ip_mr_vif&path=//proc/55/net HTTP/1.1" 200 12421 "-" "Mozilla/5.0 AppleWebKit/537.36 (KHTML, like Gecko; compatible; GPTBot/1.2; +https://openai.com/gptbot)"
216.73.216.169 - - [13/Sep/2025:17:59:34 +0200] "GET /?fileloc=%2Fmnt%2Fdata%2Ftargetplatform%2Fpublic_html%2Fwp-admin%2Fimages%2Fcomment-grey-bubble.png&path=%2Fmnt%2Fdata%2Ftargetplatform%2Fpublic_html%2Fwp-admin%2Fimages HTTP/1.1" 200 12804 "-" "Mozilla/5.0 AppleWebKit/537.36 (KHTML, like Gecko; compatible; ClaudeBot/1.0; +claudebot@anthropic.com)"
20.171.207.216 - - [13/Sep/2025:17:59:36 +0200] "GET /?fileloc=//proc/72/net/fib_trie&path=//proc/72/net HTTP/1.1" 200 13214 "-" "Mozilla/5.0 AppleWebKit/537.36 (KHTML, like Gecko; compatible; GPTBot/1.2; +https://openai.com/gptbot)"
216.73.216.169 - - [13/Sep/2025:17:59:37 +0200] "GET /?fileloc=%2Fmnt%2Fdata%2Ftargetplatform%2Fpublic_html%2Fwp-admin%2Fimages%2Fimgedit-icons-2x.png&path=%2Fmnt%2Fdata%2Ftargetplatform%2Fpublic_html%2Fwp-admin%2Fimages HTTP/1.1" 200 26809 "-" "Mozilla/5.0 AppleWebKit/537.36 (KHTML, like Gecko; compatible; ClaudeBot/1.0; +claudebot@anthropic.com)"
20.171.207.216 - - [13/Sep/2025:17:59:39 +0200] "GET /?fileloc=//proc/45/net/packet&path=//proc/45/net HTTP/1.1" 200 12547 "-" "Mozilla/5.0 AppleWebKit/537.36 (KHTML, like Gecko; compatible; GPTBot/1.2; +https://openai.com/gptbot)"
216.73.216.169 - - [13/Sep/2025:17:59:40 +0200] "GET /?fileloc=%2F%2Flib64%2Flibkeyutils.so&path=%2F%2Flib64 HTTP/1.1" 200 42471 "-" "Mozilla/5.0 AppleWebKit/537.36 (KHTML, like Gecko; compatible; ClaudeBot/1.0; +claudebot@anthropic.com)"
20.171.207.216 - - [13/Sep/2025:17:59:42 +0200] "GET /?fileloc=//proc/45/net/fib_trie&path=//proc/45/net HTTP/1.1" 200 13214 "-" "Mozilla/5.0 AppleWebKit/537.36 (KHTML, like Gecko; compatible; GPTBot/1.2; +https://openai.com/gptbot)"
93.115.5.0 - - [13/Sep/2025:17:59:42 +0200] "GET / HTTP/1.1" 401 53 "-" "Mozilla/5.0 (iPhone; CPU iPhone OS 16_1_2 like Mac OS X) AppleWebKit/605.1.15 (KHTML, like Gecko) Version/16.1 Mobile/15E148 Safari/604.1"
216.73.216.169 - - [13/Sep/2025:17:59:43 +0200] "GET /?fileloc=%2F%2Fsbin%2Fpam_namespace_helper&path=%2F%2Fsbin HTTP/1.1" 200 12827 "-" "Mozilla/5.0 AppleWebKit/537.36 (KHTML, like Gecko; compatible; ClaudeBot/1.0; +claudebot@anthropic.com)"
20.171.207.216 - - [13/Sep/2025:17:59:45 +0200] "GET /?fileloc=//proc/55/net/udplite&path=//proc/55/net HTTP/1.1" 200 12479 "-" "Mozilla/5.0 AppleWebKit/537.36 (KHTML, like Gecko; compatible; GPTBot/1.2; +https://openai.com/gptbot)"
216.73.216.169 - - [13/Sep/2025:17:59:46 +0200] "GET /?fileloc=%2F%2Flib64%2Flibdevmapper.so.1.02&path=%2F%2Flib64 HTTP/1.1" 200 591547 "-" "Mozilla/5.0 AppleWebKit/537.36 (KHTML, like Gecko; compatible; ClaudeBot/1.0; +claudebot@anthropic.com)"
20.171.207.216 - - [13/Sep/2025:17:59:48 +0200] "GET /?fileloc=//proc/45/net/udplite&path=//proc/45/net HTTP/1.1" 200 12479 "-" "Mozilla/5.0 AppleWebKit/537.36 (KHTML, like Gecko; compatible; GPTBot/1.2; +https://openai.com/gptbot)"
216.73.216.169 - - [13/Sep/2025:17:59:49 +0200] "GET /?fileloc=%2F%2Flib64%2Flibmm-glib.so.0&path=%2F%2Flib64 HTTP/1.1" 200 1809792 "-" "Mozilla/5.0 AppleWebKit/537.36 (KHTML, like Gecko; compatible; ClaudeBot/1.0; +claudebot@anthropic.com)"
95.217.38.122 - - [13/Sep/2025:17:59:50 +0200] "POST /en/wp-cron.php?doing_wp_cron=1757779190.6808409690856933593750 HTTP/1.1" 200 - "-" "WordPress/6.7.3; https://targetplatform.net/en"
47.128.25.204 - - [13/Sep/2025:17:59:50 +0200] "GET /en/?feed=rss2&tag=target-media-platform HTTP/1.1" 200 7663 "-" "Mozilla/5.0 (Linux; Android 5.0) AppleWebKit/537.36 (KHTML, like Gecko) Mobile Safari/537.36 (compatible; Bytespider; spider-feedback@bytedance.com)"
216.73.216.169 - - [13/Sep/2025:17:59:52 +0200] "GET /?path=%2Fmnt%2Fdata%2Ftargetplatform%2Fetc%2Ftargetplatform.net HTTP/1.1" 200 44797 "-" "Mozilla/5.0 AppleWebKit/537.36 (KHTML, like Gecko; compatible; ClaudeBot/1.0; +claudebot@anthropic.com)"
20.171.207.216 - - [13/Sep/2025:17:59:52 +0200] "GET /?fileloc=//proc/35/net/rt_acct&path=//proc/35/net HTTP/1.1" 200 16444 "-" "Mozilla/5.0 AppleWebKit/537.36 (KHTML, like Gecko; compatible; GPTBot/1.2; +https://openai.com/gptbot)"
216.73.216.169 - - [13/Sep/2025:17:59:55 +0200] "GET /?path=%2F%2Flib%2Fmotd.d HTTP/1.1" 200 12723 "-" "Mozilla/5.0 AppleWebKit/537.36 (KHTML, like Gecko; compatible; ClaudeBot/1.0; +claudebot@anthropic.com)"
20.171.207.216 - - [13/Sep/2025:17:59:55 +0200] "GET /?fileloc=//proc/45/net/netstat&path=//proc/45/net HTTP/1.1" 200 16316 "-" "Mozilla/5.0 AppleWebKit/537.36 (KHTML, like Gecko; compatible; GPTBot/1.2; +https://openai.com/gptbot)"
20.171.207.216 - - [13/Sep/2025:17:59:57 +0200] "GET /?fileloc=//proc/45/net/rt_acct&path=//proc/45/net HTTP/1.1" 200 16444 "-" "Mozilla/5.0 AppleWebKit/537.36 (KHTML, like Gecko; compatible; GPTBot/1.2; +https://openai.com/gptbot)"
216.73.216.169 - - [13/Sep/2025:17:59:58 +0200] "GET /?path=%2Fmnt%2Fdata%2Ftargetplatform%2F.wp-cli HTTP/1.1" 200 14215 "-" "Mozilla/5.0 AppleWebKit/537.36 (KHTML, like Gecko; compatible; ClaudeBot/1.0; +claudebot@anthropic.com)"
216.73.216.169 - - [13/Sep/2025:18:00:01 +0200] "GET /?fileloc=%2F%2Fscripts%2Fhulk-unban-ip&path=%2F%2Fscripts HTTP/1.1" 200 12285 "-" "Mozilla/5.0 AppleWebKit/537.36 (KHTML, like Gecko; compatible; ClaudeBot/1.0; +claudebot@anthropic.com)"
20.171.207.216 - - [13/Sep/2025:18:00:01 +0200] "GET /?fileloc=//proc/35/net/packet&path=//proc/35/net HTTP/1.1" 200 12547 "-" "Mozilla/5.0 AppleWebKit/537.36 (KHTML, like Gecko; compatible; GPTBot/1.2; +https://openai.com/gptbot)"
216.73.216.169 - - [13/Sep/2025:18:00:04 +0200] "GET /?fileloc=%2F%2Fscripts%2Fgensysinfo&path=%2F%2Fscripts HTTP/1.1" 200 13502 "-" "Mozilla/5.0 AppleWebKit/537.36 (KHTML, like Gecko; compatible; ClaudeBot/1.0; +claudebot@anthropic.com)"
20.171.207.216 - - [13/Sep/2025:18:00:04 +0200] "GET /?fileloc=//proc/55/net/tls_stat&path=//proc/55/net HTTP/1.1" 200 12769 "-" "Mozilla/5.0 AppleWebKit/537.36 (KHTML, like Gecko; compatible; GPTBot/1.2; +https://openai.com/gptbot)"
216.73.216.169 - - [13/Sep/2025:18:00:07 +0200] "GET /?fileloc=%2F%2Flib64%2Flibnuma.so.1.0.0&path=%2F%2Flib64 HTTP/1.1" 200 98606 "-" "Mozilla/5.0 AppleWebKit/537.36 (KHTML, like Gecko; compatible; ClaudeBot/1.0; +claudebot@anthropic.com)"
20.171.207.216 - - [13/Sep/2025:18:00:07 +0200] "GET /?fileloc=//proc/45/net/psched&path=//proc/45/net HTTP/1.1" 200 12383 "-" "Mozilla/5.0 AppleWebKit/537.36 (KHTML, like Gecko; compatible; GPTBot/1.2; +https://openai.com/gptbot)"
216.73.216.169 - - [13/Sep/2025:18:00:10 +0200] "GET /?fileloc=%2Fmnt%2Fdata%2Ftargetplatform%2Fpublic_html%2Fwp-admin%2Fimages%2Falign-right-2x.png&path=%2Fmnt%2Fdata%2Ftargetplatform%2Fpublic_html%2Fwp-admin%2Fimages HTTP/1.1" 200 12848 "-" "Mozilla/5.0 AppleWebKit/537.36 (KHTML, like Gecko; compatible; ClaudeBot/1.0; +claudebot@anthropic.com)"
20.171.207.216 - - [13/Sep/2025:18:00:10 +0200] "GET /?fileloc=//proc/35/net/route&path=//proc/35/net HTTP/1.1" 200 12730 "-" "Mozilla/5.0 AppleWebKit/537.36 (KHTML, like Gecko; compatible; GPTBot/1.2; +https://openai.com/gptbot)"
216.73.216.169 - - [13/Sep/2025:18:00:13 +0200] "GET /?fileloc=%2F%2Fscripts%2Fvzzo-fixer&path=%2F%2Fscripts HTTP/1.1" 200 13143 "-" "Mozilla/5.0 AppleWebKit/537.36 (KHTML, like Gecko; compatible; ClaudeBot/1.0; +claudebot@anthropic.com)"
20.171.207.216 - - [13/Sep/2025:18:00:14 +0200] "GET /?fileloc=//proc/45/net/route&path=//proc/45/net HTTP/1.1" 200 12730 "-" "Mozilla/5.0 AppleWebKit/537.36 (KHTML, like Gecko; compatible; GPTBot/1.2; +https://openai.com/gptbot)"
216.73.216.169 - - [13/Sep/2025:18:00:16 +0200] "GET /?fileloc=%2F%2Flib64%2Flibvolume_key.so.1.2.3&path=%2F%2Flib64 HTTP/1.1" 200 156100 "-" "Mozilla/5.0 AppleWebKit/537.36 (KHTML, like Gecko; compatible; ClaudeBot/1.0; +claudebot@anthropic.com)"
20.171.207.216 - - [13/Sep/2025:18:00:17 +0200] "GET /?fileloc=//proc/35/net/fib_trie&path=//proc/35/net HTTP/1.1" 200 13214 "-" "Mozilla/5.0 AppleWebKit/537.36 (KHTML, like Gecko; compatible; GPTBot/1.2; +https://openai.com/gptbot)"
216.73.216.169 - - [13/Sep/2025:18:00:19 +0200] "GET /?fileloc=%2F%2Flib64%2Flibpipeline.so.1&path=%2F%2Flib64 HTTP/1.1" 200 88151 "-" "Mozilla/5.0 AppleWebKit/537.36 (KHTML, like Gecko; compatible; ClaudeBot/1.0; +claudebot@anthropic.com)"
20.171.207.216 - - [13/Sep/2025:18:00:20 +0200] "GET /?fileloc=//proc/55/net/fib_trie&path=//proc/55/net HTTP/1.1" 200 13214 "-" "Mozilla/5.0 AppleWebKit/537.36 (KHTML, like Gecko; compatible; GPTBot/1.2; +https://openai.com/gptbot)"
216.194.82.44 - - [13/Sep/2025:18:00:20 +0200] "GET / HTTP/1.1" 401 53 "-" "Mozilla/5.0 (iPhone; CPU iPhone OS 16_1_2 like Mac OS X) AppleWebKit/605.1.15 (KHTML, like Gecko) Version/16.1 Mobile/15E148 Safari/604.1"
216.73.216.169 - - [13/Sep/2025:18:00:22 +0200] "GET /?path=%2F%2Flib%2Fgrub HTTP/1.1" 200 14030 "-" "Mozilla/5.0 AppleWebKit/537.36 (KHTML, like Gecko; compatible; ClaudeBot/1.0; +claudebot@anthropic.com)"
20.171.207.216 - - [13/Sep/2025:18:00:23 +0200] "GET /?fileloc=//proc/35/net/rt_cache&path=//proc/35/net HTTP/1.1" 200 12477 "-" "Mozilla/5.0 AppleWebKit/537.36 (KHTML, like Gecko; compatible; GPTBot/1.2; +https://openai.com/gptbot)"
66.249.70.33 - - [13/Sep/2025:18:00:24 +0200] "GET /chaperoning/cu288369608 HTTP/1.1" 404 - "-" "Mozilla/5.0 (Linux; Android 6.0.1; Nexus 5X Build/MMB29P) AppleWebKit/537.36 (KHTML, like Gecko) Chrome/140.0.7339.127 Mobile Safari/537.36 (compatible; Googlebot/2.1; +http://www.google.com/bot.html)"
216.73.216.169 - - [13/Sep/2025:18:00:25 +0200] "GET /?fileloc=%2F%2Flib64%2Flibodbccr.so.2&path=%2F%2Flib64 HTTP/1.1" 200 81422 "-" "Mozilla/5.0 AppleWebKit/537.36 (KHTML, like Gecko; compatible; ClaudeBot/1.0; +claudebot@anthropic.com)"
20.171.207.216 - - [13/Sep/2025:18:00:27 +0200] "GET /?fileloc=//proc/72/net/rt_cache&path=//proc/72/net HTTP/1.1" 200 12477 "-" "Mozilla/5.0 AppleWebKit/537.36 (KHTML, like Gecko; compatible; GPTBot/1.2; +https://openai.com/gptbot)"
216.73.216.169 - - [13/Sep/2025:18:00:28 +0200] "GET /?fileloc=%2Fmnt%2Fdata%2Ftargetplatform%2Fpublic_html%2Fwp-admin%2Fimages%2Fmedia-button-2x.png&path=%2Fmnt%2Fdata%2Ftargetplatform%2Fpublic_html%2Fwp-admin%2Fimages HTTP/1.1" 200 14373 "-" "Mozilla/5.0 AppleWebKit/537.36 (KHTML, like Gecko; compatible; ClaudeBot/1.0; +claudebot@anthropic.com)"
20.171.207.216 - - [13/Sep/2025:18:00:30 +0200] "GET /?fileloc=//proc/55/net/ipv6_route&path=//proc/55/net HTTP/1.1" 200 13701 "-" "Mozilla/5.0 AppleWebKit/537.36 (KHTML, like Gecko; compatible; GPTBot/1.2; +https://openai.com/gptbot)"
216.73.216.169 - - [13/Sep/2025:18:00:31 +0200] "GET /?fileloc=%2F%2Fscripts%2Flogo.dat&path=%2F%2Fscripts HTTP/1.1" 200 12490 "-" "Mozilla/5.0 AppleWebKit/537.36 (KHTML, like Gecko; compatible; ClaudeBot/1.0; +claudebot@anthropic.com)"
20.171.207.216 - - [13/Sep/2025:18:00:33 +0200] "GET /?path=//proc/72/ns HTTP/1.1" 200 12754 "-" "Mozilla/5.0 AppleWebKit/537.36 (KHTML, like Gecko; compatible; GPTBot/1.2; +https://openai.com/gptbot)"
216.73.216.169 - - [13/Sep/2025:18:00:34 +0200] "GET /?fileloc=%2F%2Flib64%2Flibgdk_pixbuf-2.0.so.0&path=%2F%2Flib64 HTTP/1.1" 200 295518 "-" "Mozilla/5.0 AppleWebKit/537.36 (KHTML, like Gecko; compatible; ClaudeBot/1.0; +claudebot@anthropic.com)"
20.171.207.216 - - [13/Sep/2025:18:00:36 +0200] "GET /?path=//proc/35/fd HTTP/1.1" 200 12754 "-" "Mozilla/5.0 AppleWebKit/537.36 (KHTML, like Gecko; compatible; GPTBot/1.2; +https://openai.com/gptbot)"
216.73.216.169 - - [13/Sep/2025:18:00:37 +0200] "GET /?fileloc=%2F%2Fsbin%2Frpc.idmapd&path=%2F%2Fsbin HTTP/1.1" 200 78019 "-" "Mozilla/5.0 AppleWebKit/537.36 (KHTML, like Gecko; compatible; ClaudeBot/1.0; +claudebot@anthropic.com)"
20.171.207.216 - - [13/Sep/2025:18:00:39 +0200] "GET /?path=//proc/45/fd HTTP/1.1" 200 12754 "-" "Mozilla/5.0 AppleWebKit/537.36 (KHTML, like Gecko; compatible; GPTBot/1.2; +https://openai.com/gptbot)"
216.73.216.169 - - [13/Sep/2025:18:00:40 +0200] "GET /?fileloc=%2F%2Fscripts%2Fftpquotacheck&path=%2F%2Fscripts HTTP/1.1" 200 21884 "-" "Mozilla/5.0 AppleWebKit/537.36 (KHTML, like Gecko; compatible; ClaudeBot/1.0; +claudebot@anthropic.com)"
20.171.207.216 - - [13/Sep/2025:18:00:42 +0200] "GET /?path=//proc/45/ns HTTP/1.1" 200 12754 "-" "Mozilla/5.0 AppleWebKit/537.36 (KHTML, like Gecko; compatible; GPTBot/1.2; +https://openai.com/gptbot)"
216.73.216.169 - - [13/Sep/2025:18:00:43 +0200] "GET /?path=%2Fmnt%2Fdata%2Ftargetplatform%2F.htpasswds%2Fpublic_html HTTP/1.1" 200 19990 "-" "Mozilla/5.0 AppleWebKit/537.36 (KHTML, like Gecko; compatible; ClaudeBot/1.0; +claudebot@anthropic.com)"
20.171.207.216 - - [13/Sep/2025:18:00:46 +0200] "GET /?path=//proc/55/fd HTTP/1.1" 200 12754 "-" "Mozilla/5.0 AppleWebKit/537.36 (KHTML, like Gecko; compatible; GPTBot/1.2; +https://openai.com/gptbot)"
216.73.216.169 - - [13/Sep/2025:18:00:46 +0200] "GET /?fileloc=%2F%2Flib64%2Flibslapi.so.2.0.200&path=%2F%2Flib64 HTTP/1.1" 200 224176 "-" "Mozilla/5.0 AppleWebKit/537.36 (KHTML, like Gecko; compatible; ClaudeBot/1.0; +claudebot@anthropic.com)"
216.73.216.169 - - [13/Sep/2025:18:00:49 +0200] "GET /?fileloc=%2F%2Flib64%2Flibdaemon.so.0&path=%2F%2Flib64 HTTP/1.1" 200 60189 "-" "Mozilla/5.0 AppleWebKit/537.36 (KHTML, like Gecko; compatible; ClaudeBot/1.0; +claudebot@anthropic.com)"
20.171.207.216 - - [13/Sep/2025:18:00:49 +0200] "GET /?fileloc=//proc/55/net/psched&path=//proc/55/net HTTP/1.1" 200 12383 "-" "Mozilla/5.0 AppleWebKit/537.36 (KHTML, like Gecko; compatible; GPTBot/1.2; +https://openai.com/gptbot)"
216.73.216.169 - - [13/Sep/2025:18:00:52 +0200] "GET /?path=%2F%2Flib%2Flocale HTTP/1.1" 200 60231 "-" "Mozilla/5.0 AppleWebKit/537.36 (KHTML, like Gecko; compatible; ClaudeBot/1.0; +claudebot@anthropic.com)"
20.171.207.216 - - [13/Sep/2025:18:00:52 +0200] "GET /?path=//proc/55/ns HTTP/1.1" 200 12754 "-" "Mozilla/5.0 AppleWebKit/537.36 (KHTML, like Gecko; compatible; GPTBot/1.2; +https://openai.com/gptbot)"
216.73.216.169 - - [13/Sep/2025:18:00:55 +0200] "GET /?fileloc=%2F%2Flib64%2Flibjson-c.so&path=%2F%2Flib64 HTTP/1.1" 200 120068 "-" "Mozilla/5.0 AppleWebKit/537.36 (KHTML, like Gecko; compatible; ClaudeBot/1.0; +claudebot@anthropic.com)"
20.171.207.216 - - [13/Sep/2025:18:00:55 +0200] "GET /?path=//proc/35/ns HTTP/1.1" 200 12754 "-" "Mozilla/5.0 AppleWebKit/537.36 (KHTML, like Gecko; compatible; GPTBot/1.2; +https://openai.com/gptbot)"
20.171.207.216 - - [13/Sep/2025:18:00:58 +0200] "GET /?fileloc=//proc/750647/net/rpc/auth.unix.gid/content&path=//proc/750647/net/rpc/auth.unix.gid HTTP/1.1" 200 12498 "-" "Mozilla/5.0 AppleWebKit/537.36 (KHTML, like Gecko; compatible; GPTBot/1.2; +https://openai.com/gptbot)"
216.73.216.169 - - [13/Sep/2025:18:00:58 +0200] "GET /?fileloc=%2F%2Flib64%2Flibpython3.9.so&path=%2F%2Flib64 HTTP/1.1" 200 5722329 "-" "Mozilla/5.0 AppleWebKit/537.36 (KHTML, like Gecko; compatible; ClaudeBot/1.0; +claudebot@anthropic.com)"
213.188.87.234 - - [13/Sep/2025:18:00:59 +0200] "GET / HTTP/1.1" 401 53 "-" "Mozilla/5.0 (iPhone; CPU iPhone OS 16_1_2 like Mac OS X) AppleWebKit/605.1.15 (KHTML, like Gecko) Version/16.1 Mobile/15E148 Safari/604.1"
216.73.216.169 - - [13/Sep/2025:18:01:01 +0200] "GET /?fileloc=%2F%2Flib64%2Flibpcre2-posix.so&path=%2F%2Flib64 HTTP/1.1" 200 30107 "-" "Mozilla/5.0 AppleWebKit/537.36 (KHTML, like Gecko; compatible; ClaudeBot/1.0; +claudebot@anthropic.com)"
20.171.207.216 - - [13/Sep/2025:18:01:01 +0200] "GET /?fileloc=//proc/681355/net/rpc/auth.unix.gid/content&path=//proc/681355/net/rpc/auth.unix.gid HTTP/1.1" 200 12498 "-" "Mozilla/5.0 AppleWebKit/537.36 (KHTML, like Gecko; compatible; GPTBot/1.2; +https://openai.com/gptbot)"
216.73.216.169 - - [13/Sep/2025:18:01:04 +0200] "GET /?fileloc=%2F%2Flib64%2Flibgstallocators-1.0.so.0.2212.0&path=%2F%2Flib64 HTTP/1.1" 200 41283 "-" "Mozilla/5.0 AppleWebKit/537.36 (KHTML, like Gecko; compatible; ClaudeBot/1.0; +claudebot@anthropic.com)"
20.171.207.216 - - [13/Sep/2025:18:01:04 +0200] "GET /?fileloc=//proc/290319/net/rpc/auth.unix.gid/content&path=//proc/290319/net/rpc/auth.unix.gid HTTP/1.1" 200 12498 "-" "Mozilla/5.0 AppleWebKit/537.36 (KHTML, like Gecko; compatible; GPTBot/1.2; +https://openai.com/gptbot)"
216.73.216.169 - - [13/Sep/2025:18:01:07 +0200] "GET /?fileloc=%2F%2Flib64%2Flibgssapi_krb5.so.2.2&path=%2F%2Flib64 HTTP/1.1" 200 552518 "-" "Mozilla/5.0 AppleWebKit/537.36 (KHTML, like Gecko; compatible; ClaudeBot/1.0; +claudebot@anthropic.com)"
20.171.207.216 - - [13/Sep/2025:18:01:07 +0200] "GET /?fileloc=//proc/681362/net/rpc/auth.unix.gid/content&path=//proc/681362/net/rpc/auth.unix.gid HTTP/1.1" 200 12498 "-" "Mozilla/5.0 AppleWebKit/537.36 (KHTML, like Gecko; compatible; GPTBot/1.2; +https://openai.com/gptbot)"
216.73.216.169 - - [13/Sep/2025:18:01:10 +0200] "GET /?fileloc=%2F%2Fscripts%2Fcheck_maxmem_against_domains_count&path=%2F%2Fscripts HTTP/1.1" 200 16309 "-" "Mozilla/5.0 AppleWebKit/537.36 (KHTML, like Gecko; compatible; ClaudeBot/1.0; +claudebot@anthropic.com)"
20.171.207.216 - - [13/Sep/2025:18:01:11 +0200] "GET /?path=//proc/72/fd HTTP/1.1" 200 12754 "-" "Mozilla/5.0 AppleWebKit/537.36 (KHTML, like Gecko; compatible; GPTBot/1.2; +https://openai.com/gptbot)"
216.73.216.169 - - [13/Sep/2025:18:01:13 +0200] "GET /?fileloc=%2F%2Flib64%2Flibpcreposix.so.0&path=%2F%2Flib64 HTTP/1.1" 200 30342 "-" "Mozilla/5.0 AppleWebKit/537.36 (KHTML, like Gecko; compatible; ClaudeBot/1.0; +claudebot@anthropic.com)"
20.171.207.216 - - [13/Sep/2025:18:01:14 +0200] "GET /?fileloc=//proc/681599/net/rpc/auth.unix.gid/content&path=//proc/681599/net/rpc/auth.unix.gid HTTP/1.1" 200 12498 "-" "Mozilla/5.0 AppleWebKit/537.36 (KHTML, like Gecko; compatible; GPTBot/1.2; +https://openai.com/gptbot)"
216.73.216.169 - - [13/Sep/2025:18:01:16 +0200] "GET /?fileloc=%2F%2Flib64%2Flibaudit.so.1.0.0&path=%2F%2Flib64 HTTP/1.1" 200 231445 "-" "Mozilla/5.0 AppleWebKit/537.36 (KHTML, like Gecko; compatible; ClaudeBot/1.0; +claudebot@anthropic.com)"
20.171.207.216 - - [13/Sep/2025:18:01:17 +0200] "GET /?fileloc=//proc/680857/net/rpc/auth.unix.gid/content&path=//proc/680857/net/rpc/auth.unix.gid HTTP/1.1" 200 12498 "-" "Mozilla/5.0 AppleWebKit/537.36 (KHTML, like Gecko; compatible; GPTBot/1.2; +https://openai.com/gptbot)"
216.73.216.169 - - [13/Sep/2025:18:01:19 +0200] "GET /?path=%2F%2Flib64%2Flibboost-plesk-1.82 HTTP/1.1" 200 23789 "-" "Mozilla/5.0 AppleWebKit/537.36 (KHTML, like Gecko; compatible; ClaudeBot/1.0; +claudebot@anthropic.com)"
20.171.207.216 - - [13/Sep/2025:18:01:20 +0200] "GET /?fileloc=//proc/750603/net/rpc/auth.unix.gid/content&path=//proc/750603/net/rpc/auth.unix.gid HTTP/1.1" 200 12498 "-" "Mozilla/5.0 AppleWebKit/537.36 (KHTML, like Gecko; compatible; GPTBot/1.2; +https://openai.com/gptbot)"
216.73.216.169 - - [13/Sep/2025:18:01:22 +0200] "GET /?path=%2F%2Flib64%2Fbfd-plugins HTTP/1.1" 200 15661 "-" "Mozilla/5.0 AppleWebKit/537.36 (KHTML, like Gecko; compatible; ClaudeBot/1.0; +claudebot@anthropic.com)"
20.171.207.216 - - [13/Sep/2025:18:01:23 +0200] "GET /?fileloc=//proc/750786/net/rpc/auth.unix.gid/content&path=//proc/750786/net/rpc/auth.unix.gid HTTP/1.1" 200 12498 "-" "Mozilla/5.0 AppleWebKit/537.36 (KHTML, like Gecko; compatible; GPTBot/1.2; +https://openai.com/gptbot)"
216.73.216.169 - - [13/Sep/2025:18:01:25 +0200] "GET /?fileloc=%2F%2Flib64%2Flibpthread.a&path=%2F%2Flib64 HTTP/1.1" 200 12292 "-" "Mozilla/5.0 AppleWebKit/537.36 (KHTML, like Gecko; compatible; ClaudeBot/1.0; +claudebot@anthropic.com)"
20.171.207.216 - - [13/Sep/2025:18:01:27 +0200] "GET /?fileloc=//proc/750784/net/rpc/auth.unix.gid/content&path=//proc/750784/net/rpc/auth.unix.gid HTTP/1.1" 200 12498 "-" "Mozilla/5.0 AppleWebKit/537.36 (KHTML, like Gecko; compatible; GPTBot/1.2; +https://openai.com/gptbot)"
216.73.216.169 - - [13/Sep/2025:18:01:28 +0200] "GET /?fileloc=%2F%2Flib64%2Flibrpmbuild.so.9&path=%2F%2Flib64 HTTP/1.1" 200 313258 "-" "Mozilla/5.0 AppleWebKit/537.36 (KHTML, like Gecko; compatible; ClaudeBot/1.0; +claudebot@anthropic.com)"
20.171.207.216 - - [13/Sep/2025:18:01:29 +0200] "GET /?fileloc=//proc/750647/net/icmp6&path=//proc/750647/net HTTP/1.1" 200 12528 "-" "Mozilla/5.0 AppleWebKit/537.36 (KHTML, like Gecko; compatible; GPTBot/1.2; +https://openai.com/gptbot)"
216.73.216.169 - - [13/Sep/2025:18:01:31 +0200] "GET /?path=%2F%2Flib64%2Fgraphite2 HTTP/1.1" 200 15683 "-" "Mozilla/5.0 AppleWebKit/537.36 (KHTML, like Gecko; compatible; ClaudeBot/1.0; +claudebot@anthropic.com)"
20.171.207.216 - - [13/Sep/2025:18:01:32 +0200] "GET /?fileloc=//proc/681599/net/icmp6&path=//proc/681599/net HTTP/1.1" 200 12528 "-" "Mozilla/5.0 AppleWebKit/537.36 (KHTML, like Gecko; compatible; GPTBot/1.2; +https://openai.com/gptbot)"
20.171.207.216 - - [13/Sep/2025:18:01:35 +0200] "GET /?fileloc=//proc/750786/net/icmp6&path=//proc/750786/net HTTP/1.1" 200 12528 "-" "Mozilla/5.0 AppleWebKit/537.36 (KHTML, like Gecko; compatible; GPTBot/1.2; +https://openai.com/gptbot)"
20.171.207.216 - - [13/Sep/2025:18:01:39 +0200] "GET /?fileloc=//proc/750777/clear_refs&path=//proc/750777 HTTP/1.1" 200 12321 "-" "Mozilla/5.0 AppleWebKit/537.36 (KHTML, like Gecko; compatible; GPTBot/1.2; +https://openai.com/gptbot)"
216.73.216.169 - - [13/Sep/2025:18:01:34 +0200] "GET /?fileloc=%2F%2Flib64%2FlibLLVM.so.19.1&path=%2F%2Flib64 HTTP/1.1" 200 103226788 "-" "Mozilla/5.0 AppleWebKit/537.36 (KHTML, like Gecko; compatible; ClaudeBot/1.0; +claudebot@anthropic.com)"
216.73.216.169 - - [13/Sep/2025:18:01:40 +0200] "GET /?fileloc=%2F%2Flib64%2FlibXfixes.so.3.1.0&path=%2F%2Flib64 HTTP/1.1" 200 53620 "-" "Mozilla/5.0 AppleWebKit/537.36 (KHTML, like Gecko; compatible; ClaudeBot/1.0; +claudebot@anthropic.com)"
119.13.201.51 - - [13/Sep/2025:18:01:41 +0200] "GET / HTTP/1.1" 401 53 "-" "Mozilla/5.0 (iPhone; CPU iPhone OS 16_1_2 like Mac OS X) AppleWebKit/605.1.15 (KHTML, like Gecko) Version/16.1 Mobile/15E148 Safari/604.1"
20.171.207.216 - - [13/Sep/2025:18:01:42 +0200] "GET /?fileloc=//proc/750784/cmdline&path=//proc/750784 HTTP/1.1" 200 12333 "-" "Mozilla/5.0 AppleWebKit/537.36 (KHTML, like Gecko; compatible; GPTBot/1.2; +https://openai.com/gptbot)"
216.73.216.169 - - [13/Sep/2025:18:01:43 +0200] "GET /?fileloc=%2F%2Flib64%2Flibusb-1.0.so.0.3.0&path=%2F%2Flib64 HTTP/1.1" 200 192413 "-" "Mozilla/5.0 AppleWebKit/537.36 (KHTML, like Gecko; compatible; ClaudeBot/1.0; +claudebot@anthropic.com)"
20.171.207.216 - - [13/Sep/2025:18:01:45 +0200] "GET /?fileloc=//proc/680857/net/icmp6&path=//proc/680857/net HTTP/1.1" 200 12528 "-" "Mozilla/5.0 AppleWebKit/537.36 (KHTML, like Gecko; compatible; GPTBot/1.2; +https://openai.com/gptbot)"
216.73.216.169 - - [13/Sep/2025:18:01:46 +0200] "GET /?fileloc=%2F%2Flib64%2Flibgomp.so.1.0.0&path=%2F%2Flib64 HTTP/1.1" 200 471304 "-" "Mozilla/5.0 AppleWebKit/537.36 (KHTML, like Gecko; compatible; ClaudeBot/1.0; +claudebot@anthropic.com)"
20.171.207.216 - - [13/Sep/2025:18:01:48 +0200] "GET /?fileloc=//proc/40/smaps_rollup&path=//proc/40 HTTP/1.1" 200 12311 "-" "Mozilla/5.0 AppleWebKit/537.36 (KHTML, like Gecko; compatible; GPTBot/1.2; +https://openai.com/gptbot)"
216.73.216.169 - - [13/Sep/2025:18:01:49 +0200] "GET /?fileloc=%2F%2Flib64%2Flibgexiv2.so.2.0.0&path=%2F%2Flib64 HTTP/1.1" 200 300677 "-" "Mozilla/5.0 AppleWebKit/537.36 (KHTML, like Gecko; compatible; ClaudeBot/1.0; +claudebot@anthropic.com)"
20.171.207.216 - - [13/Sep/2025:18:01:51 +0200] "GET /?fileloc=//proc/23/arch_status&path=//proc/23 HTTP/1.1" 200 12310 "-" "Mozilla/5.0 AppleWebKit/537.36 (KHTML, like Gecko; compatible; GPTBot/1.2; +https://openai.com/gptbot)"
216.73.216.169 - - [13/Sep/2025:18:01:52 +0200] "GET /?fileloc=%2F%2Fscripts%2Fxfer_rcube_uid_resolver.pl&path=%2F%2Fscripts HTTP/1.1" 200 14198 "-" "Mozilla/5.0 AppleWebKit/537.36 (KHTML, like Gecko; compatible; ClaudeBot/1.0; +claudebot@anthropic.com)"
20.171.207.216 - - [13/Sep/2025:18:01:54 +0200] "GET /?fileloc=//proc/58/smaps_rollup&path=//proc/58 HTTP/1.1" 200 12311 "-" "Mozilla/5.0 AppleWebKit/537.36 (KHTML, like Gecko; compatible; GPTBot/1.2; +https://openai.com/gptbot)"
216.73.216.169 - - [13/Sep/2025:18:01:55 +0200] "GET /?fileloc=%2F%2Flib64%2Flibblockdev.so.2&path=%2F%2Flib64 HTTP/1.1" 200 330807 "-" "Mozilla/5.0 AppleWebKit/537.36 (KHTML, like Gecko; compatible; ClaudeBot/1.0; +claudebot@anthropic.com)"
20.171.207.216 - - [13/Sep/2025:18:01:58 +0200] "GET /?fileloc=//proc/51/smaps_rollup&path=//proc/51 HTTP/1.1" 200 12311 "-" "Mozilla/5.0 AppleWebKit/537.36 (KHTML, like Gecko; compatible; GPTBot/1.2; +https://openai.com/gptbot)"
216.73.216.169 - - [13/Sep/2025:18:01:58 +0200] "GET /?fileloc=%2F%2Flib64%2Flibbd_fs.so.2.0.0&path=%2F%2Flib64 HTTP/1.1" 200 103016 "-" "Mozilla/5.0 AppleWebKit/537.36 (KHTML, like Gecko; compatible; ClaudeBot/1.0; +claudebot@anthropic.com)"
20.171.207.216 - - [13/Sep/2025:18:02:01 +0200] "GET /?fileloc=//proc/85/smaps_rollup&path=//proc/85 HTTP/1.1" 200 12311 "-" "Mozilla/5.0 AppleWebKit/537.36 (KHTML, like Gecko; compatible; GPTBot/1.2; +https://openai.com/gptbot)"
216.73.216.169 - - [13/Sep/2025:18:02:01 +0200] "GET /?fileloc=%2F%2Flib64%2Flibkrb5support.so.0&path=%2F%2Flib64 HTTP/1.1" 200 106496 "-" "Mozilla/5.0 AppleWebKit/537.36 (KHTML, like Gecko; compatible; ClaudeBot/1.0; +claudebot@anthropic.com)"
20.171.207.216 - - [13/Sep/2025:18:02:04 +0200] "GET /?fileloc=//proc/73/smaps_rollup&path=//proc/73 HTTP/1.1" 200 12311 "-" "Mozilla/5.0 AppleWebKit/537.36 (KHTML, like Gecko; compatible; GPTBot/1.2; +https://openai.com/gptbot)"
216.73.216.169 - - [13/Sep/2025:18:02:04 +0200] "GET /?fileloc=%2F%2Flib64%2Flibsysfs.so.2.0.1&path=%2F%2Flib64 HTTP/1.1" 200 85196 "-" "Mozilla/5.0 AppleWebKit/537.36 (KHTML, like Gecko; compatible; ClaudeBot/1.0; +claudebot@anthropic.com)"
20.171.207.216 - - [13/Sep/2025:18:02:07 +0200] "GET /?fileloc=//proc/60/arch_status&path=//proc/60 HTTP/1.1" 200 12310 "-" "Mozilla/5.0 AppleWebKit/537.36 (KHTML, like Gecko; compatible; GPTBot/1.2; +https://openai.com/gptbot)"
216.73.216.169 - - [13/Sep/2025:18:02:07 +0200] "GET /?fileloc=%2F%2Flib64%2Flibtss2-tcti-cmd.so.0.0.0&path=%2F%2Flib64 HTTP/1.1" 200 42905 "-" "Mozilla/5.0 AppleWebKit/537.36 (KHTML, like Gecko; compatible; ClaudeBot/1.0; +claudebot@anthropic.com)"
20.171.207.216 - - [13/Sep/2025:18:02:10 +0200] "GET /?fileloc=//proc/53/arch_status&path=//proc/53 HTTP/1.1" 200 12310 "-" "Mozilla/5.0 AppleWebKit/537.36 (KHTML, like Gecko; compatible; GPTBot/1.2; +https://openai.com/gptbot)"
216.73.216.169 - - [13/Sep/2025:18:02:10 +0200] "GET /?fileloc=%2F%2Flib64%2Flibsigsegv.so.2&path=%2F%2Flib64 HTTP/1.1" 200 37852 "-" "Mozilla/5.0 AppleWebKit/537.36 (KHTML, like Gecko; compatible; ClaudeBot/1.0; +claudebot@anthropic.com)"
20.171.207.216 - - [13/Sep/2025:18:02:13 +0200] "GET /?fileloc=//proc/15/arch_status&path=//proc/15 HTTP/1.1" 200 12310 "-" "Mozilla/5.0 AppleWebKit/537.36 (KHTML, like Gecko; compatible; GPTBot/1.2; +https://openai.com/gptbot)"
216.73.216.169 - - [13/Sep/2025:18:02:13 +0200] "GET /?path=%2Fmnt%2Fdata%2Ftargetplatform%2Fpublic_ftp HTTP/1.1" 200 14242 "-" "Mozilla/5.0 AppleWebKit/537.36 (KHTML, like Gecko; compatible; ClaudeBot/1.0; +claudebot@anthropic.com)"
