20.171.207.216 - - [13/Sep/2025:15:55:39 +0200] "GET /?path=//proc/24/fdinfo HTTP/1.1" 200 12762 "-" "Mozilla/5.0 AppleWebKit/537.36 (KHTML, like Gecko; compatible; GPTBot/1.2; +https://openai.com/gptbot)"
216.73.216.169 - - [13/Sep/2025:15:55:40 +0200] "GET /?fileloc=%2Fmnt%2Fdata%2Ftargetplatform%2Fpublic_html%2Fen%2Fwp-includes%2Fclass-wp-network-query.php&path=%2Fmnt%2Fdata%2Ftargetplatform%2Fpublic_html%2Fen%2Fwp-includes HTTP/1.1" 200 35603 "-" "Mozilla/5.0 AppleWebKit/537.36 (KHTML, like Gecko; compatible; ClaudeBot/1.0; +claudebot@anthropic.com)"
20.171.207.216 - - [13/Sep/2025:15:55:43 +0200] "GET /?path=//proc/78/fdinfo HTTP/1.1" 200 12762 "-" "Mozilla/5.0 AppleWebKit/537.36 (KHTML, like Gecko; compatible; GPTBot/1.2; +https://openai.com/gptbot)"
216.73.216.169 - - [13/Sep/2025:15:55:43 +0200] "GET /?fileloc=%2Fmnt%2Fdata%2Ftargetplatform%2Fpublic_html%2Fen%2Fwp-includes%2Fclass-wp-date-query.php&path=%2Fmnt%2Fdata%2Ftargetplatform%2Fpublic_html%2Fen%2Fwp-includes HTTP/1.1" 200 53300 "-" "Mozilla/5.0 AppleWebKit/537.36 (KHTML, like Gecko; compatible; ClaudeBot/1.0; +claudebot@anthropic.com)"
20.171.207.216 - - [13/Sep/2025:15:55:45 +0200] "GET /?path=//proc/48/fdinfo HTTP/1.1" 200 12762 "-" "Mozilla/5.0 AppleWebKit/537.36 (KHTML, like Gecko; compatible; GPTBot/1.2; +https://openai.com/gptbot)"
216.73.216.169 - - [13/Sep/2025:15:55:46 +0200] "GET /?fileloc=%2Fmnt%2Fdata%2Ftargetplatform%2Fpublic_html%2Fwp-includes%2Fjs%2Fwp-emoji-loader.min.js&path=%2Fmnt%2Fdata%2Ftargetplatform%2Fpublic_html%2Fwp-includes%2Fjs HTTP/1.1" 200 16209 "-" "Mozilla/5.0 AppleWebKit/537.36 (KHTML, like Gecko; compatible; ClaudeBot/1.0; +claudebot@anthropic.com)"
216.73.216.169 - - [13/Sep/2025:15:55:49 +0200] "GET /?fileloc=%2Fmnt%2Fdata%2Ftargetplatform%2Fpublic_html%2Fen%2Fwp-includes%2Ftemplate-loader.php&path=%2Fmnt%2Fdata%2Ftargetplatform%2Fpublic_html%2Fen%2Fwp-includes HTTP/1.1" 200 16213 "-" "Mozilla/5.0 AppleWebKit/537.36 (KHTML, like Gecko; compatible; ClaudeBot/1.0; +claudebot@anthropic.com)"
20.171.207.216 - - [13/Sep/2025:15:55:49 +0200] "GET /?path=//proc/51/fdinfo HTTP/1.1" 200 12762 "-" "Mozilla/5.0 AppleWebKit/537.36 (KHTML, like Gecko; compatible; GPTBot/1.2; +https://openai.com/gptbot)"
47.128.22.57 - - [13/Sep/2025:15:55:51 +0200] "GET / HTTP/1.1" 200 56106 "-" "Mozilla/5.0 (Linux; Android 5.0) AppleWebKit/537.36 (KHTML, like Gecko) Mobile Safari/537.36 (compatible; Bytespider; spider-feedback@bytedance.com)"
216.73.216.169 - - [13/Sep/2025:15:55:52 +0200] "GET /?fileloc=%2Fmnt%2Fdata%2Ftargetplatform%2Fpublic_html%2Fen%2Fwp-includes%2Fclass-wp-navigation-fallback.php&path=%2Fmnt%2Fdata%2Ftargetplatform%2Fpublic_html%2Fen%2Fwp-includes HTTP/1.1" 200 22955 "-" "Mozilla/5.0 AppleWebKit/537.36 (KHTML, like Gecko; compatible; ClaudeBot/1.0; +claudebot@anthropic.com)"
20.171.207.216 - - [13/Sep/2025:15:55:52 +0200] "GET /?fileloc=//proc/33/clear_refs&path=//proc/33 HTTP/1.1" 200 12309 "-" "Mozilla/5.0 AppleWebKit/537.36 (KHTML, like Gecko; compatible; GPTBot/1.2; +https://openai.com/gptbot)"
216.73.216.169 - - [13/Sep/2025:15:55:55 +0200] "GET /?fileloc=%2Fmnt%2Fdata%2Ftargetplatform%2Fpublic_html%2Fen%2Fwp-includes%2Fclass-wp-customize-section.php&path=%2Fmnt%2Fdata%2Ftargetplatform%2Fpublic_html%2Fen%2Fwp-includes HTTP/1.1" 200 24851 "-" "Mozilla/5.0 AppleWebKit/537.36 (KHTML, like Gecko; compatible; ClaudeBot/1.0; +claudebot@anthropic.com)"
20.171.207.216 - - [13/Sep/2025:15:55:55 +0200] "GET /?fileloc=//proc/33/cpu_resctrl_groups&path=//proc/33 HTTP/1.1" 200 12327 "-" "Mozilla/5.0 AppleWebKit/537.36 (KHTML, like Gecko; compatible; GPTBot/1.2; +https://openai.com/gptbot)"
216.73.216.169 - - [13/Sep/2025:15:55:58 +0200] "GET /?fileloc=%2Fmnt%2Fdata%2Ftargetplatform%2Fpublic_html%2Fen%2Fwp-includes%2Fclass-wp-image-editor-gd.php&path=%2Fmnt%2Fdata%2Ftargetplatform%2Fpublic_html%2Fen%2Fwp-includes HTTP/1.1" 200 34329 "-" "Mozilla/5.0 AppleWebKit/537.36 (KHTML, like Gecko; compatible; ClaudeBot/1.0; +claudebot@anthropic.com)"
20.171.207.216 - - [13/Sep/2025:15:55:58 +0200] "GET /?fileloc=//proc/24/mountstats&path=//proc/24 HTTP/1.1" 200 12309 "-" "Mozilla/5.0 AppleWebKit/537.36 (KHTML, like Gecko; compatible; GPTBot/1.2; +https://openai.com/gptbot)"
216.73.216.169 - - [13/Sep/2025:15:56:01 +0200] "GET /?fileloc=%2Fmnt%2Fdata%2Ftargetplatform%2Fpublic_html%2Fen%2Fwp-includes%2Fcache-compat.php&path=%2Fmnt%2Fdata%2Ftargetplatform%2Fpublic_html%2Fen%2Fwp-includes HTTP/1.1" 200 18858 "-" "Mozilla/5.0 AppleWebKit/537.36 (KHTML, like Gecko; compatible; ClaudeBot/1.0; +claudebot@anthropic.com)"
20.171.207.216 - - [13/Sep/2025:15:56:02 +0200] "GET /?fileloc=//proc/48/personality&path=//proc/48 HTTP/1.1" 200 12310 "-" "Mozilla/5.0 AppleWebKit/537.36 (KHTML, like Gecko; compatible; GPTBot/1.2; +https://openai.com/gptbot)"
216.73.216.169 - - [13/Sep/2025:15:56:04 +0200] "GET /?fileloc=%2Fmnt%2Fdata%2Ftargetplatform%2Fpublic_html%2Fen%2Fwp-includes%2Fclass-wp-customize-control.php&path=%2Fmnt%2Fdata%2Ftargetplatform%2Fpublic_html%2Fen%2Fwp-includes HTTP/1.1" 200 41853 "-" "Mozilla/5.0 AppleWebKit/537.36 (KHTML, like Gecko; compatible; ClaudeBot/1.0; +claudebot@anthropic.com)"
20.171.207.216 - - [13/Sep/2025:15:56:05 +0200] "GET /?fileloc=//proc/71/personality&path=//proc/71 HTTP/1.1" 200 12310 "-" "Mozilla/5.0 AppleWebKit/537.36 (KHTML, like Gecko; compatible; GPTBot/1.2; +https://openai.com/gptbot)"
216.73.216.169 - - [13/Sep/2025:15:56:07 +0200] "GET /?fileloc=%2Fmnt%2Fdata%2Ftargetplatform%2Fpublic_html%2Fen%2Fwp-includes%2Fclass-wp-oembed-controller.php&path=%2Fmnt%2Fdata%2Ftargetplatform%2Fpublic_html%2Fen%2Fwp-includes HTTP/1.1" 200 20742 "-" "Mozilla/5.0 AppleWebKit/537.36 (KHTML, like Gecko; compatible; ClaudeBot/1.0; +claudebot@anthropic.com)"
20.171.207.216 - - [13/Sep/2025:15:56:08 +0200] "GET /?fileloc=//proc/33/projid_map&path=//proc/33 HTTP/1.1" 200 12342 "-" "Mozilla/5.0 AppleWebKit/537.36 (KHTML, like Gecko; compatible; GPTBot/1.2; +https://openai.com/gptbot)"
66.249.70.34 - - [13/Sep/2025:15:56:09 +0200] "GET /dipody/r328996969 HTTP/1.1" 404 - "-" "Mozilla/5.0 (Linux; Android 6.0.1; Nexus 5X Build/MMB29P) AppleWebKit/537.36 (KHTML, like Gecko) Chrome/140.0.7339.127 Mobile Safari/537.36 (compatible; Googlebot/2.1; +http://www.google.com/bot.html)"
216.73.216.169 - - [13/Sep/2025:15:56:10 +0200] "GET /?fileloc=%2Fmnt%2Fdata%2Ftargetplatform%2Fpublic_html%2Fen%2Fwp-includes%2Fdefault-constants.php&path=%2Fmnt%2Fdata%2Ftargetplatform%2Fpublic_html%2Fen%2Fwp-includes HTTP/1.1" 200 25625 "-" "Mozilla/5.0 AppleWebKit/537.36 (KHTML, like Gecko; compatible; ClaudeBot/1.0; +claudebot@anthropic.com)"
20.171.207.216 - - [13/Sep/2025:15:56:11 +0200] "GET /?fileloc=//proc/65/mountstats&path=//proc/65 HTTP/1.1" 200 12309 "-" "Mozilla/5.0 AppleWebKit/537.36 (KHTML, like Gecko; compatible; GPTBot/1.2; +https://openai.com/gptbot)"
216.73.216.169 - - [13/Sep/2025:15:56:13 +0200] "GET /?fileloc=%2Fmnt%2Fdata%2Ftargetplatform%2Fpublic_html%2Fen%2Fwp-includes%2Fms-files.php&path=%2Fmnt%2Fdata%2Ftargetplatform%2Fpublic_html%2Fen%2Fwp-includes HTTP/1.1" 200 15819 "-" "Mozilla/5.0 AppleWebKit/537.36 (KHTML, like Gecko; compatible; ClaudeBot/1.0; +claudebot@anthropic.com)"
20.171.207.216 - - [13/Sep/2025:15:56:14 +0200] "GET /?fileloc=//proc/71/coredump_filter&path=//proc/71 HTTP/1.1" 200 12314 "-" "Mozilla/5.0 AppleWebKit/537.36 (KHTML, like Gecko; compatible; GPTBot/1.2; +https://openai.com/gptbot)"
216.73.216.169 - - [13/Sep/2025:15:56:16 +0200] "GET /?fileloc=%2Fmnt%2Fdata%2Ftargetplatform%2Fpublic_html%2Fwp-includes%2Fjs%2Fwp-emoji.js&path=%2Fmnt%2Fdata%2Ftargetplatform%2Fpublic_html%2Fwp-includes%2Fjs HTTP/1.1" 200 21992 "-" "Mozilla/5.0 AppleWebKit/537.36 (KHTML, like Gecko; compatible; ClaudeBot/1.0; +claudebot@anthropic.com)"
20.171.207.216 - - [13/Sep/2025:15:56:17 +0200] "GET /?fileloc=//proc/48/mountstats&path=//proc/48 HTTP/1.1" 200 12309 "-" "Mozilla/5.0 AppleWebKit/537.36 (KHTML, like Gecko; compatible; GPTBot/1.2; +https://openai.com/gptbot)"
216.73.216.169 - - [13/Sep/2025:15:56:19 +0200] "GET /?fileloc=%2Fmnt%2Fdata%2Ftargetplatform%2Fpublic_html%2Fen%2Fwp-includes%2Fclass-wp-ajax-response.php&path=%2Fmnt%2Fdata%2Ftargetplatform%2Fpublic_html%2Fen%2Fwp-includes HTTP/1.1" 200 18826 "-" "Mozilla/5.0 AppleWebKit/537.36 (KHTML, like Gecko; compatible; ClaudeBot/1.0; +claudebot@anthropic.com)"
20.171.207.216 - - [13/Sep/2025:15:56:21 +0200] "GET /?fileloc=//proc/24/personality&path=//proc/24 HTTP/1.1" 200 12310 "-" "Mozilla/5.0 AppleWebKit/537.36 (KHTML, like Gecko; compatible; GPTBot/1.2; +https://openai.com/gptbot)"
216.73.216.169 - - [13/Sep/2025:15:56:22 +0200] "GET /?fileloc=%2Fmnt%2Fdata%2Ftargetplatform%2Fpublic_html%2Fwp-includes%2Fjs%2Fmedia-views.min.js&path=%2Fmnt%2Fdata%2Ftargetplatform%2Fpublic_html%2Fwp-includes%2Fjs HTTP/1.1" 200 141566 "-" "Mozilla/5.0 AppleWebKit/537.36 (KHTML, like Gecko; compatible; ClaudeBot/1.0; +claudebot@anthropic.com)"
20.171.207.216 - - [13/Sep/2025:15:56:24 +0200] "GET /?fileloc=//proc/24/coredump_filter&path=//proc/24 HTTP/1.1" 200 12314 "-" "Mozilla/5.0 AppleWebKit/537.36 (KHTML, like Gecko; compatible; GPTBot/1.2; +https://openai.com/gptbot)"
157.90.144.101 - - [13/Sep/2025:15:56:24 +0200] "POST /wp-login.php HTTP/1.1" 200 56106 "-" "Mozilla/5.0 (Windows NT 10.0; Win64; x64; rv:89.0) Gecko/20100101 Firefox/89.0"
216.73.216.169 - - [13/Sep/2025:15:56:25 +0200] "GET /?fileloc=%2Fmnt%2Fdata%2Ftargetplatform%2Fpublic_html%2Fen%2Fwp-includes%2Fclass-wp-xmlrpc-server.php&path=%2Fmnt%2Fdata%2Ftargetplatform%2Fpublic_html%2Fen%2Fwp-includes HTTP/1.1" 200 256104 "-" "Mozilla/5.0 AppleWebKit/537.36 (KHTML, like Gecko; compatible; ClaudeBot/1.0; +claudebot@anthropic.com)"
20.171.207.216 - - [13/Sep/2025:15:56:27 +0200] "GET /?fileloc=//proc/78/mountstats&path=//proc/78 HTTP/1.1" 200 12309 "-" "Mozilla/5.0 AppleWebKit/537.36 (KHTML, like Gecko; compatible; GPTBot/1.2; +https://openai.com/gptbot)"
216.73.216.169 - - [13/Sep/2025:15:56:28 +0200] "GET /?fileloc=%2Fmnt%2Fdata%2Ftargetplatform%2Fpublic_html%2Fwp-includes%2Fcss%2Fjquery-ui-dialog.css&path=%2Fmnt%2Fdata%2Ftargetplatform%2Fpublic_html%2Fwp-includes%2Fcss HTTP/1.1" 200 18555 "-" "Mozilla/5.0 AppleWebKit/537.36 (KHTML, like Gecko; compatible; ClaudeBot/1.0; +claudebot@anthropic.com)"
20.171.207.216 - - [13/Sep/2025:15:56:30 +0200] "GET /?fileloc=//proc/65/personality&path=//proc/65 HTTP/1.1" 200 12310 "-" "Mozilla/5.0 AppleWebKit/537.36 (KHTML, like Gecko; compatible; GPTBot/1.2; +https://openai.com/gptbot)"
216.73.216.169 - - [13/Sep/2025:15:56:31 +0200] "GET /?fileloc=%2Fmnt%2Fdata%2Ftargetplatform%2Fpublic_html%2Fen%2Fwp-includes%2Frobots-template.php&path=%2Fmnt%2Fdata%2Ftargetplatform%2Fpublic_html%2Fen%2Fwp-includes HTTP/1.1" 200 18222 "-" "Mozilla/5.0 AppleWebKit/537.36 (KHTML, like Gecko; compatible; ClaudeBot/1.0; +claudebot@anthropic.com)"
20.171.207.216 - - [13/Sep/2025:15:56:33 +0200] "GET /?fileloc=//proc/65/coredump_filter&path=//proc/65 HTTP/1.1" 200 12314 "-" "Mozilla/5.0 AppleWebKit/537.36 (KHTML, like Gecko; compatible; GPTBot/1.2; +https://openai.com/gptbot)"
216.73.216.169 - - [13/Sep/2025:15:56:34 +0200] "GET /?fileloc=%2Fmnt%2Fdata%2Ftargetplatform%2Fpublic_html%2Fwp-includes%2Fjs%2Fmasonry.min.js&path=%2Fmnt%2Fdata%2Ftargetplatform%2Fpublic_html%2Fwp-includes%2Fjs HTTP/1.1" 200 40070 "-" "Mozilla/5.0 AppleWebKit/537.36 (KHTML, like Gecko; compatible; ClaudeBot/1.0; +claudebot@anthropic.com)"
20.171.207.216 - - [13/Sep/2025:15:56:36 +0200] "GET /?fileloc=//proc/71/mountstats&path=//proc/71 HTTP/1.1" 200 12309 "-" "Mozilla/5.0 AppleWebKit/537.36 (KHTML, like Gecko; compatible; GPTBot/1.2; +https://openai.com/gptbot)"
216.73.216.169 - - [13/Sep/2025:15:56:37 +0200] "GET /?fileloc=%2Fmnt%2Fdata%2Ftargetplatform%2Fpublic_html%2Fen%2Fwp-includes%2Fclass-wp-block-metadata-registry.php&path=%2Fmnt%2Fdata%2Ftargetplatform%2Fpublic_html%2Fen%2Fwp-includes HTTP/1.1" 200 23336 "-" "Mozilla/5.0 AppleWebKit/537.36 (KHTML, like Gecko; compatible; ClaudeBot/1.0; +claudebot@anthropic.com)"
216.73.216.169 - - [13/Sep/2025:15:56:40 +0200] "GET /?fileloc=%2Fmnt%2Fdata%2Ftargetplatform%2Fpublic_html%2Fen%2Fwp-includes%2Fclass-wp-customize-setting.php&path=%2Fmnt%2Fdata%2Ftargetplatform%2Fpublic_html%2Fen%2Fwp-includes HTTP/1.1" 200 44498 "-" "Mozilla/5.0 AppleWebKit/537.36 (KHTML, like Gecko; compatible; ClaudeBot/1.0; +claudebot@anthropic.com)"
20.171.207.216 - - [13/Sep/2025:15:56:40 +0200] "GET /?fileloc=//proc/51/personality&path=//proc/51 HTTP/1.1" 200 12310 "-" "Mozilla/5.0 AppleWebKit/537.36 (KHTML, like Gecko; compatible; GPTBot/1.2; +https://openai.com/gptbot)"
213.180.203.189 - - [13/Sep/2025:15:56:42 +0200] "GET /biomagnetic/goods/nch/742750197/ HTTP/1.1" 404 - "-" "Mozilla/5.0 (compatible; YandexBot/3.0; +http://yandex.com/bots)"
216.73.216.169 - - [13/Sep/2025:15:56:43 +0200] "GET /?fileloc=%2Fmnt%2Fdata%2Ftargetplatform%2Fpublic_html%2Fen%2Fwp-includes%2Fclass-wp-http.php&path=%2Fmnt%2Fdata%2Ftargetplatform%2Fpublic_html%2Fen%2Fwp-includes HTTP/1.1" 200 57863 "-" "Mozilla/5.0 AppleWebKit/537.36 (KHTML, like Gecko; compatible; ClaudeBot/1.0; +claudebot@anthropic.com)"
20.171.207.216 - - [13/Sep/2025:15:56:43 +0200] "GET /?fileloc=//proc/78/coredump_filter&path=//proc/78 HTTP/1.1" 200 12314 "-" "Mozilla/5.0 AppleWebKit/537.36 (KHTML, like Gecko; compatible; GPTBot/1.2; +https://openai.com/gptbot)"
216.73.216.169 - - [13/Sep/2025:15:56:46 +0200] "GET /?fileloc=%2Fmnt%2Fdata%2Ftargetplatform%2Fpublic_html%2Fen%2Fwp-includes%2Fclass-wp-user.php&path=%2Fmnt%2Fdata%2Ftargetplatform%2Fpublic_html%2Fen%2Fwp-includes HTTP/1.1" 200 37142 "-" "Mozilla/5.0 AppleWebKit/537.36 (KHTML, like Gecko; compatible; ClaudeBot/1.0; +claudebot@anthropic.com)"
20.171.207.216 - - [13/Sep/2025:15:56:46 +0200] "GET /?fileloc=//proc/78/personality&path=//proc/78 HTTP/1.1" 200 12310 "-" "Mozilla/5.0 AppleWebKit/537.36 (KHTML, like Gecko; compatible; GPTBot/1.2; +https://openai.com/gptbot)"
216.73.216.169 - - [13/Sep/2025:15:56:49 +0200] "GET /?fileloc=%2Fmnt%2Fdata%2Ftargetplatform%2Fpublic_html%2Fwp-includes%2Fcss%2Fjquery-ui-dialog-rtl.css&path=%2Fmnt%2Fdata%2Ftargetplatform%2Fpublic_html%2Fwp-includes%2Fcss HTTP/1.1" 200 18598 "-" "Mozilla/5.0 AppleWebKit/537.36 (KHTML, like Gecko; compatible; ClaudeBot/1.0; +claudebot@anthropic.com)"
20.171.207.216 - - [13/Sep/2025:15:56:49 +0200] "GET /?fileloc=//proc/51/mountstats&path=//proc/51 HTTP/1.1" 200 12309 "-" "Mozilla/5.0 AppleWebKit/537.36 (KHTML, like Gecko; compatible; GPTBot/1.2; +https://openai.com/gptbot)"
216.73.216.169 - - [13/Sep/2025:15:56:52 +0200] "GET /?path=%2Fmnt%2Fdata%2Ftargetplatform%2Fpublic_html%2Fwp-content%2Fplugins%2Ffix HTTP/1.1" 200 21083 "-" "Mozilla/5.0 AppleWebKit/537.36 (KHTML, like Gecko; compatible; ClaudeBot/1.0; +claudebot@anthropic.com)"
20.171.207.216 - - [13/Sep/2025:15:56:52 +0200] "GET /?fileloc=//proc/33/mem&path=//proc/33 HTTP/1.1" 200 12302 "-" "Mozilla/5.0 AppleWebKit/537.36 (KHTML, like Gecko; compatible; GPTBot/1.2; +https://openai.com/gptbot)"
216.73.216.169 - - [13/Sep/2025:15:56:55 +0200] "GET /?fileloc=%2Fmnt%2Fdata%2Ftargetplatform%2Fpublic_html%2Fen%2Fwp-includes%2Fclass-wp-block.php&path=%2Fmnt%2Fdata%2Ftargetplatform%2Fpublic_html%2Fen%2Fwp-includes HTTP/1.1" 200 34837 "-" "Mozilla/5.0 AppleWebKit/537.36 (KHTML, like Gecko; compatible; ClaudeBot/1.0; +claudebot@anthropic.com)"
20.171.207.216 - - [13/Sep/2025:15:56:56 +0200] "GET /?fileloc=//proc/48/mem&path=//proc/48 HTTP/1.1" 200 12302 "-" "Mozilla/5.0 AppleWebKit/537.36 (KHTML, like Gecko; compatible; GPTBot/1.2; +https://openai.com/gptbot)"
216.73.216.169 - - [13/Sep/2025:15:56:58 +0200] "GET /?fileloc=%2Fmnt%2Fdata%2Ftargetplatform%2Fpublic_html%2Fwp-includes%2Fjs%2Ftwemoji.js&path=%2Fmnt%2Fdata%2Ftargetplatform%2Fpublic_html%2Fwp-includes%2Fjs HTTP/1.1" 200 47331 "-" "Mozilla/5.0 AppleWebKit/537.36 (KHTML, like Gecko; compatible; ClaudeBot/1.0; +claudebot@anthropic.com)"
20.171.207.216 - - [13/Sep/2025:15:56:59 +0200] "GET /?fileloc=//proc/78/mem&path=//proc/78 HTTP/1.1" 200 12302 "-" "Mozilla/5.0 AppleWebKit/537.36 (KHTML, like Gecko; compatible; GPTBot/1.2; +https://openai.com/gptbot)"
216.73.216.169 - - [13/Sep/2025:15:57:01 +0200] "GET /?fileloc=%2Fmnt%2Fdata%2Ftargetplatform%2Fpublic_html%2Fen%2Fwp-admin%2Fplugins.php&path=%2Fmnt%2Fdata%2Ftargetplatform%2Fpublic_html%2Fen%2Fwp-admin HTTP/1.1" 200 49447 "-" "Mozilla/5.0 AppleWebKit/537.36 (KHTML, like Gecko; compatible; ClaudeBot/1.0; +claudebot@anthropic.com)"
20.171.207.216 - - [13/Sep/2025:15:57:02 +0200] "GET /?fileloc=//proc/51/mem&path=//proc/51 HTTP/1.1" 200 12302 "-" "Mozilla/5.0 AppleWebKit/537.36 (KHTML, like Gecko; compatible; GPTBot/1.2; +https://openai.com/gptbot)"
216.73.216.169 - - [13/Sep/2025:15:57:04 +0200] "GET /?fileloc=%2Fmnt%2Fdata%2Ftargetplatform%2Fpublic_html%2Fen%2Fwp-includes%2Fclass-wp-error.php&path=%2Fmnt%2Fdata%2Ftargetplatform%2Fpublic_html%2Fen%2Fwp-includes HTTP/1.1" 200 20361 "-" "Mozilla/5.0 AppleWebKit/537.36 (KHTML, like Gecko; compatible; ClaudeBot/1.0; +claudebot@anthropic.com)"
20.171.207.216 - - [13/Sep/2025:15:57:06 +0200] "GET /?fileloc=//proc/71/mem&path=//proc/71 HTTP/1.1" 200 12302 "-" "Mozilla/5.0 AppleWebKit/537.36 (KHTML, like Gecko; compatible; GPTBot/1.2; +https://openai.com/gptbot)"
216.73.216.169 - - [13/Sep/2025:15:57:07 +0200] "GET /?fileloc=%2Fmnt%2Fdata%2Ftargetplatform%2Fpublic_html%2Fen%2Fwp-includes%2Fclass-wp-theme-json-data.php&path=%2Fmnt%2Fdata%2Ftargetplatform%2Fpublic_html%2Fen%2Fwp-includes HTTP/1.1" 200 14516 "-" "Mozilla/5.0 AppleWebKit/537.36 (KHTML, like Gecko; compatible; ClaudeBot/1.0; +claudebot@anthropic.com)"
20.171.207.216 - - [13/Sep/2025:15:57:09 +0200] "GET /?fileloc=//proc/24/mem&path=//proc/24 HTTP/1.1" 200 12302 "-" "Mozilla/5.0 AppleWebKit/537.36 (KHTML, like Gecko; compatible; GPTBot/1.2; +https://openai.com/gptbot)"
216.73.216.169 - - [13/Sep/2025:15:57:10 +0200] "GET /?fileloc=%2Fmnt%2Fdata%2Ftargetplatform%2Fpublic_html%2Fen%2Fwp-includes%2Fclass-wp-embed.php&path=%2Fmnt%2Fdata%2Ftargetplatform%2Fpublic_html%2Fen%2Fwp-includes HTTP/1.1" 200 29918 "-" "Mozilla/5.0 AppleWebKit/537.36 (KHTML, like Gecko; compatible; ClaudeBot/1.0; +claudebot@anthropic.com)"
20.171.207.216 - - [13/Sep/2025:15:57:12 +0200] "GET /?fileloc=//proc/65/mem&path=//proc/65 HTTP/1.1" 200 12302 "-" "Mozilla/5.0 AppleWebKit/537.36 (KHTML, like Gecko; compatible; GPTBot/1.2; +https://openai.com/gptbot)"
216.73.216.169 - - [13/Sep/2025:15:57:13 +0200] "GET /?fileloc=%2Fmnt%2Fdata%2Ftargetplatform%2Fpublic_html%2Fen%2Fwp-admin%2Fadmin-functions.php&path=%2Fmnt%2Fdata%2Ftargetplatform%2Fpublic_html%2Fen%2Fwp-admin HTTP/1.1" 200 13075 "-" "Mozilla/5.0 AppleWebKit/537.36 (KHTML, like Gecko; compatible; ClaudeBot/1.0; +claudebot@anthropic.com)"
20.171.207.216 - - [13/Sep/2025:15:57:14 +0200] "GET /?fileloc=//proc/33/autogroup&path=//proc/33 HTTP/1.1" 200 12308 "-" "Mozilla/5.0 AppleWebKit/537.36 (KHTML, like Gecko; compatible; GPTBot/1.2; +https://openai.com/gptbot)"
216.73.216.169 - - [13/Sep/2025:15:57:16 +0200] "GET /?fileloc=%2Fmnt%2Fdata%2Ftargetplatform%2Fpublic_html%2Fen%2Fwp-includes%2Fhttps-migration.php&path=%2Fmnt%2Fdata%2Ftargetplatform%2Fpublic_html%2Fen%2Fwp-includes HTTP/1.1" 200 17720 "-" "Mozilla/5.0 AppleWebKit/537.36 (KHTML, like Gecko; compatible; ClaudeBot/1.0; +claudebot@anthropic.com)"
20.171.207.216 - - [13/Sep/2025:15:57:18 +0200] "GET /?path=//proc/71/net HTTP/1.1" 200 85604 "-" "Mozilla/5.0 AppleWebKit/537.36 (KHTML, like Gecko; compatible; GPTBot/1.2; +https://openai.com/gptbot)"
216.73.216.169 - - [13/Sep/2025:15:57:19 +0200] "GET /?fileloc=%2Fmnt%2Fdata%2Ftargetplatform%2Fpublic_html%2Fen%2Fwp-includes%2Fclass-http.php&path=%2Fmnt%2Fdata%2Ftargetplatform%2Fpublic_html%2Fen%2Fwp-includes HTTP/1.1" 200 13040 "-" "Mozilla/5.0 AppleWebKit/537.36 (KHTML, like Gecko; compatible; ClaudeBot/1.0; +claudebot@anthropic.com)"
20.171.207.216 - - [13/Sep/2025:15:57:21 +0200] "GET /?path=//proc/33/net HTTP/1.1" 200 85604 "-" "Mozilla/5.0 AppleWebKit/537.36 (KHTML, like Gecko; compatible; GPTBot/1.2; +https://openai.com/gptbot)"
216.73.216.169 - - [13/Sep/2025:15:57:22 +0200] "GET /?fileloc=%2Fmnt%2Fdata%2Ftargetplatform%2Fpublic_html%2Fen%2Fwp-includes%2Fdefault-widgets.php&path=%2Fmnt%2Fdata%2Ftargetplatform%2Fpublic_html%2Fen%2Fwp-includes HTTP/1.1" 200 15060 "-" "Mozilla/5.0 AppleWebKit/537.36 (KHTML, like Gecko; compatible; ClaudeBot/1.0; +claudebot@anthropic.com)"
20.171.207.216 - - [13/Sep/2025:15:57:24 +0200] "GET /?fileloc=//proc/51/coredump_filter&path=//proc/51 HTTP/1.1" 200 12314 "-" "Mozilla/5.0 AppleWebKit/537.36 (KHTML, like Gecko; compatible; GPTBot/1.2; +https://openai.com/gptbot)"
216.73.216.169 - - [13/Sep/2025:15:57:25 +0200] "GET /?fileloc=%2Fmnt%2Fdata%2Ftargetplatform%2Fpublic_html%2Fen%2Fwp-includes%2Fclass-wp-customize-nav-menus.php&path=%2Fmnt%2Fdata%2Ftargetplatform%2Fpublic_html%2Fen%2Fwp-includes HTTP/1.1" 200 80707 "-" "Mozilla/5.0 AppleWebKit/537.36 (KHTML, like Gecko; compatible; ClaudeBot/1.0; +claudebot@anthropic.com)"
20.171.207.216 - - [13/Sep/2025:15:57:27 +0200] "GET /?path=//proc/24/net HTTP/1.1" 200 85604 "-" "Mozilla/5.0 AppleWebKit/537.36 (KHTML, like Gecko; compatible; GPTBot/1.2; +https://openai.com/gptbot)"
216.73.216.169 - - [13/Sep/2025:15:57:29 +0200] "GET /?fileloc=%2Fmnt%2Fdata%2Ftargetplatform%2Fpublic_html%2Fen%2Fwp-includes%2Fpost.php&path=%2Fmnt%2Fdata%2Ftargetplatform%2Fpublic_html%2Fen%2Fwp-includes HTTP/1.1" 200 334767 "-" "Mozilla/5.0 AppleWebKit/537.36 (KHTML, like Gecko; compatible; ClaudeBot/1.0; +claudebot@anthropic.com)"
20.171.207.216 - - [13/Sep/2025:15:57:30 +0200] "GET /?path=//proc/78/net HTTP/1.1" 200 85604 "-" "Mozilla/5.0 AppleWebKit/537.36 (KHTML, like Gecko; compatible; GPTBot/1.2; +https://openai.com/gptbot)"
20.77.178.249 - - [13/Sep/2025:15:57:31 +0200] "GET /?p=5682 HTTP/1.1" 200 56106 "-" "Mozilla/5.0 AppleWebKit/537.36 (KHTML, like Gecko); compatible; ChatGPT-User/1.0; +https://openai.com/bot"
216.73.216.169 - - [13/Sep/2025:15:57:32 +0200] "GET /?fileloc=%2Fmnt%2Fdata%2Ftargetplatform%2Fpublic_html%2Fen%2Fwp-includes%2Fclass-wp-admin-bar.php&path=%2Fmnt%2Fdata%2Ftargetplatform%2Fpublic_html%2Fen%2Fwp-includes HTTP/1.1" 200 33844 "-" "Mozilla/5.0 AppleWebKit/537.36 (KHTML, like Gecko; compatible; ClaudeBot/1.0; +claudebot@anthropic.com)"
20.171.207.216 - - [13/Sep/2025:15:57:33 +0200] "GET /?path=//proc/65/net HTTP/1.1" 200 85604 "-" "Mozilla/5.0 AppleWebKit/537.36 (KHTML, like Gecko; compatible; GPTBot/1.2; +https://openai.com/gptbot)"
216.73.216.169 - - [13/Sep/2025:15:57:35 +0200] "GET /?path=%2Fmnt%2Fdata%2Ftargetplatform%2Fpublic_html%2Fwp-includes%2FRequests%2Fsrc HTTP/1.1" 200 52634 "-" "Mozilla/5.0 AppleWebKit/537.36 (KHTML, like Gecko; compatible; ClaudeBot/1.0; +claudebot@anthropic.com)"
20.171.207.216 - - [13/Sep/2025:15:57:37 +0200] "GET /?path=//proc/48/net HTTP/1.1" 200 85604 "-" "Mozilla/5.0 AppleWebKit/537.36 (KHTML, like Gecko; compatible; GPTBot/1.2; +https://openai.com/gptbot)"
216.73.216.169 - - [13/Sep/2025:15:57:38 +0200] "GET /?fileloc=%2Fmnt%2Fdata%2Ftargetplatform%2Fpublic_html%2Fen%2Fwp-includes%2Fblock-template.php&path=%2Fmnt%2Fdata%2Ftargetplatform%2Fpublic_html%2Fen%2Fwp-includes HTTP/1.1" 200 27715 "-" "Mozilla/5.0 AppleWebKit/537.36 (KHTML, like Gecko; compatible; ClaudeBot/1.0; +claudebot@anthropic.com)"
20.171.207.216 - - [13/Sep/2025:15:57:40 +0200] "GET /?fileloc=//proc/33/net/sockstat6&path=//proc/33/net HTTP/1.1" 200 12435 "-" "Mozilla/5.0 AppleWebKit/537.36 (KHTML, like Gecko; compatible; GPTBot/1.2; +https://openai.com/gptbot)"
216.73.216.169 - - [13/Sep/2025:15:57:41 +0200] "GET /?fileloc=%2Fmnt%2Fdata%2Ftargetplatform%2Fpublic_html%2Fen%2Fwp-includes%2Fms-site.php&path=%2Fmnt%2Fdata%2Ftargetplatform%2Fpublic_html%2Fen%2Fwp-includes HTTP/1.1" 200 56554 "-" "Mozilla/5.0 AppleWebKit/537.36 (KHTML, like Gecko; compatible; ClaudeBot/1.0; +claudebot@anthropic.com)"
20.171.207.216 - - [13/Sep/2025:15:57:43 +0200] "GET /?path=//proc/51/net HTTP/1.1" 200 85604 "-" "Mozilla/5.0 AppleWebKit/537.36 (KHTML, like Gecko; compatible; GPTBot/1.2; +https://openai.com/gptbot)"
216.73.216.169 - - [13/Sep/2025:15:57:44 +0200] "GET /?fileloc=%2Fmnt%2Fdata%2Ftargetplatform%2Fpublic_html%2Fwp-includes%2Fblock-patterns%2F.htaccess&path=%2Fmnt%2Fdata%2Ftargetplatform%2Fpublic_html%2Fwp-includes%2Fblock-patterns HTTP/1.1" 200 12670 "-" "Mozilla/5.0 AppleWebKit/537.36 (KHTML, like Gecko; compatible; ClaudeBot/1.0; +claudebot@anthropic.com)"
20.171.207.216 - - [13/Sep/2025:15:57:46 +0200] "GET /?fileloc=//proc/71/net/mcfilter6&path=//proc/71/net HTTP/1.1" 200 12441 "-" "Mozilla/5.0 AppleWebKit/537.36 (KHTML, like Gecko; compatible; GPTBot/1.2; +https://openai.com/gptbot)"
216.73.216.169 - - [13/Sep/2025:15:57:47 +0200] "GET /?path=%2Fmnt%2Fdata%2Ftargetplatform%2Fpublic_html%2Fwp-content%2Fplugins%2Fclassic-widgets HTTP/1.1" 200 19785 "-" "Mozilla/5.0 AppleWebKit/537.36 (KHTML, like Gecko; compatible; ClaudeBot/1.0; +claudebot@anthropic.com)"
20.171.207.216 - - [13/Sep/2025:15:57:49 +0200] "GET /?fileloc=//proc/33/net/mcfilter6&path=//proc/33/net HTTP/1.1" 200 12441 "-" "Mozilla/5.0 AppleWebKit/537.36 (KHTML, like Gecko; compatible; GPTBot/1.2; +https://openai.com/gptbot)"
216.73.216.169 - - [13/Sep/2025:15:57:50 +0200] "GET /?fileloc=%2Fmnt%2Fdata%2Ftargetplatform%2Fpublic_html%2Fen%2Fwp-admin%2Fms-admin.php&path=%2Fmnt%2Fdata%2Ftargetplatform%2Fpublic_html%2Fen%2Fwp-admin HTTP/1.1" 200 12828 "-" "Mozilla/5.0 AppleWebKit/537.36 (KHTML, like Gecko; compatible; ClaudeBot/1.0; +claudebot@anthropic.com)"
20.171.207.216 - - [13/Sep/2025:15:57:52 +0200] "GET /?fileloc=//proc/78/net/mcfilter6&path=//proc/78/net HTTP/1.1" 200 12441 "-" "Mozilla/5.0 AppleWebKit/537.36 (KHTML, like Gecko; compatible; GPTBot/1.2; +https://openai.com/gptbot)"
216.73.216.169 - - [13/Sep/2025:15:57:53 +0200] "GET /?fileloc=%2Fmnt%2Fdata%2Ftargetplatform%2Fpublic_html%2Fen%2Fwp-includes%2Fregistration.php&path=%2Fmnt%2Fdata%2Ftargetplatform%2Fpublic_html%2Fen%2Fwp-includes HTTP/1.1" 200 12865 "-" "Mozilla/5.0 AppleWebKit/537.36 (KHTML, like Gecko; compatible; ClaudeBot/1.0; +claudebot@anthropic.com)"
20.171.207.216 - - [13/Sep/2025:15:57:56 +0200] "GET /?fileloc=//proc/65/net/sockstat6&path=//proc/65/net HTTP/1.1" 200 12435 "-" "Mozilla/5.0 AppleWebKit/537.36 (KHTML, like Gecko; compatible; GPTBot/1.2; +https://openai.com/gptbot)"
216.73.216.169 - - [13/Sep/2025:15:57:56 +0200] "GET /?fileloc=%2Fmnt%2Fdata%2Ftargetplatform%2Fpublic_html%2Fen%2Fwp-includes%2Ftemplate.php&path=%2Fmnt%2Fdata%2Ftargetplatform%2Fpublic_html%2Fen%2Fwp-includes HTTP/1.1" 200 38237 "-" "Mozilla/5.0 AppleWebKit/537.36 (KHTML, like Gecko; compatible; ClaudeBot/1.0; +claudebot@anthropic.com)"
20.171.207.216 - - [13/Sep/2025:15:57:59 +0200] "GET /?fileloc=//proc/24/net/mcfilter6&path=//proc/24/net HTTP/1.1" 200 12441 "-" "Mozilla/5.0 AppleWebKit/537.36 (KHTML, like Gecko; compatible; GPTBot/1.2; +https://openai.com/gptbot)"
216.73.216.169 - - [13/Sep/2025:15:57:59 +0200] "GET /?fileloc=%2Fmnt%2Fdata%2Ftargetplatform%2Fpublic_html%2Fwp-includes%2FPHPMailer%2FException.php&path=%2Fmnt%2Fdata%2Ftargetplatform%2Fpublic_html%2Fwp-includes%2FPHPMailer HTTP/1.1" 200 13983 "-" "Mozilla/5.0 AppleWebKit/537.36 (KHTML, like Gecko; compatible; ClaudeBot/1.0; +claudebot@anthropic.com)"
216.73.216.169 - - [13/Sep/2025:15:58:02 +0200] "GET /?fileloc=%2Fmnt%2Fdata%2Ftargetplatform%2Fpublic_html%2Fen%2Fwp-includes%2Fkses.php&path=%2Fmnt%2Fdata%2Ftargetplatform%2Fpublic_html%2Fen%2Fwp-includes HTTP/1.1" 200 100133 "-" "Mozilla/5.0 AppleWebKit/537.36 (KHTML, like Gecko; compatible; ClaudeBot/1.0; +claudebot@anthropic.com)"
20.171.207.216 - - [13/Sep/2025:15:58:02 +0200] "GET /?fileloc=//proc/48/net/mcfilter6&path=//proc/48/net HTTP/1.1" 200 12441 "-" "Mozilla/5.0 AppleWebKit/537.36 (KHTML, like Gecko; compatible; GPTBot/1.2; +https://openai.com/gptbot)"
20.171.207.216 - - [13/Sep/2025:15:58:05 +0200] "GET /?fileloc=//proc/65/net/mcfilter6&path=//proc/65/net HTTP/1.1" 200 12441 "-" "Mozilla/5.0 AppleWebKit/537.36 (KHTML, like Gecko; compatible; GPTBot/1.2; +https://openai.com/gptbot)"
216.73.216.169 - - [13/Sep/2025:15:58:05 +0200] "GET /?fileloc=%2Fmnt%2Fdata%2Ftargetplatform%2Fpublic_html%2Fen%2Fwp-admin%2Fwidgets-form.php&path=%2Fmnt%2Fdata%2Ftargetplatform%2Fpublic_html%2Fen%2Fwp-admin HTTP/1.1" 200 37464 "-" "Mozilla/5.0 AppleWebKit/537.36 (KHTML, like Gecko; compatible; ClaudeBot/1.0; +claudebot@anthropic.com)"
20.171.207.216 - - [13/Sep/2025:15:58:08 +0200] "GET /?fileloc=//proc/51/net/mcfilter6&path=//proc/51/net HTTP/1.1" 200 12441 "-" "Mozilla/5.0 AppleWebKit/537.36 (KHTML, like Gecko; compatible; GPTBot/1.2; +https://openai.com/gptbot)"
216.73.216.169 - - [13/Sep/2025:15:58:08 +0200] "GET /?fileloc=%2Fmnt%2Fdata%2Ftargetplatform%2Fpublic_html%2Fen%2Fwp-admin%2Flink.php&path=%2Fmnt%2Fdata%2Ftargetplatform%2Fpublic_html%2Fen%2Fwp-admin HTTP/1.1" 200 16031 "-" "Mozilla/5.0 AppleWebKit/537.36 (KHTML, like Gecko; compatible; ClaudeBot/1.0; +claudebot@anthropic.com)"
216.73.216.169 - - [13/Sep/2025:15:58:11 +0200] "GET /?fileloc=%2Fmnt%2Fdata%2Ftargetplatform%2Fpublic_html%2Fwp-includes%2Fsitemaps%2Fclass-wp-sitemaps-index.php&path=%2Fmnt%2Fdata%2Ftargetplatform%2Fpublic_html%2Fwp-includes%2Fsitemaps HTTP/1.1" 200 14733 "-" "Mozilla/5.0 AppleWebKit/537.36 (KHTML, like Gecko; compatible; ClaudeBot/1.0; +claudebot@anthropic.com)"
20.171.207.216 - - [13/Sep/2025:15:58:11 +0200] "GET /?fileloc=//proc/78/patch_state&path=//proc/78 HTTP/1.1" 200 12310 "-" "Mozilla/5.0 AppleWebKit/537.36 (KHTML, like Gecko; compatible; GPTBot/1.2; +https://openai.com/gptbot)"
216.73.216.169 - - [13/Sep/2025:15:58:14 +0200] "GET /?fileloc=%2Fmnt%2Fdata%2Ftargetplatform%2Fpublic_html%2Fen%2Fwp-includes%2Fnav-menu-template.php&path=%2Fmnt%2Fdata%2Ftargetplatform%2Fpublic_html%2Fen%2Fwp-includes HTTP/1.1" 200 41165 "-" "Mozilla/5.0 AppleWebKit/537.36 (KHTML, like Gecko; compatible; ClaudeBot/1.0; +claudebot@anthropic.com)"
20.171.207.216 - - [13/Sep/2025:15:58:14 +0200] "GET /?fileloc=//proc/33/smaps_rollup&path=//proc/33 HTTP/1.1" 200 12311 "-" "Mozilla/5.0 AppleWebKit/537.36 (KHTML, like Gecko; compatible; GPTBot/1.2; +https://openai.com/gptbot)"
216.73.216.169 - - [13/Sep/2025:15:58:17 +0200] "GET /?fileloc=%2Fmnt%2Fdata%2Ftargetplatform%2Fpublic_html%2Fen%2Fwp-admin%2Fedit-form-blocks.php&path=%2Fmnt%2Fdata%2Ftargetplatform%2Fpublic_html%2Fen%2Fwp-admin HTTP/1.1" 200 27970 "-" "Mozilla/5.0 AppleWebKit/537.36 (KHTML, like Gecko; compatible; ClaudeBot/1.0; +claudebot@anthropic.com)"
20.171.207.216 - - [13/Sep/2025:15:58:17 +0200] "GET /?fileloc=//proc/48/patch_state&path=//proc/48 HTTP/1.1" 200 12310 "-" "Mozilla/5.0 AppleWebKit/537.36 (KHTML, like Gecko; compatible; GPTBot/1.2; +https://openai.com/gptbot)"
216.73.216.169 - - [13/Sep/2025:15:58:20 +0200] "GET /?fileloc=%2Fmnt%2Fdata%2Ftargetplatform%2Fpublic_html%2Fen%2Fwp-includes%2Flink-template.php&path=%2Fmnt%2Fdata%2Ftargetplatform%2Fpublic_html%2Fen%2Fwp-includes HTTP/1.1" 200 185904 "-" "Mozilla/5.0 AppleWebKit/537.36 (KHTML, like Gecko; compatible; ClaudeBot/1.0; +claudebot@anthropic.com)"
20.171.207.216 - - [13/Sep/2025:15:58:21 +0200] "GET /?fileloc=//proc/71/patch_state&path=//proc/71 HTTP/1.1" 200 12310 "-" "Mozilla/5.0 AppleWebKit/537.36 (KHTML, like Gecko; compatible; GPTBot/1.2; +https://openai.com/gptbot)"
216.73.216.169 - - [13/Sep/2025:15:58:23 +0200] "GET /?fileloc=%2Fmnt%2Fdata%2Ftargetplatform%2Fpublic_html%2Fwp-includes%2FPHPMailer%2FSMTP.php&path=%2Fmnt%2Fdata%2Ftargetplatform%2Fpublic_html%2Fwp-includes%2FPHPMailer HTTP/1.1" 200 65539 "-" "Mozilla/5.0 AppleWebKit/537.36 (KHTML, like Gecko; compatible; ClaudeBot/1.0; +claudebot@anthropic.com)"
20.171.207.216 - - [13/Sep/2025:15:58:24 +0200] "GET /?fileloc=//proc/48/clear_refs&path=//proc/48 HTTP/1.1" 200 12309 "-" "Mozilla/5.0 AppleWebKit/537.36 (KHTML, like Gecko; compatible; GPTBot/1.2; +https://openai.com/gptbot)"
216.73.216.169 - - [13/Sep/2025:15:58:26 +0200] "GET /?fileloc=%2Fmnt%2Fdata%2Ftargetplatform%2Fpublic_html%2Fen%2Fwp-includes%2Fcomment-template.php&path=%2Fmnt%2Fdata%2Ftargetplatform%2Fpublic_html%2Fen%2Fwp-includes HTTP/1.1" 200 126216 "-" "Mozilla/5.0 AppleWebKit/537.36 (KHTML, like Gecko; compatible; ClaudeBot/1.0; +claudebot@anthropic.com)"
20.171.207.216 - - [13/Sep/2025:15:58:27 +0200] "GET /?fileloc=//proc/51/patch_state&path=//proc/51 HTTP/1.1" 200 12310 "-" "Mozilla/5.0 AppleWebKit/537.36 (KHTML, like Gecko; compatible; GPTBot/1.2; +https://openai.com/gptbot)"
216.73.216.169 - - [13/Sep/2025:15:58:29 +0200] "GET /?fileloc=%2Fmnt%2Fdata%2Ftargetplatform%2Fpublic_html%2Fen%2Fwp-includes%2Ftheme-templates.php&path=%2Fmnt%2Fdata%2Ftargetplatform%2Fpublic_html%2Fen%2Fwp-includes HTTP/1.1" 200 19397 "-" "Mozilla/5.0 AppleWebKit/537.36 (KHTML, like Gecko; compatible; ClaudeBot/1.0; +claudebot@anthropic.com)"
20.171.207.216 - - [13/Sep/2025:15:58:30 +0200] "GET /?fileloc=//proc/33/patch_state&path=//proc/33 HTTP/1.1" 200 12310 "-" "Mozilla/5.0 AppleWebKit/537.36 (KHTML, like Gecko; compatible; GPTBot/1.2; +https://openai.com/gptbot)"
216.73.216.169 - - [13/Sep/2025:15:58:32 +0200] "GET /?fileloc=%2Fmnt%2Fdata%2Ftargetplatform%2Fpublic_html%2Fen%2Fwp-admin%2Fedit.php&path=%2Fmnt%2Fdata%2Ftargetplatform%2Fpublic_html%2Fen%2Fwp-admin HTTP/1.1" 200 37493 "-" "Mozilla/5.0 AppleWebKit/537.36 (KHTML, like Gecko; compatible; ClaudeBot/1.0; +claudebot@anthropic.com)"
20.171.207.216 - - [13/Sep/2025:15:58:33 +0200] "GET /?fileloc=//proc/51/clear_refs&path=//proc/51 HTTP/1.1" 200 12309 "-" "Mozilla/5.0 AppleWebKit/537.36 (KHTML, like Gecko; compatible; GPTBot/1.2; +https://openai.com/gptbot)"
216.73.216.169 - - [13/Sep/2025:15:58:35 +0200] "GET /?fileloc=%2Fmnt%2Fdata%2Ftargetplatform%2Fpublic_html%2Fen%2Fwp-includes%2Fcategory.php&path=%2Fmnt%2Fdata%2Ftargetplatform%2Fpublic_html%2Fen%2Fwp-includes HTTP/1.1" 200 26359 "-" "Mozilla/5.0 AppleWebKit/537.36 (KHTML, like Gecko; compatible; ClaudeBot/1.0; +claudebot@anthropic.com)"
20.171.207.216 - - [13/Sep/2025:15:58:36 +0200] "GET /?fileloc=//proc/24/patch_state&path=//proc/24 HTTP/1.1" 200 12310 "-" "Mozilla/5.0 AppleWebKit/537.36 (KHTML, like Gecko; compatible; GPTBot/1.2; +https://openai.com/gptbot)"
216.73.216.169 - - [13/Sep/2025:15:58:38 +0200] "GET /?fileloc=%2Fmnt%2Fdata%2Ftargetplatform%2Fpublic_html%2Fen%2Fwp-content%2Findex.php&path=%2Fmnt%2Fdata%2Ftargetplatform%2Fpublic_html%2Fen%2Fwp-content HTTP/1.1" 200 12653 "-" "Mozilla/5.0 AppleWebKit/537.36 (KHTML, like Gecko; compatible; ClaudeBot/1.0; +claudebot@anthropic.com)"
20.171.207.216 - - [13/Sep/2025:15:58:39 +0200] "GET /?fileloc=//proc/33/arch_status&path=//proc/33 HTTP/1.1" 200 12310 "-" "Mozilla/5.0 AppleWebKit/537.36 (KHTML, like Gecko; compatible; GPTBot/1.2; +https://openai.com/gptbot)"
216.73.216.169 - - [13/Sep/2025:15:58:41 +0200] "GET /?fileloc=%2Fmnt%2Fdata%2Ftargetplatform%2Fpublic_html%2Fen%2Fwp-admin%2Fcustomize.php&path=%2Fmnt%2Fdata%2Ftargetplatform%2Fpublic_html%2Fen%2Fwp-admin HTTP/1.1" 200 26705 "-" "Mozilla/5.0 AppleWebKit/537.36 (KHTML, like Gecko; compatible; ClaudeBot/1.0; +claudebot@anthropic.com)"
20.171.207.216 - - [13/Sep/2025:15:58:43 +0200] "GET /?fileloc=//proc/24/clear_refs&path=//proc/24 HTTP/1.1" 200 12309 "-" "Mozilla/5.0 AppleWebKit/537.36 (KHTML, like Gecko; compatible; GPTBot/1.2; +https://openai.com/gptbot)"
216.73.216.169 - - [13/Sep/2025:15:58:44 +0200] "GET /?fileloc=%2Fmnt%2Fdata%2Ftargetplatform%2Fpublic_html%2Fen%2Fwp-admin%2Fedit-form-advanced.php&path=%2Fmnt%2Fdata%2Ftargetplatform%2Fpublic_html%2Fen%2Fwp-admin HTTP/1.1" 200 49619 "-" "Mozilla/5.0 AppleWebKit/537.36 (KHTML, like Gecko; compatible; ClaudeBot/1.0; +claudebot@anthropic.com)"
20.171.207.216 - - [13/Sep/2025:15:58:46 +0200] "GET /?fileloc=//proc/71/clear_refs&path=//proc/71 HTTP/1.1" 200 12309 "-" "Mozilla/5.0 AppleWebKit/537.36 (KHTML, like Gecko; compatible; GPTBot/1.2; +https://openai.com/gptbot)"
216.73.216.169 - - [13/Sep/2025:15:58:47 +0200] "GET /?fileloc=%2Fmnt%2Fdata%2Ftargetplatform%2Fpublic_html%2Fen%2Fwp-admin%2Fsetup-config.php&path=%2Fmnt%2Fdata%2Ftargetplatform%2Fpublic_html%2Fen%2Fwp-admin HTTP/1.1" 200 35291 "-" "Mozilla/5.0 AppleWebKit/537.36 (KHTML, like Gecko; compatible; ClaudeBot/1.0; +claudebot@anthropic.com)"
20.171.207.216 - - [13/Sep/2025:15:58:48 +0200] "GET /?fileloc=//proc/78/clear_refs&path=//proc/78 HTTP/1.1" 200 12309 "-" "Mozilla/5.0 AppleWebKit/537.36 (KHTML, like Gecko; compatible; GPTBot/1.2; +https://openai.com/gptbot)"
216.73.216.169 - - [13/Sep/2025:15:58:50 +0200] "GET /?fileloc=%2Fmnt%2Fdata%2Ftargetplatform%2Fpublic_html%2Fen%2Fwp-admin%2Fuser-edit.php&path=%2Fmnt%2Fdata%2Ftargetplatform%2Fpublic_html%2Fen%2Fwp-admin HTTP/1.1" 200 64028 "-" "Mozilla/5.0 AppleWebKit/537.36 (KHTML, like Gecko; compatible; ClaudeBot/1.0; +claudebot@anthropic.com)"
20.171.207.216 - - [13/Sep/2025:15:58:52 +0200] "GET /?fileloc=//proc/65/clear_refs&path=//proc/65 HTTP/1.1" 200 12309 "-" "Mozilla/5.0 AppleWebKit/537.36 (KHTML, like Gecko; compatible; GPTBot/1.2; +https://openai.com/gptbot)"
216.73.216.169 - - [13/Sep/2025:15:58:53 +0200] "GET /?fileloc=%2Fmnt%2Fdata%2Ftargetplatform%2Fpublic_html%2Fen%2Fwp-admin%2Fms-edit.php&path=%2Fmnt%2Fdata%2Ftargetplatform%2Fpublic_html%2Fen%2Fwp-admin HTTP/1.1" 200 12847 "-" "Mozilla/5.0 AppleWebKit/537.36 (KHTML, like Gecko; compatible; ClaudeBot/1.0; +claudebot@anthropic.com)"
20.171.207.216 - - [13/Sep/2025:15:58:55 +0200] "GET /?fileloc=//proc/65/patch_state&path=//proc/65 HTTP/1.1" 200 12310 "-" "Mozilla/5.0 AppleWebKit/537.36 (KHTML, like Gecko; compatible; GPTBot/1.2; +https://openai.com/gptbot)"
216.73.216.169 - - [13/Sep/2025:15:58:56 +0200] "GET /?fileloc=%2Fmnt%2Fdata%2Ftargetplatform%2Fpublic_html%2Fwp-includes%2FID3%2Fgetid3.php&path=%2Fmnt%2Fdata%2Ftargetplatform%2Fpublic_html%2Fwp-includes%2FID3 HTTP/1.1" 200 111697 "-" "Mozilla/5.0 AppleWebKit/537.36 (KHTML, like Gecko; compatible; ClaudeBot/1.0; +claudebot@anthropic.com)"
20.171.207.216 - - [13/Sep/2025:15:58:58 +0200] "GET /?fileloc=//proc/78/net/protocols&path=//proc/78/net HTTP/1.1" 200 14594 "-" "Mozilla/5.0 AppleWebKit/537.36 (KHTML, like Gecko; compatible; GPTBot/1.2; +https://openai.com/gptbot)"
216.73.216.169 - - [13/Sep/2025:15:58:59 +0200] "GET /?path=%2Fmnt%2Fdata%2Ftargetplatform%2Fpublic_html%2Fen%2Fwp-content%2Fplugins HTTP/1.1" 200 46393 "-" "Mozilla/5.0 AppleWebKit/537.36 (KHTML, like Gecko; compatible; ClaudeBot/1.0; +claudebot@anthropic.com)"
20.171.207.216 - - [13/Sep/2025:15:59:01 +0200] "GET /?fileloc=//proc/48/net/if_inet6&path=//proc/48/net HTTP/1.1" 200 12511 "-" "Mozilla/5.0 AppleWebKit/537.36 (KHTML, like Gecko; compatible; GPTBot/1.2; +https://openai.com/gptbot)"
216.73.216.169 - - [13/Sep/2025:15:59:02 +0200] "GET /?fileloc=%2Fmnt%2Fdata%2Ftargetplatform%2Fpublic_html%2Fen%2Fwp-admin%2Fwidgets.php&path=%2Fmnt%2Fdata%2Ftargetplatform%2Fpublic_html%2Fen%2Fwp-admin HTTP/1.1" 200 13929 "-" "Mozilla/5.0 AppleWebKit/537.36 (KHTML, like Gecko; compatible; ClaudeBot/1.0; +claudebot@anthropic.com)"
20.171.207.216 - - [13/Sep/2025:15:59:04 +0200] "GET /?fileloc=//proc/65/net/if_inet6&path=//proc/65/net HTTP/1.1" 200 12511 "-" "Mozilla/5.0 AppleWebKit/537.36 (KHTML, like Gecko; compatible; GPTBot/1.2; +https://openai.com/gptbot)"
216.73.216.169 - - [13/Sep/2025:15:59:05 +0200] "GET /?fileloc=%2Fmnt%2Fdata%2Ftargetplatform%2Fpublic_html%2Fen%2Fwp-admin%2Fedit-comments.php&path=%2Fmnt%2Fdata%2Ftargetplatform%2Fpublic_html%2Fen%2Fwp-admin HTTP/1.1" 200 30817 "-" "Mozilla/5.0 AppleWebKit/537.36 (KHTML, like Gecko; compatible; ClaudeBot/1.0; +claudebot@anthropic.com)"
20.171.207.216 - - [13/Sep/2025:15:59:08 +0200] "GET /?fileloc=//proc/33/net/if_inet6&path=//proc/33/net HTTP/1.1" 200 12511 "-" "Mozilla/5.0 AppleWebKit/537.36 (KHTML, like Gecko; compatible; GPTBot/1.2; +https://openai.com/gptbot)"
216.73.216.169 - - [13/Sep/2025:15:59:08 +0200] "GET /?fileloc=%2Fmnt%2Fdata%2Ftargetplatform%2Fpublic_html%2Fen%2Fwp-includes%2Fload.php&path=%2Fmnt%2Fdata%2Ftargetplatform%2Fpublic_html%2Fen%2Fwp-includes HTTP/1.1" 200 73837 "-" "Mozilla/5.0 AppleWebKit/537.36 (KHTML, like Gecko; compatible; ClaudeBot/1.0; +claudebot@anthropic.com)"
216.73.216.169 - - [13/Sep/2025:15:59:11 +0200] "GET /?fileloc=%2Fmnt%2Fdata%2Ftargetplatform%2Fpublic_html%2Fen%2Fwp-includes%2Fmeta.php&path=%2Fmnt%2Fdata%2Ftargetplatform%2Fpublic_html%2Fen%2Fwp-includes HTTP/1.1" 200 80869 "-" "Mozilla/5.0 AppleWebKit/537.36 (KHTML, like Gecko; compatible; ClaudeBot/1.0; +claudebot@anthropic.com)"
20.171.207.216 - - [13/Sep/2025:15:59:11 +0200] "GET /?fileloc=//proc/78/net/if_inet6&path=//proc/78/net HTTP/1.1" 200 12511 "-" "Mozilla/5.0 AppleWebKit/537.36 (KHTML, like Gecko; compatible; GPTBot/1.2; +https://openai.com/gptbot)"
20.171.207.216 - - [13/Sep/2025:15:59:14 +0200] "GET /?fileloc=//proc/24/net/if_inet6&path=//proc/24/net HTTP/1.1" 200 12511 "-" "Mozilla/5.0 AppleWebKit/537.36 (KHTML, like Gecko; compatible; GPTBot/1.2; +https://openai.com/gptbot)"
216.73.216.169 - - [13/Sep/2025:15:59:14 +0200] "GET /?fileloc=%2Fmnt%2Fdata%2Ftargetplatform%2Fpublic_html%2Fen%2Fwp-admin%2Fupdate-core.php&path=%2Fmnt%2Fdata%2Ftargetplatform%2Fpublic_html%2Fen%2Fwp-admin HTTP/1.1" 200 70050 "-" "Mozilla/5.0 AppleWebKit/537.36 (KHTML, like Gecko; compatible; ClaudeBot/1.0; +claudebot@anthropic.com)"
20.171.207.216 - - [13/Sep/2025:15:59:17 +0200] "GET /?fileloc=//proc/51/net/if_inet6&path=//proc/51/net HTTP/1.1" 200 12511 "-" "Mozilla/5.0 AppleWebKit/537.36 (KHTML, like Gecko; compatible; GPTBot/1.2; +https://openai.com/gptbot)"
216.73.216.169 - - [13/Sep/2025:15:59:17 +0200] "GET /?fileloc=%2Fmnt%2Fdata%2Ftargetplatform%2Fpublic_html%2Fen%2Fwp-admin%2Flink-add.php&path=%2Fmnt%2Fdata%2Ftargetplatform%2Fpublic_html%2Fen%2Fwp-admin HTTP/1.1" 200 13730 "-" "Mozilla/5.0 AppleWebKit/537.36 (KHTML, like Gecko; compatible; ClaudeBot/1.0; +claudebot@anthropic.com)"
20.171.207.216 - - [13/Sep/2025:15:59:20 +0200] "GET /?fileloc=//proc/65/net/rt6_stats&path=//proc/65/net HTTP/1.1" 200 12386 "-" "Mozilla/5.0 AppleWebKit/537.36 (KHTML, like Gecko; compatible; GPTBot/1.2; +https://openai.com/gptbot)"
216.73.216.169 - - [13/Sep/2025:15:59:20 +0200] "GET /?fileloc=%2Fmnt%2Fdata%2Ftargetplatform%2Fpublic_html%2Fen%2Fwp-includes%2Fdate.php&path=%2Fmnt%2Fdata%2Ftargetplatform%2Fpublic_html%2Fen%2Fwp-includes HTTP/1.1" 200 13067 "-" "Mozilla/5.0 AppleWebKit/537.36 (KHTML, like Gecko; compatible; ClaudeBot/1.0; +claudebot@anthropic.com)"
20.171.207.216 - - [13/Sep/2025:15:59:23 +0200] "GET /?fileloc=//proc/33/net/rt6_stats&path=//proc/33/net HTTP/1.1" 200 12386 "-" "Mozilla/5.0 AppleWebKit/537.36 (KHTML, like Gecko; compatible; GPTBot/1.2; +https://openai.com/gptbot)"
216.73.216.169 - - [13/Sep/2025:15:59:23 +0200] "GET /?fileloc=%2Fmnt%2Fdata%2Ftargetplatform%2Fpublic_html%2Fen%2Fwp-includes%2Fglobal-styles-and-settings.php&path=%2Fmnt%2Fdata%2Ftargetplatform%2Fpublic_html%2Fen%2Fwp-includes HTTP/1.1" 200 35732 "-" "Mozilla/5.0 AppleWebKit/537.36 (KHTML, like Gecko; compatible; ClaudeBot/1.0; +claudebot@anthropic.com)"
20.171.207.216 - - [13/Sep/2025:15:59:26 +0200] "GET /?fileloc=//proc/71/net/if_inet6&path=//proc/71/net HTTP/1.1" 200 12511 "-" "Mozilla/5.0 AppleWebKit/537.36 (KHTML, like Gecko; compatible; GPTBot/1.2; +https://openai.com/gptbot)"
216.73.216.169 - - [13/Sep/2025:15:59:26 +0200] "GET /?fileloc=%2Fmnt%2Fdata%2Ftargetplatform%2Fpublic_html%2Fen%2Fwp-includes%2Fblocks.php&path=%2Fmnt%2Fdata%2Ftargetplatform%2Fpublic_html%2Fen%2Fwp-includes HTTP/1.1" 200 126025 "-" "Mozilla/5.0 AppleWebKit/537.36 (KHTML, like Gecko; compatible; ClaudeBot/1.0; +claudebot@anthropic.com)"
216.73.216.169 - - [13/Sep/2025:15:59:29 +0200] "GET /?fileloc=%2Fmnt%2Fdata%2Ftargetplatform%2Fpublic_html%2Fen%2Fwp-includes%2Fclass-wp-locale-switcher.php&path=%2Fmnt%2Fdata%2Ftargetplatform%2Fpublic_html%2Fen%2Fwp-includes HTTP/1.1" 200 19462 "-" "Mozilla/5.0 AppleWebKit/537.36 (KHTML, like Gecko; compatible; ClaudeBot/1.0; +claudebot@anthropic.com)"
20.171.207.216 - - [13/Sep/2025:15:59:29 +0200] "GET /?fileloc=//proc/78/sessionid&path=//proc/78 HTTP/1.1" 200 12318 "-" "Mozilla/5.0 AppleWebKit/537.36 (KHTML, like Gecko; compatible; GPTBot/1.2; +https://openai.com/gptbot)"
216.73.216.169 - - [13/Sep/2025:15:59:32 +0200] "GET /?fileloc=%2Fmnt%2Fdata%2Ftargetplatform%2Fpublic_html%2Fen%2Fwp-includes%2Fclass-wp-theme.php&path=%2Fmnt%2Fdata%2Ftargetplatform%2Fpublic_html%2Fen%2Fwp-includes HTTP/1.1" 200 85968 "-" "Mozilla/5.0 AppleWebKit/537.36 (KHTML, like Gecko; compatible; ClaudeBot/1.0; +claudebot@anthropic.com)"
20.171.207.216 - - [13/Sep/2025:15:59:33 +0200] "GET /?fileloc=//proc/71/schedstat&path=//proc/71 HTTP/1.1" 200 12321 "-" "Mozilla/5.0 AppleWebKit/537.36 (KHTML, like Gecko; compatible; GPTBot/1.2; +https://openai.com/gptbot)"
216.73.216.169 - - [13/Sep/2025:15:59:35 +0200] "GET /?fileloc=%2Fmnt%2Fdata%2Ftargetplatform%2Fpublic_html%2Fwp-includes%2FIXR%2Fclass-IXR-base64.php&path=%2Fmnt%2Fdata%2Ftargetplatform%2Fpublic_html%2Fwp-includes%2FIXR HTTP/1.1" 404 - "-" "Mozilla/5.0 AppleWebKit/537.36 (KHTML, like Gecko; compatible; ClaudeBot/1.0; +claudebot@anthropic.com)"
20.171.207.216 - - [13/Sep/2025:15:59:36 +0200] "GET /?fileloc=//proc/33/setgroups&path=//proc/33 HTTP/1.1" 200 12314 "-" "Mozilla/5.0 AppleWebKit/537.36 (KHTML, like Gecko; compatible; GPTBot/1.2; +https://openai.com/gptbot)"
216.73.216.169 - - [13/Sep/2025:15:59:38 +0200] "GET /?fileloc=%2Fmnt%2Fdata%2Ftargetplatform%2Fpublic_html%2Fwp-includes%2FID3%2Fgetid3.lib.php&path=%2Fmnt%2Fdata%2Ftargetplatform%2Fpublic_html%2Fwp-includes%2FID3 HTTP/1.1" 200 71954 "-" "Mozilla/5.0 AppleWebKit/537.36 (KHTML, like Gecko; compatible; ClaudeBot/1.0; +claudebot@anthropic.com)"
20.171.207.216 - - [13/Sep/2025:15:59:39 +0200] "GET /?fileloc=//proc/65/sessionid&path=//proc/65 HTTP/1.1" 200 12318 "-" "Mozilla/5.0 AppleWebKit/537.36 (KHTML, like Gecko; compatible; GPTBot/1.2; +https://openai.com/gptbot)"
216.73.216.169 - - [13/Sep/2025:15:59:41 +0200] "GET /?fileloc=%2Fmnt%2Fdata%2Ftargetplatform%2Fpublic_html%2Fen%2Fwp-admin%2Ftools.php&path=%2Fmnt%2Fdata%2Ftargetplatform%2Fpublic_html%2Fen%2Fwp-admin HTTP/1.1" 200 16936 "-" "Mozilla/5.0 AppleWebKit/537.36 (KHTML, like Gecko; compatible; ClaudeBot/1.0; +claudebot@anthropic.com)"
20.171.207.216 - - [13/Sep/2025:15:59:42 +0200] "GET /?fileloc=//proc/24/schedstat&path=//proc/24 HTTP/1.1" 200 12339 "-" "Mozilla/5.0 AppleWebKit/537.36 (KHTML, like Gecko; compatible; GPTBot/1.2; +https://openai.com/gptbot)"
216.73.216.169 - - [13/Sep/2025:15:59:44 +0200] "GET /?fileloc=%2Fmnt%2Fdata%2Ftargetplatform%2Fpublic_html%2Fen%2Fwp-includes%2Fclass-pop3.php&path=%2Fmnt%2Fdata%2Ftargetplatform%2Fpublic_html%2Fen%2Fwp-includes HTTP/1.1" 200 36025 "-" "Mozilla/5.0 AppleWebKit/537.36 (KHTML, like Gecko; compatible; ClaudeBot/1.0; +claudebot@anthropic.com)"
20.171.207.216 - - [13/Sep/2025:15:59:45 +0200] "GET /?fileloc=//proc/24/setgroups&path=//proc/24 HTTP/1.1" 200 12314 "-" "Mozilla/5.0 AppleWebKit/537.36 (KHTML, like Gecko; compatible; GPTBot/1.2; +https://openai.com/gptbot)"
216.73.216.169 - - [13/Sep/2025:15:59:47 +0200] "GET /?fileloc=%2Fmnt%2Fdata%2Ftargetplatform%2Fpublic_html%2Fen%2Fwp-admin%2Fwidgets-form-blocks.php&path=%2Fmnt%2Fdata%2Ftargetplatform%2Fpublic_html%2Fen%2Fwp-admin HTTP/1.1" 200 18415 "-" "Mozilla/5.0 AppleWebKit/537.36 (KHTML, like Gecko; compatible; ClaudeBot/1.0; +claudebot@anthropic.com)"
20.171.207.216 - - [13/Sep/2025:15:59:48 +0200] "GET /?fileloc=//proc/78/autogroup&path=//proc/78 HTTP/1.1" 200 12308 "-" "Mozilla/5.0 AppleWebKit/537.36 (KHTML, like Gecko; compatible; GPTBot/1.2; +https://openai.com/gptbot)"
216.73.216.169 - - [13/Sep/2025:15:59:50 +0200] "GET /?fileloc=%2Fmnt%2Fdata%2Ftargetplatform%2Fpublic_html%2Fwp-includes%2FIXR%2Fclass-IXR-date.php&path=%2Fmnt%2Fdata%2Ftargetplatform%2Fpublic_html%2Fwp-includes%2FIXR HTTP/1.1" 200 14562 "-" "Mozilla/5.0 AppleWebKit/537.36 (KHTML, like Gecko; compatible; ClaudeBot/1.0; +claudebot@anthropic.com)"
20.171.207.216 - - [13/Sep/2025:15:59:51 +0200] "GET /?fileloc=//proc/48/sessionid&path=//proc/48 HTTP/1.1" 200 12318 "-" "Mozilla/5.0 AppleWebKit/537.36 (KHTML, like Gecko; compatible; GPTBot/1.2; +https://openai.com/gptbot)"
216.73.216.169 - - [13/Sep/2025:15:59:53 +0200] "GET /?fileloc=%2Fmnt%2Fdata%2Ftargetplatform%2Fpublic_html%2Fen%2Fwp-includes%2Fclass-walker-nav-menu.php&path=%2Fmnt%2Fdata%2Ftargetplatform%2Fpublic_html%2Fen%2Fwp-includes HTTP/1.1" 200 25626 "-" "Mozilla/5.0 AppleWebKit/537.36 (KHTML, like Gecko; compatible; ClaudeBot/1.0; +claudebot@anthropic.com)"
20.171.207.216 - - [13/Sep/2025:15:59:54 +0200] "GET /?fileloc=//proc/71/autogroup&path=//proc/71 HTTP/1.1" 200 12308 "-" "Mozilla/5.0 AppleWebKit/537.36 (KHTML, like Gecko; compatible; GPTBot/1.2; +https://openai.com/gptbot)"
216.73.216.169 - - [13/Sep/2025:15:59:56 +0200] "GET /?fileloc=%2Fmnt%2Fdata%2Ftargetplatform%2Fpublic_html%2Fen%2Fwp-admin%2Fms-users.php&path=%2Fmnt%2Fdata%2Ftargetplatform%2Fpublic_html%2Fen%2Fwp-admin HTTP/1.1" 200 12857 "-" "Mozilla/5.0 AppleWebKit/537.36 (KHTML, like Gecko; compatible; ClaudeBot/1.0; +claudebot@anthropic.com)"
20.171.207.216 - - [13/Sep/2025:15:59:57 +0200] "GET /?fileloc=//proc/24/autogroup&path=//proc/24 HTTP/1.1" 200 12308 "-" "Mozilla/5.0 AppleWebKit/537.36 (KHTML, like Gecko; compatible; GPTBot/1.2; +https://openai.com/gptbot)"
66.249.70.33 - - [13/Sep/2025:15:59:59 +0200] "GET /partnership/igy/668511088 HTTP/1.1" 404 - "-" "Mozilla/5.0 (Linux; Android 6.0.1; Nexus 5X Build/MMB29P) AppleWebKit/537.36 (KHTML, like Gecko) Chrome/140.0.7339.127 Mobile Safari/537.36 (compatible; Googlebot/2.1; +http://www.google.com/bot.html)"
216.73.216.169 - - [13/Sep/2025:15:59:59 +0200] "GET /?fileloc=%2Fmnt%2Fdata%2Ftargetplatform%2Fpublic_html%2Fen%2Fwp-includes%2Foption.php&path=%2Fmnt%2Fdata%2Ftargetplatform%2Fpublic_html%2Fen%2Fwp-includes HTTP/1.1" 200 122117 "-" "Mozilla/5.0 AppleWebKit/537.36 (KHTML, like Gecko; compatible; ClaudeBot/1.0; +claudebot@anthropic.com)"
