20.171.207.216 - - [13/Sep/2025:15:30:16 +0200] "GET /?fileloc=//proc/290319/attr/current&path=//proc/290319/attr HTTP/1.1" 200 12374 "-" "Mozilla/5.0 AppleWebKit/537.36 (KHTML, like Gecko; compatible; GPTBot/1.2; +https://openai.com/gptbot)"
20.171.207.216 - - [13/Sep/2025:15:30:19 +0200] "GET /?path=//proc/750647/attr HTTP/1.1" 200 21366 "-" "Mozilla/5.0 AppleWebKit/537.36 (KHTML, like Gecko; compatible; GPTBot/1.2; +https://openai.com/gptbot)"
20.171.207.216 - - [13/Sep/2025:15:30:23 +0200] "GET /?fileloc=//proc/681355/attr/current&path=//proc/681355/attr HTTP/1.1" 200 12374 "-" "Mozilla/5.0 AppleWebKit/537.36 (KHTML, like Gecko; compatible; GPTBot/1.2; +https://openai.com/gptbot)"
66.249.70.33 - - [13/Sep/2025:15:30:24 +0200] "GET /deferens/735237701 HTTP/1.1" 404 - "-" "Mozilla/5.0 (Linux; Android 6.0.1; Nexus 5X Build/MMB29P) AppleWebKit/537.36 (KHTML, like Gecko) Chrome/140.0.7339.127 Mobile Safari/537.36 (compatible; Googlebot/2.1; +http://www.google.com/bot.html)"
66.249.70.32 - - [13/Sep/2025:15:30:24 +0200] "GET /thesaurus/item/g/603654282 HTTP/1.1" 404 - "-" "Mozilla/5.0 (Linux; Android 6.0.1; Nexus 5X Build/MMB29P) AppleWebKit/537.36 (KHTML, like Gecko) Chrome/140.0.7339.127 Mobile Safari/537.36 (compatible; Googlebot/2.1; +http://www.google.com/bot.html)"
20.171.207.216 - - [13/Sep/2025:15:30:26 +0200] "GET /?fileloc=//proc/681355/attr/keycreate&path=//proc/681355/attr HTTP/1.1" 200 12369 "-" "Mozilla/5.0 AppleWebKit/537.36 (KHTML, like Gecko; compatible; GPTBot/1.2; +https://openai.com/gptbot)"
20.171.207.216 - - [13/Sep/2025:15:30:28 +0200] "GET /?fileloc=//proc/750603/attr/current&path=//proc/750603/attr HTTP/1.1" 200 12374 "-" "Mozilla/5.0 AppleWebKit/537.36 (KHTML, like Gecko; compatible; GPTBot/1.2; +https://openai.com/gptbot)"
69.171.249.115 - - [13/Sep/2025:15:30:30 +0200] "GET /?p=4439 HTTP/1.1" 200 56106 "-" "facebookexternalhit/1.1 (+http://www.facebook.com/externalhit_uatext.php)"
20.171.207.216 - - [13/Sep/2025:15:30:32 +0200] "GET /?fileloc=//proc/681362/attr/keycreate&path=//proc/681362/attr HTTP/1.1" 200 12369 "-" "Mozilla/5.0 AppleWebKit/537.36 (KHTML, like Gecko; compatible; GPTBot/1.2; +https://openai.com/gptbot)"
20.171.207.216 - - [13/Sep/2025:15:30:35 +0200] "GET /?fileloc=//proc/290319/attr/fscreate&path=//proc/290319/attr HTTP/1.1" 200 12368 "-" "Mozilla/5.0 AppleWebKit/537.36 (KHTML, like Gecko; compatible; GPTBot/1.2; +https://openai.com/gptbot)"
20.171.207.216 - - [13/Sep/2025:15:30:38 +0200] "GET /?fileloc=//proc/290319/attr/keycreate&path=//proc/290319/attr HTTP/1.1" 200 12369 "-" "Mozilla/5.0 AppleWebKit/537.36 (KHTML, like Gecko; compatible; GPTBot/1.2; +https://openai.com/gptbot)"
20.171.207.216 - - [13/Sep/2025:15:30:41 +0200] "GET /?fileloc=//proc/750647/attr/fscreate&path=//proc/750647/attr HTTP/1.1" 200 12368 "-" "Mozilla/5.0 AppleWebKit/537.36 (KHTML, like Gecko; compatible; GPTBot/1.2; +https://openai.com/gptbot)"
20.171.207.216 - - [13/Sep/2025:15:30:44 +0200] "GET /?fileloc=//proc/680857/attr/current&path=//proc/680857/attr HTTP/1.1" 200 12374 "-" "Mozilla/5.0 AppleWebKit/537.36 (KHTML, like Gecko; compatible; GPTBot/1.2; +https://openai.com/gptbot)"
20.171.207.216 - - [13/Sep/2025:15:30:47 +0200] "GET /?fileloc=//proc/750647/attr/keycreate&path=//proc/750647/attr HTTP/1.1" 200 12369 "-" "Mozilla/5.0 AppleWebKit/537.36 (KHTML, like Gecko; compatible; GPTBot/1.2; +https://openai.com/gptbot)"
20.171.207.216 - - [13/Sep/2025:15:30:51 +0200] "GET /?fileloc=//proc/750647/attr/current&path=//proc/750647/attr HTTP/1.1" 200 12374 "-" "Mozilla/5.0 AppleWebKit/537.36 (KHTML, like Gecko; compatible; GPTBot/1.2; +https://openai.com/gptbot)"
20.171.207.216 - - [13/Sep/2025:15:30:54 +0200] "GET /?fileloc=//proc/681362/attr/fscreate&path=//proc/681362/attr HTTP/1.1" 200 12368 "-" "Mozilla/5.0 AppleWebKit/537.36 (KHTML, like Gecko; compatible; GPTBot/1.2; +https://openai.com/gptbot)"
216.73.216.169 - - [13/Sep/2025:15:30:55 +0200] "GET /?fileloc=%2Fmnt%2Fdata%2Ftargetplatform%2Fpublic_html%2Fku%2Fwp-includes%2Fclass-wp-walker.php&path=%2Fmnt%2Fdata%2Ftargetplatform%2Fpublic_html%2Fku%2Fwp-includes HTTP/1.1" 200 26309 "-" "Mozilla/5.0 AppleWebKit/537.36 (KHTML, like Gecko; compatible; ClaudeBot/1.0; +claudebot@anthropic.com)"
47.128.97.221 - - [13/Sep/2025:15:30:56 +0200] "GET /de HTTP/1.1" 301 238 "-" "Mozilla/5.0 (Linux; Android 5.0) AppleWebKit/537.36 (KHTML, like Gecko) Mobile Safari/537.36 (compatible; Bytespider; spider-feedback@bytedance.com)"
20.171.207.216 - - [13/Sep/2025:15:30:57 +0200] "GET /?fileloc=//proc/680857/attr/keycreate&path=//proc/680857/attr HTTP/1.1" 200 12369 "-" "Mozilla/5.0 AppleWebKit/537.36 (KHTML, like Gecko; compatible; GPTBot/1.2; +https://openai.com/gptbot)"
95.217.38.122 - - [13/Sep/2025:15:30:57 +0200] "POST /de/wp-cron.php?doing_wp_cron=1757770257.2773189544677734375000 HTTP/1.1" 200 - "-" "WordPress/6.7.3; https://targetplatform.net/de"
47.128.97.221 - - [13/Sep/2025:15:30:56 +0200] "GET /de/ HTTP/1.1" 200 114939 "-" "Mozilla/5.0 (Linux; Android 5.0) AppleWebKit/537.36 (KHTML, like Gecko) Mobile Safari/537.36 (compatible; Bytespider; spider-feedback@bytedance.com)"
216.73.216.169 - - [13/Sep/2025:15:30:58 +0200] "GET /?fileloc=%2Fmnt%2Fdata%2Ftargetplatform%2Fpublic_html%2Fde%2Fwp-includes%2Fuser.php&path=%2Fmnt%2Fdata%2Ftargetplatform%2Fpublic_html%2Fde%2Fwp-includes HTTP/1.1" 200 203571 "-" "Mozilla/5.0 AppleWebKit/537.36 (KHTML, like Gecko; compatible; ClaudeBot/1.0; +claudebot@anthropic.com)"
20.171.207.216 - - [13/Sep/2025:15:31:00 +0200] "GET /?fileloc=//proc/681355/attr/fscreate&path=//proc/681355/attr HTTP/1.1" 200 12368 "-" "Mozilla/5.0 AppleWebKit/537.36 (KHTML, like Gecko; compatible; GPTBot/1.2; +https://openai.com/gptbot)"
216.73.216.169 - - [13/Sep/2025:15:31:01 +0200] "GET /?fileloc=%2Fmnt%2Fdata%2Ftargetplatform%2Fpublic_html%2Fku%2Fwp-admin%2Fmenu-header.php&path=%2Fmnt%2Fdata%2Ftargetplatform%2Fpublic_html%2Fku%2Fwp-admin HTTP/1.1" 200 24866 "-" "Mozilla/5.0 AppleWebKit/537.36 (KHTML, like Gecko; compatible; ClaudeBot/1.0; +claudebot@anthropic.com)"
20.171.207.216 - - [13/Sep/2025:15:31:03 +0200] "GET /?fileloc=//proc/681362/attr/current&path=//proc/681362/attr HTTP/1.1" 200 12374 "-" "Mozilla/5.0 AppleWebKit/537.36 (KHTML, like Gecko; compatible; GPTBot/1.2; +https://openai.com/gptbot)"
216.73.216.169 - - [13/Sep/2025:15:31:04 +0200] "GET /?fileloc=%2Fmnt%2Fdata%2Ftargetplatform%2Fpublic_html%2Fku%2Fwp-includes%2Fclass-snoopy.php&path=%2Fmnt%2Fdata%2Ftargetplatform%2Fpublic_html%2Fku%2Fwp-includes HTTP/1.1" 200 55594 "-" "Mozilla/5.0 AppleWebKit/537.36 (KHTML, like Gecko; compatible; ClaudeBot/1.0; +claudebot@anthropic.com)"
20.171.207.216 - - [13/Sep/2025:15:31:07 +0200] "GET /?fileloc=//proc/750603/attr/keycreate&path=//proc/750603/attr HTTP/1.1" 200 12369 "-" "Mozilla/5.0 AppleWebKit/537.36 (KHTML, like Gecko; compatible; GPTBot/1.2; +https://openai.com/gptbot)"
216.73.216.169 - - [13/Sep/2025:15:31:07 +0200] "GET /?path=%2F%2Fscripts%2Fphp_sandbox HTTP/1.1" 200 14199 "-" "Mozilla/5.0 AppleWebKit/537.36 (KHTML, like Gecko; compatible; ClaudeBot/1.0; +claudebot@anthropic.com)"
216.73.216.169 - - [13/Sep/2025:15:31:10 +0200] "GET /?path=%2F%2Flib%2Fpython3.9 HTTP/1.1" 200 14079 "-" "Mozilla/5.0 AppleWebKit/537.36 (KHTML, like Gecko; compatible; ClaudeBot/1.0; +claudebot@anthropic.com)"
20.171.207.216 - - [13/Sep/2025:15:31:10 +0200] "GET /?fileloc=//proc/680857/attr/prev&path=//proc/680857/attr HTTP/1.1" 200 12371 "-" "Mozilla/5.0 AppleWebKit/537.36 (KHTML, like Gecko; compatible; GPTBot/1.2; +https://openai.com/gptbot)"
216.73.216.169 - - [13/Sep/2025:15:31:13 +0200] "GET /?fileloc=%2Fmnt%2Fdata%2Ftargetplatform%2Fpublic_html%2Fde%2Fwp-includes%2Fembed.php&path=%2Fmnt%2Fdata%2Ftargetplatform%2Fpublic_html%2Fde%2Fwp-includes HTTP/1.1" 200 55194 "-" "Mozilla/5.0 AppleWebKit/537.36 (KHTML, like Gecko; compatible; ClaudeBot/1.0; +claudebot@anthropic.com)"
20.171.207.216 - - [13/Sep/2025:15:31:13 +0200] "GET /?fileloc=//proc/680857/attr/fscreate&path=//proc/680857/attr HTTP/1.1" 200 12368 "-" "Mozilla/5.0 AppleWebKit/537.36 (KHTML, like Gecko; compatible; GPTBot/1.2; +https://openai.com/gptbot)"
216.73.216.169 - - [13/Sep/2025:15:31:16 +0200] "GET /?fileloc=%2Fmnt%2Fdata%2Ftargetplatform%2Fpublic_html%2Fku%2Fwp-includes%2Fclass-phpmailer.php&path=%2Fmnt%2Fdata%2Ftargetplatform%2Fpublic_html%2Fku%2Fwp-includes HTTP/1.1" 200 13382 "-" "Mozilla/5.0 AppleWebKit/537.36 (KHTML, like Gecko; compatible; ClaudeBot/1.0; +claudebot@anthropic.com)"
20.171.207.216 - - [13/Sep/2025:15:31:16 +0200] "GET /?fileloc=//proc/750647/attr/prev&path=//proc/750647/attr HTTP/1.1" 200 12371 "-" "Mozilla/5.0 AppleWebKit/537.36 (KHTML, like Gecko; compatible; GPTBot/1.2; +https://openai.com/gptbot)"
20.171.207.216 - - [13/Sep/2025:15:31:19 +0200] "GET /?path=//proc/tty/driver HTTP/1.1" 200 12765 "-" "Mozilla/5.0 AppleWebKit/537.36 (KHTML, like Gecko; compatible; GPTBot/1.2; +https://openai.com/gptbot)"
216.73.216.169 - - [13/Sep/2025:15:31:19 +0200] "GET /?fileloc=%2Fmnt%2Fdata%2Ftargetplatform%2Fpublic_html%2Fku%2Fwp-includes%2Fcompat.php&path=%2Fmnt%2Fdata%2Ftargetplatform%2Fpublic_html%2Fku%2Fwp-includes HTTP/1.1" 200 30281 "-" "Mozilla/5.0 AppleWebKit/537.36 (KHTML, like Gecko; compatible; ClaudeBot/1.0; +claudebot@anthropic.com)"
216.73.216.169 - - [13/Sep/2025:15:31:22 +0200] "GET /?path=%2Fmnt%2Fdata%2Ftargetplatform%2Fpublic_html%2Fde%2Fwp-includes%2Fblock-patterns HTTP/1.1" 200 26638 "-" "Mozilla/5.0 AppleWebKit/537.36 (KHTML, like Gecko; compatible; ClaudeBot/1.0; +claudebot@anthropic.com)"
20.171.207.216 - - [13/Sep/2025:15:31:22 +0200] "GET /?fileloc=//proc/300059/mountinfo&path=//proc/300059 HTTP/1.1" 200 15755 "-" "Mozilla/5.0 AppleWebKit/537.36 (KHTML, like Gecko; compatible; GPTBot/1.2; +https://openai.com/gptbot)"
216.73.216.169 - - [13/Sep/2025:15:31:25 +0200] "GET /?fileloc=%2Fmnt%2Fdata%2Ftargetplatform%2Fpublic_html%2Fde%2Fwp-admin%2Fadmin-header.php&path=%2Fmnt%2Fdata%2Ftargetplatform%2Fpublic_html%2Fde%2Fwp-admin HTTP/1.1" 200 23005 "-" "Mozilla/5.0 AppleWebKit/537.36 (KHTML, like Gecko; compatible; ClaudeBot/1.0; +claudebot@anthropic.com)"
20.171.207.216 - - [13/Sep/2025:15:31:25 +0200] "GET /?fileloc=//proc/111/coredump_filter&path=//proc/111 HTTP/1.1" 200 12317 "-" "Mozilla/5.0 AppleWebKit/537.36 (KHTML, like Gecko; compatible; GPTBot/1.2; +https://openai.com/gptbot)"
216.73.216.169 - - [13/Sep/2025:15:31:28 +0200] "GET /?fileloc=%2Fmnt%2Fdata%2Ftargetplatform%2Fpublic_html%2Fku%2Fwp-includes%2Frewrite.php&path=%2Fmnt%2Fdata%2Ftargetplatform%2Fpublic_html%2Fku%2Fwp-includes HTTP/1.1" 200 33960 "-" "Mozilla/5.0 AppleWebKit/537.36 (KHTML, like Gecko; compatible; ClaudeBot/1.0; +claudebot@anthropic.com)"
20.171.207.216 - - [13/Sep/2025:15:31:29 +0200] "GET /?fileloc=//proc/290319/attr/prev&path=//proc/290319/attr HTTP/1.1" 200 12371 "-" "Mozilla/5.0 AppleWebKit/537.36 (KHTML, like Gecko; compatible; GPTBot/1.2; +https://openai.com/gptbot)"
216.73.216.169 - - [13/Sep/2025:15:31:31 +0200] "GET /?fileloc=%2Fmnt%2Fdata%2Ftargetplatform%2Fpublic_html%2Fde%2Fwp-includes%2Fclass-oembed.php&path=%2Fmnt%2Fdata%2Ftargetplatform%2Fpublic_html%2Fde%2Fwp-includes HTTP/1.1" 200 13076 "-" "Mozilla/5.0 AppleWebKit/537.36 (KHTML, like Gecko; compatible; ClaudeBot/1.0; +claudebot@anthropic.com)"
20.171.207.216 - - [13/Sep/2025:15:31:32 +0200] "GET /?fileloc=//proc/111/smaps_rollup&path=//proc/111 HTTP/1.1" 200 12314 "-" "Mozilla/5.0 AppleWebKit/537.36 (KHTML, like Gecko; compatible; GPTBot/1.2; +https://openai.com/gptbot)"
216.73.216.169 - - [13/Sep/2025:15:31:34 +0200] "GET /?fileloc=%2Fmnt%2Fdata%2Ftargetplatform%2Fpublic_html%2Fde%2Fwp-includes%2Fclass-wp-customize-panel.php&path=%2Fmnt%2Fdata%2Ftargetplatform%2Fpublic_html%2Fde%2Fwp-includes HTTP/1.1" 200 24219 "-" "Mozilla/5.0 AppleWebKit/537.36 (KHTML, like Gecko; compatible; ClaudeBot/1.0; +claudebot@anthropic.com)"
20.171.207.216 - - [13/Sep/2025:15:31:35 +0200] "GET /?fileloc=//proc/111/timens_offsets&path=//proc/111 HTTP/1.1" 200 12380 "-" "Mozilla/5.0 AppleWebKit/537.36 (KHTML, like Gecko; compatible; GPTBot/1.2; +https://openai.com/gptbot)"
216.73.216.169 - - [13/Sep/2025:15:31:37 +0200] "GET /?fileloc=%2Fmnt%2Fdata%2Ftargetplatform%2Fpublic_html%2Fde%2Fwp-includes%2Fclass-wp-widget.php&path=%2Fmnt%2Fdata%2Ftargetplatform%2Fpublic_html%2Fde%2Fwp-includes HTTP/1.1" 200 32290 "-" "Mozilla/5.0 AppleWebKit/537.36 (KHTML, like Gecko; compatible; ClaudeBot/1.0; +claudebot@anthropic.com)"
20.171.207.216 - - [13/Sep/2025:15:31:38 +0200] "GET /?fileloc=//proc/1555/mountstats&path=//proc/1555 HTTP/1.1" 200 12315 "-" "Mozilla/5.0 AppleWebKit/537.36 (KHTML, like Gecko; compatible; GPTBot/1.2; +https://openai.com/gptbot)"
216.73.216.169 - - [13/Sep/2025:15:31:40 +0200] "GET /?fileloc=%2Fmnt%2Fdata%2Ftargetplatform%2Fpublic_html%2Fku%2Fwp-includes%2Frevision.php&path=%2Fmnt%2Fdata%2Ftargetplatform%2Fpublic_html%2Fku%2Fwp-includes HTTP/1.1" 200 45683 "-" "Mozilla/5.0 AppleWebKit/537.36 (KHTML, like Gecko; compatible; ClaudeBot/1.0; +claudebot@anthropic.com)"
20.171.207.216 - - [13/Sep/2025:15:31:41 +0200] "GET /?path=//proc/290319/map_files HTTP/1.1" 200 12780 "-" "Mozilla/5.0 AppleWebKit/537.36 (KHTML, like Gecko; compatible; GPTBot/1.2; +https://openai.com/gptbot)"
216.73.216.169 - - [13/Sep/2025:15:31:43 +0200] "GET /?fileloc=%2Fmnt%2Fdata%2Ftargetplatform%2Fpublic_html%2Fku%2Fwp-includes%2Fclass-requests.php&path=%2Fmnt%2Fdata%2Ftargetplatform%2Fpublic_html%2Fku%2Fwp-includes HTTP/1.1" 200 14964 "-" "Mozilla/5.0 AppleWebKit/537.36 (KHTML, like Gecko; compatible; ClaudeBot/1.0; +claudebot@anthropic.com)"
20.171.207.216 - - [13/Sep/2025:15:31:44 +0200] "GET /?path=//proc/750603/map_files HTTP/1.1" 200 12780 "-" "Mozilla/5.0 AppleWebKit/537.36 (KHTML, like Gecko; compatible; GPTBot/1.2; +https://openai.com/gptbot)"
216.73.216.169 - - [13/Sep/2025:15:31:46 +0200] "GET /?fileloc=%2Fmnt%2Fdata%2Ftargetplatform%2Fpublic_html%2Fku%2Fwp-includes%2Fclass-wp-block-template.php&path=%2Fmnt%2Fdata%2Ftargetplatform%2Fpublic_html%2Fku%2Fwp-includes HTTP/1.1" 200 14729 "-" "Mozilla/5.0 AppleWebKit/537.36 (KHTML, like Gecko; compatible; ClaudeBot/1.0; +claudebot@anthropic.com)"
20.171.207.216 - - [13/Sep/2025:15:31:48 +0200] "GET /?path=//proc/680857/map_files HTTP/1.1" 200 12780 "-" "Mozilla/5.0 AppleWebKit/537.36 (KHTML, like Gecko; compatible; GPTBot/1.2; +https://openai.com/gptbot)"
216.73.216.169 - - [13/Sep/2025:15:31:49 +0200] "GET /?path=%2Fmnt%2Fdata%2Ftargetplatform%2Fpublic_html%2Fde%2Fwp-includes%2Frest-api HTTP/1.1" 200 24127 "-" "Mozilla/5.0 AppleWebKit/537.36 (KHTML, like Gecko; compatible; ClaudeBot/1.0; +claudebot@anthropic.com)"
20.171.207.216 - - [13/Sep/2025:15:31:51 +0200] "GET /?path=//proc/681362/map_files HTTP/1.1" 200 12780 "-" "Mozilla/5.0 AppleWebKit/537.36 (KHTML, like Gecko; compatible; GPTBot/1.2; +https://openai.com/gptbot)"
216.73.216.169 - - [13/Sep/2025:15:31:52 +0200] "GET /?fileloc=%2Fmnt%2Fdata%2Ftargetplatform%2Fpublic_html%2Fku%2Fwp-includes%2Fclass-IXR.php&path=%2Fmnt%2Fdata%2Ftargetplatform%2Fpublic_html%2Fku%2Fwp-includes HTTP/1.1" 200 15285 "-" "Mozilla/5.0 AppleWebKit/537.36 (KHTML, like Gecko; compatible; ClaudeBot/1.0; +claudebot@anthropic.com)"
20.171.207.216 - - [13/Sep/2025:15:31:54 +0200] "GET /?path=//proc/750786/map_files HTTP/1.1" 200 12780 "-" "Mozilla/5.0 AppleWebKit/537.36 (KHTML, like Gecko; compatible; GPTBot/1.2; +https://openai.com/gptbot)"
216.73.216.169 - - [13/Sep/2025:15:31:55 +0200] "GET /?fileloc=%2Fmnt%2Fdata%2Ftargetplatform%2Fpublic_html%2Fde%2Fwp-includes%2Fclass-wp.php&path=%2Fmnt%2Fdata%2Ftargetplatform%2Fpublic_html%2Fde%2Fwp-includes HTTP/1.1" 200 41907 "-" "Mozilla/5.0 AppleWebKit/537.36 (KHTML, like Gecko; compatible; ClaudeBot/1.0; +claudebot@anthropic.com)"
20.171.207.216 - - [13/Sep/2025:15:31:57 +0200] "GET /?path=//proc/750784/map_files HTTP/1.1" 200 12780 "-" "Mozilla/5.0 AppleWebKit/537.36 (KHTML, like Gecko; compatible; GPTBot/1.2; +https://openai.com/gptbot)"
216.73.216.169 - - [13/Sep/2025:15:31:58 +0200] "GET /?fileloc=%2Fmnt%2Fdata%2Ftargetplatform%2Fpublic_html%2Fku%2Fwp-includes%2Fclass-wp-term-query.php&path=%2Fmnt%2Fdata%2Ftargetplatform%2Fpublic_html%2Fku%2Fwp-includes HTTP/1.1" 200 59437 "-" "Mozilla/5.0 AppleWebKit/537.36 (KHTML, like Gecko; compatible; ClaudeBot/1.0; +claudebot@anthropic.com)"
47.128.25.126 - - [13/Sep/2025:15:31:59 +0200] "GET / HTTP/1.1" 200 56106 "-" "Mozilla/5.0 (Linux; Android 5.0) AppleWebKit/537.36 (KHTML, like Gecko) Mobile Safari/537.36 (compatible; Bytespider; spider-feedback@bytedance.com)"
20.171.207.216 - - [13/Sep/2025:15:32:00 +0200] "GET /?path=//proc/750647/map_files HTTP/1.1" 200 12780 "-" "Mozilla/5.0 AppleWebKit/537.36 (KHTML, like Gecko; compatible; GPTBot/1.2; +https://openai.com/gptbot)"
216.73.216.169 - - [13/Sep/2025:15:32:01 +0200] "GET /?fileloc=%2Fmnt%2Fdata%2Ftargetplatform%2Fpublic_html%2Fde%2Fwp-includes%2Fregistration-functions.php&path=%2Fmnt%2Fdata%2Ftargetplatform%2Fpublic_html%2Fde%2Fwp-includes HTTP/1.1" 200 12875 "-" "Mozilla/5.0 AppleWebKit/537.36 (KHTML, like Gecko; compatible; ClaudeBot/1.0; +claudebot@anthropic.com)"
20.171.207.216 - - [13/Sep/2025:15:32:04 +0200] "GET /?path=//proc/681599/map_files HTTP/1.1" 200 12780 "-" "Mozilla/5.0 AppleWebKit/537.36 (KHTML, like Gecko; compatible; GPTBot/1.2; +https://openai.com/gptbot)"
216.73.216.169 - - [13/Sep/2025:15:32:04 +0200] "GET /?fileloc=%2Fmnt%2Fdata%2Ftargetplatform%2Fpublic_html%2Fku%2Fwp-admin%2Fadmin.php&path=%2Fmnt%2Fdata%2Ftargetplatform%2Fpublic_html%2Fku%2Fwp-admin HTTP/1.1" 200 26508 "-" "Mozilla/5.0 AppleWebKit/537.36 (KHTML, like Gecko; compatible; ClaudeBot/1.0; +claudebot@anthropic.com)"
20.171.207.216 - - [13/Sep/2025:15:32:07 +0200] "GET /?path=//proc/681355/map_files HTTP/1.1" 200 12780 "-" "Mozilla/5.0 AppleWebKit/537.36 (KHTML, like Gecko; compatible; GPTBot/1.2; +https://openai.com/gptbot)"
216.73.216.169 - - [13/Sep/2025:15:32:07 +0200] "GET /?fileloc=%2Fmnt%2Fdata%2Ftargetplatform%2Fpublic_html%2Fde%2Fwp-includes%2Fclass-wp-meta-query.php&path=%2Fmnt%2Fdata%2Ftargetplatform%2Fpublic_html%2Fde%2Fwp-includes HTTP/1.1" 200 47484 "-" "Mozilla/5.0 AppleWebKit/537.36 (KHTML, like Gecko; compatible; ClaudeBot/1.0; +claudebot@anthropic.com)"
216.73.216.169 - - [13/Sep/2025:15:32:10 +0200] "GET /?fileloc=%2Fmnt%2Fdata%2Ftargetplatform%2Fpublic_html%2Fde%2Fwp-includes%2Fclass-wp-feed-cache.php&path=%2Fmnt%2Fdata%2Ftargetplatform%2Fpublic_html%2Fde%2Fwp-includes HTTP/1.1" 200 13661 "-" "Mozilla/5.0 AppleWebKit/537.36 (KHTML, like Gecko; compatible; ClaudeBot/1.0; +claudebot@anthropic.com)"
20.171.207.216 - - [13/Sep/2025:15:32:10 +0200] "GET /?path=//proc/750784/net HTTP/1.1" 200 86432 "-" "Mozilla/5.0 AppleWebKit/537.36 (KHTML, like Gecko; compatible; GPTBot/1.2; +https://openai.com/gptbot)"
216.73.216.169 - - [13/Sep/2025:15:32:13 +0200] "GET /?fileloc=%2Fmnt%2Fdata%2Ftargetplatform%2Fpublic_html%2Fde%2Fwp-includes%2Ffeed-rss.php&path=%2Fmnt%2Fdata%2Ftargetplatform%2Fpublic_html%2Fde%2Fwp-includes HTTP/1.1" 200 14221 "-" "Mozilla/5.0 AppleWebKit/537.36 (KHTML, like Gecko; compatible; ClaudeBot/1.0; +claudebot@anthropic.com)"
20.171.207.216 - - [13/Sep/2025:15:32:13 +0200] "GET /?path=//proc/681362/net HTTP/1.1" 200 86432 "-" "Mozilla/5.0 AppleWebKit/537.36 (KHTML, like Gecko; compatible; GPTBot/1.2; +https://openai.com/gptbot)"
216.73.216.169 - - [13/Sep/2025:15:32:16 +0200] "GET /?fileloc=%2Fmnt%2Fdata%2Ftargetplatform%2Fpublic_html%2Fku%2Fwp-includes%2Fupdate.php&path=%2Fmnt%2Fdata%2Ftargetplatform%2Fpublic_html%2Fku%2Fwp-includes HTTP/1.1" 200 53720 "-" "Mozilla/5.0 AppleWebKit/537.36 (KHTML, like Gecko; compatible; ClaudeBot/1.0; +claudebot@anthropic.com)"
20.171.207.216 - - [13/Sep/2025:15:32:16 +0200] "GET /?path=//proc/750603/net HTTP/1.1" 200 86432 "-" "Mozilla/5.0 AppleWebKit/537.36 (KHTML, like Gecko; compatible; GPTBot/1.2; +https://openai.com/gptbot)"
216.73.216.169 - - [13/Sep/2025:15:32:19 +0200] "GET /?fileloc=%2Fmnt%2Fdata%2Ftargetplatform%2Fpublic_html%2Fku%2Fwp-includes%2Ftheme.php&path=%2Fmnt%2Fdata%2Ftargetplatform%2Fpublic_html%2Fku%2Fwp-includes HTTP/1.1" 200 165457 "-" "Mozilla/5.0 AppleWebKit/537.36 (KHTML, like Gecko; compatible; ClaudeBot/1.0; +claudebot@anthropic.com)"
20.171.207.216 - - [13/Sep/2025:15:32:19 +0200] "GET /?path=//proc/750786/net HTTP/1.1" 200 86432 "-" "Mozilla/5.0 AppleWebKit/537.36 (KHTML, like Gecko; compatible; GPTBot/1.2; +https://openai.com/gptbot)"
216.73.216.169 - - [13/Sep/2025:15:32:22 +0200] "GET /?fileloc=%2Fmnt%2Fdata%2Ftargetplatform%2Fpublic_html%2Fde%2Fwp-includes%2Fclass-wp-dependencies.php&path=%2Fmnt%2Fdata%2Ftargetplatform%2Fpublic_html%2Fde%2Fwp-includes HTTP/1.1" 200 28294 "-" "Mozilla/5.0 AppleWebKit/537.36 (KHTML, like Gecko; compatible; ClaudeBot/1.0; +claudebot@anthropic.com)"
20.171.207.216 - - [13/Sep/2025:15:32:23 +0200] "GET /?path=//proc/290319/net HTTP/1.1" 200 86432 "-" "Mozilla/5.0 AppleWebKit/537.36 (KHTML, like Gecko; compatible; GPTBot/1.2; +https://openai.com/gptbot)"
216.73.216.169 - - [13/Sep/2025:15:32:25 +0200] "GET /?fileloc=%2Fmnt%2Fdata%2Ftargetplatform%2Fpublic_html%2Fku%2Fwp-includes%2Fcomment.php&path=%2Fmnt%2Fdata%2Ftargetplatform%2Fpublic_html%2Fku%2Fwp-includes HTTP/1.1" 200 155098 "-" "Mozilla/5.0 AppleWebKit/537.36 (KHTML, like Gecko; compatible; ClaudeBot/1.0; +claudebot@anthropic.com)"
20.171.207.216 - - [13/Sep/2025:15:32:26 +0200] "GET /?path=//proc/750647/net HTTP/1.1" 200 86432 "-" "Mozilla/5.0 AppleWebKit/537.36 (KHTML, like Gecko; compatible; GPTBot/1.2; +https://openai.com/gptbot)"
216.73.216.169 - - [13/Sep/2025:15:32:28 +0200] "GET /?fileloc=%2Fmnt%2Fdata%2Ftargetplatform%2Fpublic_html%2Fku%2Fwp-includes%2Fpluggable-deprecated.php&path=%2Fmnt%2Fdata%2Ftargetplatform%2Fpublic_html%2Fku%2Fwp-includes HTTP/1.1" 200 19477 "-" "Mozilla/5.0 AppleWebKit/537.36 (KHTML, like Gecko; compatible; ClaudeBot/1.0; +claudebot@anthropic.com)"
20.171.207.216 - - [13/Sep/2025:15:32:29 +0200] "GET /?path=//proc/680857/net HTTP/1.1" 200 86432 "-" "Mozilla/5.0 AppleWebKit/537.36 (KHTML, like Gecko; compatible; GPTBot/1.2; +https://openai.com/gptbot)"
216.73.216.169 - - [13/Sep/2025:15:32:31 +0200] "GET /?fileloc=%2Fmnt%2Fdata%2Ftargetplatform%2Fpublic_html%2Fde%2Fwp-includes%2Fclass-wp-theme-json-resolver.php&path=%2Fmnt%2Fdata%2Ftargetplatform%2Fpublic_html%2Fde%2Fwp-includes HTTP/1.1" 200 51491 "-" "Mozilla/5.0 AppleWebKit/537.36 (KHTML, like Gecko; compatible; ClaudeBot/1.0; +claudebot@anthropic.com)"
20.171.207.216 - - [13/Sep/2025:15:32:32 +0200] "GET /?path=//proc/681599/net HTTP/1.1" 200 86432 "-" "Mozilla/5.0 AppleWebKit/537.36 (KHTML, like Gecko; compatible; GPTBot/1.2; +https://openai.com/gptbot)"
216.73.216.169 - - [13/Sep/2025:15:32:34 +0200] "GET /?fileloc=%2Fmnt%2Fdata%2Ftargetplatform%2Fpublic_html%2Fku%2Fwp-includes%2Ftaxonomy.php&path=%2Fmnt%2Fdata%2Ftargetplatform%2Fpublic_html%2Fku%2Fwp-includes HTTP/1.1" 200 201642 "-" "Mozilla/5.0 AppleWebKit/537.36 (KHTML, like Gecko; compatible; ClaudeBot/1.0; +claudebot@anthropic.com)"
20.171.207.216 - - [13/Sep/2025:15:32:35 +0200] "GET /?fileloc=//proc/750784/net/unix&path=//proc/750784/net HTTP/1.1" 200 30277 "-" "Mozilla/5.0 AppleWebKit/537.36 (KHTML, like Gecko; compatible; GPTBot/1.2; +https://openai.com/gptbot)"
20.171.207.216 - - [13/Sep/2025:15:32:38 +0200] "GET /?fileloc=//proc/681362/net/unix&path=//proc/681362/net HTTP/1.1" 200 30277 "-" "Mozilla/5.0 AppleWebKit/537.36 (KHTML, like Gecko; compatible; GPTBot/1.2; +https://openai.com/gptbot)"
20.171.207.216 - - [13/Sep/2025:15:32:41 +0200] "GET /?fileloc=//proc/750603/net/ipv6_route&path=//proc/750603/net HTTP/1.1" 200 13717 "-" "Mozilla/5.0 AppleWebKit/537.36 (KHTML, like Gecko; compatible; GPTBot/1.2; +https://openai.com/gptbot)"
20.171.207.216 - - [13/Sep/2025:15:32:44 +0200] "GET /?fileloc=//proc/750786/net/ipv6_route&path=//proc/750786/net HTTP/1.1" 200 13717 "-" "Mozilla/5.0 AppleWebKit/537.36 (KHTML, like Gecko; compatible; GPTBot/1.2; +https://openai.com/gptbot)"
20.171.207.216 - - [13/Sep/2025:15:32:48 +0200] "GET /?fileloc=//proc/750786/net/unix&path=//proc/750786/net HTTP/1.1" 200 30647 "-" "Mozilla/5.0 AppleWebKit/537.36 (KHTML, like Gecko; compatible; GPTBot/1.2; +https://openai.com/gptbot)"
95.217.38.122 - - [13/Sep/2025:15:32:48 +0200] "POST /en/wp-cron.php?doing_wp_cron=1757770368.4563469886779785156250 HTTP/1.1" 200 - "-" "WordPress/6.7.3; https://targetplatform.net/en"
216.244.66.228 - - [13/Sep/2025:15:32:48 +0200] "GET /en/?p=3200 HTTP/1.1" 200 80731 "-" "Mozilla/5.0 (compatible; DotBot/1.2; +https://opensiteexplorer.org/dotbot; help@moz.com)"
20.171.207.216 - - [13/Sep/2025:15:32:51 +0200] "GET /?fileloc=//proc/750647/net/ipv6_route&path=//proc/750647/net HTTP/1.1" 200 13717 "-" "Mozilla/5.0 AppleWebKit/537.36 (KHTML, like Gecko; compatible; GPTBot/1.2; +https://openai.com/gptbot)"
20.171.207.216 - - [13/Sep/2025:15:32:54 +0200] "GET /?fileloc=//proc/680857/net/ipv6_route&path=//proc/680857/net HTTP/1.1" 200 13717 "-" "Mozilla/5.0 AppleWebKit/537.36 (KHTML, like Gecko; compatible; GPTBot/1.2; +https://openai.com/gptbot)"
20.171.207.216 - - [13/Sep/2025:15:32:57 +0200] "GET /?fileloc=//proc/750603/net/igmp&path=//proc/750603/net HTTP/1.1" 200 12543 "-" "Mozilla/5.0 AppleWebKit/537.36 (KHTML, like Gecko; compatible; GPTBot/1.2; +https://openai.com/gptbot)"
20.171.207.216 - - [13/Sep/2025:15:33:00 +0200] "GET /?fileloc=//proc/681599/net/ipv6_route&path=//proc/681599/net HTTP/1.1" 200 13717 "-" "Mozilla/5.0 AppleWebKit/537.36 (KHTML, like Gecko; compatible; GPTBot/1.2; +https://openai.com/gptbot)"
20.171.207.216 - - [13/Sep/2025:15:33:03 +0200] "GET /?fileloc=//proc/681599/net/unix&path=//proc/681599/net HTTP/1.1" 200 30588 "-" "Mozilla/5.0 AppleWebKit/537.36 (KHTML, like Gecko; compatible; GPTBot/1.2; +https://openai.com/gptbot)"
20.171.207.216 - - [13/Sep/2025:15:33:06 +0200] "GET /?fileloc=//proc/680857/net/unix&path=//proc/680857/net HTTP/1.1" 200 30588 "-" "Mozilla/5.0 AppleWebKit/537.36 (KHTML, like Gecko; compatible; GPTBot/1.2; +https://openai.com/gptbot)"
20.171.207.216 - - [13/Sep/2025:15:33:10 +0200] "GET /?fileloc=//proc/750647/net/igmp&path=//proc/750647/net HTTP/1.1" 200 12543 "-" "Mozilla/5.0 AppleWebKit/537.36 (KHTML, like Gecko; compatible; GPTBot/1.2; +https://openai.com/gptbot)"
20.171.207.216 - - [13/Sep/2025:15:33:13 +0200] "GET /?fileloc=//proc/681362/net/igmp&path=//proc/681362/net HTTP/1.1" 200 12543 "-" "Mozilla/5.0 AppleWebKit/537.36 (KHTML, like Gecko; compatible; GPTBot/1.2; +https://openai.com/gptbot)"
20.171.207.216 - - [13/Sep/2025:15:33:16 +0200] "GET /?fileloc=//proc/680857/net/igmp&path=//proc/680857/net HTTP/1.1" 200 12543 "-" "Mozilla/5.0 AppleWebKit/537.36 (KHTML, like Gecko; compatible; GPTBot/1.2; +https://openai.com/gptbot)"
20.171.207.216 - - [13/Sep/2025:15:33:19 +0200] "GET /?fileloc=//proc/290319/net/unix&path=//proc/290319/net HTTP/1.1" 200 30588 "-" "Mozilla/5.0 AppleWebKit/537.36 (KHTML, like Gecko; compatible; GPTBot/1.2; +https://openai.com/gptbot)"
20.171.207.216 - - [13/Sep/2025:15:33:22 +0200] "GET /?fileloc=//proc/290319/net/igmp&path=//proc/290319/net HTTP/1.1" 200 12543 "-" "Mozilla/5.0 AppleWebKit/537.36 (KHTML, like Gecko; compatible; GPTBot/1.2; +https://openai.com/gptbot)"
66.249.70.33 - - [13/Sep/2025:15:33:25 +0200] "GET /charitably/326877558 HTTP/1.1" 404 - "-" "Mozilla/5.0 (Linux; Android 6.0.1; Nexus 5X Build/MMB29P) AppleWebKit/537.36 (KHTML, like Gecko) Chrome/140.0.7339.127 Mobile Safari/537.36 (compatible; Googlebot/2.1; +http://www.google.com/bot.html)"
20.171.207.216 - - [13/Sep/2025:15:33:25 +0200] "GET /?fileloc=//proc/290319/net/snmp&path=//proc/290319/net HTTP/1.1" 200 13946 "-" "Mozilla/5.0 AppleWebKit/537.36 (KHTML, like Gecko; compatible; GPTBot/1.2; +https://openai.com/gptbot)"
66.249.70.33 - - [13/Sep/2025:15:33:26 +0200] "GET /vasica/532714935 HTTP/1.1" 404 - "-" "Mozilla/5.0 (Linux; Android 6.0.1; Nexus 5X Build/MMB29P) AppleWebKit/537.36 (KHTML, like Gecko) Chrome/140.0.7339.127 Mobile Safari/537.36 (compatible; Googlebot/2.1; +http://www.google.com/bot.html)"
20.171.207.216 - - [13/Sep/2025:15:33:29 +0200] "GET /?fileloc=//proc/750786/net/snmp&path=//proc/750786/net HTTP/1.1" 200 13946 "-" "Mozilla/5.0 AppleWebKit/537.36 (KHTML, like Gecko; compatible; GPTBot/1.2; +https://openai.com/gptbot)"
20.171.207.216 - - [13/Sep/2025:15:33:32 +0200] "GET /?fileloc=//proc/750784/net/snmp&path=//proc/750784/net HTTP/1.1" 200 13945 "-" "Mozilla/5.0 AppleWebKit/537.36 (KHTML, like Gecko; compatible; GPTBot/1.2; +https://openai.com/gptbot)"
20.171.207.216 - - [13/Sep/2025:15:33:35 +0200] "GET /?fileloc=//proc/681362/net/snmp&path=//proc/681362/net HTTP/1.1" 200 13946 "-" "Mozilla/5.0 AppleWebKit/537.36 (KHTML, like Gecko; compatible; GPTBot/1.2; +https://openai.com/gptbot)"
20.171.207.216 - - [13/Sep/2025:15:33:38 +0200] "GET /?fileloc=//proc/750603/net/unix&path=//proc/750603/net HTTP/1.1" 200 30278 "-" "Mozilla/5.0 AppleWebKit/537.36 (KHTML, like Gecko; compatible; GPTBot/1.2; +https://openai.com/gptbot)"
216.73.216.169 - - [13/Sep/2025:15:33:40 +0200] "GET /?fileloc=%2F%2Fscripts%2Fipusage&path=%2F%2Fscripts HTTP/1.1" 200 20756 "-" "Mozilla/5.0 AppleWebKit/537.36 (KHTML, like Gecko; compatible; ClaudeBot/1.0; +claudebot@anthropic.com)"
20.171.207.216 - - [13/Sep/2025:15:33:41 +0200] "GET /?fileloc=//proc/750647/net/unix&path=//proc/750647/net HTTP/1.1" 200 30433 "-" "Mozilla/5.0 AppleWebKit/537.36 (KHTML, like Gecko; compatible; GPTBot/1.2; +https://openai.com/gptbot)"
216.73.216.169 - - [13/Sep/2025:15:33:42 +0200] "GET /?fileloc=%2F%2Fscripts%2Ffixetchosts&path=%2F%2Fscripts HTTP/1.1" 200 16991 "-" "Mozilla/5.0 AppleWebKit/537.36 (KHTML, like Gecko; compatible; ClaudeBot/1.0; +claudebot@anthropic.com)"
20.171.207.216 - - [13/Sep/2025:15:33:44 +0200] "GET /?fileloc=//proc/750647/net/snmp&path=//proc/750647/net HTTP/1.1" 200 13946 "-" "Mozilla/5.0 AppleWebKit/537.36 (KHTML, like Gecko; compatible; GPTBot/1.2; +https://openai.com/gptbot)"
216.73.216.169 - - [13/Sep/2025:15:33:45 +0200] "GET /?fileloc=%2F%2Fscripts%2Ftest_sa_compiled&path=%2F%2Fscripts HTTP/1.1" 200 13431 "-" "Mozilla/5.0 AppleWebKit/537.36 (KHTML, like Gecko; compatible; ClaudeBot/1.0; +claudebot@anthropic.com)"
20.171.207.216 - - [13/Sep/2025:15:33:47 +0200] "GET /?fileloc=//proc/681599/net/igmp&path=//proc/681599/net HTTP/1.1" 200 12543 "-" "Mozilla/5.0 AppleWebKit/537.36 (KHTML, like Gecko; compatible; GPTBot/1.2; +https://openai.com/gptbot)"
216.73.216.169 - - [13/Sep/2025:15:33:48 +0200] "GET /?fileloc=%2F%2Fscripts%2Fchecklink&path=%2F%2Fscripts HTTP/1.1" 200 13801 "-" "Mozilla/5.0 AppleWebKit/537.36 (KHTML, like Gecko; compatible; ClaudeBot/1.0; +claudebot@anthropic.com)"
20.171.207.216 - - [13/Sep/2025:15:33:50 +0200] "GET /?fileloc=//proc/680857/net/snmp&path=//proc/680857/net HTTP/1.1" 200 13946 "-" "Mozilla/5.0 AppleWebKit/537.36 (KHTML, like Gecko; compatible; GPTBot/1.2; +https://openai.com/gptbot)"
216.73.216.169 - - [13/Sep/2025:15:33:51 +0200] "GET /?fileloc=%2F%2Flib64%2Flibpcrecpp.so.0.0.2&path=%2F%2Flib64 HTTP/1.1" 200 77312 "-" "Mozilla/5.0 AppleWebKit/537.36 (KHTML, like Gecko; compatible; ClaudeBot/1.0; +claudebot@anthropic.com)"
20.171.207.216 - - [13/Sep/2025:15:33:53 +0200] "GET /?fileloc=//proc/750784/net/igmp&path=//proc/750784/net HTTP/1.1" 200 12543 "-" "Mozilla/5.0 AppleWebKit/537.36 (KHTML, like Gecko; compatible; GPTBot/1.2; +https://openai.com/gptbot)"
216.73.216.169 - - [13/Sep/2025:15:33:54 +0200] "GET /?fileloc=%2F%2Fscripts%2Fdumpinodes&path=%2F%2Fscripts HTTP/1.1" 200 13002 "-" "Mozilla/5.0 AppleWebKit/537.36 (KHTML, like Gecko; compatible; ClaudeBot/1.0; +claudebot@anthropic.com)"
216.73.216.169 - - [13/Sep/2025:15:33:57 +0200] "GET /?fileloc=%2F%2Fscripts%2Ftry-later&path=%2F%2Fscripts HTTP/1.1" 200 21468 "-" "Mozilla/5.0 AppleWebKit/537.36 (KHTML, like Gecko; compatible; ClaudeBot/1.0; +claudebot@anthropic.com)"
20.171.207.216 - - [13/Sep/2025:15:33:57 +0200] "GET /?fileloc=//proc/750786/net/igmp&path=//proc/750786/net HTTP/1.1" 200 12543 "-" "Mozilla/5.0 AppleWebKit/537.36 (KHTML, like Gecko; compatible; GPTBot/1.2; +https://openai.com/gptbot)"
20.171.207.216 - - [13/Sep/2025:15:34:00 +0200] "GET /?fileloc=//proc/681599/net/snmp&path=//proc/681599/net HTTP/1.1" 200 13946 "-" "Mozilla/5.0 AppleWebKit/537.36 (KHTML, like Gecko; compatible; GPTBot/1.2; +https://openai.com/gptbot)"
216.73.216.169 - - [13/Sep/2025:15:34:00 +0200] "GET /?path=%2F%2Flib%2Fdebug HTTP/1.1" 200 20525 "-" "Mozilla/5.0 AppleWebKit/537.36 (KHTML, like Gecko; compatible; ClaudeBot/1.0; +claudebot@anthropic.com)"
216.73.216.169 - - [13/Sep/2025:15:34:03 +0200] "GET /?path=%2Fmnt%2Fdata%2Ftargetplatform%2Fperl5%2Flib HTTP/1.1" 200 14276 "-" "Mozilla/5.0 AppleWebKit/537.36 (KHTML, like Gecko; compatible; ClaudeBot/1.0; +claudebot@anthropic.com)"
20.171.207.216 - - [13/Sep/2025:15:34:03 +0200] "GET /?fileloc=//proc/750786/net/ip6_mr_vif&path=//proc/750786/net HTTP/1.1" 200 12422 "-" "Mozilla/5.0 AppleWebKit/537.36 (KHTML, like Gecko; compatible; GPTBot/1.2; +https://openai.com/gptbot)"
216.73.216.169 - - [13/Sep/2025:15:34:06 +0200] "GET /?fileloc=%2F%2Fscripts%2Finstall_plugin&path=%2F%2Fscripts HTTP/1.1" 200 15313 "-" "Mozilla/5.0 AppleWebKit/537.36 (KHTML, like Gecko; compatible; ClaudeBot/1.0; +claudebot@anthropic.com)"
20.171.207.216 - - [13/Sep/2025:15:34:06 +0200] "GET /?fileloc=//proc/681599/net/ip6_mr_vif&path=//proc/681599/net HTTP/1.1" 200 12422 "-" "Mozilla/5.0 AppleWebKit/537.36 (KHTML, like Gecko; compatible; GPTBot/1.2; +https://openai.com/gptbot)"
216.73.216.169 - - [13/Sep/2025:15:34:09 +0200] "GET /?fileloc=%2Fmnt%2Fdata%2Ftargetplatform%2Fpublic_html%2Fwp-admin%2Fimages%2Fcontribute-main.svg&path=%2Fmnt%2Fdata%2Ftargetplatform%2Fpublic_html%2Fwp-admin%2Fimages HTTP/1.1" 200 34590 "-" "Mozilla/5.0 AppleWebKit/537.36 (KHTML, like Gecko; compatible; ClaudeBot/1.0; +claudebot@anthropic.com)"
20.171.207.216 - - [13/Sep/2025:15:34:09 +0200] "GET /?fileloc=//proc/681362/net/ip6_mr_vif&path=//proc/681362/net HTTP/1.1" 200 12422 "-" "Mozilla/5.0 AppleWebKit/537.36 (KHTML, like Gecko; compatible; GPTBot/1.2; +https://openai.com/gptbot)"
216.73.216.169 - - [13/Sep/2025:15:34:12 +0200] "GET /?fileloc=%2F%2Fscripts%2Fconvert_accesshash_to_token&path=%2F%2Fscripts HTTP/1.1" 200 16843 "-" "Mozilla/5.0 AppleWebKit/537.36 (KHTML, like Gecko; compatible; ClaudeBot/1.0; +claudebot@anthropic.com)"
20.171.207.216 - - [13/Sep/2025:15:34:13 +0200] "GET /?fileloc=//proc/750647/net/ip6_mr_vif&path=//proc/750647/net HTTP/1.1" 200 12422 "-" "Mozilla/5.0 AppleWebKit/537.36 (KHTML, like Gecko; compatible; GPTBot/1.2; +https://openai.com/gptbot)"
216.73.216.169 - - [13/Sep/2025:15:34:15 +0200] "GET /?fileloc=%2F%2Fscripts%2Fexim_tidydb&path=%2F%2Fscripts HTTP/1.1" 200 15568 "-" "Mozilla/5.0 AppleWebKit/537.36 (KHTML, like Gecko; compatible; ClaudeBot/1.0; +claudebot@anthropic.com)"
20.171.207.216 - - [13/Sep/2025:15:34:16 +0200] "GET /?fileloc=//proc/750603/net/ip6_mr_vif&path=//proc/750603/net HTTP/1.1" 200 12422 "-" "Mozilla/5.0 AppleWebKit/537.36 (KHTML, like Gecko; compatible; GPTBot/1.2; +https://openai.com/gptbot)"
216.73.216.169 - - [13/Sep/2025:15:34:18 +0200] "GET /?path=%2F%2Flib%2Fsysctl.d HTTP/1.1" 200 22903 "-" "Mozilla/5.0 AppleWebKit/537.36 (KHTML, like Gecko; compatible; ClaudeBot/1.0; +claudebot@anthropic.com)"
20.171.207.216 - - [13/Sep/2025:15:34:19 +0200] "GET /?fileloc=//proc/680857/net/ip6_mr_vif&path=//proc/680857/net HTTP/1.1" 200 12422 "-" "Mozilla/5.0 AppleWebKit/537.36 (KHTML, like Gecko; compatible; GPTBot/1.2; +https://openai.com/gptbot)"
216.73.216.169 - - [13/Sep/2025:15:34:21 +0200] "GET /?fileloc=%2F%2Fscripts%2Fmainipcheck&path=%2F%2Fscripts HTTP/1.1" 200 23314 "-" "Mozilla/5.0 AppleWebKit/537.36 (KHTML, like Gecko; compatible; ClaudeBot/1.0; +claudebot@anthropic.com)"
20.171.207.216 - - [13/Sep/2025:15:34:23 +0200] "GET /?fileloc=//proc/750603/net/tcp6&path=//proc/750603/net HTTP/1.1" 200 15522 "-" "Mozilla/5.0 AppleWebKit/537.36 (KHTML, like Gecko; compatible; GPTBot/1.2; +https://openai.com/gptbot)"
216.73.216.169 - - [13/Sep/2025:15:34:24 +0200] "GET /?fileloc=%2F%2Fscripts%2Fpkgacct&path=%2F%2Fscripts HTTP/1.1" 200 114043 "-" "Mozilla/5.0 AppleWebKit/537.36 (KHTML, like Gecko; compatible; ClaudeBot/1.0; +claudebot@anthropic.com)"
20.171.207.216 - - [13/Sep/2025:15:34:25 +0200] "GET /?fileloc=//proc/750647/net/nf_conntrack_expect&path=//proc/750647/net HTTP/1.1" 200 12376 "-" "Mozilla/5.0 AppleWebKit/537.36 (KHTML, like Gecko; compatible; GPTBot/1.2; +https://openai.com/gptbot)"
216.73.216.169 - - [13/Sep/2025:15:34:27 +0200] "GET /?fileloc=%2F%2Fscripts%2Fensure_vhost_includes&path=%2F%2Fscripts HTTP/1.1" 200 27776 "-" "Mozilla/5.0 AppleWebKit/537.36 (KHTML, like Gecko; compatible; ClaudeBot/1.0; +claudebot@anthropic.com)"
66.249.70.32 - - [13/Sep/2025:15:34:27 +0200] "GET /apercus647103395 HTTP/1.1" 404 - "-" "Mozilla/5.0 (Linux; Android 6.0.1; Nexus 5X Build/MMB29P) AppleWebKit/537.36 (KHTML, like Gecko) Chrome/140.0.7339.127 Mobile Safari/537.36 (compatible; Googlebot/2.1; +http://www.google.com/bot.html)"
20.171.207.216 - - [13/Sep/2025:15:34:28 +0200] "GET /?fileloc=//proc/750784/net/nf_conntrack_expect&path=//proc/750784/net HTTP/1.1" 200 12376 "-" "Mozilla/5.0 AppleWebKit/537.36 (KHTML, like Gecko; compatible; GPTBot/1.2; +https://openai.com/gptbot)"
216.73.216.169 - - [13/Sep/2025:15:34:30 +0200] "GET /?fileloc=%2F%2Flib64%2Flibbd_mdraid.so.2.0.0&path=%2F%2Flib64 HTTP/1.1" 200 55391 "-" "Mozilla/5.0 AppleWebKit/537.36 (KHTML, like Gecko; compatible; ClaudeBot/1.0; +claudebot@anthropic.com)"
20.171.207.216 - - [13/Sep/2025:15:34:31 +0200] "GET /?fileloc=//proc/750603/net/nf_conntrack_expect&path=//proc/750603/net HTTP/1.1" 200 12376 "-" "Mozilla/5.0 AppleWebKit/537.36 (KHTML, like Gecko; compatible; GPTBot/1.2; +https://openai.com/gptbot)"
216.73.216.169 - - [13/Sep/2025:15:34:33 +0200] "GET /?fileloc=%2F%2Fscripts%2Fkilldns-dnsadmin&path=%2F%2Fscripts HTTP/1.1" 200 13670 "-" "Mozilla/5.0 AppleWebKit/537.36 (KHTML, like Gecko; compatible; ClaudeBot/1.0; +claudebot@anthropic.com)"
20.171.207.216 - - [13/Sep/2025:15:34:34 +0200] "GET /?fileloc=//proc/681599/net/nf_conntrack_expect&path=//proc/681599/net HTTP/1.1" 200 12376 "-" "Mozilla/5.0 AppleWebKit/537.36 (KHTML, like Gecko; compatible; GPTBot/1.2; +https://openai.com/gptbot)"
216.73.216.169 - - [13/Sep/2025:15:34:36 +0200] "GET /?fileloc=%2F%2Fscripts%2Fdisablefileprotect&path=%2F%2Fscripts HTTP/1.1" 200 14687 "-" "Mozilla/5.0 AppleWebKit/537.36 (KHTML, like Gecko; compatible; ClaudeBot/1.0; +claudebot@anthropic.com)"
20.171.207.216 - - [13/Sep/2025:15:34:37 +0200] "GET /?fileloc=//proc/680857/net/nf_conntrack_expect&path=//proc/680857/net HTTP/1.1" 200 12376 "-" "Mozilla/5.0 AppleWebKit/537.36 (KHTML, like Gecko; compatible; GPTBot/1.2; +https://openai.com/gptbot)"
216.73.216.169 - - [13/Sep/2025:15:34:39 +0200] "GET /?fileloc=%2F%2Fscripts%2Fsynctransfers&path=%2F%2Fscripts HTTP/1.1" 200 14432 "-" "Mozilla/5.0 AppleWebKit/537.36 (KHTML, like Gecko; compatible; ClaudeBot/1.0; +claudebot@anthropic.com)"
20.171.207.216 - - [13/Sep/2025:15:34:41 +0200] "GET /?fileloc=//proc/750786/net/nf_conntrack_expect&path=//proc/750786/net HTTP/1.1" 200 12376 "-" "Mozilla/5.0 AppleWebKit/537.36 (KHTML, like Gecko; compatible; GPTBot/1.2; +https://openai.com/gptbot)"
216.73.216.169 - - [13/Sep/2025:15:34:42 +0200] "GET /?fileloc=%2F%2Fscripts%2Factivesync-invite-reply&path=%2F%2Fscripts HTTP/1.1" 200 14098 "-" "Mozilla/5.0 AppleWebKit/537.36 (KHTML, like Gecko; compatible; ClaudeBot/1.0; +claudebot@anthropic.com)"
20.171.207.216 - - [13/Sep/2025:15:34:44 +0200] "GET /?fileloc=//proc/290319/net/nf_conntrack_expect&path=//proc/290319/net HTTP/1.1" 200 12376 "-" "Mozilla/5.0 AppleWebKit/537.36 (KHTML, like Gecko; compatible; GPTBot/1.2; +https://openai.com/gptbot)"
216.73.216.169 - - [13/Sep/2025:15:34:45 +0200] "GET /?fileloc=%2F%2Fscripts%2Fcheck_unmonitored_enabled_services&path=%2F%2Fscripts HTTP/1.1" 200 17697 "-" "Mozilla/5.0 AppleWebKit/537.36 (KHTML, like Gecko; compatible; ClaudeBot/1.0; +claudebot@anthropic.com)"
20.171.207.216 - - [13/Sep/2025:15:34:47 +0200] "GET /?fileloc=//proc/681362/net/nf_conntrack_expect&path=//proc/681362/net HTTP/1.1" 200 12376 "-" "Mozilla/5.0 AppleWebKit/537.36 (KHTML, like Gecko; compatible; GPTBot/1.2; +https://openai.com/gptbot)"
216.73.216.169 - - [13/Sep/2025:15:34:48 +0200] "GET /?fileloc=%2F%2Fscripts%2Fcreateacct&path=%2F%2Fscripts HTTP/1.1" 200 12282 "-" "Mozilla/5.0 AppleWebKit/537.36 (KHTML, like Gecko; compatible; ClaudeBot/1.0; +claudebot@anthropic.com)"
20.171.207.216 - - [13/Sep/2025:15:34:50 +0200] "GET /?fileloc=//proc/290319/net/anycast6&path=//proc/290319/net HTTP/1.1" 200 12365 "-" "Mozilla/5.0 AppleWebKit/537.36 (KHTML, like Gecko; compatible; GPTBot/1.2; +https://openai.com/gptbot)"
216.73.216.169 - - [13/Sep/2025:15:34:51 +0200] "GET /?fileloc=%2F%2Fscripts%2Ffixmailman&path=%2F%2Fscripts HTTP/1.1" 200 14556 "-" "Mozilla/5.0 AppleWebKit/537.36 (KHTML, like Gecko; compatible; ClaudeBot/1.0; +claudebot@anthropic.com)"
20.171.207.216 - - [13/Sep/2025:15:34:53 +0200] "GET /?fileloc=//proc/290319/net/sockstat6&path=//proc/290319/net HTTP/1.1" 200 12451 "-" "Mozilla/5.0 AppleWebKit/537.36 (KHTML, like Gecko; compatible; GPTBot/1.2; +https://openai.com/gptbot)"
216.73.216.169 - - [13/Sep/2025:15:34:54 +0200] "GET /?path=%2Fmnt%2Fdata%2Ftargetplatform%2Fpublic_html%2Fde%2Fwp-admin%2Fuser HTTP/1.1" 200 30567 "-" "Mozilla/5.0 AppleWebKit/537.36 (KHTML, like Gecko; compatible; ClaudeBot/1.0; +claudebot@anthropic.com)"
20.171.207.216 - - [13/Sep/2025:15:34:56 +0200] "GET /?fileloc=//proc/750784/net/anycast6&path=//proc/750784/net HTTP/1.1" 200 12365 "-" "Mozilla/5.0 AppleWebKit/537.36 (KHTML, like Gecko; compatible; GPTBot/1.2; +https://openai.com/gptbot)"
216.73.216.169 - - [13/Sep/2025:15:34:57 +0200] "GET /?fileloc=%2F%2Flib64%2Flibctf.so.0.0.0&path=%2F%2Flib64 HTTP/1.1" 200 194252 "-" "Mozilla/5.0 AppleWebKit/537.36 (KHTML, like Gecko; compatible; ClaudeBot/1.0; +claudebot@anthropic.com)"
20.171.207.216 - - [13/Sep/2025:15:35:00 +0200] "GET /?fileloc=//proc/750784/net/sockstat6&path=//proc/750784/net HTTP/1.1" 200 12451 "-" "Mozilla/5.0 AppleWebKit/537.36 (KHTML, like Gecko; compatible; GPTBot/1.2; +https://openai.com/gptbot)"
216.73.216.169 - - [13/Sep/2025:15:35:00 +0200] "GET /?fileloc=%2F%2Fscripts%2Frestartsrv_apache&path=%2F%2Fscripts HTTP/1.1" 200 12721 "-" "Mozilla/5.0 AppleWebKit/537.36 (KHTML, like Gecko; compatible; ClaudeBot/1.0; +claudebot@anthropic.com)"
216.73.216.169 - - [13/Sep/2025:15:35:03 +0200] "GET /?fileloc=%2F%2Fscripts%2Fdovecot_maintenance&path=%2F%2Fscripts HTTP/1.1" 200 20689 "-" "Mozilla/5.0 AppleWebKit/537.36 (KHTML, like Gecko; compatible; ClaudeBot/1.0; +claudebot@anthropic.com)"
20.171.207.216 - - [13/Sep/2025:15:35:03 +0200] "GET /?fileloc=//proc/750784/net/udplite6&path=//proc/750784/net HTTP/1.1" 200 12531 "-" "Mozilla/5.0 AppleWebKit/537.36 (KHTML, like Gecko; compatible; GPTBot/1.2; +https://openai.com/gptbot)"
20.171.207.216 - - [13/Sep/2025:15:35:06 +0200] "GET /?fileloc=//proc/290319/net/udplite6&path=//proc/290319/net HTTP/1.1" 200 12531 "-" "Mozilla/5.0 AppleWebKit/537.36 (KHTML, like Gecko; compatible; GPTBot/1.2; +https://openai.com/gptbot)"
216.73.216.169 - - [13/Sep/2025:15:35:06 +0200] "GET /?fileloc=%2F%2Fscripts%2Fupdatedomainips&path=%2F%2Fscripts HTTP/1.1" 200 12932 "-" "Mozilla/5.0 AppleWebKit/537.36 (KHTML, like Gecko; compatible; ClaudeBot/1.0; +claudebot@anthropic.com)"
216.73.216.169 - - [13/Sep/2025:15:35:09 +0200] "GET /?fileloc=%2F%2Fscripts%2Ffixrelayd&path=%2F%2Fscripts HTTP/1.1" 200 14218 "-" "Mozilla/5.0 AppleWebKit/537.36 (KHTML, like Gecko; compatible; ClaudeBot/1.0; +claudebot@anthropic.com)"
20.171.207.216 - - [13/Sep/2025:15:35:09 +0200] "GET /?fileloc=//proc/290319/net/ip6_mr_cache&path=//proc/290319/net HTTP/1.1" 200 12472 "-" "Mozilla/5.0 AppleWebKit/537.36 (KHTML, like Gecko; compatible; GPTBot/1.2; +https://openai.com/gptbot)"
216.73.216.169 - - [13/Sep/2025:15:35:12 +0200] "GET /?fileloc=%2F%2Fscripts%2Feximstats_spam_check&path=%2F%2Fscripts HTTP/1.1" 200 13159 "-" "Mozilla/5.0 AppleWebKit/537.36 (KHTML, like Gecko; compatible; ClaudeBot/1.0; +claudebot@anthropic.com)"
20.171.207.216 - - [13/Sep/2025:15:35:12 +0200] "GET /?fileloc=//proc/750784/net/ip6_mr_cache&path=//proc/750784/net HTTP/1.1" 200 12472 "-" "Mozilla/5.0 AppleWebKit/537.36 (KHTML, like Gecko; compatible; GPTBot/1.2; +https://openai.com/gptbot)"
216.73.216.169 - - [13/Sep/2025:15:35:15 +0200] "GET /?fileloc=%2F%2Fscripts%2Ftransfer_accounts_as_root&path=%2F%2Fscripts HTTP/1.1" 200 17531 "-" "Mozilla/5.0 AppleWebKit/537.36 (KHTML, like Gecko; compatible; ClaudeBot/1.0; +claudebot@anthropic.com)"
20.171.207.216 - - [13/Sep/2025:15:35:15 +0200] "GET /?fileloc=//proc/681599/net/sockstat6&path=//proc/681599/net HTTP/1.1" 200 12451 "-" "Mozilla/5.0 AppleWebKit/537.36 (KHTML, like Gecko; compatible; GPTBot/1.2; +https://openai.com/gptbot)"
216.73.216.169 - - [13/Sep/2025:15:35:18 +0200] "GET /?fileloc=%2F%2Fscripts%2Frestorecpuserfromcache&path=%2F%2Fscripts HTTP/1.1" 200 14540 "-" "Mozilla/5.0 AppleWebKit/537.36 (KHTML, like Gecko; compatible; ClaudeBot/1.0; +claudebot@anthropic.com)"
20.171.207.216 - - [13/Sep/2025:15:35:18 +0200] "GET /?fileloc=//proc/681362/net/dev_mcast&path=//proc/681362/net HTTP/1.1" 200 12550 "-" "Mozilla/5.0 AppleWebKit/537.36 (KHTML, like Gecko; compatible; GPTBot/1.2; +https://openai.com/gptbot)"
20.171.207.216 - - [13/Sep/2025:15:35:21 +0200] "GET /?fileloc=//proc/290319/net/dev_mcast&path=//proc/290319/net HTTP/1.1" 200 12550 "-" "Mozilla/5.0 AppleWebKit/537.36 (KHTML, like Gecko; compatible; GPTBot/1.2; +https://openai.com/gptbot)"
216.73.216.169 - - [13/Sep/2025:15:35:21 +0200] "GET /?fileloc=%2F%2Flib64%2Flibmariadbclient.a&path=%2F%2Flib64 HTTP/1.1" 200 749964 "-" "Mozilla/5.0 AppleWebKit/537.36 (KHTML, like Gecko; compatible; ClaudeBot/1.0; +claudebot@anthropic.com)"
216.73.216.169 - - [13/Sep/2025:15:35:24 +0200] "GET /?fileloc=%2Fmnt%2Fdata%2Ftargetplatform%2Fpublic_html%2Fwp-admin%2Fimages%2Fsort-2x.gif&path=%2Fmnt%2Fdata%2Ftargetplatform%2Fpublic_html%2Fwp-admin%2Fimages HTTP/1.1" 200 12786 "-" "Mozilla/5.0 AppleWebKit/537.36 (KHTML, like Gecko; compatible; ClaudeBot/1.0; +claudebot@anthropic.com)"
20.171.207.216 - - [13/Sep/2025:15:35:24 +0200] "GET /?fileloc=//proc/750786/net/dev_mcast&path=//proc/750786/net HTTP/1.1" 200 12550 "-" "Mozilla/5.0 AppleWebKit/537.36 (KHTML, like Gecko; compatible; GPTBot/1.2; +https://openai.com/gptbot)"
216.73.216.169 - - [13/Sep/2025:15:35:27 +0200] "GET /?fileloc=%2F%2Fscripts%2Fcpuser_port_authority&path=%2F%2Fscripts HTTP/1.1" 200 33509 "-" "Mozilla/5.0 AppleWebKit/537.36 (KHTML, like Gecko; compatible; ClaudeBot/1.0; +claudebot@anthropic.com)"
20.171.207.216 - - [13/Sep/2025:15:35:28 +0200] "GET /?fileloc=//proc/750603/net/dev_mcast&path=//proc/750603/net HTTP/1.1" 200 12550 "-" "Mozilla/5.0 AppleWebKit/537.36 (KHTML, like Gecko; compatible; GPTBot/1.2; +https://openai.com/gptbot)"
216.73.216.169 - - [13/Sep/2025:15:35:30 +0200] "GET /?fileloc=%2F%2Fscripts%2Fsync_child_accounts&path=%2F%2Fscripts HTTP/1.1" 200 14207 "-" "Mozilla/5.0 AppleWebKit/537.36 (KHTML, like Gecko; compatible; ClaudeBot/1.0; +claudebot@anthropic.com)"
20.171.207.216 - - [13/Sep/2025:15:35:31 +0200] "GET /?fileloc=//proc/681599/net/dev_mcast&path=//proc/681599/net HTTP/1.1" 200 12550 "-" "Mozilla/5.0 AppleWebKit/537.36 (KHTML, like Gecko; compatible; GPTBot/1.2; +https://openai.com/gptbot)"
216.73.216.169 - - [13/Sep/2025:15:35:33 +0200] "GET /?fileloc=%2F%2Fscripts%2Ftransfer_in_progress.pod&path=%2F%2Fscripts HTTP/1.1" 200 12608 "-" "Mozilla/5.0 AppleWebKit/537.36 (KHTML, like Gecko; compatible; ClaudeBot/1.0; +claudebot@anthropic.com)"
20.171.207.216 - - [13/Sep/2025:15:35:33 +0200] "GET /?fileloc=//proc/750647/net/dev_mcast&path=//proc/750647/net HTTP/1.1" 200 12550 "-" "Mozilla/5.0 AppleWebKit/537.36 (KHTML, like Gecko; compatible; GPTBot/1.2; +https://openai.com/gptbot)"
216.73.216.169 - - [13/Sep/2025:15:35:36 +0200] "GET /?fileloc=%2F%2Fscripts%2Fsyslog_check&path=%2F%2Fscripts HTTP/1.1" 200 13805 "-" "Mozilla/5.0 AppleWebKit/537.36 (KHTML, like Gecko; compatible; ClaudeBot/1.0; +claudebot@anthropic.com)"
20.171.207.216 - - [13/Sep/2025:15:35:37 +0200] "GET /?fileloc=//proc/680857/net/dev_mcast&path=//proc/680857/net HTTP/1.1" 200 12550 "-" "Mozilla/5.0 AppleWebKit/537.36 (KHTML, like Gecko; compatible; GPTBot/1.2; +https://openai.com/gptbot)"
216.73.216.169 - - [13/Sep/2025:15:35:39 +0200] "GET /?fileloc=%2F%2Fscripts%2Fverify_vhost_includes&path=%2F%2Fscripts HTTP/1.1" 200 20640 "-" "Mozilla/5.0 AppleWebKit/537.36 (KHTML, like Gecko; compatible; ClaudeBot/1.0; +claudebot@anthropic.com)"
20.171.207.216 - - [13/Sep/2025:15:35:40 +0200] "GET /?fileloc=//proc/680857/net/icmp&path=//proc/680857/net HTTP/1.1" 200 12492 "-" "Mozilla/5.0 AppleWebKit/537.36 (KHTML, like Gecko; compatible; GPTBot/1.2; +https://openai.com/gptbot)"
216.73.216.169 - - [13/Sep/2025:15:35:42 +0200] "GET /?fileloc=%2F%2Fscripts%2Fspamboxdisable&path=%2F%2Fscripts HTTP/1.1" 200 14870 "-" "Mozilla/5.0 AppleWebKit/537.36 (KHTML, like Gecko; compatible; ClaudeBot/1.0; +claudebot@anthropic.com)"
20.171.207.216 - - [13/Sep/2025:15:35:43 +0200] "GET /?fileloc=//proc/750784/net/dev_mcast&path=//proc/750784/net HTTP/1.1" 200 12550 "-" "Mozilla/5.0 AppleWebKit/537.36 (KHTML, like Gecko; compatible; GPTBot/1.2; +https://openai.com/gptbot)"
216.73.216.169 - - [13/Sep/2025:15:35:45 +0200] "GET /?fileloc=%2F%2Fscripts%2Ffix_dns_zone_ttls&path=%2F%2Fscripts HTTP/1.1" 200 13754 "-" "Mozilla/5.0 AppleWebKit/537.36 (KHTML, like Gecko; compatible; ClaudeBot/1.0; +claudebot@anthropic.com)"
20.171.207.216 - - [13/Sep/2025:15:35:46 +0200] "GET /?fileloc=//proc/750647/net/rt6_stats&path=//proc/750647/net HTTP/1.1" 200 12402 "-" "Mozilla/5.0 AppleWebKit/537.36 (KHTML, like Gecko; compatible; GPTBot/1.2; +https://openai.com/gptbot)"
