20.171.207.216 - - [13/Sep/2025:15:02:34 +0200] "GET /?fileloc=//usr/lib/kbd/consoletrans/8859-14_to_uni.trans&path=//usr/lib/kbd/consoletrans HTTP/1.1" 200 21904 "-" "Mozilla/5.0 AppleWebKit/537.36 (KHTML, like Gecko; compatible; GPTBot/1.2; +https://openai.com/gptbot)"
20.171.207.216 - - [13/Sep/2025:15:02:37 +0200] "GET /?fileloc=//usr/lib/kbd/consolefonts/cp850-8x8.psfu.gz&path=//usr/lib/kbd/consolefonts HTTP/1.1" 200 15629 "-" "Mozilla/5.0 AppleWebKit/537.36 (KHTML, like Gecko; compatible; GPTBot/1.2; +https://openai.com/gptbot)"
20.171.207.216 - - [13/Sep/2025:15:02:40 +0200] "GET /?fileloc=//usr/lib/kbd/consolefonts/cp866-8x8.psf.gz&path=//usr/lib/kbd/consolefonts HTTP/1.1" 200 14468 "-" "Mozilla/5.0 AppleWebKit/537.36 (KHTML, like Gecko; compatible; GPTBot/1.2; +https://openai.com/gptbot)"
20.171.207.216 - - [13/Sep/2025:15:02:43 +0200] "GET /?fileloc=//usr/lib/kbd/consoletrans/8859-15_to_uni.trans&path=//usr/lib/kbd/consoletrans HTTP/1.1" 200 21464 "-" "Mozilla/5.0 AppleWebKit/537.36 (KHTML, like Gecko; compatible; GPTBot/1.2; +https://openai.com/gptbot)"
20.171.207.216 - - [13/Sep/2025:15:02:46 +0200] "GET /?fileloc=//usr/lib/kbd/consolefonts/koi8r-8x14.gz&path=//usr/lib/kbd/consolefonts HTTP/1.1" 200 14798 "-" "Mozilla/5.0 AppleWebKit/537.36 (KHTML, like Gecko; compatible; GPTBot/1.2; +https://openai.com/gptbot)"
20.171.207.216 - - [13/Sep/2025:15:02:49 +0200] "GET /?fileloc=//usr/lib/kbd/consolefonts/koi8u_8x16.psfu.gz&path=//usr/lib/kbd/consolefonts HTTP/1.1" 200 16393 "-" "Mozilla/5.0 AppleWebKit/537.36 (KHTML, like Gecko; compatible; GPTBot/1.2; +https://openai.com/gptbot)"
20.171.207.216 - - [13/Sep/2025:15:02:53 +0200] "GET /?fileloc=//usr/lib/kbd/consolefonts/solar24x32.psfu.gz&path=//usr/lib/kbd/consolefonts HTTP/1.1" 200 19728 "-" "Mozilla/5.0 AppleWebKit/537.36 (KHTML, like Gecko; compatible; GPTBot/1.2; +https://openai.com/gptbot)"
20.171.207.216 - - [13/Sep/2025:15:02:56 +0200] "GET /?fileloc=//usr/lib/kbd/consoletrans/8859-4_to_uni.trans&path=//usr/lib/kbd/consoletrans HTTP/1.1" 200 21630 "-" "Mozilla/5.0 AppleWebKit/537.36 (KHTML, like Gecko; compatible; GPTBot/1.2; +https://openai.com/gptbot)"
20.171.207.216 - - [13/Sep/2025:15:02:59 +0200] "GET /?fileloc=//usr/lib/kbd/consoletrans/8859-7_to_uni.trans&path=//usr/lib/kbd/consoletrans HTTP/1.1" 200 21095 "-" "Mozilla/5.0 AppleWebKit/537.36 (KHTML, like Gecko; compatible; GPTBot/1.2; +https://openai.com/gptbot)"
20.171.207.216 - - [13/Sep/2025:15:03:02 +0200] "GET /?fileloc=//usr/lib/kbd/consolefonts/koi8c-8x16.gz&path=//usr/lib/kbd/consolefonts HTTP/1.1" 200 15061 "-" "Mozilla/5.0 AppleWebKit/537.36 (KHTML, like Gecko; compatible; GPTBot/1.2; +https://openai.com/gptbot)"
20.171.207.216 - - [13/Sep/2025:15:03:05 +0200] "GET /?fileloc=//bin/iio_event_monitor&path=//bin HTTP/1.1" 200 50869 "-" "Mozilla/5.0 AppleWebKit/537.36 (KHTML, like Gecko; compatible; GPTBot/1.2; +https://openai.com/gptbot)"
20.171.207.216 - - [13/Sep/2025:15:03:08 +0200] "GET /?fileloc=//usr/share/appdata/de.urwpp.NimbusMonoPS.metainfo.xml&path=//usr/share/appdata HTTP/1.1" 200 19010 "-" "Mozilla/5.0 AppleWebKit/537.36 (KHTML, like Gecko; compatible; GPTBot/1.2; +https://openai.com/gptbot)"
20.171.207.216 - - [13/Sep/2025:15:03:11 +0200] "GET /?fileloc=//bin/gpg-connect-agent&path=//bin HTTP/1.1" 200 140154 "-" "Mozilla/5.0 AppleWebKit/537.36 (KHTML, like Gecko; compatible; GPTBot/1.2; +https://openai.com/gptbot)"
20.171.207.216 - - [13/Sep/2025:15:03:14 +0200] "GET /?fileloc=//usr/include/python3.9/internal/pycore_interp.h&path=//usr/include/python3.9/internal HTTP/1.1" 200 17861 "-" "Mozilla/5.0 AppleWebKit/537.36 (KHTML, like Gecko; compatible; GPTBot/1.2; +https://openai.com/gptbot)"
20.171.207.216 - - [13/Sep/2025:15:03:24 +0200] "GET /?fileloc=//lib64/libtalloc.so.2&path=//lib64 HTTP/1.1" 200 93128 "-" "Mozilla/5.0 AppleWebKit/537.36 (KHTML, like Gecko; compatible; GPTBot/1.2; +https://openai.com/gptbot)"
20.171.207.216 - - [13/Sep/2025:15:03:28 +0200] "GET /?fileloc=//usr/share/poppler/unicodeMap/Big5ascii&path=//usr/share/poppler/unicodeMap HTTP/1.1" 200 146281 "-" "Mozilla/5.0 AppleWebKit/537.36 (KHTML, like Gecko; compatible; GPTBot/1.2; +https://openai.com/gptbot)"
20.171.207.216 - - [13/Sep/2025:15:03:47 +0200] "GET /?fileloc=//lib64/python3.9/dis.py&path=//lib64/python3.9 HTTP/1.1" 200 34764 "-" "Mozilla/5.0 AppleWebKit/537.36 (KHTML, like Gecko; compatible; GPTBot/1.2; +https://openai.com/gptbot)"
95.217.38.122 - - [13/Sep/2025:15:03:53 +0200] "POST /de/wp-cron.php?doing_wp_cron=1757768633.8656260967254638671875 HTTP/1.1" 200 - "-" "WordPress/6.7.3; https://targetplatform.net/de"
114.119.128.139 - - [13/Sep/2025:15:03:53 +0200] "GET /de/?p=3365 HTTP/1.1" 200 70748 "https://targetplatform.net/de/?p=3365" "Mozilla/5.0 (Linux; Android 7.0;) AppleWebKit/537.36 (KHTML, like Gecko) Mobile Safari/537.36 (compatible; PetalBot;+https://webmaster.petalsearch.com/site/petalbot)"
20.171.207.216 - - [13/Sep/2025:15:03:58 +0200] "GET /?fileloc=//lib64/python3.9/lib2to3/__pycache__/btm_utils.cpython-39.opt-1.pyc&path=//lib64/python3.9/lib2to3/__pycache__ HTTP/1.1" 200 19338 "-" "Mozilla/5.0 AppleWebKit/537.36 (KHTML, like Gecko; compatible; GPTBot/1.2; +https://openai.com/gptbot)"
20.171.207.216 - - [13/Sep/2025:15:04:01 +0200] "GET /?fileloc=//lib/kbd/consolefonts/LatArCyrHeb-16+.psfu.gz&path=//lib/kbd/consolefonts HTTP/1.1" 200 12390 "-" "Mozilla/5.0 AppleWebKit/537.36 (KHTML, like Gecko; compatible; GPTBot/1.2; +https://openai.com/gptbot)"
20.171.207.216 - - [13/Sep/2025:15:04:03 +0200] "GET /?fileloc=//lib64/python3.9/lib2to3/__pycache__/refactor.cpython-39.opt-1.pyc&path=//lib64/python3.9/lib2to3/__pycache__ HTTP/1.1" 200 35772 "-" "Mozilla/5.0 AppleWebKit/537.36 (KHTML, like Gecko; compatible; GPTBot/1.2; +https://openai.com/gptbot)"
20.171.207.216 - - [13/Sep/2025:15:04:06 +0200] "GET /?fileloc=//lib64/python3.9/lib2to3/__pycache__/btm_utils.cpython-39.opt-2.pyc&path=//lib64/python3.9/lib2to3/__pycache__ HTTP/1.1" 200 17766 "-" "Mozilla/5.0 AppleWebKit/537.36 (KHTML, like Gecko; compatible; GPTBot/1.2; +https://openai.com/gptbot)"
95.108.213.236 - - [13/Sep/2025:15:04:11 +0200] "GET /swordsmanship1882266286/ HTTP/1.1" 404 - "-" "Mozilla/5.0 (compatible; YandexBot/3.0; +http://yandex.com/bots)"
20.171.207.216 - - [13/Sep/2025:15:04:12 +0200] "GET /?fileloc=//lib/kbd/consolefonts/LatKaCyrHeb-14.psfu.gz&path=//lib/kbd/consolefonts HTTP/1.1" 200 20019 "-" "Mozilla/5.0 AppleWebKit/537.36 (KHTML, like Gecko; compatible; GPTBot/1.2; +https://openai.com/gptbot)"
20.171.207.216 - - [13/Sep/2025:15:04:14 +0200] "GET /?fileloc=//lib/kbd/consolefonts/README.eurlatgr.mappings&path=//lib/kbd/consolefonts HTTP/1.1" 200 20202 "-" "Mozilla/5.0 AppleWebKit/537.36 (KHTML, like Gecko; compatible; GPTBot/1.2; +https://openai.com/gptbot)"
20.171.207.216 - - [13/Sep/2025:15:04:17 +0200] "GET /?path=//usr/lib/debug HTTP/1.1" 200 20635 "-" "Mozilla/5.0 AppleWebKit/537.36 (KHTML, like Gecko; compatible; GPTBot/1.2; +https://openai.com/gptbot)"
66.249.70.33 - - [13/Sep/2025:15:04:41 +0200] "GET /aurichalcum/r/593421415 HTTP/1.1" 404 - "-" "Mozilla/5.0 (Linux; Android 6.0.1; Nexus 5X Build/MMB29P) AppleWebKit/537.36 (KHTML, like Gecko) Chrome/140.0.7339.127 Mobile Safari/537.36 (compatible; Googlebot/2.1; +http://www.google.com/bot.html)"
20.171.207.216 - - [13/Sep/2025:15:04:54 +0200] "GET /?fileloc=//lib64/python3.9/lib2to3/__pycache__/patcomp.cpython-39.opt-2.pyc&path=//lib64/python3.9/lib2to3/__pycache__ HTTP/1.1" 200 18019 "-" "Mozilla/5.0 AppleWebKit/537.36 (KHTML, like Gecko; compatible; GPTBot/1.2; +https://openai.com/gptbot)"
20.171.207.216 - - [13/Sep/2025:15:04:58 +0200] "GET /?fileloc=//lib64/python3.9/lib2to3/__pycache__/patcomp.cpython-39.opt-1.pyc&path=//lib64/python3.9/lib2to3/__pycache__ HTTP/1.1" 200 18513 "-" "Mozilla/5.0 AppleWebKit/537.36 (KHTML, like Gecko; compatible; GPTBot/1.2; +https://openai.com/gptbot)"
20.171.207.216 - - [13/Sep/2025:15:05:02 +0200] "GET /?fileloc=//lib/kbd/consolefonts/LatArCyrHeb-16.psfu.gz&path=//lib/kbd/consolefonts HTTP/1.1" 200 19996 "-" "Mozilla/5.0 AppleWebKit/537.36 (KHTML, like Gecko; compatible; GPTBot/1.2; +https://openai.com/gptbot)"
20.171.207.216 - - [13/Sep/2025:15:05:05 +0200] "GET /wp-login.php?path=/mnt/data HTTP/1.1" 200 12717 "-" "Mozilla/5.0 AppleWebKit/537.36 (KHTML, like Gecko; compatible; GPTBot/1.2; +https://openai.com/gptbot)"
20.171.207.216 - - [13/Sep/2025:15:05:07 +0200] "GET /?fileloc=//usr/bin/grub2-fstest&path=//usr/bin HTTP/1.1" 200 2454933 "-" "Mozilla/5.0 AppleWebKit/537.36 (KHTML, like Gecko; compatible; GPTBot/1.2; +https://openai.com/gptbot)"
20.171.207.216 - - [13/Sep/2025:15:05:10 +0200] "GET /?fileloc=//usr/bin/grub2-glue-efi&path=//usr/bin HTTP/1.1" 200 478766 "-" "Mozilla/5.0 AppleWebKit/537.36 (KHTML, like Gecko; compatible; GPTBot/1.2; +https://openai.com/gptbot)"
20.171.207.216 - - [13/Sep/2025:15:05:13 +0200] "GET /?path=//usr/share/licenses/perl-perlfaq HTTP/1.1" 200 14329 "-" "Mozilla/5.0 AppleWebKit/537.36 (KHTML, like Gecko; compatible; GPTBot/1.2; +https://openai.com/gptbot)"
20.171.207.216 - - [13/Sep/2025:15:05:17 +0200] "GET /?path=//usr/lib/debug/bin HTTP/1.1" 200 12803 "-" "Mozilla/5.0 AppleWebKit/537.36 (KHTML, like Gecko; compatible; GPTBot/1.2; +https://openai.com/gptbot)"
20.171.207.216 - - [13/Sep/2025:15:05:20 +0200] "GET /?fileloc=//usr/include/harfbuzz/hb-graphite2.h&path=//usr/include/harfbuzz HTTP/1.1" 200 14174 "-" "Mozilla/5.0 AppleWebKit/537.36 (KHTML, like Gecko; compatible; GPTBot/1.2; +https://openai.com/gptbot)"
20.171.207.216 - - [13/Sep/2025:15:05:24 +0200] "GET /?fileloc=//usr/include/harfbuzz/hb-style.h&path=//usr/include/harfbuzz HTTP/1.1" 200 13765 "-" "Mozilla/5.0 AppleWebKit/537.36 (KHTML, like Gecko; compatible; GPTBot/1.2; +https://openai.com/gptbot)"
20.171.207.216 - - [13/Sep/2025:15:05:26 +0200] "GET /?fileloc=//usr/share/licenses/file/COPYING&path=//usr/share/licenses/file HTTP/1.1" 200 14085 "-" "Mozilla/5.0 AppleWebKit/537.36 (KHTML, like Gecko; compatible; GPTBot/1.2; +https://openai.com/gptbot)"
20.171.207.216 - - [13/Sep/2025:15:05:30 +0200] "GET /?fileloc=//usr/share/licenses/fuse/COPYING&path=//usr/share/licenses/fuse HTTP/1.1" 200 30692 "-" "Mozilla/5.0 AppleWebKit/537.36 (KHTML, like Gecko; compatible; GPTBot/1.2; +https://openai.com/gptbot)"
20.171.207.216 - - [13/Sep/2025:15:05:34 +0200] "GET /?fileloc=//sbin/cache_repair&path=//sbin HTTP/1.1" 200 4802519 "-" "Mozilla/5.0 AppleWebKit/537.36 (KHTML, like Gecko; compatible; GPTBot/1.2; +https://openai.com/gptbot)"
20.171.207.216 - - [13/Sep/2025:15:05:37 +0200] "GET /?fileloc=//sbin/ddns-confgen&path=//sbin HTTP/1.1" 200 45578 "-" "Mozilla/5.0 AppleWebKit/537.36 (KHTML, like Gecko; compatible; GPTBot/1.2; +https://openai.com/gptbot)"
20.171.207.216 - - [13/Sep/2025:15:05:40 +0200] "GET /wp-login.php?path=/mnt/data/targetplatform/public_html/en/wp-admin/includes HTTP/1.1" 200 190333 "-" "Mozilla/5.0 AppleWebKit/537.36 (KHTML, like Gecko; compatible; GPTBot/1.2; +https://openai.com/gptbot)"
20.171.207.216 - - [13/Sep/2025:15:05:44 +0200] "GET /wp-login.php?path=//usr/lib64/pm-utils HTTP/1.1" 200 16798 "-" "Mozilla/5.0 AppleWebKit/537.36 (KHTML, like Gecko; compatible; GPTBot/1.2; +https://openai.com/gptbot)"
20.171.207.216 - - [13/Sep/2025:15:05:47 +0200] "GET /wp-login.php?fileloc=//usr/bin/mariadb-show&path=//usr/bin HTTP/1.1" 200 6409595 "-" "Mozilla/5.0 AppleWebKit/537.36 (KHTML, like Gecko; compatible; GPTBot/1.2; +https://openai.com/gptbot)"
20.171.207.216 - - [13/Sep/2025:15:05:52 +0200] "GET /?fileloc=//scripts/snapshot_prep&path=//scripts HTTP/1.1" 200 18685 "-" "Mozilla/5.0 AppleWebKit/537.36 (KHTML, like Gecko; compatible; GPTBot/1.2; +https://openai.com/gptbot)"
20.171.207.216 - - [13/Sep/2025:15:05:54 +0200] "GET /?fileloc=//scripts/post_snapshot&path=//scripts HTTP/1.1" 200 14521 "-" "Mozilla/5.0 AppleWebKit/537.36 (KHTML, like Gecko; compatible; GPTBot/1.2; +https://openai.com/gptbot)"
20.171.207.216 - - [13/Sep/2025:15:05:57 +0200] "GET /?fileloc=//usr/share/licenses/opus/COPYING&path=//usr/share/licenses/opus HTTP/1.1" 200 14364 "-" "Mozilla/5.0 AppleWebKit/537.36 (KHTML, like Gecko; compatible; GPTBot/1.2; +https://openai.com/gptbot)"
20.171.207.216 - - [13/Sep/2025:15:06:00 +0200] "GET /wp-login.php?fileloc=//usr/lib64/libdrm_radeon.so.1.123.0&path=//usr/lib64 HTTP/1.1" 200 97951 "-" "Mozilla/5.0 AppleWebKit/537.36 (KHTML, like Gecko; compatible; GPTBot/1.2; +https://openai.com/gptbot)"
20.171.207.216 - - [13/Sep/2025:15:06:03 +0200] "GET /wp-login.php?fileloc=/mnt/data/targetplatform/public_html/en/wp-admin/includes/comment.php&path=/mnt/data/targetplatform/public_html/en/wp-admin/includes HTTP/1.1" 200 19635 "-" "Mozilla/5.0 AppleWebKit/537.36 (KHTML, like Gecko; compatible; GPTBot/1.2; +https://openai.com/gptbot)"
20.171.207.216 - - [13/Sep/2025:15:06:07 +0200] "GET /wp-login.php?fileloc=/mnt/data/targetplatform/public_html/en/wp-admin/includes/class-wp-theme-install-list-table.php&path=/mnt/data/targetplatform/public_html/en/wp-admin/includes HTTP/1.1" 200 31974 "-" "Mozilla/5.0 AppleWebKit/537.36 (KHTML, like Gecko; compatible; GPTBot/1.2; +https://openai.com/gptbot)"
20.171.207.216 - - [13/Sep/2025:15:06:16 +0200] "GET /wp-login.php?fileloc=/mnt/data/targetplatform/public_html/en/wp-admin/includes/privacy-tools.php&path=/mnt/data/targetplatform/public_html/en/wp-admin/includes HTTP/1.1" 200 49894 "-" "Mozilla/5.0 AppleWebKit/537.36 (KHTML, like Gecko; compatible; GPTBot/1.2; +https://openai.com/gptbot)"
66.249.70.32 - - [13/Sep/2025:15:06:16 +0200] "GET /de/wp-content/uploads/2023/08/Idlib.jpg HTTP/1.1" 200 437739 "-" "Googlebot-Image/1.0"
20.171.207.216 - - [13/Sep/2025:15:06:18 +0200] "GET /wp-login.php?path=//usr/lib64/pm-utils/module.d HTTP/1.1" 200 12830 "-" "Mozilla/5.0 AppleWebKit/537.36 (KHTML, like Gecko; compatible; GPTBot/1.2; +https://openai.com/gptbot)"
213.180.203.116 - - [13/Sep/2025:15:06:18 +0200] "GET /glance/1882298341/ HTTP/1.1" 404 - "-" "Mozilla/5.0 (compatible; YandexBot/3.0; +http://yandex.com/bots)"
20.171.207.216 - - [13/Sep/2025:15:06:21 +0200] "GET /wp-login.php?fileloc=/mnt/data/targetplatform/public_html/en/wp-admin/includes/class-wp-filesystem-ftpsockets.php&path=/mnt/data/targetplatform/public_html/en/wp-admin/includes HTTP/1.1" 200 32400 "-" "Mozilla/5.0 AppleWebKit/537.36 (KHTML, like Gecko; compatible; GPTBot/1.2; +https://openai.com/gptbot)"
20.171.207.216 - - [13/Sep/2025:15:06:26 +0200] "GET /wp-login.php?fileloc=/mnt/data/targetplatform/public_html/en/wp-admin/includes/class-wp-filesystem-ftpext.php&path=/mnt/data/targetplatform/public_html/en/wp-admin/includes HTTP/1.1" 200 37949 "-" "Mozilla/5.0 AppleWebKit/537.36 (KHTML, like Gecko; compatible; GPTBot/1.2; +https://openai.com/gptbot)"
20.171.207.216 - - [13/Sep/2025:15:06:27 +0200] "GET /wp-login.php?fileloc=/mnt/data/targetplatform/public_html/en/wp-admin/includes/translation-install.php&path=/mnt/data/targetplatform/public_html/en/wp-admin/includes HTTP/1.1" 200 25085 "-" "Mozilla/5.0 AppleWebKit/537.36 (KHTML, like Gecko; compatible; GPTBot/1.2; +https://openai.com/gptbot)"
20.171.207.216 - - [13/Sep/2025:15:06:30 +0200] "GET /wp-login.php?fileloc=/mnt/data/targetplatform/public_html/en/wp-admin/includes/admin-filters.php&path=/mnt/data/targetplatform/public_html/en/wp-admin/includes HTTP/1.1" 200 22895 "-" "Mozilla/5.0 AppleWebKit/537.36 (KHTML, like Gecko; compatible; GPTBot/1.2; +https://openai.com/gptbot)"
20.171.207.216 - - [13/Sep/2025:15:06:34 +0200] "GET /wp-login.php?fileloc=/mnt/data/targetplatform/public_html/en/wp-admin/includes/class-theme-upgrader.php&path=/mnt/data/targetplatform/public_html/en/wp-admin/includes HTTP/1.1" 200 43232 "-" "Mozilla/5.0 AppleWebKit/537.36 (KHTML, like Gecko; compatible; GPTBot/1.2; +https://openai.com/gptbot)"
213.180.203.220 - - [13/Sep/2025:15:06:36 +0200] "GET /acetarious/1248460234/ HTTP/1.1" 404 - "-" "Mozilla/5.0 (compatible; YandexBot/3.0; +http://yandex.com/bots)"
20.171.207.216 - - [13/Sep/2025:15:06:37 +0200] "GET /wp-login.php?fileloc=/mnt/data/targetplatform/public_html/en/wp-admin/includes/class-wp-privacy-policy-content.php&path=/mnt/data/targetplatform/public_html/en/wp-admin/includes HTTP/1.1" 200 50473 "-" "Mozilla/5.0 AppleWebKit/537.36 (KHTML, like Gecko; compatible; GPTBot/1.2; +https://openai.com/gptbot)"
20.171.207.216 - - [13/Sep/2025:15:06:40 +0200] "GET /wp-login.php?fileloc=/mnt/data/targetplatform/public_html/en/wp-admin/includes/class-core-upgrader.php&path=/mnt/data/targetplatform/public_html/en/wp-admin/includes HTTP/1.1" 200 29821 "-" "Mozilla/5.0 AppleWebKit/537.36 (KHTML, like Gecko; compatible; GPTBot/1.2; +https://openai.com/gptbot)"
20.171.207.216 - - [13/Sep/2025:15:06:43 +0200] "GET /wp-login.php?fileloc=/mnt/data/targetplatform/public_html/en/wp-admin/includes/class-theme-installer-skin.php&path=/mnt/data/targetplatform/public_html/en/wp-admin/includes HTTP/1.1" 200 28160 "-" "Mozilla/5.0 AppleWebKit/537.36 (KHTML, like Gecko; compatible; GPTBot/1.2; +https://openai.com/gptbot)"
20.171.207.216 - - [13/Sep/2025:15:06:46 +0200] "GET /wp-login.php?fileloc=/mnt/data/targetplatform/public_html/en/wp-admin/includes/class-plugin-installer-skin.php&path=/mnt/data/targetplatform/public_html/en/wp-admin/includes HTTP/1.1" 200 27335 "-" "Mozilla/5.0 AppleWebKit/537.36 (KHTML, like Gecko; compatible; GPTBot/1.2; +https://openai.com/gptbot)"
20.171.207.216 - - [13/Sep/2025:15:06:49 +0200] "GET /wp-login.php?fileloc=/mnt/data/targetplatform/public_html/en/wp-admin/includes/ms-deprecated.php&path=/mnt/data/targetplatform/public_html/en/wp-admin/includes HTTP/1.1" 200 16693 "-" "Mozilla/5.0 AppleWebKit/537.36 (KHTML, like Gecko; compatible; GPTBot/1.2; +https://openai.com/gptbot)"
20.171.207.216 - - [13/Sep/2025:15:06:52 +0200] "GET /wp-login.php?fileloc=/mnt/data/targetplatform/public_html/en/wp-admin/includes/class-plugin-upgrader.php&path=/mnt/data/targetplatform/public_html/en/wp-admin/includes HTTP/1.1" 200 38729 "-" "Mozilla/5.0 AppleWebKit/537.36 (KHTML, like Gecko; compatible; GPTBot/1.2; +https://openai.com/gptbot)"
20.171.207.216 - - [13/Sep/2025:15:06:55 +0200] "GET /wp-login.php?fileloc=/mnt/data/targetplatform/public_html/en/wp-admin/includes/class-custom-image-header.php&path=/mnt/data/targetplatform/public_html/en/wp-admin/includes HTTP/1.1" 200 72175 "-" "Mozilla/5.0 AppleWebKit/537.36 (KHTML, like Gecko; compatible; GPTBot/1.2; +https://openai.com/gptbot)"
20.171.207.216 - - [13/Sep/2025:15:06:58 +0200] "GET /wp-login.php?fileloc=/mnt/data/targetplatform/public_html/en/wp-admin/includes/class-file-upload-upgrader.php&path=/mnt/data/targetplatform/public_html/en/wp-admin/includes HTTP/1.1" 200 17517 "-" "Mozilla/5.0 AppleWebKit/537.36 (KHTML, like Gecko; compatible; GPTBot/1.2; +https://openai.com/gptbot)"
20.171.207.216 - - [13/Sep/2025:15:07:01 +0200] "GET /wp-login.php?fileloc=/mnt/data/targetplatform/public_html/en/wp-admin/includes/class-wp-terms-list-table.php&path=/mnt/data/targetplatform/public_html/en/wp-admin/includes HTTP/1.1" 200 38021 "-" "Mozilla/5.0 AppleWebKit/537.36 (KHTML, like Gecko; compatible; GPTBot/1.2; +https://openai.com/gptbot)"
20.171.207.216 - - [13/Sep/2025:15:07:04 +0200] "GET /wp-login.php?fileloc=/mnt/data/targetplatform/public_html/en/wp-admin/includes/deprecated.php&path=/mnt/data/targetplatform/public_html/en/wp-admin/includes HTTP/1.1" 200 58291 "-" "Mozilla/5.0 AppleWebKit/537.36 (KHTML, like Gecko; compatible; GPTBot/1.2; +https://openai.com/gptbot)"
20.171.207.216 - - [13/Sep/2025:15:07:07 +0200] "GET /wp-login.php?fileloc=/mnt/data/targetplatform/public_html/en/wp-admin/includes/class-wp-upgrader-skin.php&path=/mnt/data/targetplatform/public_html/en/wp-admin/includes HTTP/1.1" 200 20450 "-" "Mozilla/5.0 AppleWebKit/537.36 (KHTML, like Gecko; compatible; GPTBot/1.2; +https://openai.com/gptbot)"
20.171.207.216 - - [13/Sep/2025:15:07:10 +0200] "GET /wp-login.php?fileloc=/mnt/data/targetplatform/public_html/en/wp-admin/includes/class-wp-comments-list-table.php&path=/mnt/data/targetplatform/public_html/en/wp-admin/includes HTTP/1.1" 200 52887 "-" "Mozilla/5.0 AppleWebKit/537.36 (KHTML, like Gecko; compatible; GPTBot/1.2; +https://openai.com/gptbot)"
20.171.207.216 - - [13/Sep/2025:15:07:14 +0200] "GET /wp-login.php?fileloc=/mnt/data/targetplatform/public_html/en/wp-admin/includes/export.php&path=/mnt/data/targetplatform/public_html/en/wp-admin/includes HTTP/1.1" 200 42618 "-" "Mozilla/5.0 AppleWebKit/537.36 (KHTML, like Gecko; compatible; GPTBot/1.2; +https://openai.com/gptbot)"
20.171.207.216 - - [13/Sep/2025:15:07:17 +0200] "GET /wp-login.php?fileloc=/mnt/data/targetplatform/public_html/en/wp-admin/includes/class-wp-upgrader-skins.php&path=/mnt/data/targetplatform/public_html/en/wp-admin/includes HTTP/1.1" 200 14350 "-" "Mozilla/5.0 AppleWebKit/537.36 (KHTML, like Gecko; compatible; GPTBot/1.2; +https://openai.com/gptbot)"
20.171.207.216 - - [13/Sep/2025:15:07:20 +0200] "GET /wp-login.php?fileloc=/mnt/data/targetplatform/public_html/en/wp-admin/includes/screen.php&path=/mnt/data/targetplatform/public_html/en/wp-admin/includes HTTP/1.1" 200 19625 "-" "Mozilla/5.0 AppleWebKit/537.36 (KHTML, like Gecko; compatible; GPTBot/1.2; +https://openai.com/gptbot)"
20.171.207.216 - - [13/Sep/2025:15:07:23 +0200] "GET /wp-login.php?fileloc=/mnt/data/targetplatform/public_html/en/wp-admin/includes/schema.php&path=/mnt/data/targetplatform/public_html/en/wp-admin/includes HTTP/1.1" 200 62718 "-" "Mozilla/5.0 AppleWebKit/537.36 (KHTML, like Gecko; compatible; GPTBot/1.2; +https://openai.com/gptbot)"
20.171.207.216 - - [13/Sep/2025:15:07:27 +0200] "GET /wp-login.php?fileloc=/mnt/data/targetplatform/public_html/en/wp-admin/includes/class-wp-internal-pointers.php&path=/mnt/data/targetplatform/public_html/en/wp-admin/includes HTTP/1.1" 200 17659 "-" "Mozilla/5.0 AppleWebKit/537.36 (KHTML, like Gecko; compatible; GPTBot/1.2; +https://openai.com/gptbot)"
20.171.207.216 - - [13/Sep/2025:15:07:29 +0200] "GET /wp-login.php?fileloc=/mnt/data/targetplatform/public_html/en/wp-admin/includes/class-wp-automatic-updater.php&path=/mnt/data/targetplatform/public_html/en/wp-admin/includes HTTP/1.1" 200 80377 "-" "Mozilla/5.0 AppleWebKit/537.36 (KHTML, like Gecko; compatible; GPTBot/1.2; +https://openai.com/gptbot)"
20.171.207.216 - - [13/Sep/2025:15:07:32 +0200] "GET /wp-login.php?fileloc=/mnt/data/targetplatform/public_html/en/wp-admin/includes/class-wp-list-table.php&path=/mnt/data/targetplatform/public_html/en/wp-admin/includes HTTP/1.1" 200 75067 "-" "Mozilla/5.0 AppleWebKit/537.36 (KHTML, like Gecko; compatible; GPTBot/1.2; +https://openai.com/gptbot)"
213.180.203.116 - - [13/Sep/2025:15:07:34 +0200] "GET /orycterope/1064374158/ HTTP/1.1" 404 - "-" "Mozilla/5.0 (compatible; YandexBot/3.0; +http://yandex.com/bots)"
20.171.207.216 - - [13/Sep/2025:15:07:36 +0200] "GET /wp-login.php?fileloc=/mnt/data/targetplatform/public_html/en/wp-admin/includes/class-ftp-pure.php&path=/mnt/data/targetplatform/public_html/en/wp-admin/includes HTTP/1.1" 200 18842 "-" "Mozilla/5.0 AppleWebKit/537.36 (KHTML, like Gecko; compatible; GPTBot/1.2; +https://openai.com/gptbot)"
20.171.207.216 - - [13/Sep/2025:15:07:40 +0200] "GET /wp-login.php?fileloc=/mnt/data/targetplatform/public_html/en/wp-admin/includes/class-wp-plugins-list-table.php&path=/mnt/data/targetplatform/public_html/en/wp-admin/includes HTTP/1.1" 200 81559 "-" "Mozilla/5.0 AppleWebKit/537.36 (KHTML, like Gecko; compatible; GPTBot/1.2; +https://openai.com/gptbot)"
66.249.70.34 - - [13/Sep/2025:15:07:41 +0200] "GET /judahite/special/jqt/266058643 HTTP/1.1" 404 - "-" "Mozilla/5.0 (Linux; Android 6.0.1; Nexus 5X Build/MMB29P) AppleWebKit/537.36 (KHTML, like Gecko) Chrome/140.0.7339.127 Mobile Safari/537.36 (compatible; Googlebot/2.1; +http://www.google.com/bot.html)"
20.171.207.216 - - [13/Sep/2025:15:07:42 +0200] "GET /wp-login.php?fileloc=/mnt/data/targetplatform/public_html/en/wp-admin/includes/class-wp-posts-list-table.php&path=/mnt/data/targetplatform/public_html/en/wp-admin/includes HTTP/1.1" 200 89061 "-" "Mozilla/5.0 AppleWebKit/537.36 (KHTML, like Gecko; compatible; GPTBot/1.2; +https://openai.com/gptbot)"
20.171.207.216 - - [13/Sep/2025:15:07:46 +0200] "GET /wp-login.php?fileloc=/mnt/data/targetplatform/public_html/en/wp-admin/includes/class-wp-ms-sites-list-table.php&path=/mnt/data/targetplatform/public_html/en/wp-admin/includes HTTP/1.1" 200 39742 "-" "Mozilla/5.0 AppleWebKit/537.36 (KHTML, like Gecko; compatible; GPTBot/1.2; +https://openai.com/gptbot)"
20.171.207.216 - - [13/Sep/2025:15:07:49 +0200] "GET /wp-login.php?fileloc=/mnt/data/targetplatform/public_html/en/wp-admin/includes/class-wp-links-list-table.php&path=/mnt/data/targetplatform/public_html/en/wp-admin/includes HTTP/1.1" 200 23686 "-" "Mozilla/5.0 AppleWebKit/537.36 (KHTML, like Gecko; compatible; GPTBot/1.2; +https://openai.com/gptbot)"
20.171.207.216 - - [13/Sep/2025:15:07:52 +0200] "GET /wp-login.php?fileloc=/mnt/data/targetplatform/public_html/en/wp-admin/includes/class-wp-themes-list-table.php&path=/mnt/data/targetplatform/public_html/en/wp-admin/includes HTTP/1.1" 200 25215 "-" "Mozilla/5.0 AppleWebKit/537.36 (KHTML, like Gecko; compatible; GPTBot/1.2; +https://openai.com/gptbot)"
20.171.207.216 - - [13/Sep/2025:15:07:56 +0200] "GET /wp-login.php?fileloc=/mnt/data/targetplatform/public_html/en/wp-admin/includes/class-wp-list-table-compat.php&path=/mnt/data/targetplatform/public_html/en/wp-admin/includes HTTP/1.1" 200 14284 "-" "Mozilla/5.0 AppleWebKit/537.36 (KHTML, like Gecko; compatible; GPTBot/1.2; +https://openai.com/gptbot)"
20.171.207.216 - - [13/Sep/2025:15:07:58 +0200] "GET /wp-login.php?fileloc=/mnt/data/targetplatform/public_html/en/wp-admin/includes/class-wp-media-list-table.php&path=/mnt/data/targetplatform/public_html/en/wp-admin/includes HTTP/1.1" 200 43555 "-" "Mozilla/5.0 AppleWebKit/537.36 (KHTML, like Gecko; compatible; GPTBot/1.2; +https://openai.com/gptbot)"
20.171.207.216 - - [13/Sep/2025:15:08:01 +0200] "GET /wp-login.php?fileloc=/mnt/data/targetplatform/public_html/en/wp-admin/includes/class-wp-ms-users-list-table.php&path=/mnt/data/targetplatform/public_html/en/wp-admin/includes HTTP/1.1" 200 31173 "-" "Mozilla/5.0 AppleWebKit/537.36 (KHTML, like Gecko; compatible; GPTBot/1.2; +https://openai.com/gptbot)"
47.128.40.157 - - [13/Sep/2025:15:08:01 +0200] "GET /de HTTP/1.1" 301 238 "-" "Mozilla/5.0 (Linux; Android 5.0) AppleWebKit/537.36 (KHTML, like Gecko) Mobile Safari/537.36 (compatible; Bytespider; spider-feedback@bytedance.com)"
95.217.38.122 - - [13/Sep/2025:15:08:02 +0200] "POST /de/wp-cron.php?doing_wp_cron=1757768882.0794889926910400390625 HTTP/1.1" 200 - "-" "WordPress/6.7.3; https://targetplatform.net/de"
47.128.40.157 - - [13/Sep/2025:15:08:01 +0200] "GET /de/ HTTP/1.1" 200 114939 "-" "Mozilla/5.0 (Linux; Android 5.0) AppleWebKit/537.36 (KHTML, like Gecko) Mobile Safari/537.36 (compatible; Bytespider; spider-feedback@bytedance.com)"
95.108.213.163 - - [13/Sep/2025:15:08:04 +0200] "GET /?p=2691 HTTP/1.1" 200 56106 "-" "Mozilla/5.0 (compatible; YandexBot/3.0; +http://yandex.com/bots)"
20.171.207.216 - - [13/Sep/2025:15:08:04 +0200] "GET /wp-login.php?fileloc=/mnt/data/targetplatform/public_html/en/wp-admin/includes/class-wp-users-list-table.php&path=/mnt/data/targetplatform/public_html/en/wp-admin/includes HTTP/1.1" 200 35471 "-" "Mozilla/5.0 AppleWebKit/537.36 (KHTML, like Gecko; compatible; GPTBot/1.2; +https://openai.com/gptbot)"
20.171.207.216 - - [13/Sep/2025:15:08:07 +0200] "GET /wp-login.php?fileloc=/mnt/data/targetplatform/public_html/en/wp-admin/includes/class-wp-plugin-install-list-table.php&path=/mnt/data/targetplatform/public_html/en/wp-admin/includes HTTP/1.1" 200 42639 "-" "Mozilla/5.0 AppleWebKit/537.36 (KHTML, like Gecko; compatible; GPTBot/1.2; +https://openai.com/gptbot)"
20.171.207.216 - - [13/Sep/2025:15:08:12 +0200] "GET /wp-login.php?path=//usr/lib64/pm-utils/sleep.d HTTP/1.1" 200 12828 "-" "Mozilla/5.0 AppleWebKit/537.36 (KHTML, like Gecko; compatible; GPTBot/1.2; +https://openai.com/gptbot)"
20.171.207.216 - - [13/Sep/2025:15:08:14 +0200] "GET /wp-login.php?fileloc=/mnt/data/targetplatform/public_html/en/wp-admin/includes/class-wp-ms-themes-list-table.php&path=/mnt/data/targetplatform/public_html/en/wp-admin/includes HTTP/1.1" 200 46317 "-" "Mozilla/5.0 AppleWebKit/537.36 (KHTML, like Gecko; compatible; GPTBot/1.2; +https://openai.com/gptbot)"
20.171.207.216 - - [13/Sep/2025:15:08:17 +0200] "GET /wp-login.php?fileloc=/mnt/data/targetplatform/public_html/en/wp-admin/includes/class-bulk-plugin-upgrader-skin.php&path=/mnt/data/targetplatform/public_html/en/wp-admin/includes HTTP/1.1" 200 15612 "-" "Mozilla/5.0 AppleWebKit/537.36 (KHTML, like Gecko; compatible; GPTBot/1.2; +https://openai.com/gptbot)"
20.171.207.216 - - [13/Sep/2025:15:08:20 +0200] "GET /wp-login.php?fileloc=/mnt/data/targetplatform/public_html/en/wp-admin/includes/class-theme-upgrader-skin.php&path=/mnt/data/targetplatform/public_html/en/wp-admin/includes HTTP/1.1" 200 17804 "-" "Mozilla/5.0 AppleWebKit/537.36 (KHTML, like Gecko; compatible; GPTBot/1.2; +https://openai.com/gptbot)"
20.171.207.216 - - [13/Sep/2025:15:08:24 +0200] "GET /wp-login.php?fileloc=/mnt/data/targetplatform/public_html/en/wp-admin/includes/class-language-pack-upgrader.php&path=/mnt/data/targetplatform/public_html/en/wp-admin/includes HTTP/1.1" 200 30115 "-" "Mozilla/5.0 AppleWebKit/537.36 (KHTML, like Gecko; compatible; GPTBot/1.2; +https://openai.com/gptbot)"
20.171.207.216 - - [13/Sep/2025:15:08:27 +0200] "GET /wp-login.php?fileloc=/mnt/data/targetplatform/public_html/en/wp-admin/includes/class-bulk-theme-upgrader-skin.php&path=/mnt/data/targetplatform/public_html/en/wp-admin/includes HTTP/1.1" 200 15710 "-" "Mozilla/5.0 AppleWebKit/537.36 (KHTML, like Gecko; compatible; GPTBot/1.2; +https://openai.com/gptbot)"
20.171.207.216 - - [13/Sep/2025:15:08:30 +0200] "GET /wp-login.php?fileloc=/mnt/data/targetplatform/public_html/en/wp-admin/includes/class-language-pack-upgrader-skin.php&path=/mnt/data/targetplatform/public_html/en/wp-admin/includes HTTP/1.1" 200 15981 "-" "Mozilla/5.0 AppleWebKit/537.36 (KHTML, like Gecko; compatible; GPTBot/1.2; +https://openai.com/gptbot)"
20.171.207.216 - - [13/Sep/2025:15:08:33 +0200] "GET /wp-login.php?fileloc=/mnt/data/targetplatform/public_html/en/wp-admin/includes/class-plugin-upgrader-skin.php&path=/mnt/data/targetplatform/public_html/en/wp-admin/includes HTTP/1.1" 200 16545 "-" "Mozilla/5.0 AppleWebKit/537.36 (KHTML, like Gecko; compatible; GPTBot/1.2; +https://openai.com/gptbot)"
20.171.207.216 - - [13/Sep/2025:15:08:36 +0200] "GET /wp-login.php?fileloc=/mnt/data/targetplatform/public_html/en/wp-admin/includes/class-walker-nav-menu-checklist.php&path=/mnt/data/targetplatform/public_html/en/wp-admin/includes HTTP/1.1" 200 19543 "-" "Mozilla/5.0 AppleWebKit/537.36 (KHTML, like Gecko; compatible; GPTBot/1.2; +https://openai.com/gptbot)"
20.171.207.216 - - [13/Sep/2025:15:08:39 +0200] "GET /wp-login.php?fileloc=/mnt/data/targetplatform/public_html/en/wp-admin/includes/class-custom-background.php&path=/mnt/data/targetplatform/public_html/en/wp-admin/includes HTTP/1.1" 200 40455 "-" "Mozilla/5.0 AppleWebKit/537.36 (KHTML, like Gecko; compatible; GPTBot/1.2; +https://openai.com/gptbot)"
20.171.207.216 - - [13/Sep/2025:15:08:42 +0200] "GET /wp-login.php?fileloc=/mnt/data/targetplatform/public_html/en/wp-admin/includes/class-automatic-upgrader-skin.php&path=/mnt/data/targetplatform/public_html/en/wp-admin/includes HTTP/1.1" 200 16534 "-" "Mozilla/5.0 AppleWebKit/537.36 (KHTML, like Gecko; compatible; GPTBot/1.2; +https://openai.com/gptbot)"
20.171.207.216 - - [13/Sep/2025:15:08:45 +0200] "GET /wp-login.php?fileloc=/mnt/data/targetplatform/public_html/en/wp-admin/includes/class-bulk-upgrader-skin.php&path=/mnt/data/targetplatform/public_html/en/wp-admin/includes HTTP/1.1" 200 20642 "-" "Mozilla/5.0 AppleWebKit/537.36 (KHTML, like Gecko; compatible; GPTBot/1.2; +https://openai.com/gptbot)"
20.171.207.216 - - [13/Sep/2025:15:08:48 +0200] "GET /wp-login.php?fileloc=/mnt/data/targetplatform/public_html/en/wp-admin/includes/class-wp-filesystem-direct.php&path=/mnt/data/targetplatform/public_html/en/wp-admin/includes HTTP/1.1" 200 31618 "-" "Mozilla/5.0 AppleWebKit/537.36 (KHTML, like Gecko; compatible; GPTBot/1.2; +https://openai.com/gptbot)"
20.171.207.216 - - [13/Sep/2025:15:08:51 +0200] "GET /wp-login.php?fileloc=/mnt/data/targetplatform/public_html/en/wp-admin/includes/user.php&path=/mnt/data/targetplatform/public_html/en/wp-admin/includes HTTP/1.1" 200 39327 "-" "Mozilla/5.0 AppleWebKit/537.36 (KHTML, like Gecko; compatible; GPTBot/1.2; +https://openai.com/gptbot)"
20.171.207.216 - - [13/Sep/2025:15:08:54 +0200] "GET /wp-login.php?fileloc=/mnt/data/targetplatform/public_html/en/wp-admin/includes/class-wp-community-events.php&path=/mnt/data/targetplatform/public_html/en/wp-admin/includes HTTP/1.1" 200 33088 "-" "Mozilla/5.0 AppleWebKit/537.36 (KHTML, like Gecko; compatible; GPTBot/1.2; +https://openai.com/gptbot)"
20.171.207.216 - - [13/Sep/2025:15:08:58 +0200] "GET /wp-login.php?fileloc=/mnt/data/targetplatform/public_html/en/wp-admin/site-health.php&path=/mnt/data/targetplatform/public_html/en/wp-admin HTTP/1.1" 200 25940 "-" "Mozilla/5.0 AppleWebKit/537.36 (KHTML, like Gecko; compatible; GPTBot/1.2; +https://openai.com/gptbot)"
20.171.207.216 - - [13/Sep/2025:15:09:01 +0200] "GET /wp-login.php?fileloc=/mnt/data/targetplatform/public_html/en/wp-admin/theme-editor.php&path=/mnt/data/targetplatform/public_html/en/wp-admin HTTP/1.1" 200 33107 "-" "Mozilla/5.0 AppleWebKit/537.36 (KHTML, like Gecko; compatible; GPTBot/1.2; +https://openai.com/gptbot)"
20.171.207.216 - - [13/Sep/2025:15:09:04 +0200] "GET /wp-login.php?fileloc=/mnt/data/targetplatform/public_html/en/wp-admin/includes/class-wp-filesystem-base.php&path=/mnt/data/targetplatform/public_html/en/wp-admin/includes HTTP/1.1" 200 38449 "-" "Mozilla/5.0 AppleWebKit/537.36 (KHTML, like Gecko; compatible; GPTBot/1.2; +https://openai.com/gptbot)"
20.171.207.216 - - [13/Sep/2025:15:09:07 +0200] "GET /wp-login.php?fileloc=/mnt/data/targetplatform/public_html/en/wp-admin/setup-config.php&path=/mnt/data/targetplatform/public_html/en/wp-admin HTTP/1.1" 200 35291 "-" "Mozilla/5.0 AppleWebKit/537.36 (KHTML, like Gecko; compatible; GPTBot/1.2; +https://openai.com/gptbot)"
47.128.56.114 - - [13/Sep/2025:15:09:09 +0200] "GET / HTTP/1.1" 200 56106 "-" "Mozilla/5.0 (Linux; Android 5.0) AppleWebKit/537.36 (KHTML, like Gecko) Mobile Safari/537.36 (compatible; Bytespider; spider-feedback@bytedance.com)"
20.171.207.216 - - [13/Sep/2025:15:09:10 +0200] "GET /wp-login.php?fileloc=/mnt/data/targetplatform/public_html/en/wp-admin/menu-header.php&path=/mnt/data/targetplatform/public_html/en/wp-admin HTTP/1.1" 200 24866 "-" "Mozilla/5.0 AppleWebKit/537.36 (KHTML, like Gecko; compatible; GPTBot/1.2; +https://openai.com/gptbot)"
20.171.207.216 - - [13/Sep/2025:15:09:13 +0200] "GET /wp-login.php?fileloc=/mnt/data/targetplatform/public_html/en/wp-admin/site-editor.php&path=/mnt/data/targetplatform/public_html/en/wp-admin HTTP/1.1" 200 21233 "-" "Mozilla/5.0 AppleWebKit/537.36 (KHTML, like Gecko; compatible; GPTBot/1.2; +https://openai.com/gptbot)"
213.180.203.220 - - [13/Sep/2025:15:09:15 +0200] "GET /bilabial378344789/ HTTP/1.1" 404 - "-" "Mozilla/5.0 (compatible; YandexBot/3.0; +http://yandex.com/bots)"
87.250.224.247 - - [13/Sep/2025:15:09:15 +0200] "GET /pseudonymity/z/2507797297/ HTTP/1.1" 404 - "-" "Mozilla/5.0 (compatible; YandexBot/3.0; +http://yandex.com/bots)"
20.171.207.216 - - [13/Sep/2025:15:09:16 +0200] "GET /wp-login.php?fileloc=/mnt/data/targetplatform/public_html/en/wp-admin/admin-footer.php&path=/mnt/data/targetplatform/public_html/en/wp-admin HTTP/1.1" 200 16030 "-" "Mozilla/5.0 AppleWebKit/537.36 (KHTML, like Gecko; compatible; GPTBot/1.2; +https://openai.com/gptbot)"
20.171.207.216 - - [13/Sep/2025:15:09:20 +0200] "GET /wp-login.php?fileloc=/mnt/data/targetplatform/public_html/en/wp-admin/load-scripts.php&path=/mnt/data/targetplatform/public_html/en/wp-admin HTTP/1.1" 200 15041 "-" "Mozilla/5.0 AppleWebKit/537.36 (KHTML, like Gecko; compatible; GPTBot/1.2; +https://openai.com/gptbot)"
20.171.207.216 - - [13/Sep/2025:15:09:23 +0200] "GET /wp-login.php?fileloc=/mnt/data/targetplatform/public_html/en/wp-admin/media-upload.php&path=/mnt/data/targetplatform/public_html/en/wp-admin HTTP/1.1" 200 16807 "-" "Mozilla/5.0 AppleWebKit/537.36 (KHTML, like Gecko; compatible; GPTBot/1.2; +https://openai.com/gptbot)"
20.171.207.216 - - [13/Sep/2025:15:09:26 +0200] "GET /wp-login.php?fileloc=/mnt/data/targetplatform/public_html/en/wp-admin/options-head.php&path=/mnt/data/targetplatform/public_html/en/wp-admin HTTP/1.1" 200 13277 "-" "Mozilla/5.0 AppleWebKit/537.36 (KHTML, like Gecko; compatible; GPTBot/1.2; +https://openai.com/gptbot)"
20.171.207.216 - - [13/Sep/2025:15:09:29 +0200] "GET /wp-login.php?fileloc=/mnt/data/targetplatform/public_html/en/wp-admin/link-manager.php&path=/mnt/data/targetplatform/public_html/en/wp-admin HTTP/1.1" 200 18228 "-" "Mozilla/5.0 AppleWebKit/537.36 (KHTML, like Gecko; compatible; GPTBot/1.2; +https://openai.com/gptbot)"
20.171.207.216 - - [13/Sep/2025:15:09:32 +0200] "GET /?fileloc=//lib/systemd/system-sleep/sysstat.sleep&path=//lib/systemd/system-sleep HTTP/1.1" 200 12635 "-" "Mozilla/5.0 AppleWebKit/537.36 (KHTML, like Gecko; compatible; GPTBot/1.2; +https://openai.com/gptbot)"
20.171.207.216 - - [13/Sep/2025:15:09:35 +0200] "GET /wp-login.php?fileloc=/mnt/data/targetplatform/public_html/en/wp-admin/admin-header.php&path=/mnt/data/targetplatform/public_html/en/wp-admin HTTP/1.1" 200 23005 "-" "Mozilla/5.0 AppleWebKit/537.36 (KHTML, like Gecko; compatible; GPTBot/1.2; +https://openai.com/gptbot)"
20.171.207.216 - - [13/Sep/2025:15:09:39 +0200] "GET /?fileloc=//bin/sg_compare_and_write&path=//bin HTTP/1.1" 200 45993 "-" "Mozilla/5.0 AppleWebKit/537.36 (KHTML, like Gecko; compatible; GPTBot/1.2; +https://openai.com/gptbot)"
20.171.207.216 - - [13/Sep/2025:15:09:42 +0200] "GET /?fileloc=//installimage.conf&path=/ HTTP/1.1" 200 12243 "-" "Mozilla/5.0 AppleWebKit/537.36 (KHTML, like Gecko; compatible; GPTBot/1.2; +https://openai.com/gptbot)"
20.171.207.216 - - [13/Sep/2025:15:09:45 +0200] "GET /?fileloc=//lib64/python3.9/lib2to3/__pycache__/__main__.cpython-39.pyc&path=//lib64/python3.9/lib2to3/__pycache__ HTTP/1.1" 200 12742 "-" "Mozilla/5.0 AppleWebKit/537.36 (KHTML, like Gecko; compatible; GPTBot/1.2; +https://openai.com/gptbot)"
20.171.207.216 - - [13/Sep/2025:15:09:48 +0200] "GET /?fileloc=//usr/include/sysprof-4/sysprof-platform.h&path=//usr/include/sysprof-4 HTTP/1.1" 200 15575 "-" "Mozilla/5.0 AppleWebKit/537.36 (KHTML, like Gecko; compatible; GPTBot/1.2; +https://openai.com/gptbot)"
20.171.207.216 - - [13/Sep/2025:15:09:52 +0200] "GET /?fileloc=//lib/kbd/consoletrans/viscii1.0_to_tcvn.trans&path=//lib/kbd/consoletrans HTTP/1.1" 200 13808 "-" "Mozilla/5.0 AppleWebKit/537.36 (KHTML, like Gecko; compatible; GPTBot/1.2; +https://openai.com/gptbot)"
20.171.207.216 - - [13/Sep/2025:15:09:55 +0200] "GET /?fileloc=//usr/include/bits/types/struct_msqid64_ds_helper.h&path=//usr/include/bits/types HTTP/1.1" 200 13965 "-" "Mozilla/5.0 AppleWebKit/537.36 (KHTML, like Gecko; compatible; GPTBot/1.2; +https://openai.com/gptbot)"
20.171.207.216 - - [13/Sep/2025:15:09:58 +0200] "GET /wp-login.php?fileloc=//scripts/archive_sync_zones&path=//scripts HTTP/1.1" 200 15735 "-" "Mozilla/5.0 AppleWebKit/537.36 (KHTML, like Gecko; compatible; GPTBot/1.2; +https://openai.com/gptbot)"
20.171.207.216 - - [13/Sep/2025:15:10:01 +0200] "GET /?path=//scripts/cpan_sandbox/x86_64 HTTP/1.1" 200 20161 "-" "Mozilla/5.0 AppleWebKit/537.36 (KHTML, like Gecko; compatible; GPTBot/1.2; +https://openai.com/gptbot)"
20.171.207.216 - - [13/Sep/2025:15:10:04 +0200] "GET /?fileloc=//bin/systemd-path&path=//bin HTTP/1.1" 200 35393 "-" "Mozilla/5.0 AppleWebKit/537.36 (KHTML, like Gecko; compatible; GPTBot/1.2; +https://openai.com/gptbot)"
20.171.207.216 - - [13/Sep/2025:15:10:07 +0200] "GET /?fileloc=//usr/bin/perl5.32.1&path=//usr/bin HTTP/1.1" 200 29717 "-" "Mozilla/5.0 AppleWebKit/537.36 (KHTML, like Gecko; compatible; GPTBot/1.2; +https://openai.com/gptbot)"
20.171.207.216 - - [13/Sep/2025:15:10:10 +0200] "GET /?fileloc=//usr/bin/i386&path=//usr/bin HTTP/1.1" 200 45839 "-" "Mozilla/5.0 AppleWebKit/537.36 (KHTML, like Gecko; compatible; GPTBot/1.2; +https://openai.com/gptbot)"
20.171.207.216 - - [13/Sep/2025:15:10:13 +0200] "GET /wp-login.php?fileloc=//usr/lib64/libImath-3_1.so.29&path=//usr/lib64 HTTP/1.1" 200 558671 "-" "Mozilla/5.0 AppleWebKit/537.36 (KHTML, like Gecko; compatible; GPTBot/1.2; +https://openai.com/gptbot)"
20.171.207.216 - - [13/Sep/2025:15:10:16 +0200] "GET /?fileloc=//lib64/libxcb-dpms.so.0&path=//lib64 HTTP/1.1" 200 30680 "-" "Mozilla/5.0 AppleWebKit/537.36 (KHTML, like Gecko; compatible; GPTBot/1.2; +https://openai.com/gptbot)"
20.171.207.216 - - [13/Sep/2025:15:10:20 +0200] "GET /?fileloc=//usr/share/myspell/en_AG.aff&path=//usr/share/myspell HTTP/1.1" 200 40294 "-" "Mozilla/5.0 AppleWebKit/537.36 (KHTML, like Gecko; compatible; GPTBot/1.2; +https://openai.com/gptbot)"
20.171.207.216 - - [13/Sep/2025:15:10:23 +0200] "GET /?fileloc=//scripts/cpan_sandbox/x86_64/xml2-config&path=//scripts/cpan_sandbox/x86_64 HTTP/1.1" 200 12881 "-" "Mozilla/5.0 AppleWebKit/537.36 (KHTML, like Gecko; compatible; GPTBot/1.2; +https://openai.com/gptbot)"
20.171.207.216 - - [13/Sep/2025:15:10:26 +0200] "GET /?fileloc=//scripts/cpan_sandbox/x86_64/cc&path=//scripts/cpan_sandbox/x86_64 HTTP/1.1" 200 13107 "-" "Mozilla/5.0 AppleWebKit/537.36 (KHTML, like Gecko; compatible; GPTBot/1.2; +https://openai.com/gptbot)"
20.171.207.216 - - [13/Sep/2025:15:10:29 +0200] "GET /?fileloc=//scripts/cpan_sandbox/x86_64/perl&path=//scripts/cpan_sandbox/x86_64 HTTP/1.1" 200 13113 "-" "Mozilla/5.0 AppleWebKit/537.36 (KHTML, like Gecko; compatible; GPTBot/1.2; +https://openai.com/gptbot)"
216.73.216.169 - - [13/Sep/2025:15:10:32 +0200] "GET /robots.txt HTTP/1.1" 200 1119 "-" "Mozilla/5.0 AppleWebKit/537.36 (KHTML, like Gecko; compatible; ClaudeBot/1.0; +claudebot@anthropic.com)"
216.73.216.169 - - [13/Sep/2025:15:10:32 +0200] "GET /?fileloc=%2Fmnt%2Fdata%2Ftargetplatform%2Fpublic_html%2Fwp-admin%2Fadmin-header.php&path=%2Fmnt%2Fdata%2Ftargetplatform%2Fpublic_html%2Fwp-admin HTTP/1.1" 200 23242 "-" "Mozilla/5.0 AppleWebKit/537.36 (KHTML, like Gecko; compatible; ClaudeBot/1.0; +claudebot@anthropic.com)"
20.171.207.216 - - [13/Sep/2025:15:10:32 +0200] "GET /?fileloc=//scripts/cpan_sandbox/x86_64/gcc&path=//scripts/cpan_sandbox/x86_64 HTTP/1.1" 200 13108 "-" "Mozilla/5.0 AppleWebKit/537.36 (KHTML, like Gecko; compatible; GPTBot/1.2; +https://openai.com/gptbot)"
20.171.207.216 - - [13/Sep/2025:15:10:35 +0200] "GET /?fileloc=//usr/share/myspell/en_ZA.aff&path=//usr/share/myspell HTTP/1.1" 200 40294 "-" "Mozilla/5.0 AppleWebKit/537.36 (KHTML, like Gecko; compatible; GPTBot/1.2; +https://openai.com/gptbot)"
216.73.216.169 - - [13/Sep/2025:15:10:35 +0200] "GET /?fileloc=%2Fmnt%2Fdata%2Ftargetplatform%2Fpublic_html%2Fwp-admin%2Fplugin-editor.php&path=%2Fmnt%2Fdata%2Ftargetplatform%2Fpublic_html%2Fwp-admin HTTP/1.1" 200 30410 "-" "Mozilla/5.0 AppleWebKit/537.36 (KHTML, like Gecko; compatible; ClaudeBot/1.0; +claudebot@anthropic.com)"
216.73.216.169 - - [13/Sep/2025:15:10:38 +0200] "GET /?fileloc=%2Fmnt%2Fdata%2Ftargetplatform%2Fpublic_html%2Fwp-admin%2Fadmin-ajax.php&path=%2Fmnt%2Fdata%2Ftargetplatform%2Fpublic_html%2Fwp-admin HTTP/1.1" 200 19167 "-" "Mozilla/5.0 AppleWebKit/537.36 (KHTML, like Gecko; compatible; ClaudeBot/1.0; +claudebot@anthropic.com)"
20.171.207.216 - - [13/Sep/2025:15:10:39 +0200] "GET /?fileloc=//usr/share/myspell/en_ZW.aff&path=//usr/share/myspell HTTP/1.1" 200 40294 "-" "Mozilla/5.0 AppleWebKit/537.36 (KHTML, like Gecko; compatible; GPTBot/1.2; +https://openai.com/gptbot)"
66.249.70.32 - - [13/Sep/2025:15:10:42 +0200] "GET /peremption/info/hwt/273826481 HTTP/1.1" 404 - "-" "Mozilla/5.0 (Linux; Android 6.0.1; Nexus 5X Build/MMB29P) AppleWebKit/537.36 (KHTML, like Gecko) Chrome/140.0.7339.127 Mobile Safari/537.36 (compatible; Googlebot/2.1; +http://www.google.com/bot.html)"
20.171.207.216 - - [13/Sep/2025:15:10:42 +0200] "GET /?fileloc=//usr/share/myspell/en_US.aff&path=//usr/share/myspell HTTP/1.1" 200 15499 "-" "Mozilla/5.0 AppleWebKit/537.36 (KHTML, like Gecko; compatible; GPTBot/1.2; +https://openai.com/gptbot)"
20.171.207.216 - - [13/Sep/2025:15:10:45 +0200] "GET /?fileloc=//usr/share/myspell/en_NZ.aff&path=//usr/share/myspell HTTP/1.1" 200 40294 "-" "Mozilla/5.0 AppleWebKit/537.36 (KHTML, like Gecko; compatible; GPTBot/1.2; +https://openai.com/gptbot)"
20.171.207.216 - - [13/Sep/2025:15:10:48 +0200] "GET /?fileloc=//usr/share/libtool/README&path=//usr/share/libtool HTTP/1.1" 200 13064 "-" "Mozilla/5.0 AppleWebKit/537.36 (KHTML, like Gecko; compatible; GPTBot/1.2; +https://openai.com/gptbot)"
20.171.207.216 - - [13/Sep/2025:15:10:51 +0200] "GET /?fileloc=//usr/share/myspell/en_HK.aff&path=//usr/share/myspell HTTP/1.1" 200 40294 "-" "Mozilla/5.0 AppleWebKit/537.36 (KHTML, like Gecko; compatible; GPTBot/1.2; +https://openai.com/gptbot)"
20.171.207.216 - - [13/Sep/2025:15:10:54 +0200] "GET /?fileloc=//usr/share/myspell/en_AU.aff&path=//usr/share/myspell HTTP/1.1" 200 40294 "-" "Mozilla/5.0 AppleWebKit/537.36 (KHTML, like Gecko; compatible; GPTBot/1.2; +https://openai.com/gptbot)"
20.171.207.216 - - [13/Sep/2025:15:10:57 +0200] "GET /?fileloc=//usr/share/myspell/en_NA.aff&path=//usr/share/myspell HTTP/1.1" 200 40294 "-" "Mozilla/5.0 AppleWebKit/537.36 (KHTML, like Gecko; compatible; GPTBot/1.2; +https://openai.com/gptbot)"
20.171.207.216 - - [13/Sep/2025:15:11:00 +0200] "GET /?fileloc=//usr/share/myspell/en_DK.aff&path=//usr/share/myspell HTTP/1.1" 200 40294 "-" "Mozilla/5.0 AppleWebKit/537.36 (KHTML, like Gecko; compatible; GPTBot/1.2; +https://openai.com/gptbot)"
20.171.207.216 - - [13/Sep/2025:15:11:04 +0200] "GET /?fileloc=//usr/share/myspell/en_ZM.aff&path=//usr/share/myspell HTTP/1.1" 200 40294 "-" "Mozilla/5.0 AppleWebKit/537.36 (KHTML, like Gecko; compatible; GPTBot/1.2; +https://openai.com/gptbot)"
20.171.207.216 - - [13/Sep/2025:15:11:06 +0200] "GET /?fileloc=//usr/share/myspell/en_CA.aff&path=//usr/share/myspell HTTP/1.1" 200 15499 "-" "Mozilla/5.0 AppleWebKit/537.36 (KHTML, like Gecko; compatible; GPTBot/1.2; +https://openai.com/gptbot)"
20.171.207.216 - - [13/Sep/2025:15:11:10 +0200] "GET /?fileloc=//usr/share/myspell/en_IE.aff&path=//usr/share/myspell HTTP/1.1" 200 40294 "-" "Mozilla/5.0 AppleWebKit/537.36 (KHTML, like Gecko; compatible; GPTBot/1.2; +https://openai.com/gptbot)"
20.171.207.216 - - [13/Sep/2025:15:11:13 +0200] "GET /?fileloc=//usr/share/myspell/en_NG.aff&path=//usr/share/myspell HTTP/1.1" 200 40294 "-" "Mozilla/5.0 AppleWebKit/537.36 (KHTML, like Gecko; compatible; GPTBot/1.2; +https://openai.com/gptbot)"
5.255.231.87 - - [13/Sep/2025:15:11:14 +0200] "GET /en/wp-content/uploads/2023/06/Another-Kurdish-child-killed-after.jpg HTTP/1.1" 200 771463 "-" "Mozilla/5.0 (compatible; YandexImages/3.0; +http://yandex.com/bots)"
20.171.207.216 - - [13/Sep/2025:15:11:16 +0200] "GET /?fileloc=//usr/share/myspell/en_BW.aff&path=//usr/share/myspell HTTP/1.1" 200 40294 "-" "Mozilla/5.0 AppleWebKit/537.36 (KHTML, like Gecko; compatible; GPTBot/1.2; +https://openai.com/gptbot)"
20.171.207.216 - - [13/Sep/2025:15:11:19 +0200] "GET /?fileloc=//usr/share/myspell/en_PH.aff&path=//usr/share/myspell HTTP/1.1" 200 15499 "-" "Mozilla/5.0 AppleWebKit/537.36 (KHTML, like Gecko; compatible; GPTBot/1.2; +https://openai.com/gptbot)"
20.171.207.216 - - [13/Sep/2025:15:11:22 +0200] "GET /?fileloc=//usr/share/myspell/en_TT.aff&path=//usr/share/myspell HTTP/1.1" 200 40294 "-" "Mozilla/5.0 AppleWebKit/537.36 (KHTML, like Gecko; compatible; GPTBot/1.2; +https://openai.com/gptbot)"
20.171.207.216 - - [13/Sep/2025:15:11:25 +0200] "GET /?fileloc=//usr/share/myspell/en_SG.aff&path=//usr/share/myspell HTTP/1.1" 200 40294 "-" "Mozilla/5.0 AppleWebKit/537.36 (KHTML, like Gecko; compatible; GPTBot/1.2; +https://openai.com/gptbot)"
20.171.207.216 - - [13/Sep/2025:15:11:28 +0200] "GET /?fileloc=//usr/share/myspell/en_BZ.aff&path=//usr/share/myspell HTTP/1.1" 200 40294 "-" "Mozilla/5.0 AppleWebKit/537.36 (KHTML, like Gecko; compatible; GPTBot/1.2; +https://openai.com/gptbot)"
20.171.207.216 - - [13/Sep/2025:15:11:32 +0200] "GET /?fileloc=//usr/share/myspell/en_JM.aff&path=//usr/share/myspell HTTP/1.1" 200 40294 "-" "Mozilla/5.0 AppleWebKit/537.36 (KHTML, like Gecko; compatible; GPTBot/1.2; +https://openai.com/gptbot)"
20.171.207.216 - - [13/Sep/2025:15:11:35 +0200] "GET /?fileloc=//usr/share/myspell/en_IN.aff&path=//usr/share/myspell HTTP/1.1" 200 40294 "-" "Mozilla/5.0 AppleWebKit/537.36 (KHTML, like Gecko; compatible; GPTBot/1.2; +https://openai.com/gptbot)"
20.171.207.216 - - [13/Sep/2025:15:11:38 +0200] "GET /?fileloc=//usr/share/myspell/en_GH.aff&path=//usr/share/myspell HTTP/1.1" 200 40294 "-" "Mozilla/5.0 AppleWebKit/537.36 (KHTML, like Gecko; compatible; GPTBot/1.2; +https://openai.com/gptbot)"
20.171.207.216 - - [13/Sep/2025:15:11:41 +0200] "GET /?fileloc=//usr/share/myspell/en_GB.aff&path=//usr/share/myspell HTTP/1.1" 200 40294 "-" "Mozilla/5.0 AppleWebKit/537.36 (KHTML, like Gecko; compatible; GPTBot/1.2; +https://openai.com/gptbot)"
20.171.207.216 - - [13/Sep/2025:15:11:44 +0200] "GET /?fileloc=//usr/share/myspell/en_BS.aff&path=//usr/share/myspell HTTP/1.1" 200 40294 "-" "Mozilla/5.0 AppleWebKit/537.36 (KHTML, like Gecko; compatible; GPTBot/1.2; +https://openai.com/gptbot)"
20.171.207.216 - - [13/Sep/2025:15:11:47 +0200] "GET /?fileloc=//usr/lib/exim/bin/spftest&path=//usr/lib/exim/bin HTTP/1.1" 200 45108 "-" "Mozilla/5.0 AppleWebKit/537.36 (KHTML, like Gecko; compatible; GPTBot/1.2; +https://openai.com/gptbot)"
