216.73.216.169 - - [13/Sep/2025:16:08:32 +0200] "GET /?fileloc=%2Fmnt%2Fdata%2Ftargetplatform%2Fpublic_html%2Fen%2Fwp-includes%2Fclass-wp-roles.php&path=%2Fmnt%2Fdata%2Ftargetplatform%2Fpublic_html%2Fen%2Fwp-includes HTTP/1.1" 200 21759 "-" "Mozilla/5.0 AppleWebKit/537.36 (KHTML, like Gecko; compatible; ClaudeBot/1.0; +claudebot@anthropic.com)"
20.171.207.216 - - [13/Sep/2025:16:08:32 +0200] "GET /?path=//proc/81/fdinfo HTTP/1.1" 200 12762 "-" "Mozilla/5.0 AppleWebKit/537.36 (KHTML, like Gecko; compatible; GPTBot/1.2; +https://openai.com/gptbot)"
216.73.216.169 - - [13/Sep/2025:16:08:35 +0200] "GET /?fileloc=%2Fmnt%2Fdata%2Ftargetplatform%2Fpublic_html%2Fen%2Fwp-admin%2Fnetwork.php&path=%2Fmnt%2Fdata%2Ftargetplatform%2Fpublic_html%2Fen%2Fwp-admin HTTP/1.1" 200 19314 "-" "Mozilla/5.0 AppleWebKit/537.36 (KHTML, like Gecko; compatible; ClaudeBot/1.0; +claudebot@anthropic.com)"
20.171.207.216 - - [13/Sep/2025:16:08:36 +0200] "GET /?fileloc=//proc/73/personality&path=//proc/73 HTTP/1.1" 200 12310 "-" "Mozilla/5.0 AppleWebKit/537.36 (KHTML, like Gecko; compatible; GPTBot/1.2; +https://openai.com/gptbot)"
216.73.216.169 - - [13/Sep/2025:16:08:38 +0200] "GET /?fileloc=%2Fmnt%2Fdata%2Ftargetplatform%2Fpublic_html%2Fwp-includes%2FPHPMailer%2FPHPMailer.php&path=%2Fmnt%2Fdata%2Ftargetplatform%2Fpublic_html%2Fwp-includes%2FPHPMailer HTTP/1.1" 200 213316 "-" "Mozilla/5.0 AppleWebKit/537.36 (KHTML, like Gecko; compatible; ClaudeBot/1.0; +claudebot@anthropic.com)"
20.171.207.216 - - [13/Sep/2025:16:08:39 +0200] "GET /?path=//proc/73/fdinfo HTTP/1.1" 200 12762 "-" "Mozilla/5.0 AppleWebKit/537.36 (KHTML, like Gecko; compatible; GPTBot/1.2; +https://openai.com/gptbot)"
216.73.216.169 - - [13/Sep/2025:16:08:41 +0200] "GET /?fileloc=%2Fmnt%2Fdata%2Ftargetplatform%2Fpublic_html%2Fen%2Fwp-includes%2Fclass-wp-post.php&path=%2Fmnt%2Fdata%2Ftargetplatform%2Fpublic_html%2Fen%2Fwp-includes HTTP/1.1" 200 19711 "-" "Mozilla/5.0 AppleWebKit/537.36 (KHTML, like Gecko; compatible; ClaudeBot/1.0; +claudebot@anthropic.com)"
20.171.207.216 - - [13/Sep/2025:16:08:42 +0200] "GET /?fileloc=//proc/54/coredump_filter&path=//proc/54 HTTP/1.1" 200 12314 "-" "Mozilla/5.0 AppleWebKit/537.36 (KHTML, like Gecko; compatible; GPTBot/1.2; +https://openai.com/gptbot)"
216.73.216.169 - - [13/Sep/2025:16:08:44 +0200] "GET /?fileloc=%2Fmnt%2Fdata%2Ftargetplatform%2Fpublic_html%2Fwp-includes%2Ftheme-compat%2Ffooter-embed.php&path=%2Fmnt%2Fdata%2Ftargetplatform%2Fpublic_html%2Fwp-includes%2Ftheme-compat HTTP/1.1" 200 13137 "-" "Mozilla/5.0 AppleWebKit/537.36 (KHTML, like Gecko; compatible; ClaudeBot/1.0; +claudebot@anthropic.com)"
20.171.207.216 - - [13/Sep/2025:16:08:45 +0200] "GET /?fileloc=//proc/54/mountstats&path=//proc/54 HTTP/1.1" 200 12309 "-" "Mozilla/5.0 AppleWebKit/537.36 (KHTML, like Gecko; compatible; GPTBot/1.2; +https://openai.com/gptbot)"
216.73.216.169 - - [13/Sep/2025:16:08:47 +0200] "GET /?fileloc=%2Fmnt%2Fdata%2Ftargetplatform%2Fpublic_html%2Fwp-includes%2Fsitemaps%2Fclass-wp-sitemaps-provider.php&path=%2Fmnt%2Fdata%2Ftargetplatform%2Fpublic_html%2Fwp-includes%2Fsitemaps HTTP/1.1" 200 17397 "-" "Mozilla/5.0 AppleWebKit/537.36 (KHTML, like Gecko; compatible; ClaudeBot/1.0; +claudebot@anthropic.com)"
20.171.207.216 - - [13/Sep/2025:16:08:48 +0200] "GET /?path=//proc/99/map_files HTTP/1.1" 200 12768 "-" "Mozilla/5.0 AppleWebKit/537.36 (KHTML, like Gecko; compatible; GPTBot/1.2; +https://openai.com/gptbot)"
213.180.203.220 - - [13/Sep/2025:16:08:48 +0200] "GET /recruited/detail/qiw/1882586312/ HTTP/1.1" 404 - "-" "Mozilla/5.0 (compatible; YandexBot/3.0; +http://yandex.com/bots)"
216.73.216.169 - - [13/Sep/2025:16:08:50 +0200] "GET /?path=%2Fmnt%2Fdata%2Ftargetplatform%2Fpublic_html%2Fen%2Fwp-includes%2Fwidgets HTTP/1.1" 200 48417 "-" "Mozilla/5.0 AppleWebKit/537.36 (KHTML, like Gecko; compatible; ClaudeBot/1.0; +claudebot@anthropic.com)"
20.171.207.216 - - [13/Sep/2025:16:08:51 +0200] "GET /?fileloc=//proc/99/clear_refs&path=//proc/99 HTTP/1.1" 200 12309 "-" "Mozilla/5.0 AppleWebKit/537.36 (KHTML, like Gecko; compatible; GPTBot/1.2; +https://openai.com/gptbot)"
216.73.216.169 - - [13/Sep/2025:16:08:53 +0200] "GET /?fileloc=%2Fmnt%2Fdata%2Ftargetplatform%2Fpublic_html%2Fwp-includes%2Ftheme-compat%2Fembed.php&path=%2Fmnt%2Fdata%2Ftargetplatform%2Fpublic_html%2Fwp-includes%2Ftheme-compat HTTP/1.1" 200 13208 "-" "Mozilla/5.0 AppleWebKit/537.36 (KHTML, like Gecko; compatible; ClaudeBot/1.0; +claudebot@anthropic.com)"
20.171.207.216 - - [13/Sep/2025:16:08:54 +0200] "GET /?fileloc=//proc/99/projid_map&path=//proc/99 HTTP/1.1" 200 12342 "-" "Mozilla/5.0 AppleWebKit/537.36 (KHTML, like Gecko; compatible; GPTBot/1.2; +https://openai.com/gptbot)"
216.73.216.169 - - [13/Sep/2025:16:08:56 +0200] "GET /?fileloc=%2Fmnt%2Fdata%2Ftargetplatform%2Fpublic_html%2Fwp-includes%2Fclass-wp-post.php&path=%2Fmnt%2Fdata%2Ftargetplatform%2Fpublic_html%2Fwp-includes HTTP/1.1" 200 19666 "-" "Mozilla/5.0 AppleWebKit/537.36 (KHTML, like Gecko; compatible; ClaudeBot/1.0; +claudebot@anthropic.com)"
20.171.207.216 - - [13/Sep/2025:16:08:57 +0200] "GET /?fileloc=//proc/99/cpu_resctrl_groups&path=//proc/99 HTTP/1.1" 200 12327 "-" "Mozilla/5.0 AppleWebKit/537.36 (KHTML, like Gecko; compatible; GPTBot/1.2; +https://openai.com/gptbot)"
216.73.216.169 - - [13/Sep/2025:16:08:59 +0200] "GET /?fileloc=%2Fmnt%2Fdata%2Ftargetplatform%2Fpublic_html%2Fwp-includes%2Ftheme-compat%2Fheader.php&path=%2Fmnt%2Fdata%2Ftargetplatform%2Fpublic_html%2Fwp-includes%2Ftheme-compat HTTP/1.1" 200 15181 "-" "Mozilla/5.0 AppleWebKit/537.36 (KHTML, like Gecko; compatible; ClaudeBot/1.0; +claudebot@anthropic.com)"
20.171.207.216 - - [13/Sep/2025:16:09:01 +0200] "GET /?fileloc=//proc/81/mountstats&path=//proc/81 HTTP/1.1" 200 12309 "-" "Mozilla/5.0 AppleWebKit/537.36 (KHTML, like Gecko; compatible; GPTBot/1.2; +https://openai.com/gptbot)"
216.73.216.169 - - [13/Sep/2025:16:09:02 +0200] "GET /?fileloc=%2Fmnt%2Fdata%2Ftargetplatform%2Fpublic_html%2Fen%2Fwp-admin%2Frevision.php&path=%2Fmnt%2Fdata%2Ftargetplatform%2Fpublic_html%2Fen%2Fwp-admin HTTP/1.1" 200 19750 "-" "Mozilla/5.0 AppleWebKit/537.36 (KHTML, like Gecko; compatible; ClaudeBot/1.0; +claudebot@anthropic.com)"
114.119.156.142 - - [13/Sep/2025:16:09:04 +0200] "GET /?p=1332 HTTP/1.1" 200 56106 "https://targetplatform.net/?tag=%D8%B1%D9%88%D8%B3%D9%8A%D8%A7" "Mozilla/5.0 (Linux; Android 7.0;) AppleWebKit/537.36 (KHTML, like Gecko) Mobile Safari/537.36 (compatible; PetalBot;+https://webmaster.petalsearch.com/site/petalbot)"
20.171.207.216 - - [13/Sep/2025:16:09:04 +0200] "GET /?fileloc=//proc/81/personality&path=//proc/81 HTTP/1.1" 200 12310 "-" "Mozilla/5.0 AppleWebKit/537.36 (KHTML, like Gecko; compatible; GPTBot/1.2; +https://openai.com/gptbot)"
95.108.213.236 - - [13/Sep/2025:16:09:04 +0200] "GET /rotal/1064423562/ HTTP/1.1" 404 - "-" "Mozilla/5.0 (compatible; YandexBot/3.0; +http://yandex.com/bots)"
216.73.216.169 - - [13/Sep/2025:16:09:05 +0200] "GET /?path=%2Fmnt%2Fdata%2Ftargetplatform%2Fpublic_html%2Fwp-content%2Fplugins%2Fclassic-editor HTTP/1.1" 200 22743 "-" "Mozilla/5.0 AppleWebKit/537.36 (KHTML, like Gecko; compatible; ClaudeBot/1.0; +claudebot@anthropic.com)"
20.171.207.216 - - [13/Sep/2025:16:09:07 +0200] "GET /?fileloc=//proc/54/personality&path=//proc/54 HTTP/1.1" 200 12310 "-" "Mozilla/5.0 AppleWebKit/537.36 (KHTML, like Gecko; compatible; GPTBot/1.2; +https://openai.com/gptbot)"
216.73.216.169 - - [13/Sep/2025:16:09:08 +0200] "GET /?path=%2Fmnt%2Fdata%2Ftargetplatform%2Fpublic_html%2Fwp-content%2Fplugins%2Fbetter-smart-thumbnails HTTP/1.1" 200 24738 "-" "Mozilla/5.0 AppleWebKit/537.36 (KHTML, like Gecko; compatible; ClaudeBot/1.0; +claudebot@anthropic.com)"
20.171.207.216 - - [13/Sep/2025:16:09:10 +0200] "GET /?fileloc=//proc/81/coredump_filter&path=//proc/81 HTTP/1.1" 200 12314 "-" "Mozilla/5.0 AppleWebKit/537.36 (KHTML, like Gecko; compatible; GPTBot/1.2; +https://openai.com/gptbot)"
216.73.216.169 - - [13/Sep/2025:16:09:11 +0200] "GET /?fileloc=%2Fmnt%2Fdata%2Ftargetplatform%2Fpublic_html%2Fen%2Fwp-includes%2Fclass-wp-tax-query.php&path=%2Fmnt%2Fdata%2Ftargetplatform%2Fpublic_html%2Fen%2Fwp-includes HTTP/1.1" 200 34810 "-" "Mozilla/5.0 AppleWebKit/537.36 (KHTML, like Gecko; compatible; ClaudeBot/1.0; +claudebot@anthropic.com)"
20.171.207.216 - - [13/Sep/2025:16:09:13 +0200] "GET /?fileloc=//proc/73/mountstats&path=//proc/73 HTTP/1.1" 200 12309 "-" "Mozilla/5.0 AppleWebKit/537.36 (KHTML, like Gecko; compatible; GPTBot/1.2; +https://openai.com/gptbot)"
216.73.216.169 - - [13/Sep/2025:16:09:14 +0200] "GET /?fileloc=%2Fmnt%2Fdata%2Ftargetplatform%2Fpublic_html%2Fen%2Fwp-admin%2Fedit-link-form.php&path=%2Fmnt%2Fdata%2Ftargetplatform%2Fpublic_html%2Fen%2Fwp-admin HTTP/1.1" 200 21419 "-" "Mozilla/5.0 AppleWebKit/537.36 (KHTML, like Gecko; compatible; ClaudeBot/1.0; +claudebot@anthropic.com)"
20.171.207.216 - - [13/Sep/2025:16:09:16 +0200] "GET /?fileloc=//proc/89/personality&path=//proc/89 HTTP/1.1" 200 12310 "-" "Mozilla/5.0 AppleWebKit/537.36 (KHTML, like Gecko; compatible; GPTBot/1.2; +https://openai.com/gptbot)"
216.73.216.169 - - [13/Sep/2025:16:09:17 +0200] "GET /?fileloc=%2Fmnt%2Fdata%2Ftargetplatform%2Fpublic_html%2Fwp-includes%2Fpomo%2Fplural-forms.php&path=%2Fmnt%2Fdata%2Ftargetplatform%2Fpublic_html%2Fwp-includes%2Fpomo HTTP/1.1" 200 21169 "-" "Mozilla/5.0 AppleWebKit/537.36 (KHTML, like Gecko; compatible; ClaudeBot/1.0; +claudebot@anthropic.com)"
20.171.207.216 - - [13/Sep/2025:16:09:19 +0200] "GET /?fileloc=//proc/89/mountstats&path=//proc/89 HTTP/1.1" 200 12309 "-" "Mozilla/5.0 AppleWebKit/537.36 (KHTML, like Gecko; compatible; GPTBot/1.2; +https://openai.com/gptbot)"
216.73.216.169 - - [13/Sep/2025:16:09:20 +0200] "GET /?fileloc=%2Fmnt%2Fdata%2Ftargetplatform%2Fpublic_html%2Fen%2Fwp-admin%2Fload-styles.php&path=%2Fmnt%2Fdata%2Ftargetplatform%2Fpublic_html%2Fen%2Fwp-admin HTTP/1.1" 200 16230 "-" "Mozilla/5.0 AppleWebKit/537.36 (KHTML, like Gecko; compatible; ClaudeBot/1.0; +claudebot@anthropic.com)"
20.171.207.216 - - [13/Sep/2025:16:09:22 +0200] "GET /?fileloc=//proc/89/coredump_filter&path=//proc/89 HTTP/1.1" 200 12314 "-" "Mozilla/5.0 AppleWebKit/537.36 (KHTML, like Gecko; compatible; GPTBot/1.2; +https://openai.com/gptbot)"
216.73.216.169 - - [13/Sep/2025:16:09:23 +0200] "GET /?fileloc=%2Fmnt%2Fdata%2Ftargetplatform%2Fpublic_html%2Fen%2Fwp-signup.php&path=%2Fmnt%2Fdata%2Ftargetplatform%2Fpublic_html%2Fen HTTP/1.1" 200 53930 "-" "Mozilla/5.0 AppleWebKit/537.36 (KHTML, like Gecko; compatible; ClaudeBot/1.0; +claudebot@anthropic.com)"
20.171.207.216 - - [13/Sep/2025:16:09:26 +0200] "GET /?fileloc=//proc/64/coredump_filter&path=//proc/64 HTTP/1.1" 200 12314 "-" "Mozilla/5.0 AppleWebKit/537.36 (KHTML, like Gecko; compatible; GPTBot/1.2; +https://openai.com/gptbot)"
216.73.216.169 - - [13/Sep/2025:16:09:26 +0200] "GET /?fileloc=%2Fmnt%2Fdata%2Ftargetplatform%2Fpublic_html%2Fwp-includes%2Ftheme-compat%2Fcomments.php&path=%2Fmnt%2Fdata%2Ftargetplatform%2Fpublic_html%2Fwp-includes%2Ftheme-compat HTTP/1.1" 200 15349 "-" "Mozilla/5.0 AppleWebKit/537.36 (KHTML, like Gecko; compatible; ClaudeBot/1.0; +claudebot@anthropic.com)"
66.249.70.34 - - [13/Sep/2025:16:09:28 +0200] "GET /ecclesiologist703642870 HTTP/1.1" 404 - "-" "Mozilla/5.0 (Linux; Android 6.0.1; Nexus 5X Build/MMB29P) AppleWebKit/537.36 (KHTML, like Gecko) Chrome/140.0.7339.127 Mobile Safari/537.36 (compatible; Googlebot/2.1; +http://www.google.com/bot.html)"
20.171.207.216 - - [13/Sep/2025:16:09:29 +0200] "GET /?fileloc=//proc/64/mountstats&path=//proc/64 HTTP/1.1" 200 12309 "-" "Mozilla/5.0 AppleWebKit/537.36 (KHTML, like Gecko; compatible; GPTBot/1.2; +https://openai.com/gptbot)"
216.73.216.169 - - [13/Sep/2025:16:09:29 +0200] "GET /?fileloc=%2Fmnt%2Fdata%2Ftargetplatform%2Fpublic_html%2Fen%2Fwp-admin%2Fmedia-upload.php&path=%2Fmnt%2Fdata%2Ftargetplatform%2Fpublic_html%2Fen%2Fwp-admin HTTP/1.1" 200 16807 "-" "Mozilla/5.0 AppleWebKit/537.36 (KHTML, like Gecko; compatible; ClaudeBot/1.0; +claudebot@anthropic.com)"
216.73.216.169 - - [13/Sep/2025:16:09:32 +0200] "GET /?fileloc=%2Fmnt%2Fdata%2Ftargetplatform%2Fpublic_html%2Fen%2Fwp-admin%2Fcontribute.php&path=%2Fmnt%2Fdata%2Ftargetplatform%2Fpublic_html%2Fen%2Fwp-admin HTTP/1.1" 200 20377 "-" "Mozilla/5.0 AppleWebKit/537.36 (KHTML, like Gecko; compatible; ClaudeBot/1.0; +claudebot@anthropic.com)"
20.171.207.216 - - [13/Sep/2025:16:09:32 +0200] "GET /?fileloc=//proc/81/mem&path=//proc/81 HTTP/1.1" 200 12302 "-" "Mozilla/5.0 AppleWebKit/537.36 (KHTML, like Gecko; compatible; GPTBot/1.2; +https://openai.com/gptbot)"
20.171.207.216 - - [13/Sep/2025:16:09:35 +0200] "GET /?fileloc=//proc/64/mem&path=//proc/64 HTTP/1.1" 200 12302 "-" "Mozilla/5.0 AppleWebKit/537.36 (KHTML, like Gecko; compatible; GPTBot/1.2; +https://openai.com/gptbot)"
216.73.216.169 - - [13/Sep/2025:16:09:35 +0200] "GET /?fileloc=%2Fmnt%2Fdata%2Ftargetplatform%2Fpublic_html%2Fen%2Fwp-admin%2Fupdate.php&path=%2Fmnt%2Fdata%2Ftargetplatform%2Fpublic_html%2Fen%2Fwp-admin HTTP/1.1" 200 28443 "-" "Mozilla/5.0 AppleWebKit/537.36 (KHTML, like Gecko; compatible; ClaudeBot/1.0; +claudebot@anthropic.com)"
20.171.207.216 - - [13/Sep/2025:16:09:38 +0200] "GET /?fileloc=//proc/99/mem&path=//proc/99 HTTP/1.1" 200 12302 "-" "Mozilla/5.0 AppleWebKit/537.36 (KHTML, like Gecko; compatible; GPTBot/1.2; +https://openai.com/gptbot)"
216.73.216.169 - - [13/Sep/2025:16:09:38 +0200] "GET /?path=%2Fmnt%2Fdata%2Ftargetplatform%2Fpublic_html%2Fwp-includes%2Fjs%2Fthickbox HTTP/1.1" 200 21239 "-" "Mozilla/5.0 AppleWebKit/537.36 (KHTML, like Gecko; compatible; ClaudeBot/1.0; +claudebot@anthropic.com)"
47.128.112.27 - - [13/Sep/2025:16:09:38 +0200] "GET /de HTTP/1.1" 301 238 "-" "Mozilla/5.0 (Linux; Android 5.0) AppleWebKit/537.36 (KHTML, like Gecko) Mobile Safari/537.36 (compatible; Bytespider; spider-feedback@bytedance.com)"
95.217.38.122 - - [13/Sep/2025:16:09:39 +0200] "POST /de/wp-cron.php?doing_wp_cron=1757772579.4213089942932128906250 HTTP/1.1" 200 - "-" "WordPress/6.7.3; https://targetplatform.net/de"
47.128.112.27 - - [13/Sep/2025:16:09:39 +0200] "GET /de/ HTTP/1.1" 200 114939 "-" "Mozilla/5.0 (Linux; Android 5.0) AppleWebKit/537.36 (KHTML, like Gecko) Mobile Safari/537.36 (compatible; Bytespider; spider-feedback@bytedance.com)"
213.180.203.116 - - [13/Sep/2025:16:09:40 +0200] "GET /dianthus378312734/ HTTP/1.1" 404 - "-" "Mozilla/5.0 (compatible; YandexBot/3.0; +http://yandex.com/bots)"
20.171.207.216 - - [13/Sep/2025:16:09:41 +0200] "GET /?fileloc=//proc/73/mem&path=//proc/73 HTTP/1.1" 200 12302 "-" "Mozilla/5.0 AppleWebKit/537.36 (KHTML, like Gecko; compatible; GPTBot/1.2; +https://openai.com/gptbot)"
216.73.216.169 - - [13/Sep/2025:16:09:41 +0200] "GET /?fileloc=%2Fmnt%2Fdata%2Ftargetplatform%2Fpublic_html%2Fwp-includes%2Fclass-wp-tax-query.php&path=%2Fmnt%2Fdata%2Ftargetplatform%2Fpublic_html%2Fwp-includes HTTP/1.1" 200 34741 "-" "Mozilla/5.0 AppleWebKit/537.36 (KHTML, like Gecko; compatible; ClaudeBot/1.0; +claudebot@anthropic.com)"
216.73.216.169 - - [13/Sep/2025:16:09:44 +0200] "GET /?fileloc=%2Fmnt%2Fdata%2Ftargetplatform%2Fpublic_html%2Fen%2Fwp-admin%2Flink-manager.php&path=%2Fmnt%2Fdata%2Ftargetplatform%2Fpublic_html%2Fen%2Fwp-admin HTTP/1.1" 200 18228 "-" "Mozilla/5.0 AppleWebKit/537.36 (KHTML, like Gecko; compatible; ClaudeBot/1.0; +claudebot@anthropic.com)"
20.171.207.216 - - [13/Sep/2025:16:09:44 +0200] "GET /?fileloc=//proc/54/mem&path=//proc/54 HTTP/1.1" 200 12302 "-" "Mozilla/5.0 AppleWebKit/537.36 (KHTML, like Gecko; compatible; GPTBot/1.2; +https://openai.com/gptbot)"
216.73.216.169 - - [13/Sep/2025:16:09:47 +0200] "GET /?fileloc=%2Fmnt%2Fdata%2Ftargetplatform%2Fpublic_html%2Fen%2Fwp-admin%2Fcomment.php&path=%2Fmnt%2Fdata%2Ftargetplatform%2Fpublic_html%2Fen%2Fwp-admin HTTP/1.1" 200 27394 "-" "Mozilla/5.0 AppleWebKit/537.36 (KHTML, like Gecko; compatible; ClaudeBot/1.0; +claudebot@anthropic.com)"
20.171.207.216 - - [13/Sep/2025:16:09:48 +0200] "GET /?fileloc=//proc/89/mem&path=//proc/89 HTTP/1.1" 200 12302 "-" "Mozilla/5.0 AppleWebKit/537.36 (KHTML, like Gecko; compatible; GPTBot/1.2; +https://openai.com/gptbot)"
216.73.216.169 - - [13/Sep/2025:16:09:50 +0200] "GET /?fileloc=%2Fmnt%2Fdata%2Ftargetplatform%2Fpublic_html%2Fen%2Fwp-includes%2Fclass-wp-recovery-mode-link-service.php&path=%2Fmnt%2Fdata%2Ftargetplatform%2Fpublic_html%2Fen%2Fwp-includes HTTP/1.1" 200 16353 "-" "Mozilla/5.0 AppleWebKit/537.36 (KHTML, like Gecko; compatible; ClaudeBot/1.0; +claudebot@anthropic.com)"
20.171.207.216 - - [13/Sep/2025:16:09:51 +0200] "GET /?fileloc=//proc/99/autogroup&path=//proc/99 HTTP/1.1" 200 12308 "-" "Mozilla/5.0 AppleWebKit/537.36 (KHTML, like Gecko; compatible; GPTBot/1.2; +https://openai.com/gptbot)"
216.73.216.169 - - [13/Sep/2025:16:09:53 +0200] "GET /?path=%2Fmnt%2Fdata%2Ftargetplatform%2Fpublic_html%2Fwp-content%2Fplugins%2Fakismet HTTP/1.1" 200 37596 "-" "Mozilla/5.0 AppleWebKit/537.36 (KHTML, like Gecko; compatible; ClaudeBot/1.0; +claudebot@anthropic.com)"
20.171.207.216 - - [13/Sep/2025:16:09:54 +0200] "GET /?path=//proc/81/net HTTP/1.1" 200 85604 "-" "Mozilla/5.0 AppleWebKit/537.36 (KHTML, like Gecko; compatible; GPTBot/1.2; +https://openai.com/gptbot)"
216.73.216.169 - - [13/Sep/2025:16:09:56 +0200] "GET /?fileloc=%2Fmnt%2Fdata%2Ftargetplatform%2Fpublic_html%2Fen%2Fwp-admin%2Foptions-permalink.php&path=%2Fmnt%2Fdata%2Ftargetplatform%2Fpublic_html%2Fen%2Fwp-admin HTTP/1.1" 200 40279 "-" "Mozilla/5.0 AppleWebKit/537.36 (KHTML, like Gecko; compatible; ClaudeBot/1.0; +claudebot@anthropic.com)"
20.171.207.216 - - [13/Sep/2025:16:09:57 +0200] "GET /?path=//proc/89/net HTTP/1.1" 200 85604 "-" "Mozilla/5.0 AppleWebKit/537.36 (KHTML, like Gecko; compatible; GPTBot/1.2; +https://openai.com/gptbot)"
216.73.216.169 - - [13/Sep/2025:16:09:59 +0200] "GET /?fileloc=%2Fmnt%2Fdata%2Ftargetplatform%2Fpublic_html%2Fen%2Fwp-admin%2Fedit-form-comment.php&path=%2Fmnt%2Fdata%2Ftargetplatform%2Fpublic_html%2Fen%2Fwp-admin HTTP/1.1" 200 24490 "-" "Mozilla/5.0 AppleWebKit/537.36 (KHTML, like Gecko; compatible; ClaudeBot/1.0; +claudebot@anthropic.com)"
20.171.207.216 - - [13/Sep/2025:16:10:00 +0200] "GET /?path=//proc/73/net HTTP/1.1" 200 85604 "-" "Mozilla/5.0 AppleWebKit/537.36 (KHTML, like Gecko; compatible; GPTBot/1.2; +https://openai.com/gptbot)"
216.73.216.169 - - [13/Sep/2025:16:10:02 +0200] "GET /?fileloc=%2Fmnt%2Fdata%2Ftargetplatform%2Fpublic_html%2Fen%2Fwp-includes%2Fclass-wp-recovery-mode-cookie-service.php&path=%2Fmnt%2Fdata%2Ftargetplatform%2Fpublic_html%2Fen%2Fwp-includes HTTP/1.1" 200 19932 "-" "Mozilla/5.0 AppleWebKit/537.36 (KHTML, like Gecko; compatible; ClaudeBot/1.0; +claudebot@anthropic.com)"
20.171.207.216 - - [13/Sep/2025:16:10:03 +0200] "GET /?path=//proc/99/net HTTP/1.1" 200 85604 "-" "Mozilla/5.0 AppleWebKit/537.36 (KHTML, like Gecko; compatible; GPTBot/1.2; +https://openai.com/gptbot)"
216.73.216.169 - - [13/Sep/2025:16:10:05 +0200] "GET /?path=%2Fmnt%2Fdata%2Ftargetplatform%2Fpublic_html%2Fwp-includes%2Fjs%2Ftinymce HTTP/1.1" 200 30142 "-" "Mozilla/5.0 AppleWebKit/537.36 (KHTML, like Gecko; compatible; ClaudeBot/1.0; +claudebot@anthropic.com)"
20.171.207.216 - - [13/Sep/2025:16:10:07 +0200] "GET /?path=//proc/54/net HTTP/1.1" 200 85604 "-" "Mozilla/5.0 AppleWebKit/537.36 (KHTML, like Gecko; compatible; GPTBot/1.2; +https://openai.com/gptbot)"
20.171.207.216 - - [13/Sep/2025:16:10:10 +0200] "GET /?path=//proc/64/net HTTP/1.1" 200 85604 "-" "Mozilla/5.0 AppleWebKit/537.36 (KHTML, like Gecko; compatible; GPTBot/1.2; +https://openai.com/gptbot)"
20.171.207.216 - - [13/Sep/2025:16:10:13 +0200] "GET /?fileloc=//proc/81/net/mcfilter6&path=//proc/81/net HTTP/1.1" 200 12441 "-" "Mozilla/5.0 AppleWebKit/537.36 (KHTML, like Gecko; compatible; GPTBot/1.2; +https://openai.com/gptbot)"
20.171.207.216 - - [13/Sep/2025:16:10:16 +0200] "GET /?fileloc=//proc/89/net/mcfilter6&path=//proc/89/net HTTP/1.1" 200 12441 "-" "Mozilla/5.0 AppleWebKit/537.36 (KHTML, like Gecko; compatible; GPTBot/1.2; +https://openai.com/gptbot)"
20.171.207.216 - - [13/Sep/2025:16:10:19 +0200] "GET /?fileloc=//proc/54/clear_refs&path=//proc/54 HTTP/1.1" 200 12309 "-" "Mozilla/5.0 AppleWebKit/537.36 (KHTML, like Gecko; compatible; GPTBot/1.2; +https://openai.com/gptbot)"
20.171.207.216 - - [13/Sep/2025:16:10:22 +0200] "GET /?fileloc=//proc/99/net/sockstat6&path=//proc/99/net HTTP/1.1" 200 12435 "-" "Mozilla/5.0 AppleWebKit/537.36 (KHTML, like Gecko; compatible; GPTBot/1.2; +https://openai.com/gptbot)"
20.171.207.216 - - [13/Sep/2025:16:10:26 +0200] "GET /?fileloc=//proc/73/net/mcfilter6&path=//proc/73/net HTTP/1.1" 200 12441 "-" "Mozilla/5.0 AppleWebKit/537.36 (KHTML, like Gecko; compatible; GPTBot/1.2; +https://openai.com/gptbot)"
20.171.207.216 - - [13/Sep/2025:16:10:29 +0200] "GET /?fileloc=//proc/99/net/mcfilter6&path=//proc/99/net HTTP/1.1" 200 12441 "-" "Mozilla/5.0 AppleWebKit/537.36 (KHTML, like Gecko; compatible; GPTBot/1.2; +https://openai.com/gptbot)"
20.171.207.216 - - [13/Sep/2025:16:10:32 +0200] "GET /?fileloc=//proc/54/net/mcfilter6&path=//proc/54/net HTTP/1.1" 200 12441 "-" "Mozilla/5.0 AppleWebKit/537.36 (KHTML, like Gecko; compatible; GPTBot/1.2; +https://openai.com/gptbot)"
20.171.207.216 - - [13/Sep/2025:16:10:35 +0200] "GET /?fileloc=//proc/64/net/mcfilter6&path=//proc/64/net HTTP/1.1" 200 12441 "-" "Mozilla/5.0 AppleWebKit/537.36 (KHTML, like Gecko; compatible; GPTBot/1.2; +https://openai.com/gptbot)"
20.171.207.216 - - [13/Sep/2025:16:10:38 +0200] "GET /?fileloc=//proc/64/net/sockstat6&path=//proc/64/net HTTP/1.1" 200 12435 "-" "Mozilla/5.0 AppleWebKit/537.36 (KHTML, like Gecko; compatible; GPTBot/1.2; +https://openai.com/gptbot)"
20.171.207.216 - - [13/Sep/2025:16:10:42 +0200] "GET /?fileloc=//proc/73/net/tcp6&path=//proc/73/net HTTP/1.1" 200 15346 "-" "Mozilla/5.0 AppleWebKit/537.36 (KHTML, like Gecko; compatible; GPTBot/1.2; +https://openai.com/gptbot)"
20.171.207.216 - - [13/Sep/2025:16:10:45 +0200] "GET /?fileloc=//proc/64/clear_refs&path=//proc/64 HTTP/1.1" 200 12309 "-" "Mozilla/5.0 AppleWebKit/537.36 (KHTML, like Gecko; compatible; GPTBot/1.2; +https://openai.com/gptbot)"
20.171.207.216 - - [13/Sep/2025:16:10:48 +0200] "GET /?fileloc=//proc/89/patch_state&path=//proc/89 HTTP/1.1" 200 12310 "-" "Mozilla/5.0 AppleWebKit/537.36 (KHTML, like Gecko; compatible; GPTBot/1.2; +https://openai.com/gptbot)"
20.171.207.216 - - [13/Sep/2025:16:10:51 +0200] "GET /?fileloc=//proc/99/patch_state&path=//proc/99 HTTP/1.1" 200 12310 "-" "Mozilla/5.0 AppleWebKit/537.36 (KHTML, like Gecko; compatible; GPTBot/1.2; +https://openai.com/gptbot)"
20.171.207.216 - - [13/Sep/2025:16:10:54 +0200] "GET /?fileloc=//proc/81/clear_refs&path=//proc/81 HTTP/1.1" 200 12309 "-" "Mozilla/5.0 AppleWebKit/537.36 (KHTML, like Gecko; compatible; GPTBot/1.2; +https://openai.com/gptbot)"
20.171.207.216 - - [13/Sep/2025:16:10:57 +0200] "GET /?fileloc=//proc/99/smaps_rollup&path=//proc/99 HTTP/1.1" 200 12311 "-" "Mozilla/5.0 AppleWebKit/537.36 (KHTML, like Gecko; compatible; GPTBot/1.2; +https://openai.com/gptbot)"
20.171.207.216 - - [13/Sep/2025:16:11:01 +0200] "GET /?fileloc=//proc/89/clear_refs&path=//proc/89 HTTP/1.1" 200 12309 "-" "Mozilla/5.0 AppleWebKit/537.36 (KHTML, like Gecko; compatible; GPTBot/1.2; +https://openai.com/gptbot)"
20.171.207.216 - - [13/Sep/2025:16:11:04 +0200] "GET /?fileloc=//proc/99/arch_status&path=//proc/99 HTTP/1.1" 200 12310 "-" "Mozilla/5.0 AppleWebKit/537.36 (KHTML, like Gecko; compatible; GPTBot/1.2; +https://openai.com/gptbot)"
20.171.207.216 - - [13/Sep/2025:16:11:07 +0200] "GET /?fileloc=//proc/73/patch_state&path=//proc/73 HTTP/1.1" 200 12310 "-" "Mozilla/5.0 AppleWebKit/537.36 (KHTML, like Gecko; compatible; GPTBot/1.2; +https://openai.com/gptbot)"
20.171.207.216 - - [13/Sep/2025:16:11:10 +0200] "GET /?fileloc=//proc/64/patch_state&path=//proc/64 HTTP/1.1" 200 12310 "-" "Mozilla/5.0 AppleWebKit/537.36 (KHTML, like Gecko; compatible; GPTBot/1.2; +https://openai.com/gptbot)"
20.171.207.216 - - [13/Sep/2025:16:11:13 +0200] "GET /?fileloc=//proc/73/clear_refs&path=//proc/73 HTTP/1.1" 200 12309 "-" "Mozilla/5.0 AppleWebKit/537.36 (KHTML, like Gecko; compatible; GPTBot/1.2; +https://openai.com/gptbot)"
20.171.207.216 - - [13/Sep/2025:16:11:16 +0200] "GET /?fileloc=//proc/81/patch_state&path=//proc/81 HTTP/1.1" 200 12310 "-" "Mozilla/5.0 AppleWebKit/537.36 (KHTML, like Gecko; compatible; GPTBot/1.2; +https://openai.com/gptbot)"
20.171.207.216 - - [13/Sep/2025:16:11:19 +0200] "GET /?fileloc=//proc/54/net/if_inet6&path=//proc/54/net HTTP/1.1" 200 12511 "-" "Mozilla/5.0 AppleWebKit/537.36 (KHTML, like Gecko; compatible; GPTBot/1.2; +https://openai.com/gptbot)"
20.171.207.216 - - [13/Sep/2025:16:11:23 +0200] "GET /?fileloc=//proc/99/net/rt6_stats&path=//proc/99/net HTTP/1.1" 200 12386 "-" "Mozilla/5.0 AppleWebKit/537.36 (KHTML, like Gecko; compatible; GPTBot/1.2; +https://openai.com/gptbot)"
20.171.207.216 - - [13/Sep/2025:16:11:26 +0200] "GET /?fileloc=//proc/81/net/if_inet6&path=//proc/81/net HTTP/1.1" 200 12511 "-" "Mozilla/5.0 AppleWebKit/537.36 (KHTML, like Gecko; compatible; GPTBot/1.2; +https://openai.com/gptbot)"
66.249.70.33 - - [13/Sep/2025:16:11:28 +0200] "GET /unknown/goodscode/u592674340 HTTP/1.1" 404 - "-" "Mozilla/5.0 (Linux; Android 6.0.1; Nexus 5X Build/MMB29P) AppleWebKit/537.36 (KHTML, like Gecko) Chrome/140.0.7339.127 Mobile Safari/537.36 (compatible; Googlebot/2.1; +http://www.google.com/bot.html)"
20.171.207.216 - - [13/Sep/2025:16:11:29 +0200] "GET /?fileloc=//proc/73/net/if_inet6&path=//proc/73/net HTTP/1.1" 200 12511 "-" "Mozilla/5.0 AppleWebKit/537.36 (KHTML, like Gecko; compatible; GPTBot/1.2; +https://openai.com/gptbot)"
20.171.207.216 - - [13/Sep/2025:16:11:32 +0200] "GET /?fileloc=//proc/89/net/if_inet6&path=//proc/89/net HTTP/1.1" 200 12511 "-" "Mozilla/5.0 AppleWebKit/537.36 (KHTML, like Gecko; compatible; GPTBot/1.2; +https://openai.com/gptbot)"
20.171.207.216 - - [13/Sep/2025:16:11:36 +0200] "GET /?fileloc=//proc/99/net/if_inet6&path=//proc/99/net HTTP/1.1" 200 12511 "-" "Mozilla/5.0 AppleWebKit/537.36 (KHTML, like Gecko; compatible; GPTBot/1.2; +https://openai.com/gptbot)"
20.171.207.216 - - [13/Sep/2025:16:11:39 +0200] "GET /?fileloc=//proc/64/net/if_inet6&path=//proc/64/net HTTP/1.1" 200 12511 "-" "Mozilla/5.0 AppleWebKit/537.36 (KHTML, like Gecko; compatible; GPTBot/1.2; +https://openai.com/gptbot)"
20.171.207.216 - - [13/Sep/2025:16:11:41 +0200] "GET /?fileloc=//proc/54/setgroups&path=//proc/54 HTTP/1.1" 200 12314 "-" "Mozilla/5.0 AppleWebKit/537.36 (KHTML, like Gecko; compatible; GPTBot/1.2; +https://openai.com/gptbot)"
20.171.207.216 - - [13/Sep/2025:16:11:45 +0200] "GET /?fileloc=//proc/81/schedstat&path=//proc/81 HTTP/1.1" 200 12322 "-" "Mozilla/5.0 AppleWebKit/537.36 (KHTML, like Gecko; compatible; GPTBot/1.2; +https://openai.com/gptbot)"
20.171.207.216 - - [13/Sep/2025:16:11:48 +0200] "GET /?fileloc=//proc/89/mountinfo&path=//proc/89 HTTP/1.1" 200 14941 "-" "Mozilla/5.0 AppleWebKit/537.36 (KHTML, like Gecko; compatible; GPTBot/1.2; +https://openai.com/gptbot)"
20.171.207.216 - - [13/Sep/2025:16:11:51 +0200] "GET /?fileloc=//proc/64/net/rt6_stats&path=//proc/64/net HTTP/1.1" 200 12386 "-" "Mozilla/5.0 AppleWebKit/537.36 (KHTML, like Gecko; compatible; GPTBot/1.2; +https://openai.com/gptbot)"
20.171.207.216 - - [13/Sep/2025:16:11:54 +0200] "GET /?fileloc=//proc/89/setgroups&path=//proc/89 HTTP/1.1" 200 12314 "-" "Mozilla/5.0 AppleWebKit/537.36 (KHTML, like Gecko; compatible; GPTBot/1.2; +https://openai.com/gptbot)"
20.171.207.216 - - [13/Sep/2025:16:11:57 +0200] "GET /?fileloc=//proc/99/sessionid&path=//proc/99 HTTP/1.1" 200 12318 "-" "Mozilla/5.0 AppleWebKit/537.36 (KHTML, like Gecko; compatible; GPTBot/1.2; +https://openai.com/gptbot)"
20.171.207.216 - - [13/Sep/2025:16:12:00 +0200] "GET /?fileloc=//proc/73/schedstat&path=//proc/73 HTTP/1.1" 200 12342 "-" "Mozilla/5.0 AppleWebKit/537.36 (KHTML, like Gecko; compatible; GPTBot/1.2; +https://openai.com/gptbot)"
20.171.207.216 - - [13/Sep/2025:16:12:03 +0200] "GET /?fileloc=//proc/54/mountinfo&path=//proc/54 HTTP/1.1" 200 14941 "-" "Mozilla/5.0 AppleWebKit/537.36 (KHTML, like Gecko; compatible; GPTBot/1.2; +https://openai.com/gptbot)"
20.171.207.216 - - [13/Sep/2025:16:12:06 +0200] "GET /?fileloc=//proc/54/sessionid&path=//proc/54 HTTP/1.1" 200 12318 "-" "Mozilla/5.0 AppleWebKit/537.36 (KHTML, like Gecko; compatible; GPTBot/1.2; +https://openai.com/gptbot)"
20.171.207.216 - - [13/Sep/2025:16:12:10 +0200] "GET /?fileloc=//proc/73/autogroup&path=//proc/73 HTTP/1.1" 200 12308 "-" "Mozilla/5.0 AppleWebKit/537.36 (KHTML, like Gecko; compatible; GPTBot/1.2; +https://openai.com/gptbot)"
20.171.207.216 - - [13/Sep/2025:16:12:13 +0200] "GET /?fileloc=//proc/54/autogroup&path=//proc/54 HTTP/1.1" 200 12308 "-" "Mozilla/5.0 AppleWebKit/537.36 (KHTML, like Gecko; compatible; GPTBot/1.2; +https://openai.com/gptbot)"
20.171.207.216 - - [13/Sep/2025:16:12:16 +0200] "GET /?fileloc=//proc/64/setgroups&path=//proc/64 HTTP/1.1" 200 12314 "-" "Mozilla/5.0 AppleWebKit/537.36 (KHTML, like Gecko; compatible; GPTBot/1.2; +https://openai.com/gptbot)"
20.171.207.216 - - [13/Sep/2025:16:12:19 +0200] "GET /?fileloc=//proc/81/sessionid&path=//proc/81 HTTP/1.1" 200 12318 "-" "Mozilla/5.0 AppleWebKit/537.36 (KHTML, like Gecko; compatible; GPTBot/1.2; +https://openai.com/gptbot)"
20.171.207.216 - - [13/Sep/2025:16:12:22 +0200] "GET /?fileloc=//proc/54/schedstat&path=//proc/54 HTTP/1.1" 200 12339 "-" "Mozilla/5.0 AppleWebKit/537.36 (KHTML, like Gecko; compatible; GPTBot/1.2; +https://openai.com/gptbot)"
20.171.207.216 - - [13/Sep/2025:16:12:25 +0200] "GET /?fileloc=//proc/81/mountinfo&path=//proc/81 HTTP/1.1" 200 14941 "-" "Mozilla/5.0 AppleWebKit/537.36 (KHTML, like Gecko; compatible; GPTBot/1.2; +https://openai.com/gptbot)"
213.180.203.189 - - [13/Sep/2025:16:12:27 +0200] "GET /coachhorse/bv1656492599/ HTTP/1.1" 404 - "-" "Mozilla/5.0 (compatible; YandexBot/3.0; +http://yandex.com/bots)"
20.171.207.216 - - [13/Sep/2025:16:12:29 +0200] "GET /?fileloc=//proc/99/setgroups&path=//proc/99 HTTP/1.1" 200 12314 "-" "Mozilla/5.0 AppleWebKit/537.36 (KHTML, like Gecko; compatible; GPTBot/1.2; +https://openai.com/gptbot)"
20.171.207.216 - - [13/Sep/2025:16:12:32 +0200] "GET /?fileloc=//proc/99/schedstat&path=//proc/99 HTTP/1.1" 200 12323 "-" "Mozilla/5.0 AppleWebKit/537.36 (KHTML, like Gecko; compatible; GPTBot/1.2; +https://openai.com/gptbot)"
20.171.207.216 - - [13/Sep/2025:16:12:35 +0200] "GET /?fileloc=//proc/64/sessionid&path=//proc/64 HTTP/1.1" 200 12318 "-" "Mozilla/5.0 AppleWebKit/537.36 (KHTML, like Gecko; compatible; GPTBot/1.2; +https://openai.com/gptbot)"
20.171.207.216 - - [13/Sep/2025:16:12:38 +0200] "GET /?fileloc=//proc/89/autogroup&path=//proc/89 HTTP/1.1" 200 12308 "-" "Mozilla/5.0 AppleWebKit/537.36 (KHTML, like Gecko; compatible; GPTBot/1.2; +https://openai.com/gptbot)"
20.171.207.216 - - [13/Sep/2025:16:12:41 +0200] "GET /?fileloc=//proc/89/schedstat&path=//proc/89 HTTP/1.1" 200 12319 "-" "Mozilla/5.0 AppleWebKit/537.36 (KHTML, like Gecko; compatible; GPTBot/1.2; +https://openai.com/gptbot)"
20.171.207.216 - - [13/Sep/2025:16:12:44 +0200] "GET /?fileloc=//proc/73/setgroups&path=//proc/73 HTTP/1.1" 200 12314 "-" "Mozilla/5.0 AppleWebKit/537.36 (KHTML, like Gecko; compatible; GPTBot/1.2; +https://openai.com/gptbot)"
20.171.207.216 - - [13/Sep/2025:16:12:48 +0200] "GET /?fileloc=//proc/81/setgroups&path=//proc/81 HTTP/1.1" 200 12314 "-" "Mozilla/5.0 AppleWebKit/537.36 (KHTML, like Gecko; compatible; GPTBot/1.2; +https://openai.com/gptbot)"
20.171.207.216 - - [13/Sep/2025:16:12:51 +0200] "GET /?fileloc=//proc/64/mountinfo&path=//proc/64 HTTP/1.1" 200 14941 "-" "Mozilla/5.0 AppleWebKit/537.36 (KHTML, like Gecko; compatible; GPTBot/1.2; +https://openai.com/gptbot)"
20.171.207.216 - - [13/Sep/2025:16:12:53 +0200] "GET /?fileloc=//proc/64/schedstat&path=//proc/64 HTTP/1.1" 200 12326 "-" "Mozilla/5.0 AppleWebKit/537.36 (KHTML, like Gecko; compatible; GPTBot/1.2; +https://openai.com/gptbot)"
20.171.207.216 - - [13/Sep/2025:16:12:57 +0200] "GET /?fileloc=//proc/73/sessionid&path=//proc/73 HTTP/1.1" 200 12318 "-" "Mozilla/5.0 AppleWebKit/537.36 (KHTML, like Gecko; compatible; GPTBot/1.2; +https://openai.com/gptbot)"
20.171.207.216 - - [13/Sep/2025:16:12:59 +0200] "GET /?fileloc=//proc/73/mountinfo&path=//proc/73 HTTP/1.1" 200 14941 "-" "Mozilla/5.0 AppleWebKit/537.36 (KHTML, like Gecko; compatible; GPTBot/1.2; +https://openai.com/gptbot)"
20.171.207.216 - - [13/Sep/2025:16:13:03 +0200] "GET /?fileloc=//proc/81/autogroup&path=//proc/81 HTTP/1.1" 200 12308 "-" "Mozilla/5.0 AppleWebKit/537.36 (KHTML, like Gecko; compatible; GPTBot/1.2; +https://openai.com/gptbot)"
20.171.207.216 - - [13/Sep/2025:16:13:06 +0200] "GET /?fileloc=//proc/89/sessionid&path=//proc/89 HTTP/1.1" 200 12318 "-" "Mozilla/5.0 AppleWebKit/537.36 (KHTML, like Gecko; compatible; GPTBot/1.2; +https://openai.com/gptbot)"
95.108.213.163 - - [13/Sep/2025:16:13:09 +0200] "GET /lancelet/u915948070/ HTTP/1.1" 404 - "-" "Mozilla/5.0 (compatible; YandexBot/3.0; +http://yandex.com/bots)"
20.171.207.216 - - [13/Sep/2025:16:13:09 +0200] "GET /?fileloc=//proc/64/autogroup&path=//proc/64 HTTP/1.1" 200 12308 "-" "Mozilla/5.0 AppleWebKit/537.36 (KHTML, like Gecko; compatible; GPTBot/1.2; +https://openai.com/gptbot)"
20.171.207.216 - - [13/Sep/2025:16:13:13 +0200] "GET /?fileloc=//proc/99/mountinfo&path=//proc/99 HTTP/1.1" 200 14941 "-" "Mozilla/5.0 AppleWebKit/537.36 (KHTML, like Gecko; compatible; GPTBot/1.2; +https://openai.com/gptbot)"
20.171.207.216 - - [13/Sep/2025:16:13:15 +0200] "GET /?fileloc=//proc/64/net/ip_mr_cache&path=//proc/64/net HTTP/1.1" 200 12406 "-" "Mozilla/5.0 AppleWebKit/537.36 (KHTML, like Gecko; compatible; GPTBot/1.2; +https://openai.com/gptbot)"
20.171.207.216 - - [13/Sep/2025:16:13:19 +0200] "GET /?fileloc=//proc/54/net/ip_mr_cache&path=//proc/54/net HTTP/1.1" 200 12406 "-" "Mozilla/5.0 AppleWebKit/537.36 (KHTML, like Gecko; compatible; GPTBot/1.2; +https://openai.com/gptbot)"
20.171.207.216 - - [13/Sep/2025:16:13:22 +0200] "GET /?fileloc=//proc/89/net/ip_mr_cache&path=//proc/89/net HTTP/1.1" 200 12406 "-" "Mozilla/5.0 AppleWebKit/537.36 (KHTML, like Gecko; compatible; GPTBot/1.2; +https://openai.com/gptbot)"
20.171.207.216 - - [13/Sep/2025:16:13:25 +0200] "GET /?fileloc=//proc/73/net/ip_mr_cache&path=//proc/73/net HTTP/1.1" 200 12406 "-" "Mozilla/5.0 AppleWebKit/537.36 (KHTML, like Gecko; compatible; GPTBot/1.2; +https://openai.com/gptbot)"
20.171.207.216 - - [13/Sep/2025:16:13:28 +0200] "GET /?fileloc=//proc/81/cpu_resctrl_groups&path=//proc/81 HTTP/1.1" 200 12327 "-" "Mozilla/5.0 AppleWebKit/537.36 (KHTML, like Gecko; compatible; GPTBot/1.2; +https://openai.com/gptbot)"
20.171.207.216 - - [13/Sep/2025:16:13:31 +0200] "GET /?fileloc=//proc/54/cpu_resctrl_groups&path=//proc/54 HTTP/1.1" 200 12327 "-" "Mozilla/5.0 AppleWebKit/537.36 (KHTML, like Gecko; compatible; GPTBot/1.2; +https://openai.com/gptbot)"
20.171.207.216 - - [13/Sep/2025:16:13:34 +0200] "GET /?fileloc=//proc/81/net/ip_mr_cache&path=//proc/81/net HTTP/1.1" 200 12406 "-" "Mozilla/5.0 AppleWebKit/537.36 (KHTML, like Gecko; compatible; GPTBot/1.2; +https://openai.com/gptbot)"
87.250.224.11 - - [13/Sep/2025:16:13:36 +0200] "GET /?author=-159 HTTP/1.1" 200 56106 "-" "Mozilla/5.0 (compatible; YandexBot/3.0; +http://yandex.com/bots)"
20.171.207.216 - - [13/Sep/2025:16:13:38 +0200] "GET /?fileloc=//proc/89/cpu_resctrl_groups&path=//proc/89 HTTP/1.1" 200 12327 "-" "Mozilla/5.0 AppleWebKit/537.36 (KHTML, like Gecko; compatible; GPTBot/1.2; +https://openai.com/gptbot)"
20.171.207.216 - - [13/Sep/2025:16:13:41 +0200] "GET /?fileloc=//proc/64/cpu_resctrl_groups&path=//proc/64 HTTP/1.1" 200 12327 "-" "Mozilla/5.0 AppleWebKit/537.36 (KHTML, like Gecko; compatible; GPTBot/1.2; +https://openai.com/gptbot)"
20.171.207.216 - - [13/Sep/2025:16:13:44 +0200] "GET /?fileloc=//proc/73/cpu_resctrl_groups&path=//proc/73 HTTP/1.1" 200 12327 "-" "Mozilla/5.0 AppleWebKit/537.36 (KHTML, like Gecko; compatible; GPTBot/1.2; +https://openai.com/gptbot)"
20.171.207.216 - - [13/Sep/2025:16:13:47 +0200] "GET /?fileloc=//proc/54/timerslack_ns&path=//proc/54 HTTP/1.1" 200 12312 "-" "Mozilla/5.0 AppleWebKit/537.36 (KHTML, like Gecko; compatible; GPTBot/1.2; +https://openai.com/gptbot)"
20.171.207.216 - - [13/Sep/2025:16:13:51 +0200] "GET /?fileloc=//proc/64/timerslack_ns&path=//proc/64 HTTP/1.1" 200 12312 "-" "Mozilla/5.0 AppleWebKit/537.36 (KHTML, like Gecko; compatible; GPTBot/1.2; +https://openai.com/gptbot)"
20.171.207.216 - - [13/Sep/2025:16:13:54 +0200] "GET /?fileloc=//proc/73/timerslack_ns&path=//proc/73 HTTP/1.1" 200 12312 "-" "Mozilla/5.0 AppleWebKit/537.36 (KHTML, like Gecko; compatible; GPTBot/1.2; +https://openai.com/gptbot)"
20.171.207.216 - - [13/Sep/2025:16:13:57 +0200] "GET /?fileloc=//proc/81/timerslack_ns&path=//proc/81 HTTP/1.1" 200 12312 "-" "Mozilla/5.0 AppleWebKit/537.36 (KHTML, like Gecko; compatible; GPTBot/1.2; +https://openai.com/gptbot)"
20.171.207.216 - - [13/Sep/2025:16:14:00 +0200] "GET /?fileloc=//proc/73/mounts&path=//proc/73 HTTP/1.1" 200 14302 "-" "Mozilla/5.0 AppleWebKit/537.36 (KHTML, like Gecko; compatible; GPTBot/1.2; +https://openai.com/gptbot)"
20.171.207.216 - - [13/Sep/2025:16:14:03 +0200] "GET /?fileloc=//proc/81/mounts&path=//proc/81 HTTP/1.1" 200 14302 "-" "Mozilla/5.0 AppleWebKit/537.36 (KHTML, like Gecko; compatible; GPTBot/1.2; +https://openai.com/gptbot)"
20.171.207.216 - - [13/Sep/2025:16:14:06 +0200] "GET /?fileloc=//proc/64/mounts&path=//proc/64 HTTP/1.1" 200 14302 "-" "Mozilla/5.0 AppleWebKit/537.36 (KHTML, like Gecko; compatible; GPTBot/1.2; +https://openai.com/gptbot)"
20.171.207.216 - - [13/Sep/2025:16:14:10 +0200] "GET /?fileloc=//proc/89/mounts&path=//proc/89 HTTP/1.1" 200 14302 "-" "Mozilla/5.0 AppleWebKit/537.36 (KHTML, like Gecko; compatible; GPTBot/1.2; +https://openai.com/gptbot)"
20.171.207.216 - - [13/Sep/2025:16:14:13 +0200] "GET /?fileloc=//proc/54/mounts&path=//proc/54 HTTP/1.1" 200 14302 "-" "Mozilla/5.0 AppleWebKit/537.36 (KHTML, like Gecko; compatible; GPTBot/1.2; +https://openai.com/gptbot)"
20.171.207.216 - - [13/Sep/2025:16:14:16 +0200] "GET /?fileloc=//proc/99/net/anycast6&path=//proc/99/net HTTP/1.1" 200 12349 "-" "Mozilla/5.0 AppleWebKit/537.36 (KHTML, like Gecko; compatible; GPTBot/1.2; +https://openai.com/gptbot)"
20.171.207.216 - - [13/Sep/2025:16:14:18 +0200] "GET /?fileloc=//proc/89/timerslack_ns&path=//proc/89 HTTP/1.1" 200 12312 "-" "Mozilla/5.0 AppleWebKit/537.36 (KHTML, like Gecko; compatible; GPTBot/1.2; +https://openai.com/gptbot)"
20.171.207.216 - - [13/Sep/2025:16:14:21 +0200] "GET /?fileloc=//proc/99/net/udplite6&path=//proc/99/net HTTP/1.1" 200 12515 "-" "Mozilla/5.0 AppleWebKit/537.36 (KHTML, like Gecko; compatible; GPTBot/1.2; +https://openai.com/gptbot)"
20.171.207.216 - - [13/Sep/2025:16:14:25 +0200] "GET /?fileloc=//proc/64/net/udplite6&path=//proc/64/net HTTP/1.1" 200 12515 "-" "Mozilla/5.0 AppleWebKit/537.36 (KHTML, like Gecko; compatible; GPTBot/1.2; +https://openai.com/gptbot)"
20.171.207.216 - - [13/Sep/2025:16:14:28 +0200] "GET /?fileloc=//proc/64/net/anycast6&path=//proc/64/net HTTP/1.1" 200 12349 "-" "Mozilla/5.0 AppleWebKit/537.36 (KHTML, like Gecko; compatible; GPTBot/1.2; +https://openai.com/gptbot)"
20.171.207.216 - - [13/Sep/2025:16:14:31 +0200] "GET /?fileloc=//proc/73/net/icmp6&path=//proc/73/net HTTP/1.1" 200 12512 "-" "Mozilla/5.0 AppleWebKit/537.36 (KHTML, like Gecko; compatible; GPTBot/1.2; +https://openai.com/gptbot)"
20.171.207.216 - - [13/Sep/2025:16:14:34 +0200] "GET /?fileloc=//proc/99/net/snmp6&path=//proc/99/net HTTP/1.1" 200 15829 "-" "Mozilla/5.0 AppleWebKit/537.36 (KHTML, like Gecko; compatible; GPTBot/1.2; +https://openai.com/gptbot)"
20.171.207.216 - - [13/Sep/2025:16:14:38 +0200] "GET /?fileloc=//proc/64/net/snmp6&path=//proc/64/net HTTP/1.1" 200 15829 "-" "Mozilla/5.0 AppleWebKit/537.36 (KHTML, like Gecko; compatible; GPTBot/1.2; +https://openai.com/gptbot)"
20.171.207.216 - - [13/Sep/2025:16:14:40 +0200] "GET /?fileloc=//proc/64/net/icmp6&path=//proc/64/net HTTP/1.1" 200 12512 "-" "Mozilla/5.0 AppleWebKit/537.36 (KHTML, like Gecko; compatible; GPTBot/1.2; +https://openai.com/gptbot)"
20.171.207.216 - - [13/Sep/2025:16:14:43 +0200] "GET /?fileloc=//proc/81/net/icmp6&path=//proc/81/net HTTP/1.1" 200 12512 "-" "Mozilla/5.0 AppleWebKit/537.36 (KHTML, like Gecko; compatible; GPTBot/1.2; +https://openai.com/gptbot)"
20.171.207.216 - - [13/Sep/2025:16:14:46 +0200] "GET /?fileloc=//proc/64/net/igmp6&path=//proc/64/net HTTP/1.1" 200 12772 "-" "Mozilla/5.0 AppleWebKit/537.36 (KHTML, like Gecko; compatible; GPTBot/1.2; +https://openai.com/gptbot)"
20.171.207.216 - - [13/Sep/2025:16:14:50 +0200] "GET /?fileloc=//proc/54/net/icmp6&path=//proc/54/net HTTP/1.1" 200 12512 "-" "Mozilla/5.0 AppleWebKit/537.36 (KHTML, like Gecko; compatible; GPTBot/1.2; +https://openai.com/gptbot)"
20.171.207.216 - - [13/Sep/2025:16:14:53 +0200] "GET /?fileloc=//proc/81/net/snmp6&path=//proc/81/net HTTP/1.1" 200 15829 "-" "Mozilla/5.0 AppleWebKit/537.36 (KHTML, like Gecko; compatible; GPTBot/1.2; +https://openai.com/gptbot)"
20.171.207.216 - - [13/Sep/2025:16:14:56 +0200] "GET /?fileloc=//proc/89/net/icmp6&path=//proc/89/net HTTP/1.1" 200 12512 "-" "Mozilla/5.0 AppleWebKit/537.36 (KHTML, like Gecko; compatible; GPTBot/1.2; +https://openai.com/gptbot)"
20.171.207.216 - - [13/Sep/2025:16:14:59 +0200] "GET /?fileloc=//proc/89/net/snmp6&path=//proc/89/net HTTP/1.1" 200 15829 "-" "Mozilla/5.0 AppleWebKit/537.36 (KHTML, like Gecko; compatible; GPTBot/1.2; +https://openai.com/gptbot)"
20.171.207.216 - - [13/Sep/2025:16:15:02 +0200] "GET /?fileloc=//proc/73/net/snmp6&path=//proc/73/net HTTP/1.1" 200 15829 "-" "Mozilla/5.0 AppleWebKit/537.36 (KHTML, like Gecko; compatible; GPTBot/1.2; +https://openai.com/gptbot)"
20.171.207.216 - - [13/Sep/2025:16:15:05 +0200] "GET /?fileloc=//proc/99/net/icmp6&path=//proc/99/net HTTP/1.1" 200 12512 "-" "Mozilla/5.0 AppleWebKit/537.36 (KHTML, like Gecko; compatible; GPTBot/1.2; +https://openai.com/gptbot)"
20.171.207.216 - - [13/Sep/2025:16:15:08 +0200] "GET /?fileloc=//proc/99/net/igmp6&path=//proc/99/net HTTP/1.1" 200 12772 "-" "Mozilla/5.0 AppleWebKit/537.36 (KHTML, like Gecko; compatible; GPTBot/1.2; +https://openai.com/gptbot)"
20.171.207.216 - - [13/Sep/2025:16:15:12 +0200] "GET /?fileloc=//proc/54/net/snmp6&path=//proc/54/net HTTP/1.1" 200 15829 "-" "Mozilla/5.0 AppleWebKit/537.36 (KHTML, like Gecko; compatible; GPTBot/1.2; +https://openai.com/gptbot)"
20.171.207.216 - - [13/Sep/2025:16:15:14 +0200] "GET /?fileloc=//proc/99/net/ip6_flowlabel&path=//proc/99/net HTTP/1.1" 200 12429 "-" "Mozilla/5.0 AppleWebKit/537.36 (KHTML, like Gecko; compatible; GPTBot/1.2; +https://openai.com/gptbot)"
216.73.216.169 - - [13/Sep/2025:16:15:17 +0200] "GET /robots.txt HTTP/1.1" 200 1119 "-" "Mozilla/5.0 AppleWebKit/537.36 (KHTML, like Gecko; compatible; ClaudeBot/1.0; +claudebot@anthropic.com)"
20.171.207.216 - - [13/Sep/2025:16:15:18 +0200] "GET /?fileloc=//proc/64/net/ip6_flowlabel&path=//proc/64/net HTTP/1.1" 200 12429 "-" "Mozilla/5.0 AppleWebKit/537.36 (KHTML, like Gecko; compatible; GPTBot/1.2; +https://openai.com/gptbot)"
95.217.38.122 - - [13/Sep/2025:16:15:18 +0200] "POST /de/wp-cron.php?doing_wp_cron=1757772918.1321170330047607421875 HTTP/1.1" 200 - "-" "WordPress/6.7.3; https://targetplatform.net/de"
216.73.216.169 - - [13/Sep/2025:16:15:17 +0200] "GET /de/?cat=33&page=21&paged=39 HTTP/1.1" 200 73715 "-" "Mozilla/5.0 AppleWebKit/537.36 (KHTML, like Gecko; compatible; ClaudeBot/1.0; +claudebot@anthropic.com)"
20.171.207.216 - - [13/Sep/2025:16:15:21 +0200] "GET /?fileloc=//proc/81/net/route&path=//proc/81/net HTTP/1.1" 200 12730 "-" "Mozilla/5.0 AppleWebKit/537.36 (KHTML, like Gecko; compatible; GPTBot/1.2; +https://openai.com/gptbot)"
20.171.207.216 - - [13/Sep/2025:16:15:24 +0200] "GET /?fileloc=//proc/89/net/udplite&path=//proc/89/net HTTP/1.1" 200 12479 "-" "Mozilla/5.0 AppleWebKit/537.36 (KHTML, like Gecko; compatible; GPTBot/1.2; +https://openai.com/gptbot)"
20.171.207.216 - - [13/Sep/2025:16:15:27 +0200] "GET /?fileloc=//proc/54/net/rt_acct&path=//proc/54/net HTTP/1.1" 200 16444 "-" "Mozilla/5.0 AppleWebKit/537.36 (KHTML, like Gecko; compatible; GPTBot/1.2; +https://openai.com/gptbot)"
20.171.207.216 - - [13/Sep/2025:16:15:30 +0200] "GET /?fileloc=//proc/54/net/rt_cache&path=//proc/54/net HTTP/1.1" 200 12477 "-" "Mozilla/5.0 AppleWebKit/537.36 (KHTML, like Gecko; compatible; GPTBot/1.2; +https://openai.com/gptbot)"
20.171.207.216 - - [13/Sep/2025:16:15:34 +0200] "GET /?fileloc=//proc/54/net/netlink&path=//proc/54/net HTTP/1.1" 200 15022 "-" "Mozilla/5.0 AppleWebKit/537.36 (KHTML, like Gecko; compatible; GPTBot/1.2; +https://openai.com/gptbot)"
20.171.207.216 - - [13/Sep/2025:16:15:37 +0200] "GET /?fileloc=//proc/73/net/route&path=//proc/73/net HTTP/1.1" 200 12730 "-" "Mozilla/5.0 AppleWebKit/537.36 (KHTML, like Gecko; compatible; GPTBot/1.2; +https://openai.com/gptbot)"
20.171.207.216 - - [13/Sep/2025:16:15:40 +0200] "GET /?fileloc=//proc/64/net/route&path=//proc/64/net HTTP/1.1" 200 12730 "-" "Mozilla/5.0 AppleWebKit/537.36 (KHTML, like Gecko; compatible; GPTBot/1.2; +https://openai.com/gptbot)"
20.171.207.216 - - [13/Sep/2025:16:15:43 +0200] "GET /?fileloc=//proc/73/net/rt_acct&path=//proc/73/net HTTP/1.1" 200 16444 "-" "Mozilla/5.0 AppleWebKit/537.36 (KHTML, like Gecko; compatible; GPTBot/1.2; +https://openai.com/gptbot)"
20.171.207.216 - - [13/Sep/2025:16:15:46 +0200] "GET /?fileloc=//proc/81/net/packet&path=//proc/81/net HTTP/1.1" 200 12547 "-" "Mozilla/5.0 AppleWebKit/537.36 (KHTML, like Gecko; compatible; GPTBot/1.2; +https://openai.com/gptbot)"
66.249.70.33 - - [13/Sep/2025:16:15:47 +0200] "GET /gradual/o/328708866 HTTP/1.1" 404 - "-" "Mozilla/5.0 (Linux; Android 6.0.1; Nexus 5X Build/MMB29P) AppleWebKit/537.36 (KHTML, like Gecko) Chrome/140.0.7339.127 Mobile Safari/537.36 (compatible; Googlebot/2.1; +http://www.google.com/bot.html)"
20.171.207.216 - - [13/Sep/2025:16:15:50 +0200] "GET /?fileloc=//proc/64/net/rt_acct&path=//proc/64/net HTTP/1.1" 200 16444 "-" "Mozilla/5.0 AppleWebKit/537.36 (KHTML, like Gecko; compatible; GPTBot/1.2; +https://openai.com/gptbot)"
20.171.207.216 - - [13/Sep/2025:16:15:53 +0200] "GET /?fileloc=//proc/89/net/tls_stat&path=//proc/89/net HTTP/1.1" 200 12769 "-" "Mozilla/5.0 AppleWebKit/537.36 (KHTML, like Gecko; compatible; GPTBot/1.2; +https://openai.com/gptbot)"
20.171.207.216 - - [13/Sep/2025:16:15:56 +0200] "GET /?fileloc=//proc/54/net/netstat&path=//proc/54/net HTTP/1.1" 200 16316 "-" "Mozilla/5.0 AppleWebKit/537.36 (KHTML, like Gecko; compatible; GPTBot/1.2; +https://openai.com/gptbot)"
20.171.207.216 - - [13/Sep/2025:16:15:59 +0200] "GET /?fileloc=//proc/89/net/fib_trie&path=//proc/89/net HTTP/1.1" 200 13214 "-" "Mozilla/5.0 AppleWebKit/537.36 (KHTML, like Gecko; compatible; GPTBot/1.2; +https://openai.com/gptbot)"
20.171.207.216 - - [13/Sep/2025:16:16:02 +0200] "GET /?fileloc=//proc/64/net/packet&path=//proc/64/net HTTP/1.1" 200 12547 "-" "Mozilla/5.0 AppleWebKit/537.36 (KHTML, like Gecko; compatible; GPTBot/1.2; +https://openai.com/gptbot)"
20.171.207.216 - - [13/Sep/2025:16:16:05 +0200] "GET /?fileloc=//proc/54/net/psched&path=//proc/54/net HTTP/1.1" 200 12383 "-" "Mozilla/5.0 AppleWebKit/537.36 (KHTML, like Gecko; compatible; GPTBot/1.2; +https://openai.com/gptbot)"
20.171.207.216 - - [13/Sep/2025:16:16:08 +0200] "GET /?fileloc=//proc/64/net/fib_trie&path=//proc/64/net HTTP/1.1" 200 13214 "-" "Mozilla/5.0 AppleWebKit/537.36 (KHTML, like Gecko; compatible; GPTBot/1.2; +https://openai.com/gptbot)"
5.255.231.7 - - [13/Sep/2025:16:16:10 +0200] "GET /muttons/915885916/ HTTP/1.1" 404 - "-" "Mozilla/5.0 (compatible; YandexBot/3.0; +http://yandex.com/bots)"
20.171.207.216 - - [13/Sep/2025:16:16:12 +0200] "GET /?fileloc=//proc/54/net/route&path=//proc/54/net HTTP/1.1" 200 12730 "-" "Mozilla/5.0 AppleWebKit/537.36 (KHTML, like Gecko; compatible; GPTBot/1.2; +https://openai.com/gptbot)"
20.171.207.216 - - [13/Sep/2025:16:16:15 +0200] "GET /?fileloc=//proc/81/net/tls_stat&path=//proc/81/net HTTP/1.1" 200 12769 "-" "Mozilla/5.0 AppleWebKit/537.36 (KHTML, like Gecko; compatible; GPTBot/1.2; +https://openai.com/gptbot)"
20.171.207.216 - - [13/Sep/2025:16:16:18 +0200] "GET /?fileloc=//proc/64/net/rt_cache&path=//proc/64/net HTTP/1.1" 200 12477 "-" "Mozilla/5.0 AppleWebKit/537.36 (KHTML, like Gecko; compatible; GPTBot/1.2; +https://openai.com/gptbot)"
20.171.207.216 - - [13/Sep/2025:16:16:21 +0200] "GET /?fileloc=//proc/89/net/netstat&path=//proc/89/net HTTP/1.1" 200 16316 "-" "Mozilla/5.0 AppleWebKit/537.36 (KHTML, like Gecko; compatible; GPTBot/1.2; +https://openai.com/gptbot)"
20.171.207.216 - - [13/Sep/2025:16:16:24 +0200] "GET /?fileloc=//proc/54/net/udplite&path=//proc/54/net HTTP/1.1" 200 12479 "-" "Mozilla/5.0 AppleWebKit/537.36 (KHTML, like Gecko; compatible; GPTBot/1.2; +https://openai.com/gptbot)"
20.171.207.216 - - [13/Sep/2025:16:16:27 +0200] "GET /?fileloc=//proc/89/net/route&path=//proc/89/net HTTP/1.1" 200 12730 "-" "Mozilla/5.0 AppleWebKit/537.36 (KHTML, like Gecko; compatible; GPTBot/1.2; +https://openai.com/gptbot)"
20.171.207.216 - - [13/Sep/2025:16:16:31 +0200] "GET /?fileloc=//proc/99/net/psched&path=//proc/99/net HTTP/1.1" 200 12383 "-" "Mozilla/5.0 AppleWebKit/537.36 (KHTML, like Gecko; compatible; GPTBot/1.2; +https://openai.com/gptbot)"
20.171.207.216 - - [13/Sep/2025:16:16:34 +0200] "GET /?fileloc=//proc/64/net/udplite&path=//proc/64/net HTTP/1.1" 200 12479 "-" "Mozilla/5.0 AppleWebKit/537.36 (KHTML, like Gecko; compatible; GPTBot/1.2; +https://openai.com/gptbot)"
20.171.207.216 - - [13/Sep/2025:16:16:37 +0200] "GET /?fileloc=//proc/99/net/udplite&path=//proc/99/net HTTP/1.1" 200 12479 "-" "Mozilla/5.0 AppleWebKit/537.36 (KHTML, like Gecko; compatible; GPTBot/1.2; +https://openai.com/gptbot)"
20.171.207.216 - - [13/Sep/2025:16:16:40 +0200] "GET /?fileloc=//proc/73/net/packet&path=//proc/73/net HTTP/1.1" 200 12547 "-" "Mozilla/5.0 AppleWebKit/537.36 (KHTML, like Gecko; compatible; GPTBot/1.2; +https://openai.com/gptbot)"
