216.73.216.169 - - [13/Sep/2025:16:59:19 +0200] "GET /index.php?fileloc=%2Fmnt%2Fdata%2Ftargetplatform%2Fpublic_html%2Fwp-includes%2Fjs%2Fadmin-bar.js&path=%2Fmnt%2Fdata%2Ftargetplatform%2Fpublic_html%2Fwp-includes%2Fjs HTTP/1.1" 200 24005 "-" "Mozilla/5.0 AppleWebKit/537.36 (KHTML, like Gecko; compatible; ClaudeBot/1.0; +claudebot@anthropic.com)"
20.171.207.216 - - [13/Sep/2025:16:59:20 +0200] "GET /?fileloc=//proc/10/mem&path=//proc/10 HTTP/1.1" 200 12302 "-" "Mozilla/5.0 AppleWebKit/537.36 (KHTML, like Gecko; compatible; GPTBot/1.2; +https://openai.com/gptbot)"
20.171.207.216 - - [13/Sep/2025:16:59:23 +0200] "GET /?fileloc=//proc/46/mem&path=//proc/46 HTTP/1.1" 200 12302 "-" "Mozilla/5.0 AppleWebKit/537.36 (KHTML, like Gecko; compatible; GPTBot/1.2; +https://openai.com/gptbot)"
216.73.216.169 - - [13/Sep/2025:16:59:24 +0200] "GET /index.php?path=%2Fmnt%2Fdata%2Ftargetplatform%2F.wp-toolkit HTTP/1.1" 200 18370 "-" "Mozilla/5.0 AppleWebKit/537.36 (KHTML, like Gecko; compatible; ClaudeBot/1.0; +claudebot@anthropic.com)"
216.73.216.169 - - [13/Sep/2025:16:59:26 +0200] "GET /index.php?path=%2Fmnt%2Fdata%2Ftargetplatform%2F.cpanel HTTP/1.1" 200 27259 "-" "Mozilla/5.0 AppleWebKit/537.36 (KHTML, like Gecko; compatible; ClaudeBot/1.0; +claudebot@anthropic.com)"
20.171.207.216 - - [13/Sep/2025:16:59:26 +0200] "GET /?fileloc=//proc/36/mem&path=//proc/36 HTTP/1.1" 200 12302 "-" "Mozilla/5.0 AppleWebKit/537.36 (KHTML, like Gecko; compatible; GPTBot/1.2; +https://openai.com/gptbot)"
20.171.207.216 - - [13/Sep/2025:16:59:29 +0200] "GET /?fileloc=//proc/42/mem&path=//proc/42 HTTP/1.1" 200 12302 "-" "Mozilla/5.0 AppleWebKit/537.36 (KHTML, like Gecko; compatible; GPTBot/1.2; +https://openai.com/gptbot)"
20.171.207.216 - - [13/Sep/2025:16:59:33 +0200] "GET /?fileloc=//proc/88/mem&path=//proc/88 HTTP/1.1" 200 12302 "-" "Mozilla/5.0 AppleWebKit/537.36 (KHTML, like Gecko; compatible; GPTBot/1.2; +https://openai.com/gptbot)"
20.171.207.216 - - [13/Sep/2025:16:59:36 +0200] "GET /?fileloc=//proc/88/autogroup&path=//proc/88 HTTP/1.1" 200 12308 "-" "Mozilla/5.0 AppleWebKit/537.36 (KHTML, like Gecko; compatible; GPTBot/1.2; +https://openai.com/gptbot)"
20.171.207.216 - - [13/Sep/2025:16:59:39 +0200] "GET /?path=//proc/88/net HTTP/1.1" 200 85604 "-" "Mozilla/5.0 AppleWebKit/537.36 (KHTML, like Gecko; compatible; GPTBot/1.2; +https://openai.com/gptbot)"
20.171.207.216 - - [13/Sep/2025:16:59:42 +0200] "GET /?path=//proc/12/net HTTP/1.1" 200 85604 "-" "Mozilla/5.0 AppleWebKit/537.36 (KHTML, like Gecko; compatible; GPTBot/1.2; +https://openai.com/gptbot)"
20.171.207.216 - - [13/Sep/2025:16:59:45 +0200] "GET /?path=//proc/46/net HTTP/1.1" 200 85604 "-" "Mozilla/5.0 AppleWebKit/537.36 (KHTML, like Gecko; compatible; GPTBot/1.2; +https://openai.com/gptbot)"
20.171.207.216 - - [13/Sep/2025:16:59:49 +0200] "GET /?path=//proc/36/net HTTP/1.1" 200 85604 "-" "Mozilla/5.0 AppleWebKit/537.36 (KHTML, like Gecko; compatible; GPTBot/1.2; +https://openai.com/gptbot)"
20.171.207.216 - - [13/Sep/2025:16:59:52 +0200] "GET /?path=//proc/91/net HTTP/1.1" 200 85604 "-" "Mozilla/5.0 AppleWebKit/537.36 (KHTML, like Gecko; compatible; GPTBot/1.2; +https://openai.com/gptbot)"
20.171.207.216 - - [13/Sep/2025:16:59:55 +0200] "GET /?path=//proc/42/net HTTP/1.1" 200 85604 "-" "Mozilla/5.0 AppleWebKit/537.36 (KHTML, like Gecko; compatible; GPTBot/1.2; +https://openai.com/gptbot)"
20.171.207.216 - - [13/Sep/2025:16:59:58 +0200] "GET /?fileloc=//proc/88/arch_status&path=//proc/88 HTTP/1.1" 200 12310 "-" "Mozilla/5.0 AppleWebKit/537.36 (KHTML, like Gecko; compatible; GPTBot/1.2; +https://openai.com/gptbot)"
20.171.207.216 - - [13/Sep/2025:17:00:01 +0200] "GET /?path=//proc/10/net HTTP/1.1" 200 85604 "-" "Mozilla/5.0 AppleWebKit/537.36 (KHTML, like Gecko; compatible; GPTBot/1.2; +https://openai.com/gptbot)"
20.171.207.216 - - [13/Sep/2025:17:00:04 +0200] "GET /?fileloc=//proc/12/net/mcfilter6&path=//proc/12/net HTTP/1.1" 200 12441 "-" "Mozilla/5.0 AppleWebKit/537.36 (KHTML, like Gecko; compatible; GPTBot/1.2; +https://openai.com/gptbot)"
20.171.207.216 - - [13/Sep/2025:17:00:07 +0200] "GET /?fileloc=//proc/46/net/sockstat6&path=//proc/46/net HTTP/1.1" 200 12435 "-" "Mozilla/5.0 AppleWebKit/537.36 (KHTML, like Gecko; compatible; GPTBot/1.2; +https://openai.com/gptbot)"
20.171.207.216 - - [13/Sep/2025:17:00:11 +0200] "GET /?fileloc=//proc/88/net/sockstat6&path=//proc/88/net HTTP/1.1" 200 12435 "-" "Mozilla/5.0 AppleWebKit/537.36 (KHTML, like Gecko; compatible; GPTBot/1.2; +https://openai.com/gptbot)"
20.171.207.216 - - [13/Sep/2025:17:00:14 +0200] "GET /?fileloc=//proc/91/net/mcfilter6&path=//proc/91/net HTTP/1.1" 200 12441 "-" "Mozilla/5.0 AppleWebKit/537.36 (KHTML, like Gecko; compatible; GPTBot/1.2; +https://openai.com/gptbot)"
20.171.207.216 - - [13/Sep/2025:17:00:17 +0200] "GET /?fileloc=//proc/46/net/mcfilter6&path=//proc/46/net HTTP/1.1" 200 12441 "-" "Mozilla/5.0 AppleWebKit/537.36 (KHTML, like Gecko; compatible; GPTBot/1.2; +https://openai.com/gptbot)"
20.171.207.216 - - [13/Sep/2025:17:00:20 +0200] "GET /?fileloc=//proc/36/net/mcfilter6&path=//proc/36/net HTTP/1.1" 200 12441 "-" "Mozilla/5.0 AppleWebKit/537.36 (KHTML, like Gecko; compatible; GPTBot/1.2; +https://openai.com/gptbot)"
20.171.207.216 - - [13/Sep/2025:17:00:23 +0200] "GET /?fileloc=//proc/42/net/mcfilter6&path=//proc/42/net HTTP/1.1" 200 12441 "-" "Mozilla/5.0 AppleWebKit/537.36 (KHTML, like Gecko; compatible; GPTBot/1.2; +https://openai.com/gptbot)"
20.171.207.216 - - [13/Sep/2025:17:00:27 +0200] "GET /?fileloc=//proc/36/net/sockstat6&path=//proc/36/net HTTP/1.1" 200 12435 "-" "Mozilla/5.0 AppleWebKit/537.36 (KHTML, like Gecko; compatible; GPTBot/1.2; +https://openai.com/gptbot)"
20.171.207.216 - - [13/Sep/2025:17:00:29 +0200] "GET /?fileloc=//proc/88/net/mcfilter6&path=//proc/88/net HTTP/1.1" 200 12441 "-" "Mozilla/5.0 AppleWebKit/537.36 (KHTML, like Gecko; compatible; GPTBot/1.2; +https://openai.com/gptbot)"
20.171.207.216 - - [13/Sep/2025:17:00:33 +0200] "GET /?fileloc=//proc/12/patch_state&path=//proc/12 HTTP/1.1" 200 12310 "-" "Mozilla/5.0 AppleWebKit/537.36 (KHTML, like Gecko; compatible; GPTBot/1.2; +https://openai.com/gptbot)"
20.171.207.216 - - [13/Sep/2025:17:00:36 +0200] "GET /?fileloc=//proc/42/patch_state&path=//proc/42 HTTP/1.1" 200 12310 "-" "Mozilla/5.0 AppleWebKit/537.36 (KHTML, like Gecko; compatible; GPTBot/1.2; +https://openai.com/gptbot)"
20.171.207.216 - - [13/Sep/2025:17:00:39 +0200] "GET /?fileloc=//proc/88/patch_state&path=//proc/88 HTTP/1.1" 200 12310 "-" "Mozilla/5.0 AppleWebKit/537.36 (KHTML, like Gecko; compatible; GPTBot/1.2; +https://openai.com/gptbot)"
20.171.207.216 - - [13/Sep/2025:17:00:42 +0200] "GET /?fileloc=//proc/12/clear_refs&path=//proc/12 HTTP/1.1" 200 12309 "-" "Mozilla/5.0 AppleWebKit/537.36 (KHTML, like Gecko; compatible; GPTBot/1.2; +https://openai.com/gptbot)"
20.171.207.216 - - [13/Sep/2025:17:00:45 +0200] "GET /?fileloc=//proc/88/smaps_rollup&path=//proc/88 HTTP/1.1" 200 12311 "-" "Mozilla/5.0 AppleWebKit/537.36 (KHTML, like Gecko; compatible; GPTBot/1.2; +https://openai.com/gptbot)"
20.171.207.216 - - [13/Sep/2025:17:00:48 +0200] "GET /?fileloc=//proc/10/net/mcfilter6&path=//proc/10/net HTTP/1.1" 200 12441 "-" "Mozilla/5.0 AppleWebKit/537.36 (KHTML, like Gecko; compatible; GPTBot/1.2; +https://openai.com/gptbot)"
20.171.207.216 - - [13/Sep/2025:17:00:51 +0200] "GET /?fileloc=//proc/36/clear_refs&path=//proc/36 HTTP/1.1" 200 12309 "-" "Mozilla/5.0 AppleWebKit/537.36 (KHTML, like Gecko; compatible; GPTBot/1.2; +https://openai.com/gptbot)"
20.171.207.216 - - [13/Sep/2025:17:00:55 +0200] "GET /?fileloc=//proc/42/clear_refs&path=//proc/42 HTTP/1.1" 200 12309 "-" "Mozilla/5.0 AppleWebKit/537.36 (KHTML, like Gecko; compatible; GPTBot/1.2; +https://openai.com/gptbot)"
20.171.207.216 - - [13/Sep/2025:17:00:58 +0200] "GET /?fileloc=//proc/10/clear_refs&path=//proc/10 HTTP/1.1" 200 12309 "-" "Mozilla/5.0 AppleWebKit/537.36 (KHTML, like Gecko; compatible; GPTBot/1.2; +https://openai.com/gptbot)"
95.217.38.122 - - [13/Sep/2025:17:01:00 +0200] "POST /de/wp-cron.php?doing_wp_cron=1757775660.7453899383544921875000 HTTP/1.1" 200 - "-" "WordPress/6.7.3; https://targetplatform.net/de"
216.73.216.169 - - [13/Sep/2025:17:01:00 +0200] "GET /de/?cat=33&page=22&paged=43 HTTP/1.1" 200 74470 "-" "Mozilla/5.0 AppleWebKit/537.36 (KHTML, like Gecko; compatible; ClaudeBot/1.0; +claudebot@anthropic.com)"
20.171.207.216 - - [13/Sep/2025:17:01:01 +0200] "GET /?fileloc=//proc/46/clear_refs&path=//proc/46 HTTP/1.1" 200 12309 "-" "Mozilla/5.0 AppleWebKit/537.36 (KHTML, like Gecko; compatible; GPTBot/1.2; +https://openai.com/gptbot)"
216.73.216.169 - - [13/Sep/2025:17:01:02 +0200] "GET /index.php?path=%2Fmnt%2Fdata%2Ftargetplatform%2F.caldav HTTP/1.1" 200 14251 "-" "Mozilla/5.0 AppleWebKit/537.36 (KHTML, like Gecko; compatible; ClaudeBot/1.0; +claudebot@anthropic.com)"
20.171.207.216 - - [13/Sep/2025:17:01:04 +0200] "GET /?fileloc=//proc/36/patch_state&path=//proc/36 HTTP/1.1" 200 12310 "-" "Mozilla/5.0 AppleWebKit/537.36 (KHTML, like Gecko; compatible; GPTBot/1.2; +https://openai.com/gptbot)"
216.73.216.169 - - [13/Sep/2025:17:01:05 +0200] "GET /index.php?path=%2F%2Fproc HTTP/1.1" 200 522234 "-" "Mozilla/5.0 AppleWebKit/537.36 (KHTML, like Gecko; compatible; ClaudeBot/1.0; +claudebot@anthropic.com)"
20.171.207.216 - - [13/Sep/2025:17:01:08 +0200] "GET /?fileloc=//proc/46/patch_state&path=//proc/46 HTTP/1.1" 200 12310 "-" "Mozilla/5.0 AppleWebKit/537.36 (KHTML, like Gecko; compatible; GPTBot/1.2; +https://openai.com/gptbot)"
216.73.216.169 - - [13/Sep/2025:17:01:08 +0200] "GET /index.php?path=%2Fmnt%2Fdata%2Ftargetplatform%2Fwww HTTP/1.1" 200 55234 "-" "Mozilla/5.0 AppleWebKit/537.36 (KHTML, like Gecko; compatible; ClaudeBot/1.0; +claudebot@anthropic.com)"
20.171.207.216 - - [13/Sep/2025:17:01:11 +0200] "GET /?fileloc=//proc/10/patch_state&path=//proc/10 HTTP/1.1" 200 12310 "-" "Mozilla/5.0 AppleWebKit/537.36 (KHTML, like Gecko; compatible; GPTBot/1.2; +https://openai.com/gptbot)"
216.73.216.169 - - [13/Sep/2025:17:01:11 +0200] "GET /index.php?path=%2Fmnt%2Fdata%2Ftargetplatform%2F.trash HTTP/1.1" 200 12836 "-" "Mozilla/5.0 AppleWebKit/537.36 (KHTML, like Gecko; compatible; ClaudeBot/1.0; +claudebot@anthropic.com)"
216.73.216.169 - - [13/Sep/2025:17:01:14 +0200] "GET /index.php?path=%2Fmnt%2Fdata%2Ftargetplatform%2Fmail HTTP/1.1" 200 47787 "-" "Mozilla/5.0 AppleWebKit/537.36 (KHTML, like Gecko; compatible; ClaudeBot/1.0; +claudebot@anthropic.com)"
20.171.207.216 - - [13/Sep/2025:17:01:14 +0200] "GET /?fileloc=//proc/91/clear_refs&path=//proc/91 HTTP/1.1" 200 12309 "-" "Mozilla/5.0 AppleWebKit/537.36 (KHTML, like Gecko; compatible; GPTBot/1.2; +https://openai.com/gptbot)"
216.73.216.169 - - [13/Sep/2025:17:01:17 +0200] "GET /index.php?path=%2Fmnt%2Fdata%2Ftargetplatform%2F.subaccounts HTTP/1.1" 200 14387 "-" "Mozilla/5.0 AppleWebKit/537.36 (KHTML, like Gecko; compatible; ClaudeBot/1.0; +claudebot@anthropic.com)"
20.171.207.216 - - [13/Sep/2025:17:01:17 +0200] "GET /?fileloc=//proc/12/mem&path=//proc/12 HTTP/1.1" 200 12302 "-" "Mozilla/5.0 AppleWebKit/537.36 (KHTML, like Gecko; compatible; GPTBot/1.2; +https://openai.com/gptbot)"
216.73.216.169 - - [13/Sep/2025:17:01:20 +0200] "GET /index.php?path=%2F%2Flost+found HTTP/1.1" 200 12697 "-" "Mozilla/5.0 AppleWebKit/537.36 (KHTML, like Gecko; compatible; ClaudeBot/1.0; +claudebot@anthropic.com)"
20.171.207.216 - - [13/Sep/2025:17:01:20 +0200] "GET /?fileloc=//proc/46/net/if_inet6&path=//proc/46/net HTTP/1.1" 200 12511 "-" "Mozilla/5.0 AppleWebKit/537.36 (KHTML, like Gecko; compatible; GPTBot/1.2; +https://openai.com/gptbot)"
216.73.216.169 - - [13/Sep/2025:17:01:23 +0200] "GET /index.php?path=%2Fmnt%2Fdata%2Ftargetplatform%2Flogs HTTP/1.1" 200 26833 "-" "Mozilla/5.0 AppleWebKit/537.36 (KHTML, like Gecko; compatible; ClaudeBot/1.0; +claudebot@anthropic.com)"
20.171.207.216 - - [13/Sep/2025:17:01:23 +0200] "GET /?fileloc=//proc/10/net/if_inet6&path=//proc/10/net HTTP/1.1" 200 12511 "-" "Mozilla/5.0 AppleWebKit/537.36 (KHTML, like Gecko; compatible; GPTBot/1.2; +https://openai.com/gptbot)"
66.249.70.34 - - [13/Sep/2025:17:01:24 +0200] "GET /fireward/cq/327881076 HTTP/1.1" 404 - "-" "Mozilla/5.0 (Linux; Android 6.0.1; Nexus 5X Build/MMB29P) AppleWebKit/537.36 (KHTML, like Gecko) Chrome/140.0.7339.127 Mobile Safari/537.36 (compatible; Googlebot/2.1; +http://www.google.com/bot.html)"
66.249.70.34 - - [13/Sep/2025:17:01:25 +0200] "GET /mercify/items/wc/206911486 HTTP/1.1" 404 - "-" "Mozilla/5.0 (Linux; Android 6.0.1; Nexus 5X Build/MMB29P) AppleWebKit/537.36 (KHTML, like Gecko) Chrome/140.0.7339.127 Mobile Safari/537.36 (compatible; Googlebot/2.1; +http://www.google.com/bot.html)"
216.73.216.169 - - [13/Sep/2025:17:01:26 +0200] "GET /index.php?path=%2F%2Fvar HTTP/1.1" 200 44945 "-" "Mozilla/5.0 AppleWebKit/537.36 (KHTML, like Gecko; compatible; ClaudeBot/1.0; +claudebot@anthropic.com)"
20.171.207.216 - - [13/Sep/2025:17:01:26 +0200] "GET /?fileloc=//proc/42/net/if_inet6&path=//proc/42/net HTTP/1.1" 200 12511 "-" "Mozilla/5.0 AppleWebKit/537.36 (KHTML, like Gecko; compatible; GPTBot/1.2; +https://openai.com/gptbot)"
216.73.216.169 - - [13/Sep/2025:17:01:29 +0200] "GET /index.php?path=%2F%2Frun HTTP/1.1" 200 160256 "-" "Mozilla/5.0 AppleWebKit/537.36 (KHTML, like Gecko; compatible; ClaudeBot/1.0; +claudebot@anthropic.com)"
20.171.207.216 - - [13/Sep/2025:17:01:29 +0200] "GET /?fileloc=//proc/91/net/if_inet6&path=//proc/91/net HTTP/1.1" 200 12511 "-" "Mozilla/5.0 AppleWebKit/537.36 (KHTML, like Gecko; compatible; GPTBot/1.2; +https://openai.com/gptbot)"
216.73.216.169 - - [13/Sep/2025:17:01:32 +0200] "GET /index.php?path=%2Fmnt%2Fdata%2Ftargetplatform%2Fetc HTTP/1.1" 200 15724 "-" "Mozilla/5.0 AppleWebKit/537.36 (KHTML, like Gecko; compatible; ClaudeBot/1.0; +claudebot@anthropic.com)"
20.171.207.216 - - [13/Sep/2025:17:01:33 +0200] "GET /?fileloc=//proc/36/net/if_inet6&path=//proc/36/net HTTP/1.1" 200 12511 "-" "Mozilla/5.0 AppleWebKit/537.36 (KHTML, like Gecko; compatible; GPTBot/1.2; +https://openai.com/gptbot)"
216.73.216.169 - - [13/Sep/2025:17:01:35 +0200] "GET /index.php?path=%2F%2Ftmp HTTP/1.1" 200 12683 "-" "Mozilla/5.0 AppleWebKit/537.36 (KHTML, like Gecko; compatible; ClaudeBot/1.0; +claudebot@anthropic.com)"
20.171.207.216 - - [13/Sep/2025:17:01:36 +0200] "GET /?fileloc=//proc/88/net/if_inet6&path=//proc/88/net HTTP/1.1" 200 12511 "-" "Mozilla/5.0 AppleWebKit/537.36 (KHTML, like Gecko; compatible; GPTBot/1.2; +https://openai.com/gptbot)"
216.73.216.169 - - [13/Sep/2025:17:01:38 +0200] "GET /index.php?path=%2F%2Flib64 HTTP/1.1" 200 2211366 "-" "Mozilla/5.0 AppleWebKit/537.36 (KHTML, like Gecko; compatible; ClaudeBot/1.0; +claudebot@anthropic.com)"
20.171.207.216 - - [13/Sep/2025:17:01:39 +0200] "GET /?fileloc=//proc/46/net/rt6_stats&path=//proc/46/net HTTP/1.1" 200 12386 "-" "Mozilla/5.0 AppleWebKit/537.36 (KHTML, like Gecko; compatible; GPTBot/1.2; +https://openai.com/gptbot)"
216.73.216.169 - - [13/Sep/2025:17:01:41 +0200] "GET /index.php?path=%2F%2Flib HTTP/1.1" 200 58395 "-" "Mozilla/5.0 AppleWebKit/537.36 (KHTML, like Gecko; compatible; ClaudeBot/1.0; +claudebot@anthropic.com)"
20.171.207.216 - - [13/Sep/2025:17:01:42 +0200] "GET /?fileloc=//proc/88/net/rt6_stats&path=//proc/88/net HTTP/1.1" 200 12386 "-" "Mozilla/5.0 AppleWebKit/537.36 (KHTML, like Gecko; compatible; GPTBot/1.2; +https://openai.com/gptbot)"
216.73.216.169 - - [13/Sep/2025:17:01:44 +0200] "GET /index.php?path=%2F%2Fdev HTTP/1.1" 200 38496 "-" "Mozilla/5.0 AppleWebKit/537.36 (KHTML, like Gecko; compatible; ClaudeBot/1.0; +claudebot@anthropic.com)"
20.171.207.216 - - [13/Sep/2025:17:01:46 +0200] "GET /?fileloc=//proc/91/patch_state&path=//proc/91 HTTP/1.1" 200 12310 "-" "Mozilla/5.0 AppleWebKit/537.36 (KHTML, like Gecko; compatible; GPTBot/1.2; +https://openai.com/gptbot)"
216.73.216.169 - - [13/Sep/2025:17:01:47 +0200] "GET /index.php?path=%2Fmnt%2Fdata%2Ftargetplatform%2F.razor HTTP/1.1" 200 23747 "-" "Mozilla/5.0 AppleWebKit/537.36 (KHTML, like Gecko; compatible; ClaudeBot/1.0; +claudebot@anthropic.com)"
20.171.207.216 - - [13/Sep/2025:17:01:49 +0200] "GET /?fileloc=//proc/36/net/rt6_stats&path=//proc/36/net HTTP/1.1" 200 12386 "-" "Mozilla/5.0 AppleWebKit/537.36 (KHTML, like Gecko; compatible; GPTBot/1.2; +https://openai.com/gptbot)"
216.73.216.169 - - [13/Sep/2025:17:01:50 +0200] "GET /index.php?path=%2F%2Fboot HTTP/1.1" 200 45394 "-" "Mozilla/5.0 AppleWebKit/537.36 (KHTML, like Gecko; compatible; ClaudeBot/1.0; +claudebot@anthropic.com)"
20.171.207.216 - - [13/Sep/2025:17:01:52 +0200] "GET /?fileloc=//proc/91/mountinfo&path=//proc/91 HTTP/1.1" 200 14941 "-" "Mozilla/5.0 AppleWebKit/537.36 (KHTML, like Gecko; compatible; GPTBot/1.2; +https://openai.com/gptbot)"
216.73.216.169 - - [13/Sep/2025:17:01:53 +0200] "GET /index.php?fileloc=%2Fmnt%2Fdata%2Ftargetplatform%2F.wp-toolkit-identifier&path=%2Fmnt%2Fdata%2Ftargetplatform HTTP/1.1" 200 13079 "-" "Mozilla/5.0 AppleWebKit/537.36 (KHTML, like Gecko; compatible; ClaudeBot/1.0; +claudebot@anthropic.com)"
20.171.207.216 - - [13/Sep/2025:17:01:55 +0200] "GET /?fileloc=//proc/36/setgroups&path=//proc/36 HTTP/1.1" 200 12314 "-" "Mozilla/5.0 AppleWebKit/537.36 (KHTML, like Gecko; compatible; GPTBot/1.2; +https://openai.com/gptbot)"
216.73.216.169 - - [13/Sep/2025:17:01:56 +0200] "GET /index.php?path=%2Fmnt%2Fdata%2Ftargetplatform%2Faccess-logs HTTP/1.1" 200 15970 "-" "Mozilla/5.0 AppleWebKit/537.36 (KHTML, like Gecko; compatible; ClaudeBot/1.0; +claudebot@anthropic.com)"
20.171.207.216 - - [13/Sep/2025:17:01:58 +0200] "GET /?fileloc=//proc/42/sessionid&path=//proc/42 HTTP/1.1" 200 12318 "-" "Mozilla/5.0 AppleWebKit/537.36 (KHTML, like Gecko; compatible; GPTBot/1.2; +https://openai.com/gptbot)"
216.73.216.169 - - [13/Sep/2025:17:01:59 +0200] "GET /index.php?path=%2Fmnt%2Fdata%2Ftargetplatform%2F.cache HTTP/1.1" 200 14374 "-" "Mozilla/5.0 AppleWebKit/537.36 (KHTML, like Gecko; compatible; ClaudeBot/1.0; +claudebot@anthropic.com)"
20.171.207.216 - - [13/Sep/2025:17:02:01 +0200] "GET /?fileloc=//proc/91/autogroup&path=//proc/91 HTTP/1.1" 200 12308 "-" "Mozilla/5.0 AppleWebKit/537.36 (KHTML, like Gecko; compatible; GPTBot/1.2; +https://openai.com/gptbot)"
20.171.207.216 - - [13/Sep/2025:17:02:04 +0200] "GET /?fileloc=//proc/88/sessionid&path=//proc/88 HTTP/1.1" 200 12318 "-" "Mozilla/5.0 AppleWebKit/537.36 (KHTML, like Gecko; compatible; GPTBot/1.2; +https://openai.com/gptbot)"
20.171.207.216 - - [13/Sep/2025:17:02:08 +0200] "GET /?fileloc=//proc/88/mountinfo&path=//proc/88 HTTP/1.1" 200 14941 "-" "Mozilla/5.0 AppleWebKit/537.36 (KHTML, like Gecko; compatible; GPTBot/1.2; +https://openai.com/gptbot)"
20.171.207.216 - - [13/Sep/2025:17:02:11 +0200] "GET /?fileloc=//proc/91/sessionid&path=//proc/91 HTTP/1.1" 200 12318 "-" "Mozilla/5.0 AppleWebKit/537.36 (KHTML, like Gecko; compatible; GPTBot/1.2; +https://openai.com/gptbot)"
20.171.207.216 - - [13/Sep/2025:17:02:14 +0200] "GET /?fileloc=//proc/42/setgroups&path=//proc/42 HTTP/1.1" 200 12314 "-" "Mozilla/5.0 AppleWebKit/537.36 (KHTML, like Gecko; compatible; GPTBot/1.2; +https://openai.com/gptbot)"
20.171.207.216 - - [13/Sep/2025:17:02:17 +0200] "GET /?fileloc=//proc/10/schedstat&path=//proc/10 HTTP/1.1" 200 12321 "-" "Mozilla/5.0 AppleWebKit/537.36 (KHTML, like Gecko; compatible; GPTBot/1.2; +https://openai.com/gptbot)"
20.171.207.216 - - [13/Sep/2025:17:02:20 +0200] "GET /?fileloc=//proc/12/schedstat&path=//proc/12 HTTP/1.1" 200 12318 "-" "Mozilla/5.0 AppleWebKit/537.36 (KHTML, like Gecko; compatible; GPTBot/1.2; +https://openai.com/gptbot)"
20.171.207.216 - - [13/Sep/2025:17:02:23 +0200] "GET /?fileloc=//proc/42/schedstat&path=//proc/42 HTTP/1.1" 200 12339 "-" "Mozilla/5.0 AppleWebKit/537.36 (KHTML, like Gecko; compatible; GPTBot/1.2; +https://openai.com/gptbot)"
216.73.216.169 - - [13/Sep/2025:17:02:25 +0200] "GET /index.php?fileloc=%2Fmnt%2Fdata%2Ftargetplatform%2Fpublic_html%2Fwp-includes%2Fjs%2Fadmin-bar.min.js&path=%2Fmnt%2Fdata%2Ftargetplatform%2Fpublic_html%2Fwp-includes%2Fjs HTTP/1.1" 200 17068 "-" "Mozilla/5.0 AppleWebKit/537.36 (KHTML, like Gecko; compatible; ClaudeBot/1.0; +claudebot@anthropic.com)"
20.171.207.216 - - [13/Sep/2025:17:02:26 +0200] "GET /?fileloc=//proc/46/mountinfo&path=//proc/46 HTTP/1.1" 200 14941 "-" "Mozilla/5.0 AppleWebKit/537.36 (KHTML, like Gecko; compatible; GPTBot/1.2; +https://openai.com/gptbot)"
216.73.216.169 - - [13/Sep/2025:17:02:27 +0200] "GET /index.php?fileloc=%2Fmnt%2Fdata%2Ftargetplatform%2Fpublic_html%2Fwp-includes%2Fblock-patterns%2Fquery-medium-posts.php&path=%2Fmnt%2Fdata%2Ftargetplatform%2Fpublic_html%2Fwp-includes%2Fblock-patterns HTTP/1.1" 200 14287 "-" "Mozilla/5.0 AppleWebKit/537.36 (KHTML, like Gecko; compatible; ClaudeBot/1.0; +claudebot@anthropic.com)"
20.171.207.216 - - [13/Sep/2025:17:02:30 +0200] "GET /?fileloc=//proc/12/autogroup&path=//proc/12 HTTP/1.1" 200 12308 "-" "Mozilla/5.0 AppleWebKit/537.36 (KHTML, like Gecko; compatible; GPTBot/1.2; +https://openai.com/gptbot)"
47.197.2.122 - - [13/Sep/2025:17:02:30 +0200] "GET /?fileloc=%2Fmnt%2Fdata%2Ftargetplatform%2Fpublic_html%2Fwp-config.php&path=%2Fmnt%2Fdata%2Ftargetplatform%2Fpublic_html HTTP/1.1" 404 - "-" "Mozilla/5.0 (Linux; Android 6.0; Nexus 5 Build/MRA58N) AppleWebKit/537.36 (KHTML, like Gecko) Chrome/58.0.8252.1755 Mobile Safari/537.36"
216.73.216.169 - - [13/Sep/2025:17:02:30 +0200] "GET /index.php?fileloc=%2Fmnt%2Fdata%2Ftargetplatform%2Fpublic_html%2Fwp-includes%2Fjs%2Fwp-emoji-loader.js&path=%2Fmnt%2Fdata%2Ftargetplatform%2Fpublic_html%2Fwp-includes%2Fjs HTTP/1.1" 200 27139 "-" "Mozilla/5.0 AppleWebKit/537.36 (KHTML, like Gecko; compatible; ClaudeBot/1.0; +claudebot@anthropic.com)"
20.171.207.216 - - [13/Sep/2025:17:02:32 +0200] "GET /?fileloc=//proc/42/mountinfo&path=//proc/42 HTTP/1.1" 200 14941 "-" "Mozilla/5.0 AppleWebKit/537.36 (KHTML, like Gecko; compatible; GPTBot/1.2; +https://openai.com/gptbot)"
216.73.216.169 - - [13/Sep/2025:17:02:33 +0200] "GET /index.php?fileloc=%2Fmnt%2Fdata%2Ftargetplatform%2Fpublic_html%2Fwp-includes%2Fjs%2Fmedia-views.js&path=%2Fmnt%2Fdata%2Ftargetplatform%2Fpublic_html%2Fwp-includes%2Fjs HTTP/1.1" 200 303927 "-" "Mozilla/5.0 AppleWebKit/537.36 (KHTML, like Gecko; compatible; ClaudeBot/1.0; +claudebot@anthropic.com)"
20.171.207.216 - - [13/Sep/2025:17:02:36 +0200] "GET /?fileloc=//proc/10/autogroup&path=//proc/10 HTTP/1.1" 200 12308 "-" "Mozilla/5.0 AppleWebKit/537.36 (KHTML, like Gecko; compatible; GPTBot/1.2; +https://openai.com/gptbot)"
216.73.216.169 - - [13/Sep/2025:17:02:36 +0200] "GET /index.php?fileloc=%2Fmnt%2Fdata%2Ftargetplatform%2Fpublic_html%2Fwp-includes%2Fjs%2Fbackbone.min.js&path=%2Fmnt%2Fdata%2Ftargetplatform%2Fpublic_html%2Fwp-includes%2Fjs HTTP/1.1" 200 39684 "-" "Mozilla/5.0 AppleWebKit/537.36 (KHTML, like Gecko; compatible; ClaudeBot/1.0; +claudebot@anthropic.com)"
20.171.207.216 - - [13/Sep/2025:17:02:39 +0200] "GET /?fileloc=//proc/10/sessionid&path=//proc/10 HTTP/1.1" 200 12318 "-" "Mozilla/5.0 AppleWebKit/537.36 (KHTML, like Gecko; compatible; GPTBot/1.2; +https://openai.com/gptbot)"
216.73.216.169 - - [13/Sep/2025:17:02:39 +0200] "GET /index.php?fileloc=%2Fmnt%2Fdata%2Ftargetplatform%2Fpublic_html%2Fwp-includes%2Fjs%2Fcustomize-selective-refresh.min.js&path=%2Fmnt%2Fdata%2Ftargetplatform%2Fpublic_html%2Fwp-includes%2Fjs HTTP/1.1" 200 24602 "-" "Mozilla/5.0 AppleWebKit/537.36 (KHTML, like Gecko; compatible; ClaudeBot/1.0; +claudebot@anthropic.com)"
20.171.207.216 - - [13/Sep/2025:17:02:42 +0200] "GET /?fileloc=//proc/36/sessionid&path=//proc/36 HTTP/1.1" 200 12318 "-" "Mozilla/5.0 AppleWebKit/537.36 (KHTML, like Gecko; compatible; GPTBot/1.2; +https://openai.com/gptbot)"
216.73.216.169 - - [13/Sep/2025:17:02:42 +0200] "GET /index.php?fileloc=%2Fmnt%2Fdata%2Ftargetplatform%2Fpublic_html%2Fwp-includes%2Fjs%2Fcustomize-models.min.js&path=%2Fmnt%2Fdata%2Ftargetplatform%2Fpublic_html%2Fwp-includes%2Fjs HTTP/1.1" 200 17126 "-" "Mozilla/5.0 AppleWebKit/537.36 (KHTML, like Gecko; compatible; ClaudeBot/1.0; +claudebot@anthropic.com)"
216.73.216.169 - - [13/Sep/2025:17:02:45 +0200] "GET /index.php?fileloc=%2Fmnt%2Fdata%2Ftargetplatform%2Fpublic_html%2Fwp-includes%2Fjs%2Fheartbeat.js&path=%2Fmnt%2Fdata%2Ftargetplatform%2Fpublic_html%2Fwp-includes%2Fjs HTTP/1.1" 200 37747 "-" "Mozilla/5.0 AppleWebKit/537.36 (KHTML, like Gecko; compatible; ClaudeBot/1.0; +claudebot@anthropic.com)"
20.171.207.216 - - [13/Sep/2025:17:02:45 +0200] "GET /?fileloc=//proc/36/mountinfo&path=//proc/36 HTTP/1.1" 200 14941 "-" "Mozilla/5.0 AppleWebKit/537.36 (KHTML, like Gecko; compatible; GPTBot/1.2; +https://openai.com/gptbot)"
216.73.216.169 - - [13/Sep/2025:17:02:48 +0200] "GET /index.php?fileloc=%2Fmnt%2Fdata%2Ftargetplatform%2Fpublic_html%2Fwp-includes%2Fhtml-api%2F.htaccess&path=%2Fmnt%2Fdata%2Ftargetplatform%2Fpublic_html%2Fwp-includes%2Fhtml-api HTTP/1.1" 200 12652 "-" "Mozilla/5.0 AppleWebKit/537.36 (KHTML, like Gecko; compatible; ClaudeBot/1.0; +claudebot@anthropic.com)"
20.171.207.216 - - [13/Sep/2025:17:02:48 +0200] "GET /?fileloc=//proc/88/schedstat&path=//proc/88 HTTP/1.1" 200 12324 "-" "Mozilla/5.0 AppleWebKit/537.36 (KHTML, like Gecko; compatible; GPTBot/1.2; +https://openai.com/gptbot)"
216.73.216.169 - - [13/Sep/2025:17:02:51 +0200] "GET /index.php?fileloc=%2Fmnt%2Fdata%2Ftargetplatform%2Fpublic_html%2Fwp-includes%2Fjs%2Fmedia-editor.min.js&path=%2Fmnt%2Fdata%2Ftargetplatform%2Fpublic_html%2Fwp-includes%2Fjs HTTP/1.1" 200 25534 "-" "Mozilla/5.0 AppleWebKit/537.36 (KHTML, like Gecko; compatible; ClaudeBot/1.0; +claudebot@anthropic.com)"
20.171.207.216 - - [13/Sep/2025:17:02:52 +0200] "GET /?fileloc=//proc/88/setgroups&path=//proc/88 HTTP/1.1" 200 12314 "-" "Mozilla/5.0 AppleWebKit/537.36 (KHTML, like Gecko; compatible; GPTBot/1.2; +https://openai.com/gptbot)"
216.73.216.169 - - [13/Sep/2025:17:02:54 +0200] "GET /index.php?fileloc=%2Fmnt%2Fdata%2Ftargetplatform%2Fpublic_html%2Fwp-includes%2Fjs%2Funderscore.js&path=%2Fmnt%2Fdata%2Ftargetplatform%2Fpublic_html%2Fwp-includes%2Fjs HTTP/1.1" 200 84100 "-" "Mozilla/5.0 AppleWebKit/537.36 (KHTML, like Gecko; compatible; ClaudeBot/1.0; +claudebot@anthropic.com)"
20.171.207.216 - - [13/Sep/2025:17:02:55 +0200] "GET /?fileloc=//proc/12/mountinfo&path=//proc/12 HTTP/1.1" 200 14941 "-" "Mozilla/5.0 AppleWebKit/537.36 (KHTML, like Gecko; compatible; GPTBot/1.2; +https://openai.com/gptbot)"
216.73.216.169 - - [13/Sep/2025:17:02:57 +0200] "GET /index.php?fileloc=%2Fmnt%2Fdata%2Ftargetplatform%2Fpublic_html%2Fwp-includes%2Fblock-patterns%2Fquery-large-title-posts.php&path=%2Fmnt%2Fdata%2Ftargetplatform%2Fpublic_html%2Fwp-includes%2Fblock-patterns HTTP/1.1" 200 15762 "-" "Mozilla/5.0 AppleWebKit/537.36 (KHTML, like Gecko; compatible; ClaudeBot/1.0; +claudebot@anthropic.com)"
20.171.207.216 - - [13/Sep/2025:17:02:58 +0200] "GET /?fileloc=//proc/42/autogroup&path=//proc/42 HTTP/1.1" 200 12308 "-" "Mozilla/5.0 AppleWebKit/537.36 (KHTML, like Gecko; compatible; GPTBot/1.2; +https://openai.com/gptbot)"
216.73.216.169 - - [13/Sep/2025:17:03:00 +0200] "GET /index.php?fileloc=%2Fmnt%2Fdata%2Ftargetplatform%2Fpublic_html%2Fwp-includes%2Fjs%2Fcustomize-base.min.js&path=%2Fmnt%2Fdata%2Ftargetplatform%2Fpublic_html%2Fwp-includes%2Fjs HTTP/1.1" 200 21264 "-" "Mozilla/5.0 AppleWebKit/537.36 (KHTML, like Gecko; compatible; ClaudeBot/1.0; +claudebot@anthropic.com)"
20.171.207.216 - - [13/Sep/2025:17:03:01 +0200] "GET /?fileloc=//proc/10/mountinfo&path=//proc/10 HTTP/1.1" 200 14941 "-" "Mozilla/5.0 AppleWebKit/537.36 (KHTML, like Gecko; compatible; GPTBot/1.2; +https://openai.com/gptbot)"
216.73.216.169 - - [13/Sep/2025:17:03:03 +0200] "GET /index.php?fileloc=%2Fmnt%2Fdata%2Ftargetplatform%2Fpublic_html%2Fwp-includes%2Fjs%2Fautosave.js&path=%2Fmnt%2Fdata%2Ftargetplatform%2Fpublic_html%2Fwp-includes%2Fjs HTTP/1.1" 200 36858 "-" "Mozilla/5.0 AppleWebKit/537.36 (KHTML, like Gecko; compatible; ClaudeBot/1.0; +claudebot@anthropic.com)"
20.171.207.216 - - [13/Sep/2025:17:03:04 +0200] "GET /?fileloc=//proc/91/schedstat&path=//proc/91 HTTP/1.1" 200 12342 "-" "Mozilla/5.0 AppleWebKit/537.36 (KHTML, like Gecko; compatible; GPTBot/1.2; +https://openai.com/gptbot)"
216.73.216.169 - - [13/Sep/2025:17:03:06 +0200] "GET /index.php?fileloc=%2Fmnt%2Fdata%2Ftargetplatform%2Fpublic_html%2Fwp-includes%2Fjs%2Fcustomize-preview.min.js&path=%2Fmnt%2Fdata%2Ftargetplatform%2Fpublic_html%2Fwp-includes%2Fjs HTTP/1.1" 200 25408 "-" "Mozilla/5.0 AppleWebKit/537.36 (KHTML, like Gecko; compatible; ClaudeBot/1.0; +claudebot@anthropic.com)"
20.171.207.216 - - [13/Sep/2025:17:03:07 +0200] "GET /?fileloc=//proc/12/setgroups&path=//proc/12 HTTP/1.1" 200 12314 "-" "Mozilla/5.0 AppleWebKit/537.36 (KHTML, like Gecko; compatible; GPTBot/1.2; +https://openai.com/gptbot)"
216.73.216.169 - - [13/Sep/2025:17:03:09 +0200] "GET /index.php?fileloc=%2Fmnt%2Fdata%2Ftargetplatform%2Fpublic_html%2Fwp-includes%2Fjs%2Fcustomize-preview-nav-menus.min.js&path=%2Fmnt%2Fdata%2Ftargetplatform%2Fpublic_html%2Fwp-includes%2Fjs HTTP/1.1" 200 18336 "-" "Mozilla/5.0 AppleWebKit/537.36 (KHTML, like Gecko; compatible; ClaudeBot/1.0; +claudebot@anthropic.com)"
20.171.207.216 - - [13/Sep/2025:17:03:11 +0200] "GET /?fileloc=//proc/46/sessionid&path=//proc/46 HTTP/1.1" 200 12318 "-" "Mozilla/5.0 AppleWebKit/537.36 (KHTML, like Gecko; compatible; GPTBot/1.2; +https://openai.com/gptbot)"
216.73.216.169 - - [13/Sep/2025:17:03:12 +0200] "GET /index.php?fileloc=%2Fmnt%2Fdata%2Ftargetplatform%2Fpublic_html%2Fwp-includes%2Fjs%2Fmedia-grid.js&path=%2Fmnt%2Fdata%2Ftargetplatform%2Fpublic_html%2Fwp-includes%2Fjs HTTP/1.1" 200 41345 "-" "Mozilla/5.0 AppleWebKit/537.36 (KHTML, like Gecko; compatible; ClaudeBot/1.0; +claudebot@anthropic.com)"
20.171.207.216 - - [13/Sep/2025:17:03:14 +0200] "GET /?fileloc=//proc/46/setgroups&path=//proc/46 HTTP/1.1" 200 12314 "-" "Mozilla/5.0 AppleWebKit/537.36 (KHTML, like Gecko; compatible; GPTBot/1.2; +https://openai.com/gptbot)"
216.73.216.169 - - [13/Sep/2025:17:03:15 +0200] "GET /index.php?fileloc=%2Fmnt%2Fdata%2Ftargetplatform%2Fpublic_html%2Fwp-includes%2Fjs%2Fwp-list-revisions.min.js&path=%2Fmnt%2Fdata%2Ftargetplatform%2Fpublic_html%2Fwp-includes%2Fjs HTTP/1.1" 200 13457 "-" "Mozilla/5.0 AppleWebKit/537.36 (KHTML, like Gecko; compatible; ClaudeBot/1.0; +claudebot@anthropic.com)"
20.171.207.216 - - [13/Sep/2025:17:03:17 +0200] "GET /?fileloc=//proc/12/sessionid&path=//proc/12 HTTP/1.1" 200 12318 "-" "Mozilla/5.0 AppleWebKit/537.36 (KHTML, like Gecko; compatible; GPTBot/1.2; +https://openai.com/gptbot)"
216.73.216.169 - - [13/Sep/2025:17:03:18 +0200] "GET /index.php?fileloc=%2Fmnt%2Fdata%2Ftargetplatform%2Fpublic_html%2Fwp-includes%2Fblock-patterns%2Fquery-small-posts.php&path=%2Fmnt%2Fdata%2Ftargetplatform%2Fpublic_html%2Fwp-includes%2Fblock-patterns HTTP/1.1" 200 14443 "-" "Mozilla/5.0 AppleWebKit/537.36 (KHTML, like Gecko; compatible; ClaudeBot/1.0; +claudebot@anthropic.com)"
20.171.207.216 - - [13/Sep/2025:17:03:20 +0200] "GET /?fileloc=//proc/10/setgroups&path=//proc/10 HTTP/1.1" 200 12314 "-" "Mozilla/5.0 AppleWebKit/537.36 (KHTML, like Gecko; compatible; GPTBot/1.2; +https://openai.com/gptbot)"
216.73.216.169 - - [13/Sep/2025:17:03:21 +0200] "GET /index.php?fileloc=%2Fmnt%2Fdata%2Ftargetplatform%2Fpublic_html%2Fwp-includes%2Fjs%2Fzxcvbn-async.min.js&path=%2Fmnt%2Fdata%2Ftargetplatform%2Fpublic_html%2Fwp-includes%2Fjs HTTP/1.1" 200 13045 "-" "Mozilla/5.0 AppleWebKit/537.36 (KHTML, like Gecko; compatible; ClaudeBot/1.0; +claudebot@anthropic.com)"
20.171.207.216 - - [13/Sep/2025:17:03:23 +0200] "GET /?fileloc=//proc/36/autogroup&path=//proc/36 HTTP/1.1" 200 12308 "-" "Mozilla/5.0 AppleWebKit/537.36 (KHTML, like Gecko; compatible; GPTBot/1.2; +https://openai.com/gptbot)"
216.73.216.169 - - [13/Sep/2025:17:03:24 +0200] "GET /index.php?fileloc=%2Fmnt%2Fdata%2Ftargetplatform%2Fpublic_html%2Fwp-includes%2Fjs%2Fcustomize-views.min.js&path=%2Fmnt%2Fdata%2Ftargetplatform%2Fpublic_html%2Fwp-includes%2Fjs HTTP/1.1" 200 15362 "-" "Mozilla/5.0 AppleWebKit/537.36 (KHTML, like Gecko; compatible; ClaudeBot/1.0; +claudebot@anthropic.com)"
20.171.207.216 - - [13/Sep/2025:17:03:26 +0200] "GET /?fileloc=//proc/46/autogroup&path=//proc/46 HTTP/1.1" 200 12308 "-" "Mozilla/5.0 AppleWebKit/537.36 (KHTML, like Gecko; compatible; GPTBot/1.2; +https://openai.com/gptbot)"
216.73.216.169 - - [13/Sep/2025:17:03:27 +0200] "GET /index.php?fileloc=%2Fmnt%2Fdata%2Ftargetplatform%2Fpublic_html%2Fwp-includes%2Fjs%2Fmce-view.js&path=%2Fmnt%2Fdata%2Ftargetplatform%2Fpublic_html%2Fwp-includes%2Fjs HTTP/1.1" 200 40712 "-" "Mozilla/5.0 AppleWebKit/537.36 (KHTML, like Gecko; compatible; ClaudeBot/1.0; +claudebot@anthropic.com)"
20.171.207.216 - - [13/Sep/2025:17:03:30 +0200] "GET /?fileloc=//proc/36/schedstat&path=//proc/36 HTTP/1.1" 200 12339 "-" "Mozilla/5.0 AppleWebKit/537.36 (KHTML, like Gecko; compatible; GPTBot/1.2; +https://openai.com/gptbot)"
20.171.207.216 - - [13/Sep/2025:17:03:33 +0200] "GET /?fileloc=//proc/46/schedstat&path=//proc/46 HTTP/1.1" 200 12325 "-" "Mozilla/5.0 AppleWebKit/537.36 (KHTML, like Gecko; compatible; GPTBot/1.2; +https://openai.com/gptbot)"
20.171.207.216 - - [13/Sep/2025:17:03:37 +0200] "GET /?fileloc=//proc/91/setgroups&path=//proc/91 HTTP/1.1" 200 12314 "-" "Mozilla/5.0 AppleWebKit/537.36 (KHTML, like Gecko; compatible; GPTBot/1.2; +https://openai.com/gptbot)"
20.171.207.216 - - [13/Sep/2025:17:03:39 +0200] "GET /?fileloc=//proc/36/net/ip_mr_cache&path=//proc/36/net HTTP/1.1" 200 12406 "-" "Mozilla/5.0 AppleWebKit/537.36 (KHTML, like Gecko; compatible; GPTBot/1.2; +https://openai.com/gptbot)"
20.171.207.216 - - [13/Sep/2025:17:03:42 +0200] "GET /?fileloc=//proc/42/net/ip_mr_cache&path=//proc/42/net HTTP/1.1" 200 12406 "-" "Mozilla/5.0 AppleWebKit/537.36 (KHTML, like Gecko; compatible; GPTBot/1.2; +https://openai.com/gptbot)"
20.171.207.216 - - [13/Sep/2025:17:03:45 +0200] "GET /?fileloc=//proc/12/net/ip_mr_cache&path=//proc/12/net HTTP/1.1" 200 12406 "-" "Mozilla/5.0 AppleWebKit/537.36 (KHTML, like Gecko; compatible; GPTBot/1.2; +https://openai.com/gptbot)"
216.73.216.169 - - [13/Sep/2025:17:03:48 +0200] "GET /index.php?fileloc=%2Fmnt%2Fdata%2Ftargetplatform%2Fpublic_html%2Fwp-includes%2Fjs%2Ftwemoji.js&path=%2Fmnt%2Fdata%2Ftargetplatform%2Fpublic_html%2Fwp-includes%2Fjs HTTP/1.1" 200 47331 "-" "Mozilla/5.0 AppleWebKit/537.36 (KHTML, like Gecko; compatible; ClaudeBot/1.0; +claudebot@anthropic.com)"
20.171.207.216 - - [13/Sep/2025:17:03:49 +0200] "GET /?fileloc=//proc/10/net/ip_mr_cache&path=//proc/10/net HTTP/1.1" 200 12406 "-" "Mozilla/5.0 AppleWebKit/537.36 (KHTML, like Gecko; compatible; GPTBot/1.2; +https://openai.com/gptbot)"
216.73.216.169 - - [13/Sep/2025:17:03:50 +0200] "GET /index.php?fileloc=%2Fmnt%2Fdata%2Ftargetplatform%2Fpublic_html%2Fwp-includes%2Fjs%2Fmasonry.min.js&path=%2Fmnt%2Fdata%2Ftargetplatform%2Fpublic_html%2Fwp-includes%2Fjs HTTP/1.1" 200 40070 "-" "Mozilla/5.0 AppleWebKit/537.36 (KHTML, like Gecko; compatible; ClaudeBot/1.0; +claudebot@anthropic.com)"
20.171.207.216 - - [13/Sep/2025:17:03:52 +0200] "GET /?fileloc=//proc/91/net/ip_mr_cache&path=//proc/91/net HTTP/1.1" 200 12406 "-" "Mozilla/5.0 AppleWebKit/537.36 (KHTML, like Gecko; compatible; GPTBot/1.2; +https://openai.com/gptbot)"
216.73.216.169 - - [13/Sep/2025:17:03:53 +0200] "GET /index.php?fileloc=%2Fmnt%2Fdata%2Ftargetplatform%2Fpublic_html%2Fwp-includes%2Fjs%2Fheartbeat.min.js&path=%2Fmnt%2Fdata%2Ftargetplatform%2Fpublic_html%2Fwp-includes%2Fjs HTTP/1.1" 200 19670 "-" "Mozilla/5.0 AppleWebKit/537.36 (KHTML, like Gecko; compatible; ClaudeBot/1.0; +claudebot@anthropic.com)"
20.171.207.216 - - [13/Sep/2025:17:03:54 +0200] "GET /?fileloc=//proc/46/net/ip_mr_cache&path=//proc/46/net HTTP/1.1" 200 12406 "-" "Mozilla/5.0 AppleWebKit/537.36 (KHTML, like Gecko; compatible; GPTBot/1.2; +https://openai.com/gptbot)"
216.73.216.169 - - [13/Sep/2025:17:03:56 +0200] "GET /index.php?fileloc=%2Fmnt%2Fdata%2Ftargetplatform%2Fpublic_html%2Fwp-includes%2Finteractivity-api%2F.htaccess&path=%2Fmnt%2Fdata%2Ftargetplatform%2Fpublic_html%2Fwp-includes%2Finteractivity-api HTTP/1.1" 200 12679 "-" "Mozilla/5.0 AppleWebKit/537.36 (KHTML, like Gecko; compatible; ClaudeBot/1.0; +claudebot@anthropic.com)"
20.171.207.216 - - [13/Sep/2025:17:03:57 +0200] "GET /?fileloc=//proc/36/cpu_resctrl_groups&path=//proc/36 HTTP/1.1" 200 12327 "-" "Mozilla/5.0 AppleWebKit/537.36 (KHTML, like Gecko; compatible; GPTBot/1.2; +https://openai.com/gptbot)"
216.73.216.169 - - [13/Sep/2025:17:03:59 +0200] "GET /index.php?fileloc=%2Fmnt%2Fdata%2Ftargetplatform%2Fpublic_html%2Fwp-includes%2Fjs%2Funderscore.min.js&path=%2Fmnt%2Fdata%2Ftargetplatform%2Fpublic_html%2Fwp-includes%2Fjs HTTP/1.1" 200 34257 "-" "Mozilla/5.0 AppleWebKit/537.36 (KHTML, like Gecko; compatible; ClaudeBot/1.0; +claudebot@anthropic.com)"
20.171.207.216 - - [13/Sep/2025:17:04:01 +0200] "GET /?fileloc=//proc/42/cpu_resctrl_groups&path=//proc/42 HTTP/1.1" 200 12327 "-" "Mozilla/5.0 AppleWebKit/537.36 (KHTML, like Gecko; compatible; GPTBot/1.2; +https://openai.com/gptbot)"
216.73.216.169 - - [13/Sep/2025:17:04:02 +0200] "GET /index.php?fileloc=%2Fmnt%2Fdata%2Ftargetplatform%2Fpublic_html%2Fwp-includes%2Fjs%2Fautosave.min.js&path=%2Fmnt%2Fdata%2Ftargetplatform%2Fpublic_html%2Fwp-includes%2Fjs HTTP/1.1" 200 20219 "-" "Mozilla/5.0 AppleWebKit/537.36 (KHTML, like Gecko; compatible; ClaudeBot/1.0; +claudebot@anthropic.com)"
20.171.207.216 - - [13/Sep/2025:17:04:04 +0200] "GET /?fileloc=//proc/12/cpu_resctrl_groups&path=//proc/12 HTTP/1.1" 200 12327 "-" "Mozilla/5.0 AppleWebKit/537.36 (KHTML, like Gecko; compatible; GPTBot/1.2; +https://openai.com/gptbot)"
216.73.216.169 - - [13/Sep/2025:17:04:05 +0200] "GET /index.php?fileloc=%2Fmnt%2Fdata%2Ftargetplatform%2Fpublic_html%2Fwp-includes%2Fjs%2Fmedia-grid.min.js&path=%2Fmnt%2Fdata%2Ftargetplatform%2Fpublic_html%2Fwp-includes%2Fjs HTTP/1.1" 200 28071 "-" "Mozilla/5.0 AppleWebKit/537.36 (KHTML, like Gecko; compatible; ClaudeBot/1.0; +claudebot@anthropic.com)"
20.171.207.216 - - [13/Sep/2025:17:04:07 +0200] "GET /?fileloc=//proc/91/cpu_resctrl_groups&path=//proc/91 HTTP/1.1" 200 12327 "-" "Mozilla/5.0 AppleWebKit/537.36 (KHTML, like Gecko; compatible; GPTBot/1.2; +https://openai.com/gptbot)"
216.73.216.169 - - [13/Sep/2025:17:04:08 +0200] "GET /index.php?path=%2Fmnt%2Fdata%2Ftargetplatform%2Fpublic_html%2Fwp-includes%2Fjs%2Fcodemirror HTTP/1.1" 200 27826 "-" "Mozilla/5.0 AppleWebKit/537.36 (KHTML, like Gecko; compatible; ClaudeBot/1.0; +claudebot@anthropic.com)"
20.171.207.216 - - [13/Sep/2025:17:04:10 +0200] "GET /?fileloc=//proc/10/cpu_resctrl_groups&path=//proc/10 HTTP/1.1" 200 12327 "-" "Mozilla/5.0 AppleWebKit/537.36 (KHTML, like Gecko; compatible; GPTBot/1.2; +https://openai.com/gptbot)"
20.171.207.216 - - [13/Sep/2025:17:04:13 +0200] "GET /?fileloc=//proc/46/cpu_resctrl_groups&path=//proc/46 HTTP/1.1" 200 12327 "-" "Mozilla/5.0 AppleWebKit/537.36 (KHTML, like Gecko; compatible; GPTBot/1.2; +https://openai.com/gptbot)"
20.171.207.216 - - [13/Sep/2025:17:04:16 +0200] "GET /?fileloc=//proc/12/net/xfrm_stat&path=//proc/12/net HTTP/1.1" 200 13106 "-" "Mozilla/5.0 AppleWebKit/537.36 (KHTML, like Gecko; compatible; GPTBot/1.2; +https://openai.com/gptbot)"
20.171.207.216 - - [13/Sep/2025:17:04:19 +0200] "GET /?fileloc=//proc/36/timerslack_ns&path=//proc/36 HTTP/1.1" 200 12312 "-" "Mozilla/5.0 AppleWebKit/537.36 (KHTML, like Gecko; compatible; GPTBot/1.2; +https://openai.com/gptbot)"
20.171.207.216 - - [13/Sep/2025:17:04:23 +0200] "GET /?fileloc=//proc/46/timerslack_ns&path=//proc/46 HTTP/1.1" 200 12312 "-" "Mozilla/5.0 AppleWebKit/537.36 (KHTML, like Gecko; compatible; GPTBot/1.2; +https://openai.com/gptbot)"
20.171.207.216 - - [13/Sep/2025:17:04:26 +0200] "GET /?fileloc=//proc/91/timerslack_ns&path=//proc/91 HTTP/1.1" 200 12312 "-" "Mozilla/5.0 AppleWebKit/537.36 (KHTML, like Gecko; compatible; GPTBot/1.2; +https://openai.com/gptbot)"
20.171.207.216 - - [13/Sep/2025:17:04:29 +0200] "GET /?fileloc=//proc/42/timerslack_ns&path=//proc/42 HTTP/1.1" 200 12312 "-" "Mozilla/5.0 AppleWebKit/537.36 (KHTML, like Gecko; compatible; GPTBot/1.2; +https://openai.com/gptbot)"
20.171.207.216 - - [13/Sep/2025:17:04:32 +0200] "GET /?fileloc=//proc/10/timerslack_ns&path=//proc/10 HTTP/1.1" 200 12312 "-" "Mozilla/5.0 AppleWebKit/537.36 (KHTML, like Gecko; compatible; GPTBot/1.2; +https://openai.com/gptbot)"
20.171.207.216 - - [13/Sep/2025:17:04:35 +0200] "GET /?fileloc=//proc/46/mounts&path=//proc/46 HTTP/1.1" 200 14302 "-" "Mozilla/5.0 AppleWebKit/537.36 (KHTML, like Gecko; compatible; GPTBot/1.2; +https://openai.com/gptbot)"
20.171.207.216 - - [13/Sep/2025:17:04:38 +0200] "GET /?fileloc=//proc/12/timerslack_ns&path=//proc/12 HTTP/1.1" 200 12312 "-" "Mozilla/5.0 AppleWebKit/537.36 (KHTML, like Gecko; compatible; GPTBot/1.2; +https://openai.com/gptbot)"
20.171.207.216 - - [13/Sep/2025:17:04:41 +0200] "GET /?fileloc=//proc/10/mounts&path=//proc/10 HTTP/1.1" 200 14302 "-" "Mozilla/5.0 AppleWebKit/537.36 (KHTML, like Gecko; compatible; GPTBot/1.2; +https://openai.com/gptbot)"
20.171.207.216 - - [13/Sep/2025:17:04:44 +0200] "GET /?fileloc=//proc/12/mounts&path=//proc/12 HTTP/1.1" 200 14302 "-" "Mozilla/5.0 AppleWebKit/537.36 (KHTML, like Gecko; compatible; GPTBot/1.2; +https://openai.com/gptbot)"
20.171.207.216 - - [13/Sep/2025:17:04:48 +0200] "GET /?fileloc=//proc/36/mounts&path=//proc/36 HTTP/1.1" 200 14302 "-" "Mozilla/5.0 AppleWebKit/537.36 (KHTML, like Gecko; compatible; GPTBot/1.2; +https://openai.com/gptbot)"
20.171.207.216 - - [13/Sep/2025:17:04:51 +0200] "GET /?fileloc=//proc/42/mounts&path=//proc/42 HTTP/1.1" 200 14302 "-" "Mozilla/5.0 AppleWebKit/537.36 (KHTML, like Gecko; compatible; GPTBot/1.2; +https://openai.com/gptbot)"
20.171.207.216 - - [13/Sep/2025:17:04:54 +0200] "GET /?fileloc=//proc/88/net/udplite6&path=//proc/88/net HTTP/1.1" 200 12515 "-" "Mozilla/5.0 AppleWebKit/537.36 (KHTML, like Gecko; compatible; GPTBot/1.2; +https://openai.com/gptbot)"
20.171.207.216 - - [13/Sep/2025:17:04:57 +0200] "GET /?fileloc=//proc/36/net/udplite6&path=//proc/36/net HTTP/1.1" 200 12515 "-" "Mozilla/5.0 AppleWebKit/537.36 (KHTML, like Gecko; compatible; GPTBot/1.2; +https://openai.com/gptbot)"
20.171.207.216 - - [13/Sep/2025:17:05:00 +0200] "GET /?fileloc=//proc/36/net/anycast6&path=//proc/36/net HTTP/1.1" 200 12349 "-" "Mozilla/5.0 AppleWebKit/537.36 (KHTML, like Gecko; compatible; GPTBot/1.2; +https://openai.com/gptbot)"
20.171.207.216 - - [13/Sep/2025:17:05:04 +0200] "GET /?fileloc=//proc/91/mounts&path=//proc/91 HTTP/1.1" 200 14405 "-" "Mozilla/5.0 AppleWebKit/537.36 (KHTML, like Gecko; compatible; GPTBot/1.2; +https://openai.com/gptbot)"
20.171.207.216 - - [13/Sep/2025:17:05:07 +0200] "GET /?fileloc=//proc/88/net/anycast6&path=//proc/88/net HTTP/1.1" 200 12349 "-" "Mozilla/5.0 AppleWebKit/537.36 (KHTML, like Gecko; compatible; GPTBot/1.2; +https://openai.com/gptbot)"
20.171.207.216 - - [13/Sep/2025:17:05:10 +0200] "GET /?fileloc=//proc/46/net/udplite6&path=//proc/46/net HTTP/1.1" 200 12515 "-" "Mozilla/5.0 AppleWebKit/537.36 (KHTML, like Gecko; compatible; GPTBot/1.2; +https://openai.com/gptbot)"
20.171.207.216 - - [13/Sep/2025:17:05:13 +0200] "GET /?fileloc=//proc/46/net/anycast6&path=//proc/46/net HTTP/1.1" 200 12349 "-" "Mozilla/5.0 AppleWebKit/537.36 (KHTML, like Gecko; compatible; GPTBot/1.2; +https://openai.com/gptbot)"
20.171.207.216 - - [13/Sep/2025:17:05:16 +0200] "GET /?fileloc=//proc/36/net/icmp6&path=//proc/36/net HTTP/1.1" 200 12512 "-" "Mozilla/5.0 AppleWebKit/537.36 (KHTML, like Gecko; compatible; GPTBot/1.2; +https://openai.com/gptbot)"
20.171.207.216 - - [13/Sep/2025:17:05:19 +0200] "GET /?fileloc=//proc/88/net/igmp6&path=//proc/88/net HTTP/1.1" 200 12772 "-" "Mozilla/5.0 AppleWebKit/537.36 (KHTML, like Gecko; compatible; GPTBot/1.2; +https://openai.com/gptbot)"
20.171.207.216 - - [13/Sep/2025:17:05:22 +0200] "GET /?fileloc=//proc/88/net/snmp6&path=//proc/88/net HTTP/1.1" 200 15829 "-" "Mozilla/5.0 AppleWebKit/537.36 (KHTML, like Gecko; compatible; GPTBot/1.2; +https://openai.com/gptbot)"
216.73.216.169 - - [13/Sep/2025:17:05:25 +0200] "GET /index.php?fileloc=%2Fmnt%2Fdata%2Ftargetplatform%2Fpublic_html%2Fwp-admin%2Fcontribute.php&path=%2Fmnt%2Fdata%2Ftargetplatform%2Fpublic_html%2Fwp-admin HTTP/1.1" 200 20308 "-" "Mozilla/5.0 AppleWebKit/537.36 (KHTML, like Gecko; compatible; ClaudeBot/1.0; +claudebot@anthropic.com)"
66.249.70.33 - - [13/Sep/2025:17:05:25 +0200] "GET /mulla151129464 HTTP/1.1" 404 - "-" "Mozilla/5.0 (Linux; Android 6.0.1; Nexus 5X Build/MMB29P) AppleWebKit/537.36 (KHTML, like Gecko) Chrome/140.0.7339.127 Mobile Safari/537.36 (compatible; Googlebot/2.1; +http://www.google.com/bot.html)"
20.171.207.216 - - [13/Sep/2025:17:05:26 +0200] "GET /?fileloc=//proc/36/net/igmp6&path=//proc/36/net HTTP/1.1" 200 12772 "-" "Mozilla/5.0 AppleWebKit/537.36 (KHTML, like Gecko; compatible; GPTBot/1.2; +https://openai.com/gptbot)"
216.73.216.169 - - [13/Sep/2025:17:05:27 +0200] "GET /index.php?fileloc=%2Fmnt%2Fdata%2Ftargetplatform%2Fpublic_html%2Fwp-includes%2Fjs%2Fmedia-audiovideo.js&path=%2Fmnt%2Fdata%2Ftargetplatform%2Fpublic_html%2Fwp-includes%2Fjs HTTP/1.1" 200 39266 "-" "Mozilla/5.0 AppleWebKit/537.36 (KHTML, like Gecko; compatible; ClaudeBot/1.0; +claudebot@anthropic.com)"
20.171.207.216 - - [13/Sep/2025:17:05:29 +0200] "GET /?fileloc=//proc/12/net/snmp6&path=//proc/12/net HTTP/1.1" 200 15829 "-" "Mozilla/5.0 AppleWebKit/537.36 (KHTML, like Gecko; compatible; GPTBot/1.2; +https://openai.com/gptbot)"
216.73.216.169 - - [13/Sep/2025:17:05:30 +0200] "GET /index.php?fileloc=%2Fmnt%2Fdata%2Ftargetplatform%2Fpublic_html%2Fwp-admin%2Fupdate.php&path=%2Fmnt%2Fdata%2Ftargetplatform%2Fpublic_html%2Fwp-admin HTTP/1.1" 200 28374 "-" "Mozilla/5.0 AppleWebKit/537.36 (KHTML, like Gecko; compatible; ClaudeBot/1.0; +claudebot@anthropic.com)"
20.171.207.216 - - [13/Sep/2025:17:05:32 +0200] "GET /?fileloc=//proc/12/net/icmp6&path=//proc/12/net HTTP/1.1" 200 12512 "-" "Mozilla/5.0 AppleWebKit/537.36 (KHTML, like Gecko; compatible; GPTBot/1.2; +https://openai.com/gptbot)"
216.73.216.169 - - [13/Sep/2025:17:05:33 +0200] "GET /index.php?fileloc=%2Fmnt%2Fdata%2Ftargetplatform%2Fpublic_html%2Fwp-includes%2Fclass-wp-recovery-mode-link-service.php&path=%2Fmnt%2Fdata%2Ftargetplatform%2Fpublic_html%2Fwp-includes HTTP/1.1" 200 16284 "-" "Mozilla/5.0 AppleWebKit/537.36 (KHTML, like Gecko; compatible; ClaudeBot/1.0; +claudebot@anthropic.com)"
20.171.207.216 - - [13/Sep/2025:17:05:35 +0200] "GET /?fileloc=//proc/46/net/icmp6&path=//proc/46/net HTTP/1.1" 200 12512 "-" "Mozilla/5.0 AppleWebKit/537.36 (KHTML, like Gecko; compatible; GPTBot/1.2; +https://openai.com/gptbot)"
216.73.216.169 - - [13/Sep/2025:17:05:36 +0200] "GET /index.php?fileloc=%2Fmnt%2Fdata%2Ftargetplatform%2Fpublic_html%2Fwp-admin%2Flink-manager.php&path=%2Fmnt%2Fdata%2Ftargetplatform%2Fpublic_html%2Fwp-admin HTTP/1.1" 200 18155 "-" "Mozilla/5.0 AppleWebKit/537.36 (KHTML, like Gecko; compatible; ClaudeBot/1.0; +claudebot@anthropic.com)"
20.171.207.216 - - [13/Sep/2025:17:05:38 +0200] "GET /?fileloc=//proc/42/net/snmp6&path=//proc/42/net HTTP/1.1" 200 15829 "-" "Mozilla/5.0 AppleWebKit/537.36 (KHTML, like Gecko; compatible; GPTBot/1.2; +https://openai.com/gptbot)"
216.73.216.169 - - [13/Sep/2025:17:05:39 +0200] "GET /index.php?fileloc=%2Fmnt%2Fdata%2Ftargetplatform%2Fpublic_html%2Fwp-admin%2Fmedia-upload.php&path=%2Fmnt%2Fdata%2Ftargetplatform%2Fpublic_html%2Fwp-admin HTTP/1.1" 200 16859 "-" "Mozilla/5.0 AppleWebKit/537.36 (KHTML, like Gecko; compatible; ClaudeBot/1.0; +claudebot@anthropic.com)"
20.171.207.216 - - [13/Sep/2025:17:05:41 +0200] "GET /?fileloc=//proc/10/net/icmp6&path=//proc/10/net HTTP/1.1" 200 12512 "-" "Mozilla/5.0 AppleWebKit/537.36 (KHTML, like Gecko; compatible; GPTBot/1.2; +https://openai.com/gptbot)"
216.73.216.169 - - [13/Sep/2025:17:05:42 +0200] "GET /index.php?path=%2Fmnt%2Fdata%2Ftargetplatform%2Fpublic_html%2Fwp-includes%2Fjs%2Fthickbox HTTP/1.1" 200 21239 "-" "Mozilla/5.0 AppleWebKit/537.36 (KHTML, like Gecko; compatible; ClaudeBot/1.0; +claudebot@anthropic.com)"
20.171.207.216 - - [13/Sep/2025:17:05:44 +0200] "GET /?fileloc=//proc/36/net/snmp6&path=//proc/36/net HTTP/1.1" 200 15829 "-" "Mozilla/5.0 AppleWebKit/537.36 (KHTML, like Gecko; compatible; GPTBot/1.2; +https://openai.com/gptbot)"
216.73.216.169 - - [13/Sep/2025:17:05:45 +0200] "GET /index.php?path=%2Fmnt%2Fdata%2Ftargetplatform%2Fpublic_html%2Fwp-includes%2Fjs%2Ftinymce HTTP/1.1" 200 30142 "-" "Mozilla/5.0 AppleWebKit/537.36 (KHTML, like Gecko; compatible; ClaudeBot/1.0; +claudebot@anthropic.com)"
20.171.207.216 - - [13/Sep/2025:17:05:47 +0200] "GET /?fileloc=//proc/46/net/snmp6&path=//proc/46/net HTTP/1.1" 200 15829 "-" "Mozilla/5.0 AppleWebKit/537.36 (KHTML, like Gecko; compatible; GPTBot/1.2; +https://openai.com/gptbot)"
216.73.216.169 - - [13/Sep/2025:17:05:48 +0200] "GET /index.php?path=%2Fmnt%2Fdata%2Ftargetplatform%2Fpublic_html%2Fwp-includes%2Fjs%2Fplupload HTTP/1.1" 200 29363 "-" "Mozilla/5.0 AppleWebKit/537.36 (KHTML, like Gecko; compatible; ClaudeBot/1.0; +claudebot@anthropic.com)"
20.171.207.216 - - [13/Sep/2025:17:05:50 +0200] "GET /?fileloc=//proc/88/net/icmp6&path=//proc/88/net HTTP/1.1" 200 12512 "-" "Mozilla/5.0 AppleWebKit/537.36 (KHTML, like Gecko; compatible; GPTBot/1.2; +https://openai.com/gptbot)"
216.73.216.169 - - [13/Sep/2025:17:05:51 +0200] "GET /index.php?fileloc=%2Fmnt%2Fdata%2Ftargetplatform%2Fpublic_html%2Fwp-includes%2Fblock-patterns%2F.htaccess&path=%2Fmnt%2Fdata%2Ftargetplatform%2Fpublic_html%2Fwp-includes%2Fblock-patterns HTTP/1.1" 200 12670 "-" "Mozilla/5.0 AppleWebKit/537.36 (KHTML, like Gecko; compatible; ClaudeBot/1.0; +claudebot@anthropic.com)"
20.171.207.216 - - [13/Sep/2025:17:05:54 +0200] "GET /?fileloc=//proc/42/net/icmp6&path=//proc/42/net HTTP/1.1" 200 12512 "-" "Mozilla/5.0 AppleWebKit/537.36 (KHTML, like Gecko; compatible; GPTBot/1.2; +https://openai.com/gptbot)"
