20.171.207.216 - - [13/Sep/2025:18:21:00 +0200] "GET /?fileloc=//proc/15/pagemap&path=//proc/15 HTTP/1.1" 200 12306 "-" "Mozilla/5.0 AppleWebKit/537.36 (KHTML, like Gecko; compatible; GPTBot/1.2; +https://openai.com/gptbot)"
216.73.216.169 - - [13/Sep/2025:18:21:01 +0200] "GET /?fileloc=%2F%2Flib64%2Flibcanberra.so.0&path=%2F%2Flib64 HTTP/1.1" 200 129335 "-" "Mozilla/5.0 AppleWebKit/537.36 (KHTML, like Gecko; compatible; ClaudeBot/1.0; +claudebot@anthropic.com)"
20.171.207.216 - - [13/Sep/2025:18:21:03 +0200] "GET /?fileloc=//proc/15/cmdline&path=//proc/15 HTTP/1.1" 200 12306 "-" "Mozilla/5.0 AppleWebKit/537.36 (KHTML, like Gecko; compatible; GPTBot/1.2; +https://openai.com/gptbot)"
216.73.216.169 - - [13/Sep/2025:18:21:04 +0200] "GET /?fileloc=%2F%2Flib64%2Flibaio.so.1.0.1&path=%2F%2Flib64 HTTP/1.1" 200 31187 "-" "Mozilla/5.0 AppleWebKit/537.36 (KHTML, like Gecko; compatible; ClaudeBot/1.0; +claudebot@anthropic.com)"
20.171.207.216 - - [13/Sep/2025:18:21:06 +0200] "GET /?fileloc=//proc/30/pagemap&path=//proc/30 HTTP/1.1" 200 12306 "-" "Mozilla/5.0 AppleWebKit/537.36 (KHTML, like Gecko; compatible; GPTBot/1.2; +https://openai.com/gptbot)"
216.73.216.169 - - [13/Sep/2025:18:21:07 +0200] "GET /?fileloc=%2F%2Flib64%2Flibcolorhug.so.2&path=%2F%2Flib64 HTTP/1.1" 200 156885 "-" "Mozilla/5.0 AppleWebKit/537.36 (KHTML, like Gecko; compatible; ClaudeBot/1.0; +claudebot@anthropic.com)"
20.171.207.216 - - [13/Sep/2025:18:21:09 +0200] "GET /?fileloc=//proc/78/environ&path=//proc/78 HTTP/1.1" 200 12306 "-" "Mozilla/5.0 AppleWebKit/537.36 (KHTML, like Gecko; compatible; GPTBot/1.2; +https://openai.com/gptbot)"
216.73.216.169 - - [13/Sep/2025:18:21:10 +0200] "GET /?fileloc=%2F%2Flib64%2Flibbind9-9.16.23-RH.so&path=%2F%2Flib64 HTTP/1.1" 200 144850 "-" "Mozilla/5.0 AppleWebKit/537.36 (KHTML, like Gecko; compatible; ClaudeBot/1.0; +claudebot@anthropic.com)"
20.171.207.216 - - [13/Sep/2025:18:21:12 +0200] "GET /?fileloc=//proc/34/pagemap&path=//proc/34 HTTP/1.1" 200 12306 "-" "Mozilla/5.0 AppleWebKit/537.36 (KHTML, like Gecko; compatible; GPTBot/1.2; +https://openai.com/gptbot)"
216.73.216.169 - - [13/Sep/2025:18:21:13 +0200] "GET /?fileloc=%2F%2Flib64%2Flibdrm_radeon.so.1&path=%2F%2Flib64 HTTP/1.1" 200 97907 "-" "Mozilla/5.0 AppleWebKit/537.36 (KHTML, like Gecko; compatible; ClaudeBot/1.0; +claudebot@anthropic.com)"
20.171.207.216 - - [13/Sep/2025:18:21:15 +0200] "GET /?fileloc=//proc/25/cmdline&path=//proc/25 HTTP/1.1" 200 12306 "-" "Mozilla/5.0 AppleWebKit/537.36 (KHTML, like Gecko; compatible; GPTBot/1.2; +https://openai.com/gptbot)"
216.73.216.169 - - [13/Sep/2025:18:21:16 +0200] "GET /?fileloc=%2F%2Flib64%2Flibgstcheck-1.0.so.0&path=%2F%2Flib64 HTTP/1.1" 200 230086 "-" "Mozilla/5.0 AppleWebKit/537.36 (KHTML, like Gecko; compatible; ClaudeBot/1.0; +claudebot@anthropic.com)"
20.171.207.216 - - [13/Sep/2025:18:21:18 +0200] "GET /?fileloc=//proc/94/oom_score&path=//proc/94 HTTP/1.1" 200 12310 "-" "Mozilla/5.0 AppleWebKit/537.36 (KHTML, like Gecko; compatible; GPTBot/1.2; +https://openai.com/gptbot)"
216.73.216.169 - - [13/Sep/2025:18:21:19 +0200] "GET /?fileloc=%2F%2Flib64%2Flibvorbis.so.0&path=%2F%2Flib64 HTTP/1.1" 200 322988 "-" "Mozilla/5.0 AppleWebKit/537.36 (KHTML, like Gecko; compatible; ClaudeBot/1.0; +claudebot@anthropic.com)"
20.171.207.216 - - [13/Sep/2025:18:21:21 +0200] "GET /?fileloc=//proc/67/oom_score&path=//proc/67 HTTP/1.1" 200 12310 "-" "Mozilla/5.0 AppleWebKit/537.36 (KHTML, like Gecko; compatible; GPTBot/1.2; +https://openai.com/gptbot)"
216.73.216.169 - - [13/Sep/2025:18:21:22 +0200] "GET /?fileloc=%2F%2Flib64%2Flibini_config.so.5&path=%2F%2Flib64 HTTP/1.1" 200 188984 "-" "Mozilla/5.0 AppleWebKit/537.36 (KHTML, like Gecko; compatible; ClaudeBot/1.0; +claudebot@anthropic.com)"
20.171.207.216 - - [13/Sep/2025:18:21:24 +0200] "GET /?fileloc=//proc/91/oom_score&path=//proc/91 HTTP/1.1" 200 12310 "-" "Mozilla/5.0 AppleWebKit/537.36 (KHTML, like Gecko; compatible; GPTBot/1.2; +https://openai.com/gptbot)"
216.73.216.169 - - [13/Sep/2025:18:21:25 +0200] "GET /?fileloc=%2F%2Fsbin%2Finit&path=%2F%2Fsbin HTTP/1.1" 200 150260 "-" "Mozilla/5.0 AppleWebKit/537.36 (KHTML, like Gecko; compatible; ClaudeBot/1.0; +claudebot@anthropic.com)"
20.171.207.216 - - [13/Sep/2025:18:21:28 +0200] "GET /?fileloc=//proc/45/syscall&path=//proc/45 HTTP/1.1" 200 12306 "-" "Mozilla/5.0 AppleWebKit/537.36 (KHTML, like Gecko; compatible; GPTBot/1.2; +https://openai.com/gptbot)"
216.73.216.169 - - [13/Sep/2025:18:21:28 +0200] "GET /?fileloc=%2F%2Fsbin%2Fxfs_rtcp&path=%2F%2Fsbin HTTP/1.1" 200 36959 "-" "Mozilla/5.0 AppleWebKit/537.36 (KHTML, like Gecko; compatible; ClaudeBot/1.0; +claudebot@anthropic.com)"
20.171.207.216 - - [13/Sep/2025:18:21:31 +0200] "GET /?fileloc=//proc/28/oom_score&path=//proc/28 HTTP/1.1" 200 12310 "-" "Mozilla/5.0 AppleWebKit/537.36 (KHTML, like Gecko; compatible; GPTBot/1.2; +https://openai.com/gptbot)"
20.171.207.216 - - [13/Sep/2025:18:21:35 +0200] "GET /?fileloc=//proc/23/pagemap&path=//proc/23 HTTP/1.1" 200 12306 "-" "Mozilla/5.0 AppleWebKit/537.36 (KHTML, like Gecko; compatible; GPTBot/1.2; +https://openai.com/gptbot)"
216.73.216.169 - - [13/Sep/2025:18:21:34 +0200] "GET /?fileloc=%2F%2Fsbin%2Fip&path=%2F%2Fsbin HTTP/1.1" 200 1195232 "-" "Mozilla/5.0 AppleWebKit/537.36 (KHTML, like Gecko; compatible; ClaudeBot/1.0; +claudebot@anthropic.com)"
216.73.216.169 - - [13/Sep/2025:18:21:37 +0200] "GET /?fileloc=%2F%2Fsbin%2Frdma&path=%2F%2Fsbin HTTP/1.1" 200 172125 "-" "Mozilla/5.0 AppleWebKit/537.36 (KHTML, like Gecko; compatible; ClaudeBot/1.0; +claudebot@anthropic.com)"
20.171.207.216 - - [13/Sep/2025:18:21:37 +0200] "GET /?fileloc=//proc/14/syscall&path=//proc/14 HTTP/1.1" 200 12306 "-" "Mozilla/5.0 AppleWebKit/537.36 (KHTML, like Gecko; compatible; GPTBot/1.2; +https://openai.com/gptbot)"
216.73.216.169 - - [13/Sep/2025:18:21:40 +0200] "GET /?fileloc=%2F%2Fsbin%2Flvdisplay&path=%2F%2Fsbin HTTP/1.1" 200 4190454 "-" "Mozilla/5.0 AppleWebKit/537.36 (KHTML, like Gecko; compatible; ClaudeBot/1.0; +claudebot@anthropic.com)"
20.171.207.216 - - [13/Sep/2025:18:21:41 +0200] "GET /?fileloc=//proc/40/oom_score&path=//proc/40 HTTP/1.1" 200 12310 "-" "Mozilla/5.0 AppleWebKit/537.36 (KHTML, like Gecko; compatible; GPTBot/1.2; +https://openai.com/gptbot)"
216.73.216.169 - - [13/Sep/2025:18:21:43 +0200] "GET /?fileloc=%2F%2Fsbin%2Ffixfiles&path=%2F%2Fsbin HTTP/1.1" 200 26596 "-" "Mozilla/5.0 AppleWebKit/537.36 (KHTML, like Gecko; compatible; ClaudeBot/1.0; +claudebot@anthropic.com)"
20.171.207.216 - - [13/Sep/2025:18:21:44 +0200] "GET /?fileloc=//proc/70/oom_score&path=//proc/70 HTTP/1.1" 200 12310 "-" "Mozilla/5.0 AppleWebKit/537.36 (KHTML, like Gecko; compatible; GPTBot/1.2; +https://openai.com/gptbot)"
216.73.216.169 - - [13/Sep/2025:18:21:46 +0200] "GET /?fileloc=%2F%2Flib64%2Flibxcb-randr.so&path=%2F%2Flib64 HTTP/1.1" 200 105638 "-" "Mozilla/5.0 AppleWebKit/537.36 (KHTML, like Gecko; compatible; ClaudeBot/1.0; +claudebot@anthropic.com)"
20.171.207.216 - - [13/Sep/2025:18:21:47 +0200] "GET /?fileloc=//proc/53/syscall&path=//proc/53 HTTP/1.1" 200 12306 "-" "Mozilla/5.0 AppleWebKit/537.36 (KHTML, like Gecko; compatible; GPTBot/1.2; +https://openai.com/gptbot)"
216.73.216.169 - - [13/Sep/2025:18:21:49 +0200] "GET /?fileloc=%2F%2Fsbin%2Fexigrep&path=%2F%2Fsbin HTTP/1.1" 200 24080 "-" "Mozilla/5.0 AppleWebKit/537.36 (KHTML, like Gecko; compatible; ClaudeBot/1.0; +claudebot@anthropic.com)"
20.171.207.216 - - [13/Sep/2025:18:21:51 +0200] "GET /?fileloc=//proc/84/oom_score&path=//proc/84 HTTP/1.1" 200 12310 "-" "Mozilla/5.0 AppleWebKit/537.36 (KHTML, like Gecko; compatible; GPTBot/1.2; +https://openai.com/gptbot)"
216.73.216.169 - - [13/Sep/2025:18:21:52 +0200] "GET /?fileloc=%2F%2Flib64%2Flibxcb-damage.so&path=%2F%2Flib64 HTTP/1.1" 200 30447 "-" "Mozilla/5.0 AppleWebKit/537.36 (KHTML, like Gecko; compatible; ClaudeBot/1.0; +claudebot@anthropic.com)"
20.171.207.216 - - [13/Sep/2025:18:21:54 +0200] "GET /?fileloc=//proc/59/oom_score&path=//proc/59 HTTP/1.1" 200 12310 "-" "Mozilla/5.0 AppleWebKit/537.36 (KHTML, like Gecko; compatible; GPTBot/1.2; +https://openai.com/gptbot)"
216.73.216.169 - - [13/Sep/2025:18:21:55 +0200] "GET /?fileloc=%2F%2Flib64%2Flibsoftokn3.so&path=%2F%2Flib64 HTTP/1.1" 200 626222 "-" "Mozilla/5.0 AppleWebKit/537.36 (KHTML, like Gecko; compatible; ClaudeBot/1.0; +claudebot@anthropic.com)"
20.171.207.216 - - [13/Sep/2025:18:21:57 +0200] "GET /?fileloc=//proc/82/environ&path=//proc/82 HTTP/1.1" 200 12306 "-" "Mozilla/5.0 AppleWebKit/537.36 (KHTML, like Gecko; compatible; GPTBot/1.2; +https://openai.com/gptbot)"
216.73.216.169 - - [13/Sep/2025:18:21:58 +0200] "GET /?fileloc=%2F%2Fsbin%2Frotatelogs&path=%2F%2Fsbin HTTP/1.1" 200 57508 "-" "Mozilla/5.0 AppleWebKit/537.36 (KHTML, like Gecko; compatible; ClaudeBot/1.0; +claudebot@anthropic.com)"
20.171.207.216 - - [13/Sep/2025:18:22:00 +0200] "GET /?fileloc=//proc/28/cmdline&path=//proc/28 HTTP/1.1" 200 12306 "-" "Mozilla/5.0 AppleWebKit/537.36 (KHTML, like Gecko; compatible; GPTBot/1.2; +https://openai.com/gptbot)"
216.73.216.169 - - [13/Sep/2025:18:22:01 +0200] "GET /?fileloc=%2F%2Flib64%2Flibicui18n.so&path=%2F%2Flib64 HTTP/1.1" 200 4800919 "-" "Mozilla/5.0 AppleWebKit/537.36 (KHTML, like Gecko; compatible; ClaudeBot/1.0; +claudebot@anthropic.com)"
20.171.207.216 - - [13/Sep/2025:18:22:03 +0200] "GET /?fileloc=//proc/55/gid_map&path=//proc/55 HTTP/1.1" 200 12339 "-" "Mozilla/5.0 AppleWebKit/537.36 (KHTML, like Gecko; compatible; GPTBot/1.2; +https://openai.com/gptbot)"
5.255.231.185 - - [13/Sep/2025:18:22:04 +0200] "GET /angularly/1064806333/ HTTP/1.1" 404 - "-" "Mozilla/5.0 (compatible; YandexBot/3.0; +http://yandex.com/bots)"
216.73.216.169 - - [13/Sep/2025:18:22:04 +0200] "GET /?fileloc=%2F%2Flib64%2Flibicui18n.so.67&path=%2F%2Flib64 HTTP/1.1" 200 4800922 "-" "Mozilla/5.0 AppleWebKit/537.36 (KHTML, like Gecko; compatible; ClaudeBot/1.0; +claudebot@anthropic.com)"
20.171.207.216 - - [13/Sep/2025:18:22:06 +0200] "GET /?fileloc=//proc/19/cmdline&path=//proc/19 HTTP/1.1" 200 12306 "-" "Mozilla/5.0 AppleWebKit/537.36 (KHTML, like Gecko; compatible; GPTBot/1.2; +https://openai.com/gptbot)"
216.73.216.169 - - [13/Sep/2025:18:22:07 +0200] "GET /?fileloc=%2F%2Fsbin%2Fpwunconv&path=%2F%2Fsbin HTTP/1.1" 200 76468 "-" "Mozilla/5.0 AppleWebKit/537.36 (KHTML, like Gecko; compatible; ClaudeBot/1.0; +claudebot@anthropic.com)"
20.171.207.216 - - [13/Sep/2025:18:22:10 +0200] "GET /?fileloc=//proc/99/gid_map&path=//proc/99 HTTP/1.1" 200 12339 "-" "Mozilla/5.0 AppleWebKit/537.36 (KHTML, like Gecko; compatible; GPTBot/1.2; +https://openai.com/gptbot)"
216.73.216.169 - - [13/Sep/2025:18:22:10 +0200] "GET /?fileloc=%2F%2Fsbin%2Fatrun&path=%2F%2Fsbin HTTP/1.1" 200 12348 "-" "Mozilla/5.0 AppleWebKit/537.36 (KHTML, like Gecko; compatible; ClaudeBot/1.0; +claudebot@anthropic.com)"
20.171.207.216 - - [13/Sep/2025:18:22:13 +0200] "GET /?fileloc=//proc/97/pagemap&path=//proc/97 HTTP/1.1" 200 12306 "-" "Mozilla/5.0 AppleWebKit/537.36 (KHTML, like Gecko; compatible; GPTBot/1.2; +https://openai.com/gptbot)"
216.73.216.169 - - [13/Sep/2025:18:22:13 +0200] "GET /?fileloc=%2F%2Fsbin%2Fsshd&path=%2F%2Fsbin HTTP/1.1" 200 1471668 "-" "Mozilla/5.0 AppleWebKit/537.36 (KHTML, like Gecko; compatible; ClaudeBot/1.0; +claudebot@anthropic.com)"
20.171.207.216 - - [13/Sep/2025:18:22:16 +0200] "GET /?fileloc=//proc/10/pagemap&path=//proc/10 HTTP/1.1" 200 12306 "-" "Mozilla/5.0 AppleWebKit/537.36 (KHTML, like Gecko; compatible; GPTBot/1.2; +https://openai.com/gptbot)"
216.73.216.169 - - [13/Sep/2025:18:22:16 +0200] "GET /?fileloc=%2F%2Flib64%2Flibgbm.so.1&path=%2F%2Flib64 HTTP/1.1" 200 106208 "-" "Mozilla/5.0 AppleWebKit/537.36 (KHTML, like Gecko; compatible; ClaudeBot/1.0; +claudebot@anthropic.com)"
20.171.207.216 - - [13/Sep/2025:18:22:19 +0200] "GET /?fileloc=//proc/16/syscall&path=//proc/16 HTTP/1.1" 200 12306 "-" "Mozilla/5.0 AppleWebKit/537.36 (KHTML, like Gecko; compatible; GPTBot/1.2; +https://openai.com/gptbot)"
216.73.216.169 - - [13/Sep/2025:18:22:19 +0200] "GET /?fileloc=%2F%2Flib64%2Flibodbcdrvcfg2S.so.2&path=%2F%2Flib64 HTTP/1.1" 200 29229 "-" "Mozilla/5.0 AppleWebKit/537.36 (KHTML, like Gecko; compatible; ClaudeBot/1.0; +claudebot@anthropic.com)"
216.73.216.169 - - [13/Sep/2025:18:22:22 +0200] "GET /?fileloc=%2F%2Flib64%2Flibdns-9.16.23-RH.so&path=%2F%2Flib64 HTTP/1.1" 200 3589883 "-" "Mozilla/5.0 AppleWebKit/537.36 (KHTML, like Gecko; compatible; ClaudeBot/1.0; +claudebot@anthropic.com)"
20.171.207.216 - - [13/Sep/2025:18:22:22 +0200] "GET /?fileloc=//proc/19/environ&path=//proc/19 HTTP/1.1" 200 12306 "-" "Mozilla/5.0 AppleWebKit/537.36 (KHTML, like Gecko; compatible; GPTBot/1.2; +https://openai.com/gptbot)"
216.73.216.169 - - [13/Sep/2025:18:22:25 +0200] "GET /?fileloc=%2F%2Flib64%2Flibrt.a&path=%2F%2Flib64 HTTP/1.1" 200 12287 "-" "Mozilla/5.0 AppleWebKit/537.36 (KHTML, like Gecko; compatible; ClaudeBot/1.0; +claudebot@anthropic.com)"
20.171.207.216 - - [13/Sep/2025:18:22:26 +0200] "GET /?fileloc=//proc/51/pagemap&path=//proc/51 HTTP/1.1" 200 12306 "-" "Mozilla/5.0 AppleWebKit/537.36 (KHTML, like Gecko; compatible; GPTBot/1.2; +https://openai.com/gptbot)"
216.73.216.169 - - [13/Sep/2025:18:22:28 +0200] "GET /?fileloc=%2F%2Flib64%2Flibtdsodbc.so.0&path=%2F%2Flib64 HTTP/1.1" 200 784846 "-" "Mozilla/5.0 AppleWebKit/537.36 (KHTML, like Gecko; compatible; ClaudeBot/1.0; +claudebot@anthropic.com)"
20.171.207.216 - - [13/Sep/2025:18:22:28 +0200] "GET /?fileloc=//proc/79/syscall&path=//proc/79 HTTP/1.1" 200 12306 "-" "Mozilla/5.0 AppleWebKit/537.36 (KHTML, like Gecko; compatible; GPTBot/1.2; +https://openai.com/gptbot)"
216.73.216.169 - - [13/Sep/2025:18:22:31 +0200] "GET /?fileloc=%2F%2Flib64%2Flibgudev-1.0.so.0&path=%2F%2Flib64 HTTP/1.1" 200 82968 "-" "Mozilla/5.0 AppleWebKit/537.36 (KHTML, like Gecko; compatible; ClaudeBot/1.0; +claudebot@anthropic.com)"
20.171.207.216 - - [13/Sep/2025:18:22:31 +0200] "GET /?fileloc=//proc/67/cmdline&path=//proc/67 HTTP/1.1" 200 12306 "-" "Mozilla/5.0 AppleWebKit/537.36 (KHTML, like Gecko; compatible; GPTBot/1.2; +https://openai.com/gptbot)"
216.73.216.169 - - [13/Sep/2025:18:22:34 +0200] "GET /?fileloc=%2F%2Flib64%2Flibexslt.so&path=%2F%2Flib64 HTTP/1.1" 200 146937 "-" "Mozilla/5.0 AppleWebKit/537.36 (KHTML, like Gecko; compatible; ClaudeBot/1.0; +claudebot@anthropic.com)"
20.171.207.216 - - [13/Sep/2025:18:22:34 +0200] "GET /?fileloc=//proc/61/pagemap&path=//proc/61 HTTP/1.1" 200 12306 "-" "Mozilla/5.0 AppleWebKit/537.36 (KHTML, like Gecko; compatible; GPTBot/1.2; +https://openai.com/gptbot)"
5.255.231.66 - - [13/Sep/2025:18:22:34 +0200] "GET /sisel916150599/ HTTP/1.1" 404 - "-" "Mozilla/5.0 (compatible; YandexBot/3.0; +http://yandex.com/bots)"
47.128.52.171 - - [13/Sep/2025:18:22:36 +0200] "GET / HTTP/1.1" 200 56106 "-" "Mozilla/5.0 (Linux; Android 5.0) AppleWebKit/537.36 (KHTML, like Gecko) Mobile Safari/537.36 (compatible; Bytespider; spider-feedback@bytedance.com)"
216.73.216.169 - - [13/Sep/2025:18:22:37 +0200] "GET /?fileloc=%2F%2Flib64%2Fliblber.so.2&path=%2F%2Flib64 HTTP/1.1" 200 112349 "-" "Mozilla/5.0 AppleWebKit/537.36 (KHTML, like Gecko; compatible; ClaudeBot/1.0; +claudebot@anthropic.com)"
20.171.207.216 - - [13/Sep/2025:18:22:37 +0200] "GET /?fileloc=//proc/81/pagemap&path=//proc/81 HTTP/1.1" 200 12306 "-" "Mozilla/5.0 AppleWebKit/537.36 (KHTML, like Gecko; compatible; GPTBot/1.2; +https://openai.com/gptbot)"
216.73.216.169 - - [13/Sep/2025:18:22:40 +0200] "GET /?fileloc=%2F%2Flib64%2Flibbrotlienc.so&path=%2F%2Flib64 HTTP/1.1" 200 860438 "-" "Mozilla/5.0 AppleWebKit/537.36 (KHTML, like Gecko; compatible; ClaudeBot/1.0; +claudebot@anthropic.com)"
20.171.207.216 - - [13/Sep/2025:18:22:40 +0200] "GET /?fileloc=//proc/90/cmdline&path=//proc/90 HTTP/1.1" 200 12306 "-" "Mozilla/5.0 AppleWebKit/537.36 (KHTML, like Gecko; compatible; GPTBot/1.2; +https://openai.com/gptbot)"
66.249.70.33 - - [13/Sep/2025:18:22:41 +0200] "GET /conceptuality/irc327489190 HTTP/1.1" 404 - "-" "Mozilla/5.0 (Linux; Android 6.0.1; Nexus 5X Build/MMB29P) AppleWebKit/537.36 (KHTML, like Gecko) Chrome/140.0.7339.127 Mobile Safari/537.36 (compatible; Googlebot/2.1; +http://www.google.com/bot.html)"
216.73.216.169 - - [13/Sep/2025:18:22:43 +0200] "GET /?fileloc=%2Fmnt%2Fdata%2Ftargetplatform%2F.cloud-locale-test.skip&path=%2Fmnt%2Fdata%2Ftargetplatform HTTP/1.1" 200 12396 "-" "Mozilla/5.0 AppleWebKit/537.36 (KHTML, like Gecko; compatible; ClaudeBot/1.0; +claudebot@anthropic.com)"
20.171.207.216 - - [13/Sep/2025:18:22:43 +0200] "GET /?fileloc=//proc/25/environ&path=//proc/25 HTTP/1.1" 200 12306 "-" "Mozilla/5.0 AppleWebKit/537.36 (KHTML, like Gecko; compatible; GPTBot/1.2; +https://openai.com/gptbot)"
20.171.207.216 - - [13/Sep/2025:18:22:47 +0200] "GET /?fileloc=//proc/29/oom_score&path=//proc/29 HTTP/1.1" 200 12310 "-" "Mozilla/5.0 AppleWebKit/537.36 (KHTML, like Gecko; compatible; GPTBot/1.2; +https://openai.com/gptbot)"
216.73.216.169 - - [13/Sep/2025:18:22:46 +0200] "GET /?fileloc=%2F%2Flib64%2Flibgallium-24.2.8.so&path=%2F%2Flib64 HTTP/1.1" 200 60644381 "-" "Mozilla/5.0 AppleWebKit/537.36 (KHTML, like Gecko; compatible; ClaudeBot/1.0; +claudebot@anthropic.com)"
20.171.207.216 - - [13/Sep/2025:18:22:50 +0200] "GET /?fileloc=//proc/60/cmdline&path=//proc/60 HTTP/1.1" 200 12306 "-" "Mozilla/5.0 AppleWebKit/537.36 (KHTML, like Gecko; compatible; GPTBot/1.2; +https://openai.com/gptbot)"
216.73.216.169 - - [13/Sep/2025:18:22:52 +0200] "GET /?fileloc=%2F%2Flib64%2Fliburcu-memb.so.6&path=%2F%2Flib64 HTTP/1.1" 200 65843 "-" "Mozilla/5.0 AppleWebKit/537.36 (KHTML, like Gecko; compatible; ClaudeBot/1.0; +claudebot@anthropic.com)"
20.171.207.216 - - [13/Sep/2025:18:22:53 +0200] "GET /?fileloc=//proc/40/environ&path=//proc/40 HTTP/1.1" 200 12306 "-" "Mozilla/5.0 AppleWebKit/537.36 (KHTML, like Gecko; compatible; GPTBot/1.2; +https://openai.com/gptbot)"
216.73.216.169 - - [13/Sep/2025:18:22:55 +0200] "GET /?fileloc=%2F%2Flib64%2Flibbrotlidec.so&path=%2F%2Flib64 HTTP/1.1" 200 89345 "-" "Mozilla/5.0 AppleWebKit/537.36 (KHTML, like Gecko; compatible; ClaudeBot/1.0; +claudebot@anthropic.com)"
20.171.207.216 - - [13/Sep/2025:18:22:56 +0200] "GET /?fileloc=//proc/71/syscall&path=//proc/71 HTTP/1.1" 200 12306 "-" "Mozilla/5.0 AppleWebKit/537.36 (KHTML, like Gecko; compatible; GPTBot/1.2; +https://openai.com/gptbot)"
216.73.216.169 - - [13/Sep/2025:18:22:58 +0200] "GET /?fileloc=%2F%2Flib64%2Flibe2p.so&path=%2F%2Flib64 HTTP/1.1" 200 72864 "-" "Mozilla/5.0 AppleWebKit/537.36 (KHTML, like Gecko; compatible; ClaudeBot/1.0; +claudebot@anthropic.com)"
20.171.207.216 - - [13/Sep/2025:18:23:00 +0200] "GET /?fileloc=//proc/93/syscall&path=//proc/93 HTTP/1.1" 200 12306 "-" "Mozilla/5.0 AppleWebKit/537.36 (KHTML, like Gecko; compatible; GPTBot/1.2; +https://openai.com/gptbot)"
216.73.216.169 - - [13/Sep/2025:18:23:01 +0200] "GET /?fileloc=%2F%2Flib64%2Flibcolord.so.2.0.5&path=%2F%2Flib64 HTTP/1.1" 200 591146 "-" "Mozilla/5.0 AppleWebKit/537.36 (KHTML, like Gecko; compatible; ClaudeBot/1.0; +claudebot@anthropic.com)"
20.171.207.216 - - [13/Sep/2025:18:23:02 +0200] "GET /?fileloc=//proc/76/environ&path=//proc/76 HTTP/1.1" 200 12306 "-" "Mozilla/5.0 AppleWebKit/537.36 (KHTML, like Gecko; compatible; GPTBot/1.2; +https://openai.com/gptbot)"
216.73.216.169 - - [13/Sep/2025:18:23:04 +0200] "GET /?fileloc=%2Fmnt%2Fdata%2Ftargetplatform%2Fmail%2Fdovecot.index&path=%2Fmnt%2Fdata%2Ftargetplatform%2Fmail HTTP/1.1" 200 39522 "-" "Mozilla/5.0 AppleWebKit/537.36 (KHTML, like Gecko; compatible; ClaudeBot/1.0; +claudebot@anthropic.com)"
20.171.207.216 - - [13/Sep/2025:18:23:06 +0200] "GET /?fileloc=//proc/87/oom_score&path=//proc/87 HTTP/1.1" 200 12310 "-" "Mozilla/5.0 AppleWebKit/537.36 (KHTML, like Gecko; compatible; GPTBot/1.2; +https://openai.com/gptbot)"
216.73.216.169 - - [13/Sep/2025:18:23:07 +0200] "GET /?fileloc=%2F%2Fsbin%2Fdnssec-signzone&path=%2F%2Fsbin HTTP/1.1" 200 151433 "-" "Mozilla/5.0 AppleWebKit/537.36 (KHTML, like Gecko; compatible; ClaudeBot/1.0; +claudebot@anthropic.com)"
20.171.207.216 - - [13/Sep/2025:18:23:09 +0200] "GET /?fileloc=//proc/19/pagemap&path=//proc/19 HTTP/1.1" 200 12306 "-" "Mozilla/5.0 AppleWebKit/537.36 (KHTML, like Gecko; compatible; GPTBot/1.2; +https://openai.com/gptbot)"
216.73.216.169 - - [13/Sep/2025:18:23:10 +0200] "GET /?fileloc=%2F%2Flib64%2Flibexpat.so.1.8.10&path=%2F%2Flib64 HTTP/1.1" 200 340090 "-" "Mozilla/5.0 AppleWebKit/537.36 (KHTML, like Gecko; compatible; ClaudeBot/1.0; +claudebot@anthropic.com)"
20.171.207.216 - - [13/Sep/2025:18:23:12 +0200] "GET /?fileloc=//proc/14/oom_score&path=//proc/14 HTTP/1.1" 200 12310 "-" "Mozilla/5.0 AppleWebKit/537.36 (KHTML, like Gecko; compatible; GPTBot/1.2; +https://openai.com/gptbot)"
216.73.216.169 - - [13/Sep/2025:18:23:13 +0200] "GET /?fileloc=%2F%2Flib64%2Flibtiff.so&path=%2F%2Flib64 HTTP/1.1" 200 830675 "-" "Mozilla/5.0 AppleWebKit/537.36 (KHTML, like Gecko; compatible; ClaudeBot/1.0; +claudebot@anthropic.com)"
20.171.207.216 - - [13/Sep/2025:18:23:16 +0200] "GET /?fileloc=//proc/23/syscall&path=//proc/23 HTTP/1.1" 200 12306 "-" "Mozilla/5.0 AppleWebKit/537.36 (KHTML, like Gecko; compatible; GPTBot/1.2; +https://openai.com/gptbot)"
216.73.216.169 - - [13/Sep/2025:18:23:16 +0200] "GET /?fileloc=%2F%2Flib64%2Flibenchant-2.so.2&path=%2F%2Flib64 HTTP/1.1" 200 86112 "-" "Mozilla/5.0 AppleWebKit/537.36 (KHTML, like Gecko; compatible; ClaudeBot/1.0; +claudebot@anthropic.com)"
20.171.207.216 - - [13/Sep/2025:18:23:19 +0200] "GET /?fileloc=//proc/75/oom_score&path=//proc/75 HTTP/1.1" 200 12310 "-" "Mozilla/5.0 AppleWebKit/537.36 (KHTML, like Gecko; compatible; GPTBot/1.2; +https://openai.com/gptbot)"
216.73.216.169 - - [13/Sep/2025:18:23:19 +0200] "GET /?fileloc=%2F%2Fsbin%2Fblkid&path=%2F%2Fsbin HTTP/1.1" 200 85616 "-" "Mozilla/5.0 AppleWebKit/537.36 (KHTML, like Gecko; compatible; ClaudeBot/1.0; +claudebot@anthropic.com)"
20.171.207.216 - - [13/Sep/2025:18:23:22 +0200] "GET /?fileloc=//proc/64/environ&path=//proc/64 HTTP/1.1" 200 12306 "-" "Mozilla/5.0 AppleWebKit/537.36 (KHTML, like Gecko; compatible; GPTBot/1.2; +https://openai.com/gptbot)"
216.73.216.169 - - [13/Sep/2025:18:23:22 +0200] "GET /?fileloc=%2F%2Fsbin%2Fsss_cache&path=%2F%2Fsbin HTTP/1.1" 200 59279 "-" "Mozilla/5.0 AppleWebKit/537.36 (KHTML, like Gecko; compatible; ClaudeBot/1.0; +claudebot@anthropic.com)"
216.73.216.169 - - [13/Sep/2025:18:23:25 +0200] "GET /?fileloc=%2F%2Fsbin%2Fmkfs.msdos&path=%2F%2Fsbin HTTP/1.1" 200 87143 "-" "Mozilla/5.0 AppleWebKit/537.36 (KHTML, like Gecko; compatible; ClaudeBot/1.0; +claudebot@anthropic.com)"
20.171.207.216 - - [13/Sep/2025:18:23:25 +0200] "GET /?fileloc=//proc/88/cmdline&path=//proc/88 HTTP/1.1" 200 12306 "-" "Mozilla/5.0 AppleWebKit/537.36 (KHTML, like Gecko; compatible; GPTBot/1.2; +https://openai.com/gptbot)"
216.73.216.169 - - [13/Sep/2025:18:23:28 +0200] "GET /?fileloc=%2Fmnt%2Fdata%2Ftargetplatform%2F.cache%2Fmotd.legal-displayed&path=%2Fmnt%2Fdata%2Ftargetplatform%2F.cache HTTP/1.1" 200 12459 "-" "Mozilla/5.0 AppleWebKit/537.36 (KHTML, like Gecko; compatible; ClaudeBot/1.0; +claudebot@anthropic.com)"
20.171.207.216 - - [13/Sep/2025:18:23:29 +0200] "GET /?fileloc=//proc/91/pagemap&path=//proc/91 HTTP/1.1" 200 12306 "-" "Mozilla/5.0 AppleWebKit/537.36 (KHTML, like Gecko; compatible; GPTBot/1.2; +https://openai.com/gptbot)"
216.73.216.169 - - [13/Sep/2025:18:23:31 +0200] "GET /?fileloc=%2F%2Flib64%2Flibtinfo.so&path=%2F%2Flib64 HTTP/1.1" 200 290392 "-" "Mozilla/5.0 AppleWebKit/537.36 (KHTML, like Gecko; compatible; ClaudeBot/1.0; +claudebot@anthropic.com)"
20.171.207.216 - - [13/Sep/2025:18:23:31 +0200] "GET /?fileloc=//proc/89/pagemap&path=//proc/89 HTTP/1.1" 200 12306 "-" "Mozilla/5.0 AppleWebKit/537.36 (KHTML, like Gecko; compatible; GPTBot/1.2; +https://openai.com/gptbot)"
216.73.216.169 - - [13/Sep/2025:18:23:34 +0200] "GET /?fileloc=%2F%2Flib64%2Flibxcb-record.so&path=%2F%2Flib64 HTTP/1.1" 200 40679 "-" "Mozilla/5.0 AppleWebKit/537.36 (KHTML, like Gecko; compatible; ClaudeBot/1.0; +claudebot@anthropic.com)"
20.171.207.216 - - [13/Sep/2025:18:23:34 +0200] "GET /?fileloc=//proc/87/cmdline&path=//proc/87 HTTP/1.1" 200 12306 "-" "Mozilla/5.0 AppleWebKit/537.36 (KHTML, like Gecko; compatible; GPTBot/1.2; +https://openai.com/gptbot)"
110.249.202.191 - - [13/Sep/2025:18:23:35 +0200] "GET /robots.txt HTTP/1.1" 200 1119 "-" "Mozilla/5.0 (Linux; Android 5.0) AppleWebKit/537.36 (KHTML, like Gecko) Mobile Safari/537.36 (compatible; Bytespider; https://zhanzhang.toutiao.com/)"
216.73.216.169 - - [13/Sep/2025:18:23:37 +0200] "GET /?fileloc=%2F%2Fsbin%2Finsmod&path=%2F%2Fsbin HTTP/1.1" 200 267890 "-" "Mozilla/5.0 AppleWebKit/537.36 (KHTML, like Gecko; compatible; ClaudeBot/1.0; +claudebot@anthropic.com)"
20.171.207.216 - - [13/Sep/2025:18:23:38 +0200] "GET /?fileloc=//proc/43/cmdline&path=//proc/43 HTTP/1.1" 200 12306 "-" "Mozilla/5.0 AppleWebKit/537.36 (KHTML, like Gecko; compatible; GPTBot/1.2; +https://openai.com/gptbot)"
47.128.62.104 - - [13/Sep/2025:18:23:39 +0200] "GET /de HTTP/1.1" 301 238 "-" "Mozilla/5.0 (Linux; Android 5.0) AppleWebKit/537.36 (KHTML, like Gecko) Mobile Safari/537.36 (compatible; Bytespider; spider-feedback@bytedance.com)"
216.73.216.169 - - [13/Sep/2025:18:23:40 +0200] "GET /?fileloc=%2F%2Flib64%2F.libnettle.so.8.10.hmac&path=%2F%2Flib64 HTTP/1.1" 200 12354 "-" "Mozilla/5.0 AppleWebKit/537.36 (KHTML, like Gecko; compatible; ClaudeBot/1.0; +claudebot@anthropic.com)"
95.217.38.122 - - [13/Sep/2025:18:23:40 +0200] "POST /de/wp-cron.php?doing_wp_cron=1757780620.4951109886169433593750 HTTP/1.1" 200 - "-" "WordPress/6.7.3; https://targetplatform.net/de"
20.171.207.216 - - [13/Sep/2025:18:23:40 +0200] "GET /?fileloc=//proc/73/pagemap&path=//proc/73 HTTP/1.1" 200 12306 "-" "Mozilla/5.0 AppleWebKit/537.36 (KHTML, like Gecko; compatible; GPTBot/1.2; +https://openai.com/gptbot)"
47.128.62.104 - - [13/Sep/2025:18:23:40 +0200] "GET /de/ HTTP/1.1" 200 114939 "-" "Mozilla/5.0 (Linux; Android 5.0) AppleWebKit/537.36 (KHTML, like Gecko) Mobile Safari/537.36 (compatible; Bytespider; spider-feedback@bytedance.com)"
216.73.216.169 - - [13/Sep/2025:18:23:43 +0200] "GET /?fileloc=%2F%2Fsbin%2Ffsck.minix&path=%2F%2Fsbin HTTP/1.1" 200 93388 "-" "Mozilla/5.0 AppleWebKit/537.36 (KHTML, like Gecko; compatible; ClaudeBot/1.0; +claudebot@anthropic.com)"
20.171.207.216 - - [13/Sep/2025:18:23:44 +0200] "GET /?fileloc=//proc/83/oom_score&path=//proc/83 HTTP/1.1" 200 12310 "-" "Mozilla/5.0 AppleWebKit/537.36 (KHTML, like Gecko; compatible; GPTBot/1.2; +https://openai.com/gptbot)"
216.73.216.169 - - [13/Sep/2025:18:23:46 +0200] "GET /?fileloc=%2F%2Flib64%2Fp11-kit-proxy.so&path=%2F%2Flib64 HTTP/1.1" 200 2516140 "-" "Mozilla/5.0 AppleWebKit/537.36 (KHTML, like Gecko; compatible; ClaudeBot/1.0; +claudebot@anthropic.com)"
20.171.207.216 - - [13/Sep/2025:18:23:47 +0200] "GET /?fileloc=//proc/99/uid_map&path=//proc/99 HTTP/1.1" 200 12339 "-" "Mozilla/5.0 AppleWebKit/537.36 (KHTML, like Gecko; compatible; GPTBot/1.2; +https://openai.com/gptbot)"
216.73.216.169 - - [13/Sep/2025:18:23:49 +0200] "GET /?fileloc=%2F%2Fsbin%2Fudevadm&path=%2F%2Fsbin HTTP/1.1" 200 869012 "-" "Mozilla/5.0 AppleWebKit/537.36 (KHTML, like Gecko; compatible; ClaudeBot/1.0; +claudebot@anthropic.com)"
20.171.207.216 - - [13/Sep/2025:18:23:50 +0200] "GET /?fileloc=//proc/70/pagemap&path=//proc/70 HTTP/1.1" 200 12306 "-" "Mozilla/5.0 AppleWebKit/537.36 (KHTML, like Gecko; compatible; GPTBot/1.2; +https://openai.com/gptbot)"
216.73.216.169 - - [13/Sep/2025:18:23:52 +0200] "GET /?fileloc=%2F%2Fsbin%2Fmkfs.xfs&path=%2F%2Fsbin HTTP/1.1" 200 731539 "-" "Mozilla/5.0 AppleWebKit/537.36 (KHTML, like Gecko; compatible; ClaudeBot/1.0; +claudebot@anthropic.com)"
20.171.207.216 - - [13/Sep/2025:18:23:53 +0200] "GET /?fileloc=//proc/55/oom_adj&path=//proc/55 HTTP/1.1" 200 12308 "-" "Mozilla/5.0 AppleWebKit/537.36 (KHTML, like Gecko; compatible; GPTBot/1.2; +https://openai.com/gptbot)"
216.73.216.169 - - [13/Sep/2025:18:23:55 +0200] "GET /?fileloc=%2F%2Flib64%2FlibMagickWand-6.Q16.so.7&path=%2F%2Flib64 HTTP/1.1" 200 2004372 "-" "Mozilla/5.0 AppleWebKit/537.36 (KHTML, like Gecko; compatible; ClaudeBot/1.0; +claudebot@anthropic.com)"
20.171.207.216 - - [13/Sep/2025:18:23:56 +0200] "GET /?fileloc=//proc/78/pagemap&path=//proc/78 HTTP/1.1" 200 12306 "-" "Mozilla/5.0 AppleWebKit/537.36 (KHTML, like Gecko; compatible; GPTBot/1.2; +https://openai.com/gptbot)"
216.73.216.169 - - [13/Sep/2025:18:23:58 +0200] "GET /?fileloc=%2F%2Flib64%2Flibxcb-xf86dri.so.0&path=%2F%2Flib64 HTTP/1.1" 200 36359 "-" "Mozilla/5.0 AppleWebKit/537.36 (KHTML, like Gecko; compatible; ClaudeBot/1.0; +claudebot@anthropic.com)"
20.171.207.216 - - [13/Sep/2025:18:24:00 +0200] "GET /?fileloc=//proc/78/oom_score&path=//proc/78 HTTP/1.1" 200 12310 "-" "Mozilla/5.0 AppleWebKit/537.36 (KHTML, like Gecko; compatible; GPTBot/1.2; +https://openai.com/gptbot)"
216.73.216.169 - - [13/Sep/2025:18:24:01 +0200] "GET /?fileloc=%2F%2Flib64%2Flibfreeblpriv3.so&path=%2F%2Flib64 HTTP/1.1" 200 1802974 "-" "Mozilla/5.0 AppleWebKit/537.36 (KHTML, like Gecko; compatible; ClaudeBot/1.0; +claudebot@anthropic.com)"
20.171.207.216 - - [13/Sep/2025:18:24:03 +0200] "GET /?fileloc=//proc/20/oom_score&path=//proc/20 HTTP/1.1" 200 12310 "-" "Mozilla/5.0 AppleWebKit/537.36 (KHTML, like Gecko; compatible; GPTBot/1.2; +https://openai.com/gptbot)"
216.73.216.169 - - [13/Sep/2025:18:24:04 +0200] "GET /?fileloc=%2F%2Fsbin%2Fgetpolicyload&path=%2F%2Fsbin HTTP/1.1" 200 29584 "-" "Mozilla/5.0 AppleWebKit/537.36 (KHTML, like Gecko; compatible; ClaudeBot/1.0; +claudebot@anthropic.com)"
20.171.207.216 - - [13/Sep/2025:18:24:06 +0200] "GET /?fileloc=//proc/49/syscall&path=//proc/49 HTTP/1.1" 200 12306 "-" "Mozilla/5.0 AppleWebKit/537.36 (KHTML, like Gecko; compatible; GPTBot/1.2; +https://openai.com/gptbot)"
216.73.216.169 - - [13/Sep/2025:18:24:07 +0200] "GET /?fileloc=%2F%2Flib64%2Fliblzma.so.5&path=%2F%2Flib64 HTTP/1.1" 200 290739 "-" "Mozilla/5.0 AppleWebKit/537.36 (KHTML, like Gecko; compatible; ClaudeBot/1.0; +claudebot@anthropic.com)"
20.171.207.216 - - [13/Sep/2025:18:24:09 +0200] "GET /?fileloc=//proc/61/syscall&path=//proc/61 HTTP/1.1" 200 12306 "-" "Mozilla/5.0 AppleWebKit/537.36 (KHTML, like Gecko; compatible; GPTBot/1.2; +https://openai.com/gptbot)"
216.73.216.169 - - [13/Sep/2025:18:24:10 +0200] "GET /?fileloc=%2F%2Flib64%2Flibxcb-xvmc.so.0&path=%2F%2Flib64 HTTP/1.1" 200 35830 "-" "Mozilla/5.0 AppleWebKit/537.36 (KHTML, like Gecko; compatible; ClaudeBot/1.0; +claudebot@anthropic.com)"
20.171.207.216 - - [13/Sep/2025:18:24:12 +0200] "GET /?fileloc=//proc/42/syscall&path=//proc/42 HTTP/1.1" 200 12306 "-" "Mozilla/5.0 AppleWebKit/537.36 (KHTML, like Gecko; compatible; GPTBot/1.2; +https://openai.com/gptbot)"
216.73.216.169 - - [13/Sep/2025:18:24:13 +0200] "GET /?fileloc=%2F%2Flib64%2Flibtls.so.28&path=%2F%2Flib64 HTTP/1.1" 200 139473 "-" "Mozilla/5.0 AppleWebKit/537.36 (KHTML, like Gecko; compatible; ClaudeBot/1.0; +claudebot@anthropic.com)"
20.171.207.216 - - [13/Sep/2025:18:24:15 +0200] "GET /?fileloc=//proc/85/environ&path=//proc/85 HTTP/1.1" 200 12306 "-" "Mozilla/5.0 AppleWebKit/537.36 (KHTML, like Gecko; compatible; GPTBot/1.2; +https://openai.com/gptbot)"
216.73.216.169 - - [13/Sep/2025:18:24:16 +0200] "GET /?fileloc=%2F%2Fsbin%2Fexicyclog&path=%2F%2Fsbin HTTP/1.1" 200 24407 "-" "Mozilla/5.0 AppleWebKit/537.36 (KHTML, like Gecko; compatible; ClaudeBot/1.0; +claudebot@anthropic.com)"
20.171.207.216 - - [13/Sep/2025:18:24:19 +0200] "GET /?fileloc=//proc/40/syscall&path=//proc/40 HTTP/1.1" 200 12306 "-" "Mozilla/5.0 AppleWebKit/537.36 (KHTML, like Gecko; compatible; GPTBot/1.2; +https://openai.com/gptbot)"
216.73.216.169 - - [13/Sep/2025:18:24:19 +0200] "GET /?fileloc=%2F%2Fsbin%2Fgetenforce&path=%2F%2Fsbin HTTP/1.1" 200 29649 "-" "Mozilla/5.0 AppleWebKit/537.36 (KHTML, like Gecko; compatible; ClaudeBot/1.0; +claudebot@anthropic.com)"
20.171.207.216 - - [13/Sep/2025:18:24:21 +0200] "GET /?fileloc=//proc/53/pagemap&path=//proc/53 HTTP/1.1" 200 12306 "-" "Mozilla/5.0 AppleWebKit/537.36 (KHTML, like Gecko; compatible; GPTBot/1.2; +https://openai.com/gptbot)"
216.73.216.169 - - [13/Sep/2025:18:24:22 +0200] "GET /?fileloc=%2Fmnt%2Fdata%2Ftargetplatform%2F.cphorde%2Fhorde.sqlite&path=%2Fmnt%2Fdata%2Ftargetplatform%2F.cphorde HTTP/1.1" 200 1631080 "-" "Mozilla/5.0 AppleWebKit/537.36 (KHTML, like Gecko; compatible; ClaudeBot/1.0; +claudebot@anthropic.com)"
20.171.207.216 - - [13/Sep/2025:18:24:24 +0200] "GET /?fileloc=//proc/72/environ&path=//proc/72 HTTP/1.1" 200 12306 "-" "Mozilla/5.0 AppleWebKit/537.36 (KHTML, like Gecko; compatible; GPTBot/1.2; +https://openai.com/gptbot)"
216.73.216.169 - - [13/Sep/2025:18:24:25 +0200] "GET /?fileloc=%2Fmnt%2Fdata%2Ftargetplatform%2F.spamassassin%2Fuser_prefs&path=%2Fmnt%2Fdata%2Ftargetplatform%2F.spamassassin HTTP/1.1" 200 14379 "-" "Mozilla/5.0 AppleWebKit/537.36 (KHTML, like Gecko; compatible; ClaudeBot/1.0; +claudebot@anthropic.com)"
20.171.207.216 - - [13/Sep/2025:18:24:28 +0200] "GET /?fileloc=//proc/13/environ&path=//proc/13 HTTP/1.1" 200 12306 "-" "Mozilla/5.0 AppleWebKit/537.36 (KHTML, like Gecko; compatible; GPTBot/1.2; +https://openai.com/gptbot)"
216.73.216.169 - - [13/Sep/2025:18:24:28 +0200] "GET /?fileloc=%2F%2Fsbin%2Fmodinfo&path=%2F%2Fsbin HTTP/1.1" 200 267891 "-" "Mozilla/5.0 AppleWebKit/537.36 (KHTML, like Gecko; compatible; ClaudeBot/1.0; +claudebot@anthropic.com)"
20.171.207.216 - - [13/Sep/2025:18:24:31 +0200] "GET /?fileloc=//proc/53/environ&path=//proc/53 HTTP/1.1" 200 12306 "-" "Mozilla/5.0 AppleWebKit/537.36 (KHTML, like Gecko; compatible; GPTBot/1.2; +https://openai.com/gptbot)"
20.171.207.216 - - [13/Sep/2025:18:24:34 +0200] "GET /?fileloc=//proc/35/cmdline&path=//proc/35 HTTP/1.1" 200 12306 "-" "Mozilla/5.0 AppleWebKit/537.36 (KHTML, like Gecko; compatible; GPTBot/1.2; +https://openai.com/gptbot)"
216.73.216.169 - - [13/Sep/2025:18:24:35 +0200] "GET /?fileloc=%2F%2Fsbin%2Fvgimportclone&path=%2F%2Fsbin HTTP/1.1" 200 4190458 "-" "Mozilla/5.0 AppleWebKit/537.36 (KHTML, like Gecko; compatible; ClaudeBot/1.0; +claudebot@anthropic.com)"
216.73.216.169 - - [13/Sep/2025:18:24:36 +0200] "GET /?fileloc=%2F%2Fsbin%2Fnft&path=%2F%2Fsbin HTTP/1.1" 200 45973 "-" "Mozilla/5.0 AppleWebKit/537.36 (KHTML, like Gecko; compatible; ClaudeBot/1.0; +claudebot@anthropic.com)"
20.171.207.216 - - [13/Sep/2025:18:24:37 +0200] "GET /?fileloc=//proc/85/pagemap&path=//proc/85 HTTP/1.1" 200 12306 "-" "Mozilla/5.0 AppleWebKit/537.36 (KHTML, like Gecko; compatible; GPTBot/1.2; +https://openai.com/gptbot)"
216.73.216.169 - - [13/Sep/2025:18:24:39 +0200] "GET /?fileloc=%2F%2Flib64%2Flibfstrm.so&path=%2F%2Flib64 HTTP/1.1" 200 85603 "-" "Mozilla/5.0 AppleWebKit/537.36 (KHTML, like Gecko; compatible; ClaudeBot/1.0; +claudebot@anthropic.com)"
20.171.207.216 - - [13/Sep/2025:18:24:40 +0200] "GET /?fileloc=//proc/65/environ&path=//proc/65 HTTP/1.1" 200 12306 "-" "Mozilla/5.0 AppleWebKit/537.36 (KHTML, like Gecko; compatible; GPTBot/1.2; +https://openai.com/gptbot)"
66.249.70.32 - - [13/Sep/2025:18:24:41 +0200] "GET /prejudicacy/goodscode/hl277579573 HTTP/1.1" 404 - "-" "Mozilla/5.0 (Linux; Android 6.0.1; Nexus 5X Build/MMB29P) AppleWebKit/537.36 (KHTML, like Gecko) Chrome/140.0.7339.127 Mobile Safari/537.36 (compatible; Googlebot/2.1; +http://www.google.com/bot.html)"
47.128.60.246 - - [13/Sep/2025:18:24:42 +0200] "GET / HTTP/1.1" 200 56106 "-" "Mozilla/5.0 (Linux; Android 5.0) AppleWebKit/537.36 (KHTML, like Gecko) Mobile Safari/537.36 (compatible; Bytespider; spider-feedback@bytedance.com)"
216.73.216.169 - - [13/Sep/2025:18:24:42 +0200] "GET /?fileloc=%2F%2Fsbin%2Fifstat&path=%2F%2Fsbin HTTP/1.1" 200 69854 "-" "Mozilla/5.0 AppleWebKit/537.36 (KHTML, like Gecko; compatible; ClaudeBot/1.0; +claudebot@anthropic.com)"
20.171.207.216 - - [13/Sep/2025:18:24:43 +0200] "GET /?fileloc=//proc/42/cmdline&path=//proc/42 HTTP/1.1" 200 12306 "-" "Mozilla/5.0 AppleWebKit/537.36 (KHTML, like Gecko; compatible; GPTBot/1.2; +https://openai.com/gptbot)"
216.73.216.169 - - [13/Sep/2025:18:24:45 +0200] "GET /?fileloc=%2F%2Flib64%2Flibbrotlidec.so.1&path=%2F%2Flib64 HTTP/1.1" 200 89347 "-" "Mozilla/5.0 AppleWebKit/537.36 (KHTML, like Gecko; compatible; ClaudeBot/1.0; +claudebot@anthropic.com)"
20.171.207.216 - - [13/Sep/2025:18:24:46 +0200] "GET /?fileloc=//proc/43/environ&path=//proc/43 HTTP/1.1" 200 12306 "-" "Mozilla/5.0 AppleWebKit/537.36 (KHTML, like Gecko; compatible; GPTBot/1.2; +https://openai.com/gptbot)"
216.73.216.169 - - [13/Sep/2025:18:24:48 +0200] "GET /?fileloc=%2F%2Fsbin%2Fintel_sdsi&path=%2F%2Fsbin HTTP/1.1" 200 40456 "-" "Mozilla/5.0 AppleWebKit/537.36 (KHTML, like Gecko; compatible; ClaudeBot/1.0; +claudebot@anthropic.com)"
20.171.207.216 - - [13/Sep/2025:18:24:49 +0200] "GET /?fileloc=//proc/48/environ&path=//proc/48 HTTP/1.1" 200 12306 "-" "Mozilla/5.0 AppleWebKit/537.36 (KHTML, like Gecko; compatible; GPTBot/1.2; +https://openai.com/gptbot)"
216.73.216.169 - - [13/Sep/2025:18:24:51 +0200] "GET /?fileloc=%2F%2Flib64%2Flibxcb.so.1&path=%2F%2Flib64 HTTP/1.1" 200 253552 "-" "Mozilla/5.0 AppleWebKit/537.36 (KHTML, like Gecko; compatible; ClaudeBot/1.0; +claudebot@anthropic.com)"
20.171.207.216 - - [13/Sep/2025:18:24:52 +0200] "GET /?fileloc=//proc/20/cmdline&path=//proc/20 HTTP/1.1" 200 12306 "-" "Mozilla/5.0 AppleWebKit/537.36 (KHTML, like Gecko; compatible; GPTBot/1.2; +https://openai.com/gptbot)"
216.73.216.169 - - [13/Sep/2025:18:24:54 +0200] "GET /?path=%2Fmnt%2Fdata%2Ftargetplatform%2Fmail%2F.Junk HTTP/1.1" 200 20111 "-" "Mozilla/5.0 AppleWebKit/537.36 (KHTML, like Gecko; compatible; ClaudeBot/1.0; +claudebot@anthropic.com)"
20.171.207.216 - - [13/Sep/2025:18:24:55 +0200] "GET /?fileloc=//proc/16/pagemap&path=//proc/16 HTTP/1.1" 200 12306 "-" "Mozilla/5.0 AppleWebKit/537.36 (KHTML, like Gecko; compatible; GPTBot/1.2; +https://openai.com/gptbot)"
216.73.216.169 - - [13/Sep/2025:18:24:57 +0200] "GET /?fileloc=%2F%2Flib64%2Flibdl.a&path=%2F%2Flib64 HTTP/1.1" 200 12287 "-" "Mozilla/5.0 AppleWebKit/537.36 (KHTML, like Gecko; compatible; ClaudeBot/1.0; +claudebot@anthropic.com)"
20.171.207.216 - - [13/Sep/2025:18:24:58 +0200] "GET /?fileloc=//proc/22/gid_map&path=//proc/22 HTTP/1.1" 200 12339 "-" "Mozilla/5.0 AppleWebKit/537.36 (KHTML, like Gecko; compatible; GPTBot/1.2; +https://openai.com/gptbot)"
216.73.216.169 - - [13/Sep/2025:18:25:00 +0200] "GET /?fileloc=%2F%2Flib64%2Flibvorbisenc.so.2&path=%2F%2Flib64 HTTP/1.1" 200 752867 "-" "Mozilla/5.0 AppleWebKit/537.36 (KHTML, like Gecko; compatible; ClaudeBot/1.0; +claudebot@anthropic.com)"
20.171.207.216 - - [13/Sep/2025:18:25:01 +0200] "GET /?fileloc=//proc/69/cmdline&path=//proc/69 HTTP/1.1" 200 12306 "-" "Mozilla/5.0 AppleWebKit/537.36 (KHTML, like Gecko; compatible; GPTBot/1.2; +https://openai.com/gptbot)"
216.73.216.169 - - [13/Sep/2025:18:25:03 +0200] "GET /?fileloc=%2F%2Flib64%2Flibtheoraenc.so.1&path=%2F%2Flib64 HTTP/1.1" 200 280130 "-" "Mozilla/5.0 AppleWebKit/537.36 (KHTML, like Gecko; compatible; ClaudeBot/1.0; +claudebot@anthropic.com)"
20.171.207.216 - - [13/Sep/2025:18:25:04 +0200] "GET /?fileloc=//proc/51/oom_score&path=//proc/51 HTTP/1.1" 200 12310 "-" "Mozilla/5.0 AppleWebKit/537.36 (KHTML, like Gecko; compatible; GPTBot/1.2; +https://openai.com/gptbot)"
216.73.216.169 - - [13/Sep/2025:18:25:06 +0200] "GET /?fileloc=%2F%2Flib64%2Flibslang.so.2&path=%2F%2Flib64 HTTP/1.1" 200 1910379 "-" "Mozilla/5.0 AppleWebKit/537.36 (KHTML, like Gecko; compatible; ClaudeBot/1.0; +claudebot@anthropic.com)"
20.171.207.216 - - [13/Sep/2025:18:25:08 +0200] "GET /?fileloc=//proc/25/syscall&path=//proc/25 HTTP/1.1" 200 12306 "-" "Mozilla/5.0 AppleWebKit/537.36 (KHTML, like Gecko; compatible; GPTBot/1.2; +https://openai.com/gptbot)"
216.73.216.169 - - [13/Sep/2025:18:25:09 +0200] "GET /?fileloc=%2F%2Flib64%2Flibbrotlienc.so.1&path=%2F%2Flib64 HTTP/1.1" 200 860440 "-" "Mozilla/5.0 AppleWebKit/537.36 (KHTML, like Gecko; compatible; ClaudeBot/1.0; +claudebot@anthropic.com)"
20.171.207.216 - - [13/Sep/2025:18:25:10 +0200] "GET /?fileloc=//proc/52/pagemap&path=//proc/52 HTTP/1.1" 200 12306 "-" "Mozilla/5.0 AppleWebKit/537.36 (KHTML, like Gecko; compatible; GPTBot/1.2; +https://openai.com/gptbot)"
216.73.216.169 - - [13/Sep/2025:18:25:12 +0200] "GET /?fileloc=%2F%2Flib64%2Flibpixman-1.so.0&path=%2F%2Flib64 HTTP/1.1" 200 1145467 "-" "Mozilla/5.0 AppleWebKit/537.36 (KHTML, like Gecko; compatible; ClaudeBot/1.0; +claudebot@anthropic.com)"
20.171.207.216 - - [13/Sep/2025:18:25:14 +0200] "GET /?fileloc=//proc/49/cmdline&path=//proc/49 HTTP/1.1" 200 12306 "-" "Mozilla/5.0 AppleWebKit/537.36 (KHTML, like Gecko; compatible; GPTBot/1.2; +https://openai.com/gptbot)"
216.73.216.169 - - [13/Sep/2025:18:25:15 +0200] "GET /?fileloc=%2F%2Flib64%2Flibnetsnmptrapd.so.40&path=%2F%2Flib64 HTTP/1.1" 200 107401 "-" "Mozilla/5.0 AppleWebKit/537.36 (KHTML, like Gecko; compatible; ClaudeBot/1.0; +claudebot@anthropic.com)"
20.171.207.216 - - [13/Sep/2025:18:25:17 +0200] "GET /?fileloc=//proc/49/environ&path=//proc/49 HTTP/1.1" 200 12306 "-" "Mozilla/5.0 AppleWebKit/537.36 (KHTML, like Gecko; compatible; GPTBot/1.2; +https://openai.com/gptbot)"
216.73.216.169 - - [13/Sep/2025:18:25:18 +0200] "GET /?fileloc=%2F%2Flib64%2Flibxcb-dri2.so.0&path=%2F%2Flib64 HTTP/1.1" 200 40700 "-" "Mozilla/5.0 AppleWebKit/537.36 (KHTML, like Gecko; compatible; ClaudeBot/1.0; +claudebot@anthropic.com)"
20.171.207.216 - - [13/Sep/2025:18:25:20 +0200] "GET /?fileloc=//proc/36/environ&path=//proc/36 HTTP/1.1" 200 12306 "-" "Mozilla/5.0 AppleWebKit/537.36 (KHTML, like Gecko; compatible; GPTBot/1.2; +https://openai.com/gptbot)"
216.73.216.169 - - [13/Sep/2025:18:25:21 +0200] "GET /?fileloc=%2F%2Flib64%2FlibFLAC.so.8&path=%2F%2Flib64 HTTP/1.1" 200 603902 "-" "Mozilla/5.0 AppleWebKit/537.36 (KHTML, like Gecko; compatible; ClaudeBot/1.0; +claudebot@anthropic.com)"
20.171.207.216 - - [13/Sep/2025:18:25:24 +0200] "GET /?fileloc=//proc/28/pagemap&path=//proc/28 HTTP/1.1" 200 12306 "-" "Mozilla/5.0 AppleWebKit/537.36 (KHTML, like Gecko; compatible; GPTBot/1.2; +https://openai.com/gptbot)"
216.73.216.169 - - [13/Sep/2025:18:25:24 +0200] "GET /?fileloc=%2F%2Flib64%2Flibtiff.so.5&path=%2F%2Flib64 HTTP/1.1" 200 830677 "-" "Mozilla/5.0 AppleWebKit/537.36 (KHTML, like Gecko; compatible; ClaudeBot/1.0; +claudebot@anthropic.com)"
20.171.207.216 - - [13/Sep/2025:18:25:27 +0200] "GET /?fileloc=//proc/36/cmdline&path=//proc/36 HTTP/1.1" 200 12306 "-" "Mozilla/5.0 AppleWebKit/537.36 (KHTML, like Gecko; compatible; GPTBot/1.2; +https://openai.com/gptbot)"
216.73.216.169 - - [13/Sep/2025:18:25:27 +0200] "GET /?fileloc=%2F%2Fsbin%2Fthin_delta&path=%2F%2Fsbin HTTP/1.1" 200 4802517 "-" "Mozilla/5.0 AppleWebKit/537.36 (KHTML, like Gecko; compatible; ClaudeBot/1.0; +claudebot@anthropic.com)"
20.171.207.216 - - [13/Sep/2025:18:25:30 +0200] "GET /?fileloc=//proc/22/loginuid&path=//proc/22 HTTP/1.1" 200 12317 "-" "Mozilla/5.0 AppleWebKit/537.36 (KHTML, like Gecko; compatible; GPTBot/1.2; +https://openai.com/gptbot)"
216.73.216.169 - - [13/Sep/2025:18:25:30 +0200] "GET /?fileloc=%2F%2Flib64%2Flibfreebl3.chk&path=%2F%2Flib64 HTTP/1.1" 200 12429 "-" "Mozilla/5.0 AppleWebKit/537.36 (KHTML, like Gecko; compatible; ClaudeBot/1.0; +claudebot@anthropic.com)"
20.171.207.216 - - [13/Sep/2025:18:25:33 +0200] "GET /?fileloc=//proc/41/syscall&path=//proc/41 HTTP/1.1" 200 12306 "-" "Mozilla/5.0 AppleWebKit/537.36 (KHTML, like Gecko; compatible; GPTBot/1.2; +https://openai.com/gptbot)"
216.73.216.169 - - [13/Sep/2025:18:25:33 +0200] "GET /?fileloc=%2F%2Fsbin%2Fera_check&path=%2F%2Fsbin HTTP/1.1" 200 4802516 "-" "Mozilla/5.0 AppleWebKit/537.36 (KHTML, like Gecko; compatible; ClaudeBot/1.0; +claudebot@anthropic.com)"
20.171.207.216 - - [13/Sep/2025:18:25:36 +0200] "GET /?fileloc=//proc/75/environ&path=//proc/75 HTTP/1.1" 200 12306 "-" "Mozilla/5.0 AppleWebKit/537.36 (KHTML, like Gecko; compatible; GPTBot/1.2; +https://openai.com/gptbot)"
216.73.216.169 - - [13/Sep/2025:18:25:36 +0200] "GET /?fileloc=%2F%2Flib64%2Flibdw.so.1&path=%2F%2Flib64 HTTP/1.1" 200 1011192 "-" "Mozilla/5.0 AppleWebKit/537.36 (KHTML, like Gecko; compatible; ClaudeBot/1.0; +claudebot@anthropic.com)"
216.73.216.169 - - [13/Sep/2025:18:25:39 +0200] "GET /?fileloc=%2F%2Flib64%2Flibfdk-aac.so.2&path=%2F%2Flib64 HTTP/1.1" 200 988136 "-" "Mozilla/5.0 AppleWebKit/537.36 (KHTML, like Gecko; compatible; ClaudeBot/1.0; +claudebot@anthropic.com)"
20.171.207.216 - - [13/Sep/2025:18:25:40 +0200] "GET /?fileloc=//proc/27/syscall&path=//proc/27 HTTP/1.1" 200 12306 "-" "Mozilla/5.0 AppleWebKit/537.36 (KHTML, like Gecko; compatible; GPTBot/1.2; +https://openai.com/gptbot)"
66.249.70.32 - - [13/Sep/2025:18:25:42 +0200] "GET /foreignness/pn11659479 HTTP/1.1" 404 - "-" "Mozilla/5.0 (Linux; Android 6.0.1; Nexus 5X Build/MMB29P) AppleWebKit/537.36 (KHTML, like Gecko) Chrome/140.0.7339.127 Mobile Safari/537.36 (compatible; Googlebot/2.1; +http://www.google.com/bot.html)"
20.171.207.216 - - [13/Sep/2025:18:25:43 +0200] "GET /?fileloc=//proc/69/pagemap&path=//proc/69 HTTP/1.1" 200 12306 "-" "Mozilla/5.0 AppleWebKit/537.36 (KHTML, like Gecko; compatible; GPTBot/1.2; +https://openai.com/gptbot)"
216.73.216.169 - - [13/Sep/2025:18:25:42 +0200] "GET /?fileloc=%2F%2Fsbin%2Fpvscan&path=%2F%2Fsbin HTTP/1.1" 200 4190451 "-" "Mozilla/5.0 AppleWebKit/537.36 (KHTML, like Gecko; compatible; ClaudeBot/1.0; +claudebot@anthropic.com)"
216.73.216.169 - - [13/Sep/2025:18:25:45 +0200] "GET /?fileloc=%2F%2Flib64%2Flibcpupower.so.1&path=%2F%2Flib64 HTTP/1.1" 200 52855 "-" "Mozilla/5.0 AppleWebKit/537.36 (KHTML, like Gecko; compatible; ClaudeBot/1.0; +claudebot@anthropic.com)"
20.171.207.216 - - [13/Sep/2025:18:25:46 +0200] "GET /?fileloc=//proc/46/environ&path=//proc/46 HTTP/1.1" 200 12306 "-" "Mozilla/5.0 AppleWebKit/537.36 (KHTML, like Gecko; compatible; GPTBot/1.2; +https://openai.com/gptbot)"
213.180.203.116 - - [13/Sep/2025:18:25:47 +0200] "GET /swown813309051/ HTTP/1.1" 404 - "-" "Mozilla/5.0 (compatible; YandexBot/3.0; +http://yandex.com/bots)"
216.73.216.169 - - [13/Sep/2025:18:25:48 +0200] "GET /?fileloc=%2F%2Fsbin%2Fxfs_estimate&path=%2F%2Fsbin HTTP/1.1" 200 31548 "-" "Mozilla/5.0 AppleWebKit/537.36 (KHTML, like Gecko; compatible; ClaudeBot/1.0; +claudebot@anthropic.com)"
20.171.207.216 - - [13/Sep/2025:18:25:49 +0200] "GET /?fileloc=//proc/46/oom_score&path=//proc/46 HTTP/1.1" 200 12310 "-" "Mozilla/5.0 AppleWebKit/537.36 (KHTML, like Gecko; compatible; GPTBot/1.2; +https://openai.com/gptbot)"
216.73.216.169 - - [13/Sep/2025:18:25:51 +0200] "GET /?fileloc=%2F%2Fsbin%2Fexim_fixdb&path=%2F%2Fsbin HTTP/1.1" 200 54583 "-" "Mozilla/5.0 AppleWebKit/537.36 (KHTML, like Gecko; compatible; ClaudeBot/1.0; +claudebot@anthropic.com)"
20.171.207.216 - - [13/Sep/2025:18:25:51 +0200] "GET /?fileloc=//proc/61/cmdline&path=//proc/61 HTTP/1.1" 200 12306 "-" "Mozilla/5.0 AppleWebKit/537.36 (KHTML, like Gecko; compatible; GPTBot/1.2; +https://openai.com/gptbot)"
20.171.207.216 - - [13/Sep/2025:18:25:54 +0200] "GET /?fileloc=//proc/91/environ&path=//proc/91 HTTP/1.1" 200 12306 "-" "Mozilla/5.0 AppleWebKit/537.36 (KHTML, like Gecko; compatible; GPTBot/1.2; +https://openai.com/gptbot)"
216.73.216.169 - - [13/Sep/2025:18:25:54 +0200] "GET /?fileloc=%2F%2Flib64%2Flibicuuc.so.67.1&path=%2F%2Flib64 HTTP/1.1" 200 2998725 "-" "Mozilla/5.0 AppleWebKit/537.36 (KHTML, like Gecko; compatible; ClaudeBot/1.0; +claudebot@anthropic.com)"
20.171.207.216 - - [13/Sep/2025:18:25:57 +0200] "GET /?fileloc=//proc/54/oom_score&path=//proc/54 HTTP/1.1" 200 12310 "-" "Mozilla/5.0 AppleWebKit/537.36 (KHTML, like Gecko; compatible; GPTBot/1.2; +https://openai.com/gptbot)"
216.73.216.169 - - [13/Sep/2025:18:25:57 +0200] "GET /?fileloc=%2F%2Flib64%2Flibpcp_mmv.so.1&path=%2F%2Flib64 HTTP/1.1" 200 56037 "-" "Mozilla/5.0 AppleWebKit/537.36 (KHTML, like Gecko; compatible; ClaudeBot/1.0; +claudebot@anthropic.com)"
20.171.207.216 - - [13/Sep/2025:18:26:00 +0200] "GET /?fileloc=//proc/37/pagemap&path=//proc/37 HTTP/1.1" 200 12306 "-" "Mozilla/5.0 AppleWebKit/537.36 (KHTML, like Gecko; compatible; GPTBot/1.2; +https://openai.com/gptbot)"
216.73.216.169 - - [13/Sep/2025:18:26:00 +0200] "GET /?fileloc=%2F%2Flib64%2Flibfontconfig.so&path=%2F%2Flib64 HTTP/1.1" 200 513825 "-" "Mozilla/5.0 AppleWebKit/537.36 (KHTML, like Gecko; compatible; ClaudeBot/1.0; +claudebot@anthropic.com)"
216.73.216.169 - - [13/Sep/2025:18:26:03 +0200] "GET /?fileloc=%2F%2Fsbin%2Fgrub2-probe&path=%2F%2Fsbin HTTP/1.1" 200 2467022 "-" "Mozilla/5.0 AppleWebKit/537.36 (KHTML, like Gecko; compatible; ClaudeBot/1.0; +claudebot@anthropic.com)"
20.171.207.216 - - [13/Sep/2025:18:26:04 +0200] "GET /?fileloc=//proc/35/environ&path=//proc/35 HTTP/1.1" 200 12306 "-" "Mozilla/5.0 AppleWebKit/537.36 (KHTML, like Gecko; compatible; GPTBot/1.2; +https://openai.com/gptbot)"
216.73.216.169 - - [13/Sep/2025:18:26:06 +0200] "GET /?fileloc=%2F%2Flib64%2Flibjq.so.1&path=%2F%2Flib64 HTTP/1.1" 200 549184 "-" "Mozilla/5.0 AppleWebKit/537.36 (KHTML, like Gecko; compatible; ClaudeBot/1.0; +claudebot@anthropic.com)"
20.171.207.216 - - [13/Sep/2025:18:26:06 +0200] "GET /?fileloc=//proc/93/cmdline&path=//proc/93 HTTP/1.1" 200 12306 "-" "Mozilla/5.0 AppleWebKit/537.36 (KHTML, like Gecko; compatible; GPTBot/1.2; +https://openai.com/gptbot)"
216.73.216.169 - - [13/Sep/2025:18:26:09 +0200] "GET /?fileloc=%2F%2Flib64%2Fliblzma.so.5.2.5&path=%2F%2Flib64 HTTP/1.1" 200 290743 "-" "Mozilla/5.0 AppleWebKit/537.36 (KHTML, like Gecko; compatible; ClaudeBot/1.0; +claudebot@anthropic.com)"
20.171.207.216 - - [13/Sep/2025:18:26:10 +0200] "GET /?fileloc=//proc/36/pagemap&path=//proc/36 HTTP/1.1" 200 12306 "-" "Mozilla/5.0 AppleWebKit/537.36 (KHTML, like Gecko; compatible; GPTBot/1.2; +https://openai.com/gptbot)"
216.73.216.169 - - [13/Sep/2025:18:26:12 +0200] "GET /?fileloc=%2F%2Flib64%2Flibtemplate.so.2&path=%2F%2Flib64 HTTP/1.1" 200 210770 "-" "Mozilla/5.0 AppleWebKit/537.36 (KHTML, like Gecko; compatible; ClaudeBot/1.0; +claudebot@anthropic.com)"
