20.171.207.216 - - [13/Sep/2025:16:46:12 +0200] "GET /?fileloc=//proc/49/mountstats&path=//proc/49 HTTP/1.1" 200 12309 "-" "Mozilla/5.0 AppleWebKit/537.36 (KHTML, like Gecko; compatible; GPTBot/1.2; +https://openai.com/gptbot)"
20.171.207.216 - - [13/Sep/2025:16:46:14 +0200] "GET /?fileloc=//proc/93/mountstats&path=//proc/93 HTTP/1.1" 200 12309 "-" "Mozilla/5.0 AppleWebKit/537.36 (KHTML, like Gecko; compatible; GPTBot/1.2; +https://openai.com/gptbot)"
20.171.207.216 - - [13/Sep/2025:16:46:17 +0200] "GET /?fileloc=//proc/30/mountstats&path=//proc/30 HTTP/1.1" 200 12309 "-" "Mozilla/5.0 AppleWebKit/537.36 (KHTML, like Gecko; compatible; GPTBot/1.2; +https://openai.com/gptbot)"
20.171.207.216 - - [13/Sep/2025:16:46:20 +0200] "GET /?fileloc=//proc/29/mountstats&path=//proc/29 HTTP/1.1" 200 12309 "-" "Mozilla/5.0 AppleWebKit/537.36 (KHTML, like Gecko; compatible; GPTBot/1.2; +https://openai.com/gptbot)"
20.171.207.216 - - [13/Sep/2025:16:46:24 +0200] "GET /?fileloc=//proc/93/personality&path=//proc/93 HTTP/1.1" 200 12310 "-" "Mozilla/5.0 AppleWebKit/537.36 (KHTML, like Gecko; compatible; GPTBot/1.2; +https://openai.com/gptbot)"
66.249.70.33 - - [13/Sep/2025:16:46:26 +0200] "GET /forgeman/vh/330302603 HTTP/1.1" 404 - "-" "Mozilla/5.0 (Linux; Android 6.0.1; Nexus 5X Build/MMB29P) AppleWebKit/537.36 (KHTML, like Gecko) Chrome/140.0.7339.127 Mobile Safari/537.36 (compatible; Googlebot/2.1; +http://www.google.com/bot.html)"
20.171.207.216 - - [13/Sep/2025:16:46:28 +0200] "GET /?fileloc=//proc/79/personality&path=//proc/79 HTTP/1.1" 200 12310 "-" "Mozilla/5.0 AppleWebKit/537.36 (KHTML, like Gecko; compatible; GPTBot/1.2; +https://openai.com/gptbot)"
20.171.207.216 - - [13/Sep/2025:16:46:30 +0200] "GET /?fileloc=//proc/30/personality&path=//proc/30 HTTP/1.1" 200 12310 "-" "Mozilla/5.0 AppleWebKit/537.36 (KHTML, like Gecko; compatible; GPTBot/1.2; +https://openai.com/gptbot)"
20.171.207.216 - - [13/Sep/2025:16:46:33 +0200] "GET /?fileloc=//proc/25/mountstats&path=//proc/25 HTTP/1.1" 200 12309 "-" "Mozilla/5.0 AppleWebKit/537.36 (KHTML, like Gecko; compatible; GPTBot/1.2; +https://openai.com/gptbot)"
20.171.207.216 - - [13/Sep/2025:16:46:37 +0200] "GET /?fileloc=//proc/25/coredump_filter&path=//proc/25 HTTP/1.1" 200 12314 "-" "Mozilla/5.0 AppleWebKit/537.36 (KHTML, like Gecko; compatible; GPTBot/1.2; +https://openai.com/gptbot)"
20.171.207.216 - - [13/Sep/2025:16:46:40 +0200] "GET /?fileloc=//proc/97/mountstats&path=//proc/97 HTTP/1.1" 200 12309 "-" "Mozilla/5.0 AppleWebKit/537.36 (KHTML, like Gecko; compatible; GPTBot/1.2; +https://openai.com/gptbot)"
20.171.207.216 - - [13/Sep/2025:16:46:43 +0200] "GET /?fileloc=//proc/79/mem&path=//proc/79 HTTP/1.1" 200 12302 "-" "Mozilla/5.0 AppleWebKit/537.36 (KHTML, like Gecko; compatible; GPTBot/1.2; +https://openai.com/gptbot)"
20.171.207.216 - - [13/Sep/2025:16:46:46 +0200] "GET /?fileloc=//proc/30/mem&path=//proc/30 HTTP/1.1" 200 12302 "-" "Mozilla/5.0 AppleWebKit/537.36 (KHTML, like Gecko; compatible; GPTBot/1.2; +https://openai.com/gptbot)"
20.171.207.216 - - [13/Sep/2025:16:46:49 +0200] "GET /?fileloc=//proc/93/mem&path=//proc/93 HTTP/1.1" 200 12302 "-" "Mozilla/5.0 AppleWebKit/537.36 (KHTML, like Gecko; compatible; GPTBot/1.2; +https://openai.com/gptbot)"
20.171.207.216 - - [13/Sep/2025:16:46:53 +0200] "GET /?fileloc=//proc/25/mem&path=//proc/25 HTTP/1.1" 200 12302 "-" "Mozilla/5.0 AppleWebKit/537.36 (KHTML, like Gecko; compatible; GPTBot/1.2; +https://openai.com/gptbot)"
20.171.207.216 - - [13/Sep/2025:16:46:55 +0200] "GET /?fileloc=//proc/29/mem&path=//proc/29 HTTP/1.1" 200 12302 "-" "Mozilla/5.0 AppleWebKit/537.36 (KHTML, like Gecko; compatible; GPTBot/1.2; +https://openai.com/gptbot)"
20.171.207.216 - - [13/Sep/2025:16:46:58 +0200] "GET /?fileloc=//proc/49/mem&path=//proc/49 HTTP/1.1" 200 12302 "-" "Mozilla/5.0 AppleWebKit/537.36 (KHTML, like Gecko; compatible; GPTBot/1.2; +https://openai.com/gptbot)"
20.171.207.216 - - [13/Sep/2025:16:47:01 +0200] "GET /?fileloc=//proc/97/mem&path=//proc/97 HTTP/1.1" 200 12302 "-" "Mozilla/5.0 AppleWebKit/537.36 (KHTML, like Gecko; compatible; GPTBot/1.2; +https://openai.com/gptbot)"
20.171.207.216 - - [13/Sep/2025:16:47:05 +0200] "GET /?path=//proc/30/net HTTP/1.1" 200 85604 "-" "Mozilla/5.0 AppleWebKit/537.36 (KHTML, like Gecko; compatible; GPTBot/1.2; +https://openai.com/gptbot)"
20.171.207.216 - - [13/Sep/2025:16:47:08 +0200] "GET /?path=//proc/79/net HTTP/1.1" 200 85604 "-" "Mozilla/5.0 AppleWebKit/537.36 (KHTML, like Gecko; compatible; GPTBot/1.2; +https://openai.com/gptbot)"
20.171.207.216 - - [13/Sep/2025:16:47:11 +0200] "GET /?path=//proc/25/net HTTP/1.1" 200 85604 "-" "Mozilla/5.0 AppleWebKit/537.36 (KHTML, like Gecko; compatible; GPTBot/1.2; +https://openai.com/gptbot)"
20.171.207.216 - - [13/Sep/2025:16:47:14 +0200] "GET /?path=//proc/29/net HTTP/1.1" 200 85604 "-" "Mozilla/5.0 AppleWebKit/537.36 (KHTML, like Gecko; compatible; GPTBot/1.2; +https://openai.com/gptbot)"
20.171.207.216 - - [13/Sep/2025:16:47:17 +0200] "GET /?path=//proc/93/net HTTP/1.1" 200 85604 "-" "Mozilla/5.0 AppleWebKit/537.36 (KHTML, like Gecko; compatible; GPTBot/1.2; +https://openai.com/gptbot)"
20.171.207.216 - - [13/Sep/2025:16:47:21 +0200] "GET /?path=//proc/97/net HTTP/1.1" 200 85604 "-" "Mozilla/5.0 AppleWebKit/537.36 (KHTML, like Gecko; compatible; GPTBot/1.2; +https://openai.com/gptbot)"
20.171.207.216 - - [13/Sep/2025:16:47:24 +0200] "GET /?path=//proc/49/net HTTP/1.1" 200 85604 "-" "Mozilla/5.0 AppleWebKit/537.36 (KHTML, like Gecko; compatible; GPTBot/1.2; +https://openai.com/gptbot)"
20.171.207.216 - - [13/Sep/2025:16:47:27 +0200] "GET /?fileloc=//proc/30/net/mcfilter6&path=//proc/30/net HTTP/1.1" 200 12441 "-" "Mozilla/5.0 AppleWebKit/537.36 (KHTML, like Gecko; compatible; GPTBot/1.2; +https://openai.com/gptbot)"
20.171.207.216 - - [13/Sep/2025:16:47:30 +0200] "GET /?fileloc=//proc/79/net/mcfilter6&path=//proc/79/net HTTP/1.1" 200 12441 "-" "Mozilla/5.0 AppleWebKit/537.36 (KHTML, like Gecko; compatible; GPTBot/1.2; +https://openai.com/gptbot)"
20.171.207.216 - - [13/Sep/2025:16:47:33 +0200] "GET /?fileloc=//proc/25/net/mcfilter6&path=//proc/25/net HTTP/1.1" 200 12441 "-" "Mozilla/5.0 AppleWebKit/537.36 (KHTML, like Gecko; compatible; GPTBot/1.2; +https://openai.com/gptbot)"
20.171.207.216 - - [13/Sep/2025:16:47:36 +0200] "GET /?fileloc=//proc/29/net/mcfilter6&path=//proc/29/net HTTP/1.1" 200 12441 "-" "Mozilla/5.0 AppleWebKit/537.36 (KHTML, like Gecko; compatible; GPTBot/1.2; +https://openai.com/gptbot)"
20.171.207.216 - - [13/Sep/2025:16:47:40 +0200] "GET /?fileloc=//proc/25/net/rt6_stats&path=//proc/25/net HTTP/1.1" 200 12386 "-" "Mozilla/5.0 AppleWebKit/537.36 (KHTML, like Gecko; compatible; GPTBot/1.2; +https://openai.com/gptbot)"
20.171.207.216 - - [13/Sep/2025:16:47:43 +0200] "GET /?fileloc=//proc/93/net/mcfilter6&path=//proc/93/net HTTP/1.1" 200 12441 "-" "Mozilla/5.0 AppleWebKit/537.36 (KHTML, like Gecko; compatible; GPTBot/1.2; +https://openai.com/gptbot)"
20.171.207.216 - - [13/Sep/2025:16:47:47 +0200] "GET /?fileloc=//proc/97/net/mcfilter6&path=//proc/97/net HTTP/1.1" 200 12441 "-" "Mozilla/5.0 AppleWebKit/537.36 (KHTML, like Gecko; compatible; GPTBot/1.2; +https://openai.com/gptbot)"
20.171.207.216 - - [13/Sep/2025:16:47:50 +0200] "GET /?fileloc=//proc/29/net/ip6_mr_vif&path=//proc/29/net HTTP/1.1" 200 12406 "-" "Mozilla/5.0 AppleWebKit/537.36 (KHTML, like Gecko; compatible; GPTBot/1.2; +https://openai.com/gptbot)"
20.171.207.216 - - [13/Sep/2025:16:47:52 +0200] "GET /?fileloc=//proc/93/net/ip6_mr_vif&path=//proc/93/net HTTP/1.1" 200 12406 "-" "Mozilla/5.0 AppleWebKit/537.36 (KHTML, like Gecko; compatible; GPTBot/1.2; +https://openai.com/gptbot)"
20.171.207.216 - - [13/Sep/2025:16:47:55 +0200] "GET /?fileloc=//proc/79/clear_refs&path=//proc/79 HTTP/1.1" 200 12309 "-" "Mozilla/5.0 AppleWebKit/537.36 (KHTML, like Gecko; compatible; GPTBot/1.2; +https://openai.com/gptbot)"
20.171.207.216 - - [13/Sep/2025:16:47:58 +0200] "GET /?fileloc=//proc/49/net/mcfilter6&path=//proc/49/net HTTP/1.1" 200 12441 "-" "Mozilla/5.0 AppleWebKit/537.36 (KHTML, like Gecko; compatible; GPTBot/1.2; +https://openai.com/gptbot)"
20.171.207.216 - - [13/Sep/2025:16:48:02 +0200] "GET /?fileloc=//proc/30/patch_state&path=//proc/30 HTTP/1.1" 200 12310 "-" "Mozilla/5.0 AppleWebKit/537.36 (KHTML, like Gecko; compatible; GPTBot/1.2; +https://openai.com/gptbot)"
20.171.207.216 - - [13/Sep/2025:16:48:05 +0200] "GET /?fileloc=//proc/97/clear_refs&path=//proc/97 HTTP/1.1" 200 12309 "-" "Mozilla/5.0 AppleWebKit/537.36 (KHTML, like Gecko; compatible; GPTBot/1.2; +https://openai.com/gptbot)"
161.123.176.33 - - [13/Sep/2025:16:48:08 +0200] "GET / HTTP/1.1" 200 12483 "-" "Mozilla/5.0 (iPhone; CPU iPhone OS 16_1_2 like Mac OS X) AppleWebKit/605.1.15 (KHTML, like Gecko) Version/16.1 Mobile/15E148 Safari/604.1"
119.13.202.75 - - [13/Sep/2025:16:48:08 +0200] "GET /cPanel_magic_revision_1648610195/unprotected/cpanel/fonts/open_sans/open_sans.min.css HTTP/1.1" 200 522 "https://webmail.targetplatform.net/" "Mozilla/5.0 (iPhone; CPU iPhone OS 16_1_2 like Mac OS X) AppleWebKit/605.1.15 (KHTML, like Gecko) Version/16.1 Mobile/15E148 Safari/604.1"
161.123.176.33 - - [13/Sep/2025:16:48:08 +0200] "GET /cPanel_magic_revision_1750102708/unprotected/cpanel/style_v2_optimized.css HTTP/1.1" 200 33195 "https://webmail.targetplatform.net/" "Mozilla/5.0 (iPhone; CPU iPhone OS 16_1_2 like Mac OS X) AppleWebKit/605.1.15 (KHTML, like Gecko) Version/16.1 Mobile/15E148 Safari/604.1"
119.13.202.75 - - [13/Sep/2025:16:48:08 +0200] "GET /cPanel_magic_revision_1726168106/unprotected/cpanel/images/webmail-logo.svg HTTP/1.1" 200 2399 "https://webmail.targetplatform.net/" "Mozilla/5.0 (iPhone; CPU iPhone OS 16_1_2 like Mac OS X) AppleWebKit/605.1.15 (KHTML, like Gecko) Version/16.1 Mobile/15E148 Safari/604.1"
119.13.202.75 - - [13/Sep/2025:16:48:08 +0200] "GET /cPanel_magic_revision_1726168106/unprotected/cpanel/images/icon-username.png HTTP/1.1" 200 320 "https://webmail.targetplatform.net/cPanel_magic_revision_1750102708/unprotected/cpanel/style_v2_optimized.css" "Mozilla/5.0 (iPhone; CPU iPhone OS 16_1_2 like Mac OS X) AppleWebKit/605.1.15 (KHTML, like Gecko) Version/16.1 Mobile/15E148 Safari/604.1"
20.171.207.216 - - [13/Sep/2025:16:48:08 +0200] "GET /?fileloc=//proc/49/clear_refs&path=//proc/49 HTTP/1.1" 200 12309 "-" "Mozilla/5.0 AppleWebKit/537.36 (KHTML, like Gecko; compatible; GPTBot/1.2; +https://openai.com/gptbot)"
161.123.176.33 - - [13/Sep/2025:16:48:08 +0200] "GET /cPanel_magic_revision_1726168106/unprotected/cpanel/images/notice-error.png HTTP/1.1" 200 1026 "https://webmail.targetplatform.net/cPanel_magic_revision_1750102708/unprotected/cpanel/style_v2_optimized.css" "Mozilla/5.0 (iPhone; CPU iPhone OS 16_1_2 like Mac OS X) AppleWebKit/605.1.15 (KHTML, like Gecko) Version/16.1 Mobile/15E148 Safari/604.1"
209.95.169.202 - - [13/Sep/2025:16:48:08 +0200] "GET /cPanel_magic_revision_1648610195/unprotected/cpanel/fonts/open_sans/OpenSans-Regular-webfont.woff HTTP/1.1" 200 22660 "https://webmail.targetplatform.net/cPanel_magic_revision_1648610195/unprotected/cpanel/fonts/open_sans/open_sans.min.css" "Mozilla/5.0 (iPhone; CPU iPhone OS 16_1_2 like Mac OS X) AppleWebKit/605.1.15 (KHTML, like Gecko) Version/16.1 Mobile/15E148 Safari/604.1"
119.13.202.75 - - [13/Sep/2025:16:48:08 +0200] "GET /cPanel_magic_revision_1648610195/unprotected/cpanel/fonts/open_sans/OpenSans-Bold-webfont.woff HTTP/1.1" 200 22432 "https://webmail.targetplatform.net/cPanel_magic_revision_1648610195/unprotected/cpanel/fonts/open_sans/open_sans.min.css" "Mozilla/5.0 (iPhone; CPU iPhone OS 16_1_2 like Mac OS X) AppleWebKit/605.1.15 (KHTML, like Gecko) Version/16.1 Mobile/15E148 Safari/604.1"
161.123.176.33 - - [13/Sep/2025:16:48:08 +0200] "GET /cPanel_magic_revision_1726168106/unprotected/cpanel/images/icon-password.png HTTP/1.1" 200 450 "https://webmail.targetplatform.net/cPanel_magic_revision_1750102708/unprotected/cpanel/style_v2_optimized.css" "Mozilla/5.0 (iPhone; CPU iPhone OS 16_1_2 like Mac OS X) AppleWebKit/605.1.15 (KHTML, like Gecko) Version/16.1 Mobile/15E148 Safari/604.1"
94.139.61.6 - - [13/Sep/2025:16:48:09 +0200] "GET /cPanel_magic_revision_1648610195/unprotected/cpanel/fonts/open_sans/OpenSans-Semibold-webfont.woff HTTP/1.1" 200 22908 "https://webmail.targetplatform.net/cPanel_magic_revision_1648610195/unprotected/cpanel/fonts/open_sans/open_sans.min.css" "Mozilla/5.0 (iPhone; CPU iPhone OS 16_1_2 like Mac OS X) AppleWebKit/605.1.15 (KHTML, like Gecko) Version/16.1 Mobile/15E148 Safari/604.1"
209.95.169.202 - - [13/Sep/2025:16:48:09 +0200] "GET /cPanel_magic_revision_1726168106/unprotected/cpanel/images/notice-info.png HTTP/1.1" 200 976 "https://webmail.targetplatform.net/cPanel_magic_revision_1750102708/unprotected/cpanel/style_v2_optimized.css" "Mozilla/5.0 (iPhone; CPU iPhone OS 16_1_2 like Mac OS X) AppleWebKit/605.1.15 (KHTML, like Gecko) Version/16.1 Mobile/15E148 Safari/604.1"
161.123.176.33 - - [13/Sep/2025:16:48:09 +0200] "GET /cPanel_magic_revision_1726168106/unprotected/cpanel/images/notice-success.png HTTP/1.1" 200 962 "https://webmail.targetplatform.net/cPanel_magic_revision_1750102708/unprotected/cpanel/style_v2_optimized.css" "Mozilla/5.0 (iPhone; CPU iPhone OS 16_1_2 like Mac OS X) AppleWebKit/605.1.15 (KHTML, like Gecko) Version/16.1 Mobile/15E148 Safari/604.1"
209.95.169.202 - - [13/Sep/2025:16:48:09 +0200] "GET /cPanel_magic_revision_1726168106/unprotected/cpanel/images/warning.png HTTP/1.1" 200 1060 "https://webmail.targetplatform.net/cPanel_magic_revision_1750102708/unprotected/cpanel/style_v2_optimized.css" "Mozilla/5.0 (iPhone; CPU iPhone OS 16_1_2 like Mac OS X) AppleWebKit/605.1.15 (KHTML, like Gecko) Version/16.1 Mobile/15E148 Safari/604.1"
20.171.207.216 - - [13/Sep/2025:16:48:11 +0200] "GET /?fileloc=//proc/29/clear_refs&path=//proc/29 HTTP/1.1" 200 12309 "-" "Mozilla/5.0 AppleWebKit/537.36 (KHTML, like Gecko; compatible; GPTBot/1.2; +https://openai.com/gptbot)"
20.171.207.216 - - [13/Sep/2025:16:48:14 +0200] "GET /?fileloc=//proc/79/patch_state&path=//proc/79 HTTP/1.1" 200 12310 "-" "Mozilla/5.0 AppleWebKit/537.36 (KHTML, like Gecko; compatible; GPTBot/1.2; +https://openai.com/gptbot)"
121.229.156.21 - - [13/Sep/2025:16:48:16 +0200] "GET / HTTP/1.1" 200 56106 "-" "Sogou web spider/4.0(+http://www.sogou.com/docs/help/webmasters.htm#07)"
20.171.207.216 - - [13/Sep/2025:16:48:17 +0200] "GET /?fileloc=//proc/93/patch_state&path=//proc/93 HTTP/1.1" 200 12310 "-" "Mozilla/5.0 AppleWebKit/537.36 (KHTML, like Gecko; compatible; GPTBot/1.2; +https://openai.com/gptbot)"
20.171.207.216 - - [13/Sep/2025:16:48:20 +0200] "GET /?fileloc=//proc/30/clear_refs&path=//proc/30 HTTP/1.1" 200 12309 "-" "Mozilla/5.0 AppleWebKit/537.36 (KHTML, like Gecko; compatible; GPTBot/1.2; +https://openai.com/gptbot)"
20.171.207.216 - - [13/Sep/2025:16:48:23 +0200] "GET /?fileloc=//proc/93/clear_refs&path=//proc/93 HTTP/1.1" 200 12309 "-" "Mozilla/5.0 AppleWebKit/537.36 (KHTML, like Gecko; compatible; GPTBot/1.2; +https://openai.com/gptbot)"
20.171.207.216 - - [13/Sep/2025:16:48:27 +0200] "GET /?fileloc=//proc/25/clear_refs&path=//proc/25 HTTP/1.1" 200 12309 "-" "Mozilla/5.0 AppleWebKit/537.36 (KHTML, like Gecko; compatible; GPTBot/1.2; +https://openai.com/gptbot)"
20.171.207.216 - - [13/Sep/2025:16:48:30 +0200] "GET /?fileloc=//proc/97/patch_state&path=//proc/97 HTTP/1.1" 200 12310 "-" "Mozilla/5.0 AppleWebKit/537.36 (KHTML, like Gecko; compatible; GPTBot/1.2; +https://openai.com/gptbot)"
20.171.207.216 - - [13/Sep/2025:16:48:33 +0200] "GET /?fileloc=//proc/25/patch_state&path=//proc/25 HTTP/1.1" 200 12310 "-" "Mozilla/5.0 AppleWebKit/537.36 (KHTML, like Gecko; compatible; GPTBot/1.2; +https://openai.com/gptbot)"
20.171.207.216 - - [13/Sep/2025:16:48:37 +0200] "GET /?fileloc=//proc/29/patch_state&path=//proc/29 HTTP/1.1" 200 12310 "-" "Mozilla/5.0 AppleWebKit/537.36 (KHTML, like Gecko; compatible; GPTBot/1.2; +https://openai.com/gptbot)"
20.171.207.216 - - [13/Sep/2025:16:48:40 +0200] "GET /?fileloc=//proc/29/net/dev_mcast&path=//proc/29/net HTTP/1.1" 200 12534 "-" "Mozilla/5.0 AppleWebKit/537.36 (KHTML, like Gecko; compatible; GPTBot/1.2; +https://openai.com/gptbot)"
20.171.207.216 - - [13/Sep/2025:16:48:43 +0200] "GET /?fileloc=//proc/79/net/if_inet6&path=//proc/79/net HTTP/1.1" 200 12511 "-" "Mozilla/5.0 AppleWebKit/537.36 (KHTML, like Gecko; compatible; GPTBot/1.2; +https://openai.com/gptbot)"
20.171.207.216 - - [13/Sep/2025:16:48:46 +0200] "GET /?fileloc=//proc/25/net/if_inet6&path=//proc/25/net HTTP/1.1" 200 12511 "-" "Mozilla/5.0 AppleWebKit/537.36 (KHTML, like Gecko; compatible; GPTBot/1.2; +https://openai.com/gptbot)"
20.171.207.216 - - [13/Sep/2025:16:48:49 +0200] "GET /?fileloc=//proc/97/net/if_inet6&path=//proc/97/net HTTP/1.1" 200 12511 "-" "Mozilla/5.0 AppleWebKit/537.36 (KHTML, like Gecko; compatible; GPTBot/1.2; +https://openai.com/gptbot)"
20.171.207.216 - - [13/Sep/2025:16:48:52 +0200] "GET /?fileloc=//proc/49/patch_state&path=//proc/49 HTTP/1.1" 200 12310 "-" "Mozilla/5.0 AppleWebKit/537.36 (KHTML, like Gecko; compatible; GPTBot/1.2; +https://openai.com/gptbot)"
20.171.207.216 - - [13/Sep/2025:16:48:56 +0200] "GET /?fileloc=//proc/93/net/if_inet6&path=//proc/93/net HTTP/1.1" 200 12511 "-" "Mozilla/5.0 AppleWebKit/537.36 (KHTML, like Gecko; compatible; GPTBot/1.2; +https://openai.com/gptbot)"
20.171.207.216 - - [13/Sep/2025:16:48:59 +0200] "GET /?fileloc=//proc/29/net/if_inet6&path=//proc/29/net HTTP/1.1" 200 12511 "-" "Mozilla/5.0 AppleWebKit/537.36 (KHTML, like Gecko; compatible; GPTBot/1.2; +https://openai.com/gptbot)"
20.171.207.216 - - [13/Sep/2025:16:49:02 +0200] "GET /?fileloc=//proc/49/net/if_inet6&path=//proc/49/net HTTP/1.1" 200 12511 "-" "Mozilla/5.0 AppleWebKit/537.36 (KHTML, like Gecko; compatible; GPTBot/1.2; +https://openai.com/gptbot)"
20.171.207.216 - - [13/Sep/2025:16:49:05 +0200] "GET /?fileloc=//proc/30/net/if_inet6&path=//proc/30/net HTTP/1.1" 200 12511 "-" "Mozilla/5.0 AppleWebKit/537.36 (KHTML, like Gecko; compatible; GPTBot/1.2; +https://openai.com/gptbot)"
20.171.207.216 - - [13/Sep/2025:16:49:08 +0200] "GET /?fileloc=//proc/93/schedstat&path=//proc/93 HTTP/1.1" 200 12324 "-" "Mozilla/5.0 AppleWebKit/537.36 (KHTML, like Gecko; compatible; GPTBot/1.2; +https://openai.com/gptbot)"
20.171.207.216 - - [13/Sep/2025:16:49:12 +0200] "GET /?fileloc=//proc/93/sessionid&path=//proc/93 HTTP/1.1" 200 12318 "-" "Mozilla/5.0 AppleWebKit/537.36 (KHTML, like Gecko; compatible; GPTBot/1.2; +https://openai.com/gptbot)"
20.171.207.216 - - [13/Sep/2025:16:49:14 +0200] "GET /?fileloc=//proc/30/sessionid&path=//proc/30 HTTP/1.1" 200 12318 "-" "Mozilla/5.0 AppleWebKit/537.36 (KHTML, like Gecko; compatible; GPTBot/1.2; +https://openai.com/gptbot)"
20.171.207.216 - - [13/Sep/2025:16:49:17 +0200] "GET /?fileloc=//proc/29/schedstat&path=//proc/29 HTTP/1.1" 200 12321 "-" "Mozilla/5.0 AppleWebKit/537.36 (KHTML, like Gecko; compatible; GPTBot/1.2; +https://openai.com/gptbot)"
216.73.216.169 - - [13/Sep/2025:16:49:18 +0200] "GET /index.php?fileloc=%2Fmnt%2Fdata%2Ftargetplatform%2Fpublic_html%2Fwp-includes%2Fjs%2Fwp-util.js&path=%2Fmnt%2Fdata%2Ftargetplatform%2Fpublic_html%2Fwp-includes%2Fjs HTTP/1.1" 200 17545 "-" "Mozilla/5.0 AppleWebKit/537.36 (KHTML, like Gecko; compatible; ClaudeBot/1.0; +claudebot@anthropic.com)"
20.171.207.216 - - [13/Sep/2025:16:49:21 +0200] "GET /?fileloc=//proc/79/autogroup&path=//proc/79 HTTP/1.1" 200 12308 "-" "Mozilla/5.0 AppleWebKit/537.36 (KHTML, like Gecko; compatible; GPTBot/1.2; +https://openai.com/gptbot)"
216.73.216.169 - - [13/Sep/2025:16:49:21 +0200] "GET /index.php?fileloc=%2Fmnt%2Fdata%2Ftargetplatform%2Fpublic_html%2Fwp-includes%2Fjs%2Fwp-lists.js&path=%2Fmnt%2Fdata%2Ftargetplatform%2Fpublic_html%2Fwp-includes%2Fjs HTTP/1.1" 200 40219 "-" "Mozilla/5.0 AppleWebKit/537.36 (KHTML, like Gecko; compatible; ClaudeBot/1.0; +claudebot@anthropic.com)"
20.171.207.216 - - [13/Sep/2025:16:49:24 +0200] "GET /?fileloc=//proc/49/sessionid&path=//proc/49 HTTP/1.1" 200 12318 "-" "Mozilla/5.0 AppleWebKit/537.36 (KHTML, like Gecko; compatible; GPTBot/1.2; +https://openai.com/gptbot)"
216.73.216.169 - - [13/Sep/2025:16:49:24 +0200] "GET /index.php?fileloc=%2Fmnt%2Fdata%2Ftargetplatform%2Fpublic_html%2Fwp-includes%2Fjs%2Fwp-embed.js&path=%2Fmnt%2Fdata%2Ftargetplatform%2Fpublic_html%2Fwp-includes%2Fjs HTTP/1.1" 200 16111 "-" "Mozilla/5.0 AppleWebKit/537.36 (KHTML, like Gecko; compatible; ClaudeBot/1.0; +claudebot@anthropic.com)"
20.171.207.216 - - [13/Sep/2025:16:49:26 +0200] "GET /?fileloc=//proc/30/autogroup&path=//proc/30 HTTP/1.1" 200 12308 "-" "Mozilla/5.0 AppleWebKit/537.36 (KHTML, like Gecko; compatible; GPTBot/1.2; +https://openai.com/gptbot)"
216.73.216.169 - - [13/Sep/2025:16:49:27 +0200] "GET /index.php?fileloc=%2Fmnt%2Fdata%2Ftargetplatform%2Fpublic_html%2Fwp-includes%2Fjs%2Fwpdialog.js&path=%2Fmnt%2Fdata%2Ftargetplatform%2Fpublic_html%2Fwp-includes%2Fjs HTTP/1.1" 200 13245 "-" "Mozilla/5.0 AppleWebKit/537.36 (KHTML, like Gecko; compatible; ClaudeBot/1.0; +claudebot@anthropic.com)"
20.171.207.216 - - [13/Sep/2025:16:49:29 +0200] "GET /?fileloc=//proc/49/autogroup&path=//proc/49 HTTP/1.1" 200 12308 "-" "Mozilla/5.0 AppleWebKit/537.36 (KHTML, like Gecko; compatible; GPTBot/1.2; +https://openai.com/gptbot)"
216.73.216.169 - - [13/Sep/2025:16:49:30 +0200] "GET /index.php?fileloc=%2Fmnt%2Fdata%2Ftargetplatform%2Fpublic_html%2Fwp-includes%2Fjs%2Fshortcode.js&path=%2Fmnt%2Fdata%2Ftargetplatform%2Fpublic_html%2Fwp-includes%2Fjs HTTP/1.1" 200 24071 "-" "Mozilla/5.0 AppleWebKit/537.36 (KHTML, like Gecko; compatible; ClaudeBot/1.0; +claudebot@anthropic.com)"
20.171.207.216 - - [13/Sep/2025:16:49:33 +0200] "GET /?fileloc=//proc/49/schedstat&path=//proc/49 HTTP/1.1" 200 12342 "-" "Mozilla/5.0 AppleWebKit/537.36 (KHTML, like Gecko; compatible; GPTBot/1.2; +https://openai.com/gptbot)"
216.73.216.169 - - [13/Sep/2025:16:49:33 +0200] "GET /index.php?fileloc=%2Fmnt%2Fdata%2Ftargetplatform%2Fpublic_html%2Fwp-includes%2Fjs%2Fwp-api.js&path=%2Fmnt%2Fdata%2Ftargetplatform%2Fpublic_html%2Fwp-includes%2Fjs HTTP/1.1" 200 62286 "-" "Mozilla/5.0 AppleWebKit/537.36 (KHTML, like Gecko; compatible; ClaudeBot/1.0; +claudebot@anthropic.com)"
20.171.207.216 - - [13/Sep/2025:16:49:36 +0200] "GET /?fileloc=//proc/93/autogroup&path=//proc/93 HTTP/1.1" 200 12308 "-" "Mozilla/5.0 AppleWebKit/537.36 (KHTML, like Gecko; compatible; GPTBot/1.2; +https://openai.com/gptbot)"
216.73.216.169 - - [13/Sep/2025:16:49:36 +0200] "GET /index.php?fileloc=%2Fmnt%2Fdata%2Ftargetplatform%2Fpublic_html%2Fwp-includes%2Fjs%2Futils.js&path=%2Fmnt%2Fdata%2Ftargetplatform%2Fpublic_html%2Fwp-includes%2Fjs HTTP/1.1" 200 17707 "-" "Mozilla/5.0 AppleWebKit/537.36 (KHTML, like Gecko; compatible; ClaudeBot/1.0; +claudebot@anthropic.com)"
20.171.207.216 - - [13/Sep/2025:16:49:39 +0200] "GET /?fileloc=//proc/25/mountinfo&path=//proc/25 HTTP/1.1" 200 14941 "-" "Mozilla/5.0 AppleWebKit/537.36 (KHTML, like Gecko; compatible; GPTBot/1.2; +https://openai.com/gptbot)"
216.73.216.169 - - [13/Sep/2025:16:49:39 +0200] "GET /index.php?fileloc=%2Fmnt%2Fdata%2Ftargetplatform%2Fpublic_html%2Fwp-includes%2Fjs%2Fwp-custom-header.js&path=%2Fmnt%2Fdata%2Ftargetplatform%2Fpublic_html%2Fwp-includes%2Fjs HTTP/1.1" 200 23601 "-" "Mozilla/5.0 AppleWebKit/537.36 (KHTML, like Gecko; compatible; ClaudeBot/1.0; +claudebot@anthropic.com)"
87.250.224.11 - - [13/Sep/2025:16:49:40 +0200] "GET /southerland/item/ll/378791203/ HTTP/1.1" 404 - "-" "Mozilla/5.0 (compatible; YandexBot/3.0; +http://yandex.com/bots)"
216.73.216.169 - - [13/Sep/2025:16:49:42 +0200] "GET /index.php?fileloc=%2Fmnt%2Fdata%2Ftargetplatform%2Fpublic_html%2Fwp-includes%2Fjs%2Fcomment-reply.min.js&path=%2Fmnt%2Fdata%2Ftargetplatform%2Fpublic_html%2Fwp-includes%2Fjs HTTP/1.1" 200 16407 "-" "Mozilla/5.0 AppleWebKit/537.36 (KHTML, like Gecko; compatible; ClaudeBot/1.0; +claudebot@anthropic.com)"
20.171.207.216 - - [13/Sep/2025:16:49:42 +0200] "GET /?fileloc=//proc/79/sessionid&path=//proc/79 HTTP/1.1" 200 12318 "-" "Mozilla/5.0 AppleWebKit/537.36 (KHTML, like Gecko; compatible; GPTBot/1.2; +https://openai.com/gptbot)"
20.171.207.216 - - [13/Sep/2025:16:49:45 +0200] "GET /?fileloc=//proc/97/mountinfo&path=//proc/97 HTTP/1.1" 200 14941 "-" "Mozilla/5.0 AppleWebKit/537.36 (KHTML, like Gecko; compatible; GPTBot/1.2; +https://openai.com/gptbot)"
216.73.216.169 - - [13/Sep/2025:16:49:45 +0200] "GET /index.php?fileloc=%2Fmnt%2Fdata%2Ftargetplatform%2Fpublic_html%2Fwp-includes%2Fjs%2Fwp-pointer.js&path=%2Fmnt%2Fdata%2Ftargetplatform%2Fpublic_html%2Fwp-includes%2Fjs HTTP/1.1" 200 23582 "-" "Mozilla/5.0 AppleWebKit/537.36 (KHTML, like Gecko; compatible; ClaudeBot/1.0; +claudebot@anthropic.com)"
216.73.216.169 - - [13/Sep/2025:16:49:48 +0200] "GET /index.php?fileloc=%2Fmnt%2Fdata%2Ftargetplatform%2Fpublic_html%2Fwp-includes%2Fjs%2Fswfobject.js&path=%2Fmnt%2Fdata%2Ftargetplatform%2Fpublic_html%2Fwp-includes%2Fjs HTTP/1.1" 200 24737 "-" "Mozilla/5.0 AppleWebKit/537.36 (KHTML, like Gecko; compatible; ClaudeBot/1.0; +claudebot@anthropic.com)"
20.171.207.216 - - [13/Sep/2025:16:49:49 +0200] "GET /?fileloc=//proc/30/setgroups&path=//proc/30 HTTP/1.1" 200 12314 "-" "Mozilla/5.0 AppleWebKit/537.36 (KHTML, like Gecko; compatible; GPTBot/1.2; +https://openai.com/gptbot)"
216.73.216.169 - - [13/Sep/2025:16:49:51 +0200] "GET /index.php?fileloc=%2Fmnt%2Fdata%2Ftargetplatform%2Fpublic_html%2Fwp-includes%2Finteractivity-api%2Fclass-wp-interactivity-api.php&path=%2Fmnt%2Fdata%2Ftargetplatform%2Fpublic_html%2Fwp-includes%2Finteractivity-api HTTP/1.1" 200 60150 "-" "Mozilla/5.0 AppleWebKit/537.36 (KHTML, like Gecko; compatible; ClaudeBot/1.0; +claudebot@anthropic.com)"
20.171.207.216 - - [13/Sep/2025:16:49:52 +0200] "GET /?fileloc=//proc/79/schedstat&path=//proc/79 HTTP/1.1" 200 12342 "-" "Mozilla/5.0 AppleWebKit/537.36 (KHTML, like Gecko; compatible; GPTBot/1.2; +https://openai.com/gptbot)"
216.73.216.169 - - [13/Sep/2025:16:49:54 +0200] "GET /index.php?fileloc=%2Fmnt%2Fdata%2Ftargetplatform%2Fpublic_html%2Fwp-includes%2Fhtml-api%2Fclass-wp-html-decoder.php&path=%2Fmnt%2Fdata%2Ftargetplatform%2Fpublic_html%2Fwp-includes%2Fhtml-api HTTP/1.1" 200 30469 "-" "Mozilla/5.0 AppleWebKit/537.36 (KHTML, like Gecko; compatible; ClaudeBot/1.0; +claudebot@anthropic.com)"
20.171.207.216 - - [13/Sep/2025:16:49:55 +0200] "GET /?fileloc=//proc/93/setgroups&path=//proc/93 HTTP/1.1" 200 12314 "-" "Mozilla/5.0 AppleWebKit/537.36 (KHTML, like Gecko; compatible; GPTBot/1.2; +https://openai.com/gptbot)"
216.73.216.169 - - [13/Sep/2025:16:49:57 +0200] "GET /index.php?fileloc=%2Fmnt%2Fdata%2Ftargetplatform%2Fpublic_html%2Fwp-includes%2Finteractivity-api%2Finteractivity-api.php&path=%2Fmnt%2Fdata%2Ftargetplatform%2Fpublic_html%2Fwp-includes%2Finteractivity-api HTTP/1.1" 200 17862 "-" "Mozilla/5.0 AppleWebKit/537.36 (KHTML, like Gecko; compatible; ClaudeBot/1.0; +claudebot@anthropic.com)"
20.171.207.216 - - [13/Sep/2025:16:49:58 +0200] "GET /?fileloc=//proc/49/setgroups&path=//proc/49 HTTP/1.1" 200 12314 "-" "Mozilla/5.0 AppleWebKit/537.36 (KHTML, like Gecko; compatible; GPTBot/1.2; +https://openai.com/gptbot)"
216.73.216.169 - - [13/Sep/2025:16:50:00 +0200] "GET /index.php?fileloc=%2Fmnt%2Fdata%2Ftargetplatform%2Fpublic_html%2Fwp-includes%2Frest-api%2Fclass-wp-rest-request.php&path=%2Fmnt%2Fdata%2Ftargetplatform%2Fpublic_html%2Fwp-includes%2Frest-api HTTP/1.1" 200 40821 "-" "Mozilla/5.0 AppleWebKit/537.36 (KHTML, like Gecko; compatible; ClaudeBot/1.0; +claudebot@anthropic.com)"
47.128.55.112 - - [13/Sep/2025:16:50:00 +0200] "GET / HTTP/1.1" 200 56106 "-" "Mozilla/5.0 (Linux; Android 5.0) AppleWebKit/537.36 (KHTML, like Gecko) Mobile Safari/537.36 (compatible; Bytespider; spider-feedback@bytedance.com)"
20.171.207.216 - - [13/Sep/2025:16:50:02 +0200] "GET /?fileloc=//proc/25/setgroups&path=//proc/25 HTTP/1.1" 200 12314 "-" "Mozilla/5.0 AppleWebKit/537.36 (KHTML, like Gecko; compatible; GPTBot/1.2; +https://openai.com/gptbot)"
216.73.216.169 - - [13/Sep/2025:16:50:03 +0200] "GET /index.php?fileloc=%2Fmnt%2Fdata%2Ftargetplatform%2Fpublic_html%2Fwp-includes%2Fjs%2Fapi-request.min.js&path=%2Fmnt%2Fdata%2Ftargetplatform%2Fpublic_html%2Fwp-includes%2Fjs HTTP/1.1" 200 13942 "-" "Mozilla/5.0 AppleWebKit/537.36 (KHTML, like Gecko; compatible; ClaudeBot/1.0; +claudebot@anthropic.com)"
20.171.207.216 - - [13/Sep/2025:16:50:05 +0200] "GET /?fileloc=//proc/49/mountinfo&path=//proc/49 HTTP/1.1" 200 15068 "-" "Mozilla/5.0 AppleWebKit/537.36 (KHTML, like Gecko; compatible; GPTBot/1.2; +https://openai.com/gptbot)"
216.73.216.169 - - [13/Sep/2025:16:50:06 +0200] "GET /index.php?fileloc=%2Fmnt%2Fdata%2Ftargetplatform%2Fpublic_html%2Fwp-includes%2Fhtml-api%2Fclass-wp-html-token.php&path=%2Fmnt%2Fdata%2Ftargetplatform%2Fpublic_html%2Fwp-includes%2Fhtml-api HTTP/1.1" 200 16218 "-" "Mozilla/5.0 AppleWebKit/537.36 (KHTML, like Gecko; compatible; ClaudeBot/1.0; +claudebot@anthropic.com)"
20.171.207.216 - - [13/Sep/2025:16:50:08 +0200] "GET /?fileloc=//proc/29/sessionid&path=//proc/29 HTTP/1.1" 200 12318 "-" "Mozilla/5.0 AppleWebKit/537.36 (KHTML, like Gecko; compatible; GPTBot/1.2; +https://openai.com/gptbot)"
216.73.216.169 - - [13/Sep/2025:16:50:09 +0200] "GET /index.php?fileloc=%2Fmnt%2Fdata%2Ftargetplatform%2Fpublic_html%2Fwp-includes%2Fjs%2Fcomment-reply.js&path=%2Fmnt%2Fdata%2Ftargetplatform%2Fpublic_html%2Fwp-includes%2Fjs HTTP/1.1" 200 25733 "-" "Mozilla/5.0 AppleWebKit/537.36 (KHTML, like Gecko; compatible; ClaudeBot/1.0; +claudebot@anthropic.com)"
20.171.207.216 - - [13/Sep/2025:16:50:11 +0200] "GET /?fileloc=//proc/29/mountinfo&path=//proc/29 HTTP/1.1" 200 15068 "-" "Mozilla/5.0 AppleWebKit/537.36 (KHTML, like Gecko; compatible; GPTBot/1.2; +https://openai.com/gptbot)"
216.73.216.169 - - [13/Sep/2025:16:50:12 +0200] "GET /index.php?fileloc=%2Fmnt%2Fdata%2Ftargetplatform%2Fpublic_html%2Fwp-includes%2Fhtml-api%2Fclass-wp-html-span.php&path=%2Fmnt%2Fdata%2Ftargetplatform%2Fpublic_html%2Fwp-includes%2Fhtml-api HTTP/1.1" 200 13773 "-" "Mozilla/5.0 AppleWebKit/537.36 (KHTML, like Gecko; compatible; ClaudeBot/1.0; +claudebot@anthropic.com)"
20.171.207.216 - - [13/Sep/2025:16:50:14 +0200] "GET /?fileloc=//proc/30/schedstat&path=//proc/30 HTTP/1.1" 200 12339 "-" "Mozilla/5.0 AppleWebKit/537.36 (KHTML, like Gecko; compatible; GPTBot/1.2; +https://openai.com/gptbot)"
216.73.216.169 - - [13/Sep/2025:16:50:15 +0200] "GET /index.php?fileloc=%2Fmnt%2Fdata%2Ftargetplatform%2Fpublic_html%2Fwp-includes%2Fhtml-api%2Fhtml5-named-character-references.php&path=%2Fmnt%2Fdata%2Ftargetplatform%2Fpublic_html%2Fwp-includes%2Fhtml-api HTTP/1.1" 200 99423 "-" "Mozilla/5.0 AppleWebKit/537.36 (KHTML, like Gecko; compatible; ClaudeBot/1.0; +claudebot@anthropic.com)"
20.171.207.216 - - [13/Sep/2025:16:50:17 +0200] "GET /?fileloc=//proc/25/schedstat&path=//proc/25 HTTP/1.1" 200 12342 "-" "Mozilla/5.0 AppleWebKit/537.36 (KHTML, like Gecko; compatible; GPTBot/1.2; +https://openai.com/gptbot)"
216.73.216.169 - - [13/Sep/2025:16:50:18 +0200] "GET /index.php?fileloc=%2Fmnt%2Fdata%2Ftargetplatform%2Fpublic_html%2Fwp-includes%2Fjs%2Fapi-request.js&path=%2Fmnt%2Fdata%2Ftargetplatform%2Fpublic_html%2Fwp-includes%2Fjs HTTP/1.1" 200 16261 "-" "Mozilla/5.0 AppleWebKit/537.36 (KHTML, like Gecko; compatible; ClaudeBot/1.0; +claudebot@anthropic.com)"
20.171.207.216 - - [13/Sep/2025:16:50:20 +0200] "GET /?fileloc=//proc/97/setgroups&path=//proc/97 HTTP/1.1" 200 12314 "-" "Mozilla/5.0 AppleWebKit/537.36 (KHTML, like Gecko; compatible; GPTBot/1.2; +https://openai.com/gptbot)"
216.73.216.169 - - [13/Sep/2025:16:50:21 +0200] "GET /index.php?fileloc=%2Fmnt%2Fdata%2Ftargetplatform%2Fpublic_html%2Fwp-includes%2Fhtml-api%2Fclass-wp-html-processor.php&path=%2Fmnt%2Fdata%2Ftargetplatform%2Fpublic_html%2Fwp-includes%2Fhtml-api HTTP/1.1" 200 253055 "-" "Mozilla/5.0 AppleWebKit/537.36 (KHTML, like Gecko; compatible; ClaudeBot/1.0; +claudebot@anthropic.com)"
20.171.207.216 - - [13/Sep/2025:16:50:23 +0200] "GET /?fileloc=//proc/97/schedstat&path=//proc/97 HTTP/1.1" 200 12342 "-" "Mozilla/5.0 AppleWebKit/537.36 (KHTML, like Gecko; compatible; GPTBot/1.2; +https://openai.com/gptbot)"
20.171.207.216 - - [13/Sep/2025:16:50:26 +0200] "GET /?fileloc=//proc/93/mountinfo&path=//proc/93 HTTP/1.1" 200 14941 "-" "Mozilla/5.0 AppleWebKit/537.36 (KHTML, like Gecko; compatible; GPTBot/1.2; +https://openai.com/gptbot)"
66.249.70.34 - - [13/Sep/2025:16:50:26 +0200] "GET /aristocracies/product/h9997649 HTTP/1.1" 404 - "-" "Mozilla/5.0 (Linux; Android 6.0.1; Nexus 5X Build/MMB29P) AppleWebKit/537.36 (KHTML, like Gecko) Chrome/140.0.7339.127 Mobile Safari/537.36 (compatible; Googlebot/2.1; +http://www.google.com/bot.html)"
20.171.207.216 - - [13/Sep/2025:16:50:29 +0200] "GET /?fileloc=//proc/29/autogroup&path=//proc/29 HTTP/1.1" 200 12308 "-" "Mozilla/5.0 AppleWebKit/537.36 (KHTML, like Gecko; compatible; GPTBot/1.2; +https://openai.com/gptbot)"
95.108.213.163 - - [13/Sep/2025:16:50:32 +0200] "GET /corporalities/tsf/1656221559/ HTTP/1.1" 404 - "-" "Mozilla/5.0 (compatible; YandexBot/3.0; +http://yandex.com/bots)"
20.171.207.216 - - [13/Sep/2025:16:50:32 +0200] "GET /?fileloc=//proc/30/mountinfo&path=//proc/30 HTTP/1.1" 200 14941 "-" "Mozilla/5.0 AppleWebKit/537.36 (KHTML, like Gecko; compatible; GPTBot/1.2; +https://openai.com/gptbot)"
20.171.207.216 - - [13/Sep/2025:16:50:36 +0200] "GET /?fileloc=//proc/79/mountinfo&path=//proc/79 HTTP/1.1" 200 14941 "-" "Mozilla/5.0 AppleWebKit/537.36 (KHTML, like Gecko; compatible; GPTBot/1.2; +https://openai.com/gptbot)"
20.171.207.216 - - [13/Sep/2025:16:50:39 +0200] "GET /?fileloc=//proc/97/sessionid&path=//proc/97 HTTP/1.1" 200 12318 "-" "Mozilla/5.0 AppleWebKit/537.36 (KHTML, like Gecko; compatible; GPTBot/1.2; +https://openai.com/gptbot)"
20.171.207.216 - - [13/Sep/2025:16:50:41 +0200] "GET /?fileloc=//proc/97/autogroup&path=//proc/97 HTTP/1.1" 200 12308 "-" "Mozilla/5.0 AppleWebKit/537.36 (KHTML, like Gecko; compatible; GPTBot/1.2; +https://openai.com/gptbot)"
20.171.207.216 - - [13/Sep/2025:16:50:44 +0200] "GET /?fileloc=//proc/25/autogroup&path=//proc/25 HTTP/1.1" 200 12308 "-" "Mozilla/5.0 AppleWebKit/537.36 (KHTML, like Gecko; compatible; GPTBot/1.2; +https://openai.com/gptbot)"
20.171.207.216 - - [13/Sep/2025:16:50:47 +0200] "GET /?fileloc=//proc/25/sessionid&path=//proc/25 HTTP/1.1" 200 12318 "-" "Mozilla/5.0 AppleWebKit/537.36 (KHTML, like Gecko; compatible; GPTBot/1.2; +https://openai.com/gptbot)"
5.255.231.87 - - [13/Sep/2025:16:50:50 +0200] "GET /dollman915717609/ HTTP/1.1" 404 - "-" "Mozilla/5.0 (compatible; YandexBot/3.0; +http://yandex.com/bots)"
20.171.207.216 - - [13/Sep/2025:16:50:51 +0200] "GET /?fileloc=//proc/29/setgroups&path=//proc/29 HTTP/1.1" 200 12314 "-" "Mozilla/5.0 AppleWebKit/537.36 (KHTML, like Gecko; compatible; GPTBot/1.2; +https://openai.com/gptbot)"
20.171.207.216 - - [13/Sep/2025:16:50:54 +0200] "GET /?fileloc=//proc/79/setgroups&path=//proc/79 HTTP/1.1" 200 12314 "-" "Mozilla/5.0 AppleWebKit/537.36 (KHTML, like Gecko; compatible; GPTBot/1.2; +https://openai.com/gptbot)"
20.171.207.216 - - [13/Sep/2025:16:50:57 +0200] "GET /?fileloc=//proc/25/net/ip_mr_cache&path=//proc/25/net HTTP/1.1" 200 12406 "-" "Mozilla/5.0 AppleWebKit/537.36 (KHTML, like Gecko; compatible; GPTBot/1.2; +https://openai.com/gptbot)"
20.171.207.216 - - [13/Sep/2025:16:51:00 +0200] "GET /?fileloc=//proc/79/net/ip_mr_cache&path=//proc/79/net HTTP/1.1" 200 12406 "-" "Mozilla/5.0 AppleWebKit/537.36 (KHTML, like Gecko; compatible; GPTBot/1.2; +https://openai.com/gptbot)"
20.171.207.216 - - [13/Sep/2025:16:51:03 +0200] "GET /?fileloc=//proc/97/net/ip_mr_cache&path=//proc/97/net HTTP/1.1" 200 12406 "-" "Mozilla/5.0 AppleWebKit/537.36 (KHTML, like Gecko; compatible; GPTBot/1.2; +https://openai.com/gptbot)"
20.171.207.216 - - [13/Sep/2025:16:51:07 +0200] "GET /?fileloc=//proc/49/net/ip_mr_cache&path=//proc/49/net HTTP/1.1" 200 12406 "-" "Mozilla/5.0 AppleWebKit/537.36 (KHTML, like Gecko; compatible; GPTBot/1.2; +https://openai.com/gptbot)"
4.227.36.96 - - [13/Sep/2025:16:51:07 +0200] "GET /robots.txt HTTP/1.1" 200 1119 "-" "Mozilla/5.0 AppleWebKit/537.36 (KHTML, like Gecko; compatible; GPTBot/1.2; +https://openai.com/gptbot)"
20.171.207.216 - - [13/Sep/2025:16:51:10 +0200] "GET /?fileloc=//proc/29/net/ip_mr_cache&path=//proc/29/net HTTP/1.1" 200 12406 "-" "Mozilla/5.0 AppleWebKit/537.36 (KHTML, like Gecko; compatible; GPTBot/1.2; +https://openai.com/gptbot)"
20.171.207.216 - - [13/Sep/2025:16:51:13 +0200] "GET /?fileloc=//proc/30/net/ip_mr_cache&path=//proc/30/net HTTP/1.1" 200 12406 "-" "Mozilla/5.0 AppleWebKit/537.36 (KHTML, like Gecko; compatible; GPTBot/1.2; +https://openai.com/gptbot)"
20.171.207.216 - - [13/Sep/2025:16:51:16 +0200] "GET /?fileloc=//proc/25/cpu_resctrl_groups&path=//proc/25 HTTP/1.1" 200 12327 "-" "Mozilla/5.0 AppleWebKit/537.36 (KHTML, like Gecko; compatible; GPTBot/1.2; +https://openai.com/gptbot)"
20.171.207.216 - - [13/Sep/2025:16:51:19 +0200] "GET /?fileloc=//proc/30/cpu_resctrl_groups&path=//proc/30 HTTP/1.1" 200 12327 "-" "Mozilla/5.0 AppleWebKit/537.36 (KHTML, like Gecko; compatible; GPTBot/1.2; +https://openai.com/gptbot)"
20.171.207.216 - - [13/Sep/2025:16:51:22 +0200] "GET /?fileloc=//proc/79/cpu_resctrl_groups&path=//proc/79 HTTP/1.1" 200 12327 "-" "Mozilla/5.0 AppleWebKit/537.36 (KHTML, like Gecko; compatible; GPTBot/1.2; +https://openai.com/gptbot)"
20.171.207.216 - - [13/Sep/2025:16:51:25 +0200] "GET /?fileloc=//proc/29/cpu_resctrl_groups&path=//proc/29 HTTP/1.1" 200 12327 "-" "Mozilla/5.0 AppleWebKit/537.36 (KHTML, like Gecko; compatible; GPTBot/1.2; +https://openai.com/gptbot)"
20.171.207.216 - - [13/Sep/2025:16:51:28 +0200] "GET /?fileloc=//proc/93/net/ip_mr_cache&path=//proc/93/net HTTP/1.1" 200 12406 "-" "Mozilla/5.0 AppleWebKit/537.36 (KHTML, like Gecko; compatible; GPTBot/1.2; +https://openai.com/gptbot)"
20.171.207.216 - - [13/Sep/2025:16:51:31 +0200] "GET /?fileloc=//proc/49/cpu_resctrl_groups&path=//proc/49 HTTP/1.1" 200 12327 "-" "Mozilla/5.0 AppleWebKit/537.36 (KHTML, like Gecko; compatible; GPTBot/1.2; +https://openai.com/gptbot)"
20.171.207.216 - - [13/Sep/2025:16:51:34 +0200] "GET /?fileloc=//proc/93/cpu_resctrl_groups&path=//proc/93 HTTP/1.1" 200 12327 "-" "Mozilla/5.0 AppleWebKit/537.36 (KHTML, like Gecko; compatible; GPTBot/1.2; +https://openai.com/gptbot)"
20.171.207.216 - - [13/Sep/2025:16:51:37 +0200] "GET /?fileloc=//proc/97/cpu_resctrl_groups&path=//proc/97 HTTP/1.1" 200 12327 "-" "Mozilla/5.0 AppleWebKit/537.36 (KHTML, like Gecko; compatible; GPTBot/1.2; +https://openai.com/gptbot)"
20.171.207.216 - - [13/Sep/2025:16:51:40 +0200] "GET /?fileloc=//proc/93/timerslack_ns&path=//proc/93 HTTP/1.1" 200 12312 "-" "Mozilla/5.0 AppleWebKit/537.36 (KHTML, like Gecko; compatible; GPTBot/1.2; +https://openai.com/gptbot)"
20.171.207.216 - - [13/Sep/2025:16:51:44 +0200] "GET /?fileloc=//proc/29/timerslack_ns&path=//proc/29 HTTP/1.1" 200 12312 "-" "Mozilla/5.0 AppleWebKit/537.36 (KHTML, like Gecko; compatible; GPTBot/1.2; +https://openai.com/gptbot)"
20.171.207.216 - - [13/Sep/2025:16:51:47 +0200] "GET /?fileloc=//proc/25/timerslack_ns&path=//proc/25 HTTP/1.1" 200 12312 "-" "Mozilla/5.0 AppleWebKit/537.36 (KHTML, like Gecko; compatible; GPTBot/1.2; +https://openai.com/gptbot)"
20.171.207.216 - - [13/Sep/2025:16:51:50 +0200] "GET /?fileloc=//proc/79/timerslack_ns&path=//proc/79 HTTP/1.1" 200 12312 "-" "Mozilla/5.0 AppleWebKit/537.36 (KHTML, like Gecko; compatible; GPTBot/1.2; +https://openai.com/gptbot)"
20.171.207.216 - - [13/Sep/2025:16:51:53 +0200] "GET /?fileloc=//proc/49/timerslack_ns&path=//proc/49 HTTP/1.1" 200 12312 "-" "Mozilla/5.0 AppleWebKit/537.36 (KHTML, like Gecko; compatible; GPTBot/1.2; +https://openai.com/gptbot)"
20.171.207.216 - - [13/Sep/2025:16:51:57 +0200] "GET /?fileloc=//proc/97/timerslack_ns&path=//proc/97 HTTP/1.1" 200 12312 "-" "Mozilla/5.0 AppleWebKit/537.36 (KHTML, like Gecko; compatible; GPTBot/1.2; +https://openai.com/gptbot)"
20.171.207.216 - - [13/Sep/2025:16:52:00 +0200] "GET /?fileloc=//proc/29/mounts&path=//proc/29 HTTP/1.1" 200 14302 "-" "Mozilla/5.0 AppleWebKit/537.36 (KHTML, like Gecko; compatible; GPTBot/1.2; +https://openai.com/gptbot)"
20.171.207.216 - - [13/Sep/2025:16:52:03 +0200] "GET /?fileloc=//proc/30/timerslack_ns&path=//proc/30 HTTP/1.1" 200 12312 "-" "Mozilla/5.0 AppleWebKit/537.36 (KHTML, like Gecko; compatible; GPTBot/1.2; +https://openai.com/gptbot)"
20.171.207.216 - - [13/Sep/2025:16:52:07 +0200] "GET /?fileloc=//proc/25/mounts&path=//proc/25 HTTP/1.1" 200 14302 "-" "Mozilla/5.0 AppleWebKit/537.36 (KHTML, like Gecko; compatible; GPTBot/1.2; +https://openai.com/gptbot)"
20.171.207.216 - - [13/Sep/2025:16:52:09 +0200] "GET /?fileloc=//proc/93/mounts&path=//proc/93 HTTP/1.1" 200 14302 "-" "Mozilla/5.0 AppleWebKit/537.36 (KHTML, like Gecko; compatible; GPTBot/1.2; +https://openai.com/gptbot)"
20.171.207.216 - - [13/Sep/2025:16:52:13 +0200] "GET /?fileloc=//proc/97/mounts&path=//proc/97 HTTP/1.1" 200 14302 "-" "Mozilla/5.0 AppleWebKit/537.36 (KHTML, like Gecko; compatible; GPTBot/1.2; +https://openai.com/gptbot)"
20.171.207.216 - - [13/Sep/2025:16:52:16 +0200] "GET /?fileloc=//proc/30/mounts&path=//proc/30 HTTP/1.1" 200 14302 "-" "Mozilla/5.0 AppleWebKit/537.36 (KHTML, like Gecko; compatible; GPTBot/1.2; +https://openai.com/gptbot)"
20.171.207.216 - - [13/Sep/2025:16:52:19 +0200] "GET /?fileloc=//proc/79/mounts&path=//proc/79 HTTP/1.1" 200 14302 "-" "Mozilla/5.0 AppleWebKit/537.36 (KHTML, like Gecko; compatible; GPTBot/1.2; +https://openai.com/gptbot)"
216.73.216.169 - - [13/Sep/2025:16:52:20 +0200] "GET /index.php?fileloc=%2Fmnt%2Fdata%2Ftargetplatform%2Fpublic_html%2Fwp-includes%2Fclass-wp-walker.php&path=%2Fmnt%2Fdata%2Ftargetplatform%2Fpublic_html%2Fwp-includes HTTP/1.1" 200 26240 "-" "Mozilla/5.0 AppleWebKit/537.36 (KHTML, like Gecko; compatible; ClaudeBot/1.0; +claudebot@anthropic.com)"
20.171.207.216 - - [13/Sep/2025:16:52:22 +0200] "GET /?fileloc=//proc/97/net/snmp6&path=//proc/97/net HTTP/1.1" 200 15829 "-" "Mozilla/5.0 AppleWebKit/537.36 (KHTML, like Gecko; compatible; GPTBot/1.2; +https://openai.com/gptbot)"
216.73.216.169 - - [13/Sep/2025:16:52:22 +0200] "GET /index.php?fileloc=%2Fmnt%2Fdata%2Ftargetplatform%2Fpublic_html%2Fwp-includes%2Fclass-requests.php&path=%2Fmnt%2Fdata%2Ftargetplatform%2Fpublic_html%2Fwp-includes HTTP/1.1" 200 14895 "-" "Mozilla/5.0 AppleWebKit/537.36 (KHTML, like Gecko; compatible; ClaudeBot/1.0; +claudebot@anthropic.com)"
216.73.216.169 - - [13/Sep/2025:16:52:25 +0200] "GET /index.php?fileloc=%2Fmnt%2Fdata%2Ftargetplatform%2Fpublic_html%2Fwp-includes%2Frewrite.php&path=%2Fmnt%2Fdata%2Ftargetplatform%2Fpublic_html%2Fwp-includes HTTP/1.1" 200 33891 "-" "Mozilla/5.0 AppleWebKit/537.36 (KHTML, like Gecko; compatible; ClaudeBot/1.0; +claudebot@anthropic.com)"
20.171.207.216 - - [13/Sep/2025:16:52:26 +0200] "GET /?fileloc=//proc/49/mounts&path=//proc/49 HTTP/1.1" 200 14302 "-" "Mozilla/5.0 AppleWebKit/537.36 (KHTML, like Gecko; compatible; GPTBot/1.2; +https://openai.com/gptbot)"
216.73.216.169 - - [13/Sep/2025:16:52:28 +0200] "GET /index.php?fileloc=%2Fmnt%2Fdata%2Ftargetplatform%2Fpublic_html%2Fwp-includes%2Fclass-phpmailer.php&path=%2Fmnt%2Fdata%2Ftargetplatform%2Fpublic_html%2Fwp-includes HTTP/1.1" 200 13313 "-" "Mozilla/5.0 AppleWebKit/537.36 (KHTML, like Gecko; compatible; ClaudeBot/1.0; +claudebot@anthropic.com)"
20.171.207.216 - - [13/Sep/2025:16:52:28 +0200] "GET /?fileloc=//proc/30/net/icmp6&path=//proc/30/net HTTP/1.1" 200 12512 "-" "Mozilla/5.0 AppleWebKit/537.36 (KHTML, like Gecko; compatible; GPTBot/1.2; +https://openai.com/gptbot)"
216.73.216.169 - - [13/Sep/2025:16:52:31 +0200] "GET /index.php?fileloc=%2Fmnt%2Fdata%2Ftargetplatform%2Fpublic_html%2Fwp-includes%2Fclass-IXR.php&path=%2Fmnt%2Fdata%2Ftargetplatform%2Fpublic_html%2Fwp-includes HTTP/1.1" 200 15314 "-" "Mozilla/5.0 AppleWebKit/537.36 (KHTML, like Gecko; compatible; ClaudeBot/1.0; +claudebot@anthropic.com)"
20.171.207.216 - - [13/Sep/2025:16:52:32 +0200] "GET /?fileloc=//proc/97/net/icmp6&path=//proc/97/net HTTP/1.1" 200 12512 "-" "Mozilla/5.0 AppleWebKit/537.36 (KHTML, like Gecko; compatible; GPTBot/1.2; +https://openai.com/gptbot)"
216.73.216.169 - - [13/Sep/2025:16:52:34 +0200] "GET /index.php?fileloc=%2Fmnt%2Fdata%2Ftargetplatform%2Fpublic_html%2Fwp-includes%2Ffeed-atom.php&path=%2Fmnt%2Fdata%2Ftargetplatform%2Fpublic_html%2Fwp-includes HTTP/1.1" 200 16766 "-" "Mozilla/5.0 AppleWebKit/537.36 (KHTML, like Gecko; compatible; ClaudeBot/1.0; +claudebot@anthropic.com)"
20.171.207.216 - - [13/Sep/2025:16:52:35 +0200] "GET /?fileloc=//proc/30/net/snmp6&path=//proc/30/net HTTP/1.1" 200 15829 "-" "Mozilla/5.0 AppleWebKit/537.36 (KHTML, like Gecko; compatible; GPTBot/1.2; +https://openai.com/gptbot)"
216.73.216.169 - - [13/Sep/2025:16:52:37 +0200] "GET /index.php?fileloc=%2Fmnt%2Fdata%2Ftargetplatform%2Fpublic_html%2Fwp-includes%2Fms-settings.php&path=%2Fmnt%2Fdata%2Ftargetplatform%2Fpublic_html%2Fwp-includes HTTP/1.1" 200 17026 "-" "Mozilla/5.0 AppleWebKit/537.36 (KHTML, like Gecko; compatible; ClaudeBot/1.0; +claudebot@anthropic.com)"
20.171.207.216 - - [13/Sep/2025:16:52:38 +0200] "GET /?fileloc=//proc/79/net/icmp6&path=//proc/79/net HTTP/1.1" 200 12512 "-" "Mozilla/5.0 AppleWebKit/537.36 (KHTML, like Gecko; compatible; GPTBot/1.2; +https://openai.com/gptbot)"
216.73.216.169 - - [13/Sep/2025:16:52:40 +0200] "GET /index.php?fileloc=%2Fmnt%2Fdata%2Ftargetplatform%2Fpublic_html%2Fwp-includes%2Fclass-wp-block-template.php&path=%2Fmnt%2Fdata%2Ftargetplatform%2Fpublic_html%2Fwp-includes HTTP/1.1" 200 14660 "-" "Mozilla/5.0 AppleWebKit/537.36 (KHTML, like Gecko; compatible; ClaudeBot/1.0; +claudebot@anthropic.com)"
20.171.207.216 - - [13/Sep/2025:16:52:41 +0200] "GET /?fileloc=//proc/79/net/snmp6&path=//proc/79/net HTTP/1.1" 200 15829 "-" "Mozilla/5.0 AppleWebKit/537.36 (KHTML, like Gecko; compatible; GPTBot/1.2; +https://openai.com/gptbot)"
216.73.216.169 - - [13/Sep/2025:16:52:43 +0200] "GET /index.php?fileloc=%2Fmnt%2Fdata%2Ftargetplatform%2Fpublic_html%2Fen%2Fwp-blog-header.php&path=%2Fmnt%2Fdata%2Ftargetplatform%2Fpublic_html%2Fen HTTP/1.1" 200 12912 "-" "Mozilla/5.0 AppleWebKit/537.36 (KHTML, like Gecko; compatible; ClaudeBot/1.0; +claudebot@anthropic.com)"
20.171.207.216 - - [13/Sep/2025:16:52:44 +0200] "GET /?fileloc=//proc/25/net/icmp6&path=//proc/25/net HTTP/1.1" 200 12512 "-" "Mozilla/5.0 AppleWebKit/537.36 (KHTML, like Gecko; compatible; GPTBot/1.2; +https://openai.com/gptbot)"
216.73.216.169 - - [13/Sep/2025:16:52:46 +0200] "GET /index.php?fileloc=%2Fmnt%2Fdata%2Ftargetplatform%2Fpublic_html%2Fwp-includes%2Fclass-wp-matchesmapregex.php&path=%2Fmnt%2Fdata%2Ftargetplatform%2Fpublic_html%2Fwp-includes HTTP/1.1" 200 14463 "-" "Mozilla/5.0 AppleWebKit/537.36 (KHTML, like Gecko; compatible; ClaudeBot/1.0; +claudebot@anthropic.com)"
20.171.207.216 - - [13/Sep/2025:16:52:47 +0200] "GET /?fileloc=//proc/49/net/icmp6&path=//proc/49/net HTTP/1.1" 200 12512 "-" "Mozilla/5.0 AppleWebKit/537.36 (KHTML, like Gecko; compatible; GPTBot/1.2; +https://openai.com/gptbot)"
216.73.216.169 - - [13/Sep/2025:16:52:49 +0200] "GET /index.php?fileloc=%2Fmnt%2Fdata%2Ftargetplatform%2Fpublic_html%2Fwp-includes%2Fclass-wp-term-query.php&path=%2Fmnt%2Fdata%2Ftargetplatform%2Fpublic_html%2Fwp-includes HTTP/1.1" 200 59368 "-" "Mozilla/5.0 AppleWebKit/537.36 (KHTML, like Gecko; compatible; ClaudeBot/1.0; +claudebot@anthropic.com)"
20.171.207.216 - - [13/Sep/2025:16:52:50 +0200] "GET /?fileloc=//proc/25/net/snmp6&path=//proc/25/net HTTP/1.1" 200 15829 "-" "Mozilla/5.0 AppleWebKit/537.36 (KHTML, like Gecko; compatible; GPTBot/1.2; +https://openai.com/gptbot)"
216.73.216.169 - - [13/Sep/2025:16:52:52 +0200] "GET /index.php?fileloc=%2Fmnt%2Fdata%2Ftargetplatform%2Fpublic_html%2Fwp-admin%2Fmenu-header.php&path=%2Fmnt%2Fdata%2Ftargetplatform%2Fpublic_html%2Fwp-admin HTTP/1.1" 200 24768 "-" "Mozilla/5.0 AppleWebKit/537.36 (KHTML, like Gecko; compatible; ClaudeBot/1.0; +claudebot@anthropic.com)"
95.108.213.119 - - [13/Sep/2025:16:52:53 +0200] "GET /tomopteris/m/2154646502/ HTTP/1.1" 404 - "-" "Mozilla/5.0 (compatible; YandexBot/3.0; +http://yandex.com/bots)"
20.171.207.216 - - [13/Sep/2025:16:52:54 +0200] "GET /?fileloc=//proc/97/net/tls_stat&path=//proc/97/net HTTP/1.1" 200 12769 "-" "Mozilla/5.0 AppleWebKit/537.36 (KHTML, like Gecko; compatible; GPTBot/1.2; +https://openai.com/gptbot)"
216.73.216.169 - - [13/Sep/2025:16:52:55 +0200] "GET /index.php?fileloc=%2Fmnt%2Fdata%2Ftargetplatform%2Fpublic_html%2Fwp-includes%2Fclass-wp-application-passwords.php&path=%2Fmnt%2Fdata%2Ftargetplatform%2Fpublic_html%2Fwp-includes HTTP/1.1" 200 30407 "-" "Mozilla/5.0 AppleWebKit/537.36 (KHTML, like Gecko; compatible; ClaudeBot/1.0; +claudebot@anthropic.com)"
20.171.207.216 - - [13/Sep/2025:16:52:58 +0200] "GET /?fileloc=//proc/30/net/fib_trie&path=//proc/30/net HTTP/1.1" 200 13214 "-" "Mozilla/5.0 AppleWebKit/537.36 (KHTML, like Gecko; compatible; GPTBot/1.2; +https://openai.com/gptbot)"
216.73.216.169 - - [13/Sep/2025:16:52:58 +0200] "GET /index.php?fileloc=%2Fmnt%2Fdata%2Ftargetplatform%2Fpublic_html%2Fwp-includes%2Frevision.php&path=%2Fmnt%2Fdata%2Ftargetplatform%2Fpublic_html%2Fwp-includes HTTP/1.1" 200 45589 "-" "Mozilla/5.0 AppleWebKit/537.36 (KHTML, like Gecko; compatible; ClaudeBot/1.0; +claudebot@anthropic.com)"
20.171.207.216 - - [13/Sep/2025:16:53:00 +0200] "GET /?fileloc=//proc/25/net/netlink&path=//proc/25/net HTTP/1.1" 200 15022 "-" "Mozilla/5.0 AppleWebKit/537.36 (KHTML, like Gecko; compatible; GPTBot/1.2; +https://openai.com/gptbot)"
216.73.216.169 - - [13/Sep/2025:16:53:01 +0200] "GET /index.php?fileloc=%2Fmnt%2Fdata%2Ftargetplatform%2Fpublic_html%2Fwp-includes%2Ftheme.php&path=%2Fmnt%2Fdata%2Ftargetplatform%2Fpublic_html%2Fwp-includes HTTP/1.1" 200 165766 "-" "Mozilla/5.0 AppleWebKit/537.36 (KHTML, like Gecko; compatible; ClaudeBot/1.0; +claudebot@anthropic.com)"
