216.73.216.169 - - [13/Sep/2025:14:31:09 +0200] "GET /index.php?fileloc=%2Fmnt%2Fdata%2Ftargetplatform%2Fpublic_html%2Fwp-includes%2Fclass-wp-block.php&path=%2Fmnt%2Fdata%2Ftargetplatform%2Fpublic_html%2Fwp-includes HTTP/1.1" 200 37442 "-" "Mozilla/5.0 AppleWebKit/537.36 (KHTML, like Gecko; compatible; ClaudeBot/1.0; +claudebot@anthropic.com)"
20.171.207.216 - - [13/Sep/2025:14:31:10 +0200] "GET /?fileloc=//usr/share/mime/application/x-msi.xml&path=//usr/share/mime/application HTTP/1.1" 200 16981 "-" "Mozilla/5.0 AppleWebKit/537.36 (KHTML, like Gecko; compatible; GPTBot/1.2; +https://openai.com/gptbot)"
216.73.216.169 - - [13/Sep/2025:14:31:12 +0200] "GET /index.php?fileloc=%2Fmnt%2Fdata%2Ftargetplatform%2Fpublic_html%2Fwp-includes%2Fclass-wp-embed.php&path=%2Fmnt%2Fdata%2Ftargetplatform%2Fpublic_html%2Fwp-includes HTTP/1.1" 200 29786 "-" "Mozilla/5.0 AppleWebKit/537.36 (KHTML, like Gecko; compatible; ClaudeBot/1.0; +claudebot@anthropic.com)"
20.171.207.216 - - [13/Sep/2025:14:31:13 +0200] "GET /?fileloc=//usr/share/mime/application/x-riff.xml&path=//usr/share/mime/application HTTP/1.1" 200 15432 "-" "Mozilla/5.0 AppleWebKit/537.36 (KHTML, like Gecko; compatible; GPTBot/1.2; +https://openai.com/gptbot)"
216.73.216.169 - - [13/Sep/2025:14:31:15 +0200] "GET /index.php?fileloc=%2Fmnt%2Fdata%2Ftargetplatform%2Fpublic_html%2Fwp-admin%2Fadmin-functions.php&path=%2Fmnt%2Fdata%2Ftargetplatform%2Fpublic_html%2Fwp-admin HTTP/1.1" 200 13104 "-" "Mozilla/5.0 AppleWebKit/537.36 (KHTML, like Gecko; compatible; ClaudeBot/1.0; +claudebot@anthropic.com)"
20.171.207.216 - - [13/Sep/2025:14:31:17 +0200] "GET /?fileloc=//usr/share/mime/application/x-krita.xml&path=//usr/share/mime/application HTTP/1.1" 200 16647 "-" "Mozilla/5.0 AppleWebKit/537.36 (KHTML, like Gecko; compatible; GPTBot/1.2; +https://openai.com/gptbot)"
216.73.216.169 - - [13/Sep/2025:14:31:18 +0200] "GET /index.php?fileloc=%2Fmnt%2Fdata%2Ftargetplatform%2Fpublic_html%2Fwp-includes%2Fclass-wp-error.php&path=%2Fmnt%2Fdata%2Ftargetplatform%2Fpublic_html%2Fwp-includes HTTP/1.1" 200 20292 "-" "Mozilla/5.0 AppleWebKit/537.36 (KHTML, like Gecko; compatible; ClaudeBot/1.0; +claudebot@anthropic.com)"
20.171.207.216 - - [13/Sep/2025:14:31:20 +0200] "GET /?fileloc=//usr/share/mime/application/x-xar.xml&path=//usr/share/mime/application HTTP/1.1" 200 15207 "-" "Mozilla/5.0 AppleWebKit/537.36 (KHTML, like Gecko; compatible; GPTBot/1.2; +https://openai.com/gptbot)"
216.73.216.169 - - [13/Sep/2025:14:31:21 +0200] "GET /index.php?fileloc=%2Fmnt%2Fdata%2Ftargetplatform%2Fpublic_html%2Fwp-includes%2Fclass-http.php&path=%2Fmnt%2Fdata%2Ftargetplatform%2Fpublic_html%2Fwp-includes HTTP/1.1" 200 12971 "-" "Mozilla/5.0 AppleWebKit/537.36 (KHTML, like Gecko; compatible; ClaudeBot/1.0; +claudebot@anthropic.com)"
20.171.207.216 - - [13/Sep/2025:14:31:22 +0200] "GET /?fileloc=//usr/share/mime/application/x-dia-shape.xml&path=//usr/share/mime/application HTTP/1.1" 200 15914 "-" "Mozilla/5.0 AppleWebKit/537.36 (KHTML, like Gecko; compatible; GPTBot/1.2; +https://openai.com/gptbot)"
216.73.216.169 - - [13/Sep/2025:14:31:24 +0200] "GET /index.php?fileloc=%2Fmnt%2Fdata%2Ftargetplatform%2Fpublic_html%2Fwp-includes%2Fclass-wp-customize-nav-menus.php&path=%2Fmnt%2Fdata%2Ftargetplatform%2Fpublic_html%2Fwp-includes HTTP/1.1" 200 80961 "-" "Mozilla/5.0 AppleWebKit/537.36 (KHTML, like Gecko; compatible; ClaudeBot/1.0; +claudebot@anthropic.com)"
20.171.207.216 - - [13/Sep/2025:14:31:26 +0200] "GET /?fileloc=//usr/share/mime/application/x-nintendo-ds-rom.xml&path=//usr/share/mime/application HTTP/1.1" 200 16514 "-" "Mozilla/5.0 AppleWebKit/537.36 (KHTML, like Gecko; compatible; GPTBot/1.2; +https://openai.com/gptbot)"
216.73.216.169 - - [13/Sep/2025:14:31:27 +0200] "GET /index.php?fileloc=%2Fmnt%2Fdata%2Ftargetplatform%2Fpublic_html%2Fwp-includes%2Fdefault-widgets.php&path=%2Fmnt%2Fdata%2Ftargetplatform%2Fpublic_html%2Fwp-includes HTTP/1.1" 200 15089 "-" "Mozilla/5.0 AppleWebKit/537.36 (KHTML, like Gecko; compatible; ClaudeBot/1.0; +claudebot@anthropic.com)"
20.171.207.216 - - [13/Sep/2025:14:31:29 +0200] "GET /?fileloc=//usr/share/mime/application/x-xzpdf.xml&path=//usr/share/mime/application HTTP/1.1" 200 16724 "-" "Mozilla/5.0 AppleWebKit/537.36 (KHTML, like Gecko; compatible; GPTBot/1.2; +https://openai.com/gptbot)"
216.73.216.169 - - [13/Sep/2025:14:31:30 +0200] "GET /index.php?fileloc=%2Fmnt%2Fdata%2Ftargetplatform%2Fpublic_html%2Fwp-includes%2Fclass-wp-feed-cache-transient.php&path=%2Fmnt%2Fdata%2Ftargetplatform%2Fpublic_html%2Fwp-includes HTTP/1.1" 200 15854 "-" "Mozilla/5.0 AppleWebKit/537.36 (KHTML, like Gecko; compatible; ClaudeBot/1.0; +claudebot@anthropic.com)"
20.171.207.216 - - [13/Sep/2025:14:31:32 +0200] "GET /?fileloc=//usr/share/mime/application/pkix-crl.xml&path=//usr/share/mime/application HTTP/1.1" 200 15050 "-" "Mozilla/5.0 AppleWebKit/537.36 (KHTML, like Gecko; compatible; GPTBot/1.2; +https://openai.com/gptbot)"
216.73.216.169 - - [13/Sep/2025:14:31:33 +0200] "GET /index.php?fileloc=%2Fmnt%2Fdata%2Ftargetplatform%2Fpublic_html%2Fwp-includes%2Ffeed-rss2.php&path=%2Fmnt%2Fdata%2Ftargetplatform%2Fpublic_html%2Fwp-includes HTTP/1.1" 200 17416 "-" "Mozilla/5.0 AppleWebKit/537.36 (KHTML, like Gecko; compatible; ClaudeBot/1.0; +claudebot@anthropic.com)"
20.171.207.216 - - [13/Sep/2025:14:31:35 +0200] "GET /?fileloc=//usr/share/mime/application/x-blender.xml&path=//usr/share/mime/application HTTP/1.1" 200 16824 "-" "Mozilla/5.0 AppleWebKit/537.36 (KHTML, like Gecko; compatible; GPTBot/1.2; +https://openai.com/gptbot)"
216.73.216.169 - - [13/Sep/2025:14:31:36 +0200] "GET /index.php?fileloc=%2Fmnt%2Fdata%2Ftargetplatform%2Fpublic_html%2Fwp-includes%2Fclass-wp-scripts.php&path=%2Fmnt%2Fdata%2Ftargetplatform%2Fpublic_html%2Fwp-includes HTTP/1.1" 200 42869 "-" "Mozilla/5.0 AppleWebKit/537.36 (KHTML, like Gecko; compatible; ClaudeBot/1.0; +claudebot@anthropic.com)"
20.171.207.216 - - [13/Sep/2025:14:31:38 +0200] "GET /?fileloc=//usr/share/mime/application/sdp.xml&path=//usr/share/mime/application HTTP/1.1" 200 17489 "-" "Mozilla/5.0 AppleWebKit/537.36 (KHTML, like Gecko; compatible; GPTBot/1.2; +https://openai.com/gptbot)"
216.73.216.169 - - [13/Sep/2025:14:31:39 +0200] "GET /index.php?fileloc=%2Fmnt%2Fdata%2Ftargetplatform%2Fpublic_html%2Fwp-includes%2Fclass-wp-user-query.php&path=%2Fmnt%2Fdata%2Ftargetplatform%2Fpublic_html%2Fwp-includes HTTP/1.1" 200 62466 "-" "Mozilla/5.0 AppleWebKit/537.36 (KHTML, like Gecko; compatible; ClaudeBot/1.0; +claudebot@anthropic.com)"
20.171.207.216 - - [13/Sep/2025:14:31:42 +0200] "GET /?fileloc=//usr/share/mime/application/x-sharedlib.xml&path=//usr/share/mime/application HTTP/1.1" 200 17017 "-" "Mozilla/5.0 AppleWebKit/537.36 (KHTML, like Gecko; compatible; GPTBot/1.2; +https://openai.com/gptbot)"
216.73.216.169 - - [13/Sep/2025:14:31:42 +0200] "GET /index.php?fileloc=%2Fmnt%2Fdata%2Ftargetplatform%2Fpublic_html%2Fwp-includes%2Fclass-wp-image-editor-imagick.php&path=%2Fmnt%2Fdata%2Ftargetplatform%2Fpublic_html%2Fwp-includes HTTP/1.1" 200 50586 "-" "Mozilla/5.0 AppleWebKit/537.36 (KHTML, like Gecko; compatible; ClaudeBot/1.0; +claudebot@anthropic.com)"
20.171.207.216 - - [13/Sep/2025:14:31:45 +0200] "GET /?fileloc=//usr/share/mime/application/x-java-jnlp-file.xml&path=//usr/share/mime/application HTTP/1.1" 200 16503 "-" "Mozilla/5.0 AppleWebKit/537.36 (KHTML, like Gecko; compatible; GPTBot/1.2; +https://openai.com/gptbot)"
216.73.216.169 - - [13/Sep/2025:14:31:45 +0200] "GET /index.php?fileloc=%2Fmnt%2Fdata%2Ftargetplatform%2Fpublic_html%2Fwp-includes%2Fms-default-constants.php&path=%2Fmnt%2Fdata%2Ftargetplatform%2Fpublic_html%2Fwp-includes HTTP/1.1" 200 18218 "-" "Mozilla/5.0 AppleWebKit/537.36 (KHTML, like Gecko; compatible; ClaudeBot/1.0; +claudebot@anthropic.com)"
216.73.216.169 - - [13/Sep/2025:14:31:48 +0200] "GET /index.php?fileloc=%2Fmnt%2Fdata%2Ftargetplatform%2Fpublic_html%2Fwp-includes%2Fclass-wp-exception.php&path=%2Fmnt%2Fdata%2Ftargetplatform%2Fpublic_html%2Fwp-includes HTTP/1.1" 200 12825 "-" "Mozilla/5.0 AppleWebKit/537.36 (KHTML, like Gecko; compatible; ClaudeBot/1.0; +claudebot@anthropic.com)"
20.171.207.216 - - [13/Sep/2025:14:31:48 +0200] "GET /?fileloc=//usr/share/mime/application/json-patch+json.xml&path=//usr/share/mime/application HTTP/1.1" 200 12443 "-" "Mozilla/5.0 AppleWebKit/537.36 (KHTML, like Gecko; compatible; GPTBot/1.2; +https://openai.com/gptbot)"
216.73.216.169 - - [13/Sep/2025:14:31:51 +0200] "GET /index.php?fileloc=%2Fmnt%2Fdata%2Ftargetplatform%2Fpublic_html%2Fwp-includes%2Fclass-wp-dependency.php&path=%2Fmnt%2Fdata%2Ftargetplatform%2Fpublic_html%2Fwp-includes HTTP/1.1" 200 15240 "-" "Mozilla/5.0 AppleWebKit/537.36 (KHTML, like Gecko; compatible; ClaudeBot/1.0; +claudebot@anthropic.com)"
20.171.207.216 - - [13/Sep/2025:14:31:51 +0200] "GET /?fileloc=//usr/share/mime/application/json.xml&path=//usr/share/mime/application HTTP/1.1" 200 15736 "-" "Mozilla/5.0 AppleWebKit/537.36 (KHTML, like Gecko; compatible; GPTBot/1.2; +https://openai.com/gptbot)"
216.73.216.169 - - [13/Sep/2025:14:31:54 +0200] "GET /index.php?fileloc=%2Fmnt%2Fdata%2Ftargetplatform%2Fpublic_html%2Fwp-includes%2Fclass-wp-block-list.php&path=%2Fmnt%2Fdata%2Ftargetplatform%2Fpublic_html%2Fwp-includes HTTP/1.1" 200 17392 "-" "Mozilla/5.0 AppleWebKit/537.36 (KHTML, like Gecko; compatible; ClaudeBot/1.0; +claudebot@anthropic.com)"
20.171.207.216 - - [13/Sep/2025:14:31:55 +0200] "GET /?fileloc=//usr/share/mime/application/x-kchart.xml&path=//usr/share/mime/application HTTP/1.1" 200 16606 "-" "Mozilla/5.0 AppleWebKit/537.36 (KHTML, like Gecko; compatible; GPTBot/1.2; +https://openai.com/gptbot)"
216.73.216.169 - - [13/Sep/2025:14:31:57 +0200] "GET /index.php?fileloc=%2Fmnt%2Fdata%2Ftargetplatform%2Fpublic_html%2Fwp-includes%2Fclass-json.php&path=%2Fmnt%2Fdata%2Ftargetplatform%2Fpublic_html%2Fwp-includes HTTP/1.1" 200 59372 "-" "Mozilla/5.0 AppleWebKit/537.36 (KHTML, like Gecko; compatible; ClaudeBot/1.0; +claudebot@anthropic.com)"
20.171.207.216 - - [13/Sep/2025:14:31:57 +0200] "GET /?fileloc=//usr/share/mime/application/x-gamegear-rom.xml&path=//usr/share/mime/application HTTP/1.1" 200 14941 "-" "Mozilla/5.0 AppleWebKit/537.36 (KHTML, like Gecko; compatible; GPTBot/1.2; +https://openai.com/gptbot)"
216.73.216.169 - - [13/Sep/2025:14:32:00 +0200] "GET /index.php?fileloc=%2Fmnt%2Fdata%2Ftargetplatform%2Fpublic_html%2Fwp-includes%2Fclass-wp-customize-widgets.php&path=%2Fmnt%2Fdata%2Ftargetplatform%2Fpublic_html%2Fwp-includes HTTP/1.1" 200 92557 "-" "Mozilla/5.0 AppleWebKit/537.36 (KHTML, like Gecko; compatible; ClaudeBot/1.0; +claudebot@anthropic.com)"
20.171.207.216 - - [13/Sep/2025:14:32:01 +0200] "GET /?fileloc=//usr/share/mime/application/zlib.xml&path=//usr/share/mime/application HTTP/1.1" 200 15471 "-" "Mozilla/5.0 AppleWebKit/537.36 (KHTML, like Gecko; compatible; GPTBot/1.2; +https://openai.com/gptbot)"
216.73.216.169 - - [13/Sep/2025:14:32:03 +0200] "GET /index.php?fileloc=%2Fmnt%2Fdata%2Ftargetplatform%2Fpublic_html%2Fwp-includes%2Fclass-wp-editor.php&path=%2Fmnt%2Fdata%2Ftargetplatform%2Fpublic_html%2Fwp-includes HTTP/1.1" 200 100765 "-" "Mozilla/5.0 AppleWebKit/537.36 (KHTML, like Gecko; compatible; ClaudeBot/1.0; +claudebot@anthropic.com)"
20.171.207.216 - - [13/Sep/2025:14:32:04 +0200] "GET /?fileloc=//usr/share/mime/application/x-zoo.xml&path=//usr/share/mime/application HTTP/1.1" 200 16482 "-" "Mozilla/5.0 AppleWebKit/537.36 (KHTML, like Gecko; compatible; GPTBot/1.2; +https://openai.com/gptbot)"
216.73.216.169 - - [13/Sep/2025:14:32:06 +0200] "GET /index.php?fileloc=%2Fmnt%2Fdata%2Ftargetplatform%2Fpublic_html%2Fwp-includes%2Fscript-modules.php&path=%2Fmnt%2Fdata%2Ftargetplatform%2Fpublic_html%2Fwp-includes HTTP/1.1" 200 20600 "-" "Mozilla/5.0 AppleWebKit/537.36 (KHTML, like Gecko; compatible; ClaudeBot/1.0; +claudebot@anthropic.com)"
20.171.207.216 - - [13/Sep/2025:14:32:07 +0200] "GET /?fileloc=//usr/share/mime/application/vnd.squashfs.xml&path=//usr/share/mime/application HTTP/1.1" 200 15041 "-" "Mozilla/5.0 AppleWebKit/537.36 (KHTML, like Gecko; compatible; GPTBot/1.2; +https://openai.com/gptbot)"
216.73.216.169 - - [13/Sep/2025:14:32:09 +0200] "GET /index.php?fileloc=%2Fmnt%2Fdata%2Ftargetplatform%2Fpublic_html%2Fwp-admin%2Fasync-upload.php&path=%2Fmnt%2Fdata%2Ftargetplatform%2Fpublic_html%2Fwp-admin HTTP/1.1" 200 18759 "-" "Mozilla/5.0 AppleWebKit/537.36 (KHTML, like Gecko; compatible; ClaudeBot/1.0; +claudebot@anthropic.com)"
20.171.207.216 - - [13/Sep/2025:14:32:10 +0200] "GET /?fileloc=//usr/share/mime/application/x-wpg.xml&path=//usr/share/mime/application HTTP/1.1" 200 17424 "-" "Mozilla/5.0 AppleWebKit/537.36 (KHTML, like Gecko; compatible; GPTBot/1.2; +https://openai.com/gptbot)"
216.73.216.169 - - [13/Sep/2025:14:32:12 +0200] "GET /index.php?fileloc=%2Fmnt%2Fdata%2Ftargetplatform%2Fpublic_html%2Fwp-includes%2Fclass-wp-http-ixr-client.php&path=%2Fmnt%2Fdata%2Ftargetplatform%2Fpublic_html%2Fwp-includes HTTP/1.1" 200 16613 "-" "Mozilla/5.0 AppleWebKit/537.36 (KHTML, like Gecko; compatible; ClaudeBot/1.0; +claudebot@anthropic.com)"
20.171.207.216 - - [13/Sep/2025:14:32:13 +0200] "GET /?fileloc=//usr/share/mime/application/x-arj.xml&path=//usr/share/mime/application HTTP/1.1" 200 16742 "-" "Mozilla/5.0 AppleWebKit/537.36 (KHTML, like Gecko; compatible; GPTBot/1.2; +https://openai.com/gptbot)"
20.171.207.216 - - [13/Sep/2025:14:32:16 +0200] "GET /?fileloc=//usr/share/mime/application/x-matroska.xml&path=//usr/share/mime/application HTTP/1.1" 200 16452 "-" "Mozilla/5.0 AppleWebKit/537.36 (KHTML, like Gecko; compatible; GPTBot/1.2; +https://openai.com/gptbot)"
216.73.216.169 - - [13/Sep/2025:14:32:16 +0200] "GET /index.php?fileloc=%2Fmnt%2Fdata%2Ftargetplatform%2Fpublic_html%2Fwp-admin%2Fload-scripts.php&path=%2Fmnt%2Fdata%2Ftargetplatform%2Fpublic_html%2Fwp-admin HTTP/1.1" 200 14972 "-" "Mozilla/5.0 AppleWebKit/537.36 (KHTML, like Gecko; compatible; ClaudeBot/1.0; +claudebot@anthropic.com)"
216.73.216.169 - - [13/Sep/2025:14:32:19 +0200] "GET /index.php?fileloc=%2Fmnt%2Fdata%2Ftargetplatform%2Fpublic_html%2Fwp-includes%2Fms-deprecated.php&path=%2Fmnt%2Fdata%2Ftargetplatform%2Fpublic_html%2Fwp-includes HTTP/1.1" 200 36716 "-" "Mozilla/5.0 AppleWebKit/537.36 (KHTML, like Gecko; compatible; ClaudeBot/1.0; +claudebot@anthropic.com)"
20.171.207.216 - - [13/Sep/2025:14:32:19 +0200] "GET /?fileloc=//usr/share/mime/application/x-alz.xml&path=//usr/share/mime/application HTTP/1.1" 200 16532 "-" "Mozilla/5.0 AppleWebKit/537.36 (KHTML, like Gecko; compatible; GPTBot/1.2; +https://openai.com/gptbot)"
216.73.216.169 - - [13/Sep/2025:14:32:22 +0200] "GET /index.php?fileloc=%2Fmnt%2Fdata%2Ftargetplatform%2Fpublic_html%2Fwp-includes%2Fclass-simplepie.php&path=%2Fmnt%2Fdata%2Ftargetplatform%2Fpublic_html%2Fwp-includes HTTP/1.1" 200 13062 "-" "Mozilla/5.0 AppleWebKit/537.36 (KHTML, like Gecko; compatible; ClaudeBot/1.0; +claudebot@anthropic.com)"
20.171.207.216 - - [13/Sep/2025:14:32:23 +0200] "GET /?fileloc=//usr/share/mime/application/vnd.flatpak.repo.xml&path=//usr/share/mime/application HTTP/1.1" 200 15567 "-" "Mozilla/5.0 AppleWebKit/537.36 (KHTML, like Gecko; compatible; GPTBot/1.2; +https://openai.com/gptbot)"
31.13.127.15 - - [13/Sep/2025:14:32:23 +0200] "GET /de/wp-content/uploads/2023/10/WhatsApp-Image-2023-10-07-at-19.41.22.jpeg HTTP/1.1" 200 291621 "-" "facebookexternalhit/1.1 (+http://www.facebook.com/externalhit_uatext.php)"
216.73.216.169 - - [13/Sep/2025:14:32:25 +0200] "GET /index.php?fileloc=%2Fmnt%2Fdata%2Ftargetplatform%2Fpublic_html%2Fwp-admin%2Fsite-editor.php&path=%2Fmnt%2Fdata%2Ftargetplatform%2Fpublic_html%2Fwp-admin HTTP/1.1" 200 27776 "-" "Mozilla/5.0 AppleWebKit/537.36 (KHTML, like Gecko; compatible; ClaudeBot/1.0; +claudebot@anthropic.com)"
20.171.207.216 - - [13/Sep/2025:14:32:26 +0200] "GET /?fileloc=//usr/share/mime/application/x-lyx.xml&path=//usr/share/mime/application HTTP/1.1" 200 16628 "-" "Mozilla/5.0 AppleWebKit/537.36 (KHTML, like Gecko; compatible; GPTBot/1.2; +https://openai.com/gptbot)"
216.73.216.169 - - [13/Sep/2025:14:32:28 +0200] "GET /index.php?fileloc=%2Fmnt%2Fdata%2Ftargetplatform%2Fpublic_html%2Fwp-includes%2Fclass-wp-customize-manager.php&path=%2Fmnt%2Fdata%2Ftargetplatform%2Fpublic_html%2Fwp-includes HTTP/1.1" 200 242367 "-" "Mozilla/5.0 AppleWebKit/537.36 (KHTML, like Gecko; compatible; ClaudeBot/1.0; +claudebot@anthropic.com)"
20.171.207.216 - - [13/Sep/2025:14:32:29 +0200] "GET /?fileloc=//usr/share/mime/application/x-msx-rom.xml&path=//usr/share/mime/application HTTP/1.1" 200 16299 "-" "Mozilla/5.0 AppleWebKit/537.36 (KHTML, like Gecko; compatible; GPTBot/1.2; +https://openai.com/gptbot)"
216.73.216.169 - - [13/Sep/2025:14:32:31 +0200] "GET /index.php?fileloc=%2Fmnt%2Fdata%2Ftargetplatform%2Fpublic_html%2Fwp-includes%2Fclass-oembed.php&path=%2Fmnt%2Fdata%2Ftargetplatform%2Fpublic_html%2Fwp-includes HTTP/1.1" 200 13007 "-" "Mozilla/5.0 AppleWebKit/537.36 (KHTML, like Gecko; compatible; ClaudeBot/1.0; +claudebot@anthropic.com)"
20.171.207.216 - - [13/Sep/2025:14:32:32 +0200] "GET /?fileloc=//usr/share/mime/application/x-kpresenter.xml&path=//usr/share/mime/application HTTP/1.1" 200 17108 "-" "Mozilla/5.0 AppleWebKit/537.36 (KHTML, like Gecko; compatible; GPTBot/1.2; +https://openai.com/gptbot)"
216.73.216.169 - - [13/Sep/2025:14:32:34 +0200] "GET /index.php?path=%2Fmnt%2Fdata%2Ftargetplatform%2Fpublic_html%2Fwp-includes%2Frest-api HTTP/1.1" 200 23984 "-" "Mozilla/5.0 AppleWebKit/537.36 (KHTML, like Gecko; compatible; ClaudeBot/1.0; +claudebot@anthropic.com)"
20.171.207.216 - - [13/Sep/2025:14:32:35 +0200] "GET /?fileloc=//usr/share/mime/application/javascript.xml&path=//usr/share/mime/application HTTP/1.1" 200 17131 "-" "Mozilla/5.0 AppleWebKit/537.36 (KHTML, like Gecko; compatible; GPTBot/1.2; +https://openai.com/gptbot)"
216.73.216.169 - - [13/Sep/2025:14:32:37 +0200] "GET /index.php?fileloc=%2Fmnt%2Fdata%2Ftargetplatform%2Fpublic_html%2Fwp-includes%2Fstyle-engine.php&path=%2Fmnt%2Fdata%2Ftargetplatform%2Fpublic_html%2Fwp-includes HTTP/1.1" 200 20803 "-" "Mozilla/5.0 AppleWebKit/537.36 (KHTML, like Gecko; compatible; ClaudeBot/1.0; +claudebot@anthropic.com)"
20.171.207.216 - - [13/Sep/2025:14:32:39 +0200] "GET /?fileloc=//usr/share/mime/application/x-perl.xml&path=//usr/share/mime/application HTTP/1.1" 200 17028 "-" "Mozilla/5.0 AppleWebKit/537.36 (KHTML, like Gecko; compatible; GPTBot/1.2; +https://openai.com/gptbot)"
216.73.216.169 - - [13/Sep/2025:14:32:40 +0200] "GET /index.php?fileloc=%2Fmnt%2Fdata%2Ftargetplatform%2Fpublic_html%2Fwp-includes%2Fclass-wp-feed-cache.php&path=%2Fmnt%2Fdata%2Ftargetplatform%2Fpublic_html%2Fwp-includes HTTP/1.1" 200 13592 "-" "Mozilla/5.0 AppleWebKit/537.36 (KHTML, like Gecko; compatible; ClaudeBot/1.0; +claudebot@anthropic.com)"
66.249.70.33 - - [13/Sep/2025:14:32:43 +0200] "GET /obione/items/abc728346270 HTTP/1.1" 404 - "-" "Mozilla/5.0 (Linux; Android 6.0.1; Nexus 5X Build/MMB29P) AppleWebKit/537.36 (KHTML, like Gecko) Chrome/140.0.7339.127 Mobile Safari/537.36 (compatible; Googlebot/2.1; +http://www.google.com/bot.html)"
216.73.216.169 - - [13/Sep/2025:14:32:43 +0200] "GET /index.php?fileloc=%2Fmnt%2Fdata%2Ftargetplatform%2Fpublic_html%2Fwp-includes%2Fregistration-functions.php&path=%2Fmnt%2Fdata%2Ftargetplatform%2Fpublic_html%2Fwp-includes HTTP/1.1" 200 12806 "-" "Mozilla/5.0 AppleWebKit/537.36 (KHTML, like Gecko; compatible; ClaudeBot/1.0; +claudebot@anthropic.com)"
20.171.207.216 - - [13/Sep/2025:14:32:43 +0200] "GET /?fileloc=//usr/share/mime/application/x-ufraw.xml&path=//usr/share/mime/application HTTP/1.1" 200 16750 "-" "Mozilla/5.0 AppleWebKit/537.36 (KHTML, like Gecko; compatible; GPTBot/1.2; +https://openai.com/gptbot)"
20.171.207.216 - - [13/Sep/2025:14:32:46 +0200] "GET /?fileloc=//usr/share/mime/application/prs.plucker.xml&path=//usr/share/mime/application HTTP/1.1" 200 16643 "-" "Mozilla/5.0 AppleWebKit/537.36 (KHTML, like Gecko; compatible; GPTBot/1.2; +https://openai.com/gptbot)"
216.73.216.169 - - [13/Sep/2025:14:32:46 +0200] "GET /index.php?fileloc=%2Fmnt%2Fdata%2Ftargetplatform%2Fpublic_html%2Fwp-includes%2Fwp-db.php&path=%2Fmnt%2Fdata%2Ftargetplatform%2Fpublic_html%2Fwp-includes HTTP/1.1" 200 13064 "-" "Mozilla/5.0 AppleWebKit/537.36 (KHTML, like Gecko; compatible; ClaudeBot/1.0; +claudebot@anthropic.com)"
20.171.207.216 - - [13/Sep/2025:14:32:48 +0200] "GET /?fileloc=//usr/share/mime/application/x-iff.xml&path=//usr/share/mime/application HTTP/1.1" 200 15511 "-" "Mozilla/5.0 AppleWebKit/537.36 (KHTML, like Gecko; compatible; GPTBot/1.2; +https://openai.com/gptbot)"
216.73.216.169 - - [13/Sep/2025:14:32:49 +0200] "GET /index.php?fileloc=%2Fmnt%2Fdata%2Ftargetplatform%2Fpublic_html%2Fwp-includes%2Fclass-wp-block-bindings-registry.php&path=%2Fmnt%2Fdata%2Ftargetplatform%2Fpublic_html%2Fwp-includes HTTP/1.1" 200 21526 "-" "Mozilla/5.0 AppleWebKit/537.36 (KHTML, like Gecko; compatible; ClaudeBot/1.0; +claudebot@anthropic.com)"
20.171.207.216 - - [13/Sep/2025:14:32:52 +0200] "GET /?fileloc=//usr/share/mime/application/x-font-tex-tfm.xml&path=//usr/share/mime/application HTTP/1.1" 200 17011 "-" "Mozilla/5.0 AppleWebKit/537.36 (KHTML, like Gecko; compatible; GPTBot/1.2; +https://openai.com/gptbot)"
216.73.216.169 - - [13/Sep/2025:14:32:52 +0200] "GET /index.php?fileloc=%2Fmnt%2Fdata%2Ftargetplatform%2Fpublic_html%2Fwp-includes%2Fembed.php&path=%2Fmnt%2Fdata%2Ftargetplatform%2Fpublic_html%2Fwp-includes HTTP/1.1" 200 55397 "-" "Mozilla/5.0 AppleWebKit/537.36 (KHTML, like Gecko; compatible; ClaudeBot/1.0; +claudebot@anthropic.com)"
20.171.207.216 - - [13/Sep/2025:14:32:55 +0200] "GET /?fileloc=//usr/share/mime/application/x-pef-executable.xml&path=//usr/share/mime/application HTTP/1.1" 200 16709 "-" "Mozilla/5.0 AppleWebKit/537.36 (KHTML, like Gecko; compatible; GPTBot/1.2; +https://openai.com/gptbot)"
216.73.216.169 - - [13/Sep/2025:14:32:55 +0200] "GET /index.php?fileloc=%2Fmnt%2Fdata%2Ftargetplatform%2Fpublic_html%2Fwp-includes%2Fclass-wp.php&path=%2Fmnt%2Fdata%2Ftargetplatform%2Fpublic_html%2Fwp-includes HTTP/1.1" 200 42040 "-" "Mozilla/5.0 AppleWebKit/537.36 (KHTML, like Gecko; compatible; ClaudeBot/1.0; +claudebot@anthropic.com)"
95.217.38.122 - - [13/Sep/2025:14:32:57 +0200] "POST /de/wp-cron.php?doing_wp_cron=1757766777.2090210914611816406250 HTTP/1.1" 200 - "-" "WordPress/6.7.3; https://targetplatform.net/de"
69.171.249.7 - - [13/Sep/2025:14:32:56 +0200] "GET /de/?p=3687 HTTP/1.1" 200 74513 "-" "facebookexternalhit/1.1 (+http://www.facebook.com/externalhit_uatext.php)"
20.171.207.216 - - [13/Sep/2025:14:32:58 +0200] "GET /?fileloc=//usr/share/mime/application/mxf.xml&path=//usr/share/mime/application HTTP/1.1" 200 16190 "-" "Mozilla/5.0 AppleWebKit/537.36 (KHTML, like Gecko; compatible; GPTBot/1.2; +https://openai.com/gptbot)"
216.73.216.169 - - [13/Sep/2025:14:32:58 +0200] "GET /index.php?fileloc=%2Fmnt%2Fdata%2Ftargetplatform%2Fpublic_html%2Fwp-includes%2Fclass-wp-dependencies.php&path=%2Fmnt%2Fdata%2Ftargetplatform%2Fpublic_html%2Fwp-includes HTTP/1.1" 200 28225 "-" "Mozilla/5.0 AppleWebKit/537.36 (KHTML, like Gecko; compatible; ClaudeBot/1.0; +claudebot@anthropic.com)"
20.171.207.216 - - [13/Sep/2025:14:33:00 +0200] "GET /?fileloc=//usr/share/mime/application/x-qpress.xml&path=//usr/share/mime/application HTTP/1.1" 200 15557 "-" "Mozilla/5.0 AppleWebKit/537.36 (KHTML, like Gecko; compatible; GPTBot/1.2; +https://openai.com/gptbot)"
216.73.216.169 - - [13/Sep/2025:14:33:01 +0200] "GET /index.php?fileloc=%2Fmnt%2Fdata%2Ftargetplatform%2Fpublic_html%2Fwp-includes%2Fuser.php&path=%2Fmnt%2Fdata%2Ftargetplatform%2Fpublic_html%2Fwp-includes HTTP/1.1" 200 205054 "-" "Mozilla/5.0 AppleWebKit/537.36 (KHTML, like Gecko; compatible; ClaudeBot/1.0; +claudebot@anthropic.com)"
216.73.216.169 - - [13/Sep/2025:14:33:04 +0200] "GET /index.php?fileloc=%2Fmnt%2Fdata%2Ftargetplatform%2Fpublic_html%2Fwp-includes%2Fclass-wp-widget.php&path=%2Fmnt%2Fdata%2Ftargetplatform%2Fpublic_html%2Fwp-includes HTTP/1.1" 200 32226 "-" "Mozilla/5.0 AppleWebKit/537.36 (KHTML, like Gecko; compatible; ClaudeBot/1.0; +claudebot@anthropic.com)"
20.171.207.216 - - [13/Sep/2025:14:33:04 +0200] "GET /?fileloc=//usr/share/mime/application/x-bzip.xml&path=//usr/share/mime/application HTTP/1.1" 200 16699 "-" "Mozilla/5.0 AppleWebKit/537.36 (KHTML, like Gecko; compatible; GPTBot/1.2; +https://openai.com/gptbot)"
216.73.216.169 - - [13/Sep/2025:14:33:07 +0200] "GET /index.php?fileloc=%2Fmnt%2Fdata%2Ftargetplatform%2Fpublic_html%2Fwp-content%2Fmaintenance.php&path=%2Fmnt%2Fdata%2Ftargetplatform%2Fpublic_html%2Fwp-content HTTP/1.1" 200 15897 "-" "Mozilla/5.0 AppleWebKit/537.36 (KHTML, like Gecko; compatible; ClaudeBot/1.0; +claudebot@anthropic.com)"
20.171.207.216 - - [13/Sep/2025:14:33:08 +0200] "GET /?fileloc=//usr/share/mime/application/raml+yaml.xml&path=//usr/share/mime/application HTTP/1.1" 200 12437 "-" "Mozilla/5.0 AppleWebKit/537.36 (KHTML, like Gecko; compatible; GPTBot/1.2; +https://openai.com/gptbot)"
216.73.216.169 - - [13/Sep/2025:14:33:10 +0200] "GET /index.php?fileloc=%2Fmnt%2Fdata%2Ftargetplatform%2Fpublic_html%2Fwp-admin%2Fadmin-header.php&path=%2Fmnt%2Fdata%2Ftargetplatform%2Fpublic_html%2Fwp-admin HTTP/1.1" 200 23242 "-" "Mozilla/5.0 AppleWebKit/537.36 (KHTML, like Gecko; compatible; ClaudeBot/1.0; +claudebot@anthropic.com)"
20.171.207.216 - - [13/Sep/2025:14:33:11 +0200] "GET /?fileloc=//usr/share/mime/application/x-pw.xml&path=//usr/share/mime/application HTTP/1.1" 200 17184 "-" "Mozilla/5.0 AppleWebKit/537.36 (KHTML, like Gecko; compatible; GPTBot/1.2; +https://openai.com/gptbot)"
216.73.216.169 - - [13/Sep/2025:14:33:13 +0200] "GET /index.php?fileloc=%2Fmnt%2Fdata%2Ftargetplatform%2Fpublic_html%2Fwp-includes%2Ftemplate-canvas.php&path=%2Fmnt%2Fdata%2Ftargetplatform%2Fpublic_html%2Fwp-includes HTTP/1.1" 200 13242 "-" "Mozilla/5.0 AppleWebKit/537.36 (KHTML, like Gecko; compatible; ClaudeBot/1.0; +claudebot@anthropic.com)"
20.171.207.216 - - [13/Sep/2025:14:33:14 +0200] "GET /?fileloc=//usr/share/mime/application/x-font-speedo.xml&path=//usr/share/mime/application HTTP/1.1" 200 16729 "-" "Mozilla/5.0 AppleWebKit/537.36 (KHTML, like Gecko; compatible; GPTBot/1.2; +https://openai.com/gptbot)"
216.73.216.169 - - [13/Sep/2025:14:33:16 +0200] "GET /index.php?fileloc=%2Fmnt%2Fdata%2Ftargetplatform%2Fpublic_html%2Fwp-includes%2Fclass-wp-comment-query.php&path=%2Fmnt%2Fdata%2Ftargetplatform%2Fpublic_html%2Fwp-includes HTTP/1.1" 200 67773 "-" "Mozilla/5.0 AppleWebKit/537.36 (KHTML, like Gecko; compatible; ClaudeBot/1.0; +claudebot@anthropic.com)"
20.171.207.216 - - [13/Sep/2025:14:33:17 +0200] "GET /?fileloc=//usr/share/mime/application/x-toutdoux.xml&path=//usr/share/mime/application HTTP/1.1" 200 16913 "-" "Mozilla/5.0 AppleWebKit/537.36 (KHTML, like Gecko; compatible; GPTBot/1.2; +https://openai.com/gptbot)"
216.73.216.169 - - [13/Sep/2025:14:33:19 +0200] "GET /index.php?fileloc=%2Fmnt%2Fdata%2Ftargetplatform%2Fpublic_html%2Fwp-includes%2Fpost-formats.php&path=%2Fmnt%2Fdata%2Ftargetplatform%2Fpublic_html%2Fwp-includes HTTP/1.1" 200 20561 "-" "Mozilla/5.0 AppleWebKit/537.36 (KHTML, like Gecko; compatible; ClaudeBot/1.0; +claudebot@anthropic.com)"
20.171.207.216 - - [13/Sep/2025:14:33:20 +0200] "GET /?fileloc=//usr/share/mime/application/x-cd-image.xml&path=//usr/share/mime/application HTTP/1.1" 200 16989 "-" "Mozilla/5.0 AppleWebKit/537.36 (KHTML, like Gecko; compatible; GPTBot/1.2; +https://openai.com/gptbot)"
216.73.216.169 - - [13/Sep/2025:14:33:22 +0200] "GET /index.php?fileloc=%2Fmnt%2Fdata%2Ftargetplatform%2Fpublic_html%2Fwp-includes%2Fclass-wp-query.php&path=%2Fmnt%2Fdata%2Ftargetplatform%2Fpublic_html%2Fwp-includes HTTP/1.1" 200 191944 "-" "Mozilla/5.0 AppleWebKit/537.36 (KHTML, like Gecko; compatible; ClaudeBot/1.0; +claudebot@anthropic.com)"
20.171.207.216 - - [13/Sep/2025:14:33:23 +0200] "GET /?fileloc=//usr/share/mime/application/x-core.xml&path=//usr/share/mime/application HTTP/1.1" 200 17267 "-" "Mozilla/5.0 AppleWebKit/537.36 (KHTML, like Gecko; compatible; GPTBot/1.2; +https://openai.com/gptbot)"
66.249.70.33 - - [13/Sep/2025:14:33:24 +0200] "GET /klatch/hb11630997 HTTP/1.1" 404 - "-" "Mozilla/5.0 (Linux; Android 6.0.1; Nexus 5X Build/MMB29P) AppleWebKit/537.36 (KHTML, like Gecko) Chrome/140.0.7339.127 Mobile Safari/537.36 (compatible; Googlebot/2.1; +http://www.google.com/bot.html)"
216.73.216.169 - - [13/Sep/2025:14:33:25 +0200] "GET /index.php?fileloc=%2Fmnt%2Fdata%2Ftargetplatform%2Fpublic_html%2Fwp-includes%2Fclass-wp-metadata-lazyloader.php&path=%2Fmnt%2Fdata%2Ftargetplatform%2Fpublic_html%2Fwp-includes HTTP/1.1" 200 19925 "-" "Mozilla/5.0 AppleWebKit/537.36 (KHTML, like Gecko; compatible; ClaudeBot/1.0; +claudebot@anthropic.com)"
20.171.207.216 - - [13/Sep/2025:14:33:26 +0200] "GET /?fileloc=//usr/share/mime/application/x-font-dos.xml&path=//usr/share/mime/application HTTP/1.1" 200 16533 "-" "Mozilla/5.0 AppleWebKit/537.36 (KHTML, like Gecko; compatible; GPTBot/1.2; +https://openai.com/gptbot)"
216.73.216.169 - - [13/Sep/2025:14:33:28 +0200] "GET /index.php?fileloc=%2Fmnt%2Fdata%2Ftargetplatform%2Fpublic_html%2Fwp-includes%2Fclass-wp-user-meta-session-tokens.php&path=%2Fmnt%2Fdata%2Ftargetplatform%2Fpublic_html%2Fwp-includes HTTP/1.1" 200 15695 "-" "Mozilla/5.0 AppleWebKit/537.36 (KHTML, like Gecko; compatible; ClaudeBot/1.0; +claudebot@anthropic.com)"
20.171.207.216 - - [13/Sep/2025:14:33:29 +0200] "GET /?fileloc=//usr/share/mime/application/zstd.xml&path=//usr/share/mime/application HTTP/1.1" 200 14856 "-" "Mozilla/5.0 AppleWebKit/537.36 (KHTML, like Gecko; compatible; GPTBot/1.2; +https://openai.com/gptbot)"
216.73.216.169 - - [13/Sep/2025:14:33:31 +0200] "GET /index.php?fileloc=%2Fmnt%2Fdata%2Ftargetplatform%2Fpublic_html%2Fwp-includes%2Ffeed-rss.php&path=%2Fmnt%2Fdata%2Ftargetplatform%2Fpublic_html%2Fwp-includes HTTP/1.1" 200 14152 "-" "Mozilla/5.0 AppleWebKit/537.36 (KHTML, like Gecko; compatible; ClaudeBot/1.0; +claudebot@anthropic.com)"
20.171.207.216 - - [13/Sep/2025:14:33:33 +0200] "GET /?fileloc=//usr/share/mime/application/x-netcdf.xml&path=//usr/share/mime/application HTTP/1.1" 200 17235 "-" "Mozilla/5.0 AppleWebKit/537.36 (KHTML, like Gecko; compatible; GPTBot/1.2; +https://openai.com/gptbot)"
216.73.216.169 - - [13/Sep/2025:14:33:34 +0200] "GET /index.php?fileloc=%2Fmnt%2Fdata%2Ftargetplatform%2Fpublic_html%2Fwp-includes%2Fclass-wp-block-supports.php&path=%2Fmnt%2Fdata%2Ftargetplatform%2Fpublic_html%2Fwp-includes HTTP/1.1" 200 18479 "-" "Mozilla/5.0 AppleWebKit/537.36 (KHTML, like Gecko; compatible; ClaudeBot/1.0; +claudebot@anthropic.com)"
95.217.38.122 - - [13/Sep/2025:14:33:35 +0200] "POST /de/wp-cron.php?doing_wp_cron=1757766815.7820770740509033203125 HTTP/1.1" 200 - "-" "WordPress/6.7.3; https://targetplatform.net/de"
114.119.128.139 - - [13/Sep/2025:14:33:35 +0200] "GET /de/?p=4303 HTTP/1.1" 200 77452 "https://targetplatform.net/de/?cat=33&paged=6" "Mozilla/5.0 (Linux; Android 7.0;) AppleWebKit/537.36 (KHTML, like Gecko) Mobile Safari/537.36 (compatible; PetalBot;+https://webmaster.petalsearch.com/site/petalbot)"
20.171.207.216 - - [13/Sep/2025:14:33:36 +0200] "GET /?fileloc=//usr/share/mime/application/vnd.ms-access.xml&path=//usr/share/mime/application HTTP/1.1" 200 17149 "-" "Mozilla/5.0 AppleWebKit/537.36 (KHTML, like Gecko; compatible; GPTBot/1.2; +https://openai.com/gptbot)"
216.73.216.169 - - [13/Sep/2025:14:33:37 +0200] "GET /index.php?fileloc=%2Fmnt%2Fdata%2Ftargetplatform%2Fpublic_html%2Fwp-includes%2Fclass-wp-block-styles-registry.php&path=%2Fmnt%2Fdata%2Ftargetplatform%2Fpublic_html%2Fwp-includes HTTP/1.1" 200 19204 "-" "Mozilla/5.0 AppleWebKit/537.36 (KHTML, like Gecko; compatible; ClaudeBot/1.0; +claudebot@anthropic.com)"
20.171.207.216 - - [13/Sep/2025:14:33:39 +0200] "GET /?fileloc=//usr/share/mime/application/pdf.xml&path=//usr/share/mime/application HTTP/1.1" 200 16903 "-" "Mozilla/5.0 AppleWebKit/537.36 (KHTML, like Gecko; compatible; GPTBot/1.2; +https://openai.com/gptbot)"
216.73.216.169 - - [13/Sep/2025:14:33:40 +0200] "GET /index.php?fileloc=%2Fmnt%2Fdata%2Ftargetplatform%2Fpublic_html%2Fwp-includes%2Fclass-wp-theme-json.php&path=%2Fmnt%2Fdata%2Ftargetplatform%2Fpublic_html%2Fwp-includes HTTP/1.1" 200 197212 "-" "Mozilla/5.0 AppleWebKit/537.36 (KHTML, like Gecko; compatible; ClaudeBot/1.0; +claudebot@anthropic.com)"
20.171.207.216 - - [13/Sep/2025:14:33:43 +0200] "GET /?fileloc=//usr/share/mime/application/x-lzpdf.xml&path=//usr/share/mime/application HTTP/1.1" 200 15755 "-" "Mozilla/5.0 AppleWebKit/537.36 (KHTML, like Gecko; compatible; GPTBot/1.2; +https://openai.com/gptbot)"
216.73.216.169 - - [13/Sep/2025:14:33:43 +0200] "GET /index.php?fileloc=%2Fmnt%2Fdata%2Ftargetplatform%2Fpublic_html%2Fwp-includes%2Frss.php&path=%2Fmnt%2Fdata%2Ftargetplatform%2Fpublic_html%2Fwp-includes HTTP/1.1" 200 38341 "-" "Mozilla/5.0 AppleWebKit/537.36 (KHTML, like Gecko; compatible; ClaudeBot/1.0; +claudebot@anthropic.com)"
20.171.207.216 - - [13/Sep/2025:14:33:45 +0200] "GET /?fileloc=//usr/share/mime/application/x-applix-word.xml&path=//usr/share/mime/application HTTP/1.1" 200 17322 "-" "Mozilla/5.0 AppleWebKit/537.36 (KHTML, like Gecko; compatible; GPTBot/1.2; +https://openai.com/gptbot)"
216.73.216.169 - - [13/Sep/2025:14:33:46 +0200] "GET /index.php?fileloc=%2Fmnt%2Fdata%2Ftargetplatform%2Fpublic_html%2Fwp-includes%2Fspeculative-loading.php&path=%2Fmnt%2Fdata%2Ftargetplatform%2Fpublic_html%2Fwp-includes HTTP/1.1" 200 22276 "-" "Mozilla/5.0 AppleWebKit/537.36 (KHTML, like Gecko; compatible; ClaudeBot/1.0; +claudebot@anthropic.com)"
20.171.207.216 - - [13/Sep/2025:14:33:48 +0200] "GET /?fileloc=//usr/share/mime/application/x-ace.xml&path=//usr/share/mime/application HTTP/1.1" 200 16427 "-" "Mozilla/5.0 AppleWebKit/537.36 (KHTML, like Gecko; compatible; GPTBot/1.2; +https://openai.com/gptbot)"
216.73.216.169 - - [13/Sep/2025:14:33:49 +0200] "GET /index.php?fileloc=%2Fmnt%2Fdata%2Ftargetplatform%2Fpublic_html%2Fwp-includes%2Fwidgets.php&path=%2Fmnt%2Fdata%2Ftargetplatform%2Fpublic_html%2Fwp-includes HTTP/1.1" 200 90085 "-" "Mozilla/5.0 AppleWebKit/537.36 (KHTML, like Gecko; compatible; ClaudeBot/1.0; +claudebot@anthropic.com)"
20.171.207.216 - - [13/Sep/2025:14:33:51 +0200] "GET /?fileloc=//usr/share/mime/application/x-planperfect.xml&path=//usr/share/mime/application HTTP/1.1" 200 16986 "-" "Mozilla/5.0 AppleWebKit/537.36 (KHTML, like Gecko; compatible; GPTBot/1.2; +https://openai.com/gptbot)"
216.73.216.169 - - [13/Sep/2025:14:33:52 +0200] "GET /index.php?fileloc=%2Fmnt%2Fdata%2Ftargetplatform%2Fpublic_html%2Fwp-includes%2Fplugin.php&path=%2Fmnt%2Fdata%2Ftargetplatform%2Fpublic_html%2Fwp-includes HTTP/1.1" 200 48917 "-" "Mozilla/5.0 AppleWebKit/537.36 (KHTML, like Gecko; compatible; ClaudeBot/1.0; +claudebot@anthropic.com)"
20.171.207.216 - - [13/Sep/2025:14:33:54 +0200] "GET /?fileloc=//usr/share/mime/application/vnd.ms-htmlhelp.xml&path=//usr/share/mime/application HTTP/1.1" 200 16725 "-" "Mozilla/5.0 AppleWebKit/537.36 (KHTML, like Gecko; compatible; GPTBot/1.2; +https://openai.com/gptbot)"
216.73.216.169 - - [13/Sep/2025:14:33:55 +0200] "GET /index.php?fileloc=%2Fmnt%2Fdata%2Ftargetplatform%2Fpublic_html%2Fwp-includes%2Fclass.wp-styles.php&path=%2Fmnt%2Fdata%2Ftargetplatform%2Fpublic_html%2Fwp-includes HTTP/1.1" 200 12947 "-" "Mozilla/5.0 AppleWebKit/537.36 (KHTML, like Gecko; compatible; ClaudeBot/1.0; +claudebot@anthropic.com)"
20.171.207.216 - - [13/Sep/2025:14:33:58 +0200] "GET /?fileloc=//usr/share/mime/application/x-wii-rom.xml&path=//usr/share/mime/application HTTP/1.1" 200 15915 "-" "Mozilla/5.0 AppleWebKit/537.36 (KHTML, like Gecko; compatible; GPTBot/1.2; +https://openai.com/gptbot)"
216.73.216.169 - - [13/Sep/2025:14:33:58 +0200] "GET /index.php?fileloc=%2Fmnt%2Fdata%2Ftargetplatform%2Fpublic_html%2Fwp-includes%2Fclass-wp-theme-json-schema.php&path=%2Fmnt%2Fdata%2Ftargetplatform%2Fpublic_html%2Fwp-includes HTTP/1.1" 200 20650 "-" "Mozilla/5.0 AppleWebKit/537.36 (KHTML, like Gecko; compatible; ClaudeBot/1.0; +claudebot@anthropic.com)"
20.171.207.216 - - [13/Sep/2025:14:34:00 +0200] "GET /?fileloc=//usr/share/mime/application/x-object.xml&path=//usr/share/mime/application HTTP/1.1" 200 16444 "-" "Mozilla/5.0 AppleWebKit/537.36 (KHTML, like Gecko; compatible; GPTBot/1.2; +https://openai.com/gptbot)"
216.73.216.169 - - [13/Sep/2025:14:34:01 +0200] "GET /index.php?fileloc=%2Fmnt%2Fdata%2Ftargetplatform%2Fpublic_html%2Fwp-includes%2Fclass-wp-simplepie-file.php&path=%2Fmnt%2Fdata%2Ftargetplatform%2Fpublic_html%2Fwp-includes HTTP/1.1" 200 16158 "-" "Mozilla/5.0 AppleWebKit/537.36 (KHTML, like Gecko; compatible; ClaudeBot/1.0; +claudebot@anthropic.com)"
20.171.207.216 - - [13/Sep/2025:14:34:04 +0200] "GET /?fileloc=//usr/share/mime/application/x-hwp.xml&path=//usr/share/mime/application HTTP/1.1" 200 17078 "-" "Mozilla/5.0 AppleWebKit/537.36 (KHTML, like Gecko; compatible; GPTBot/1.2; +https://openai.com/gptbot)"
216.73.216.169 - - [13/Sep/2025:14:34:04 +0200] "GET /index.php?fileloc=%2Fmnt%2Fdata%2Ftargetplatform%2Fpublic_html%2Fwp-includes%2Fclass-wp-date-query.php&path=%2Fmnt%2Fdata%2Ftargetplatform%2Fpublic_html%2Fwp-includes HTTP/1.1" 200 53237 "-" "Mozilla/5.0 AppleWebKit/537.36 (KHTML, like Gecko; compatible; ClaudeBot/1.0; +claudebot@anthropic.com)"
216.73.216.169 - - [13/Sep/2025:14:34:07 +0200] "GET /index.php?fileloc=%2Fmnt%2Fdata%2Ftargetplatform%2Fpublic_html%2Fwp-includes%2Fclass-wp-plugin-dependencies.php&path=%2Fmnt%2Fdata%2Ftargetplatform%2Fpublic_html%2Fwp-includes HTTP/1.1" 200 39454 "-" "Mozilla/5.0 AppleWebKit/537.36 (KHTML, like Gecko; compatible; ClaudeBot/1.0; +claudebot@anthropic.com)"
20.171.207.216 - - [13/Sep/2025:14:34:07 +0200] "GET /?fileloc=//usr/share/mime/application/x-compressed-iso.xml&path=//usr/share/mime/application HTTP/1.1" 200 13253 "-" "Mozilla/5.0 AppleWebKit/537.36 (KHTML, like Gecko; compatible; GPTBot/1.2; +https://openai.com/gptbot)"
216.73.216.169 - - [13/Sep/2025:14:34:10 +0200] "GET /index.php?fileloc=%2Fmnt%2Fdata%2Ftargetplatform%2Fpublic_html%2Fwp-admin%2Fadmin-ajax.php&path=%2Fmnt%2Fdata%2Ftargetplatform%2Fpublic_html%2Fwp-admin HTTP/1.1" 200 19167 "-" "Mozilla/5.0 AppleWebKit/537.36 (KHTML, like Gecko; compatible; ClaudeBot/1.0; +claudebot@anthropic.com)"
20.171.207.216 - - [13/Sep/2025:14:34:11 +0200] "GET /?fileloc=//usr/share/mime/application/x-kivio.xml&path=//usr/share/mime/application HTTP/1.1" 200 16833 "-" "Mozilla/5.0 AppleWebKit/537.36 (KHTML, like Gecko; compatible; GPTBot/1.2; +https://openai.com/gptbot)"
216.73.216.169 - - [13/Sep/2025:14:34:13 +0200] "GET /index.php?fileloc=%2Fmnt%2Fdata%2Ftargetplatform%2Fpublic_html%2Fwp-includes%2Fclass-wp-customize-section.php&path=%2Fmnt%2Fdata%2Ftargetplatform%2Fpublic_html%2Fwp-includes HTTP/1.1" 200 24782 "-" "Mozilla/5.0 AppleWebKit/537.36 (KHTML, like Gecko; compatible; ClaudeBot/1.0; +claudebot@anthropic.com)"
20.171.207.216 - - [13/Sep/2025:14:34:13 +0200] "GET /?fileloc=//usr/share/mime/application/x-compressed-tar.xml&path=//usr/share/mime/application HTTP/1.1" 200 17421 "-" "Mozilla/5.0 AppleWebKit/537.36 (KHTML, like Gecko; compatible; GPTBot/1.2; +https://openai.com/gptbot)"
216.73.216.169 - - [13/Sep/2025:14:34:16 +0200] "GET /index.php?fileloc=%2Fmnt%2Fdata%2Ftargetplatform%2Fpublic_html%2Fwp-admin%2Fplugin-editor.php&path=%2Fmnt%2Fdata%2Ftargetplatform%2Fpublic_html%2Fwp-admin HTTP/1.1" 200 30410 "-" "Mozilla/5.0 AppleWebKit/537.36 (KHTML, like Gecko; compatible; ClaudeBot/1.0; +claudebot@anthropic.com)"
20.171.207.216 - - [13/Sep/2025:14:34:17 +0200] "GET /?fileloc=//usr/share/mime/application/x-ole-storage.xml&path=//usr/share/mime/application HTTP/1.1" 200 17638 "-" "Mozilla/5.0 AppleWebKit/537.36 (KHTML, like Gecko; compatible; GPTBot/1.2; +https://openai.com/gptbot)"
20.171.207.216 - - [13/Sep/2025:14:34:20 +0200] "GET /?fileloc=//usr/share/mime/application/x-saturn-rom.xml&path=//usr/share/mime/application HTTP/1.1" 200 15902 "-" "Mozilla/5.0 AppleWebKit/537.36 (KHTML, like Gecko; compatible; GPTBot/1.2; +https://openai.com/gptbot)"
20.171.207.216 - - [13/Sep/2025:14:34:23 +0200] "GET /?fileloc=//usr/share/mime/application/geo+json.xml&path=//usr/share/mime/application HTTP/1.1" 200 12436 "-" "Mozilla/5.0 AppleWebKit/537.36 (KHTML, like Gecko; compatible; GPTBot/1.2; +https://openai.com/gptbot)"
20.171.207.216 - - [13/Sep/2025:14:34:26 +0200] "GET /?fileloc=//usr/share/mime/application/x-font-pcf.xml&path=//usr/share/mime/application HTTP/1.1" 200 16645 "-" "Mozilla/5.0 AppleWebKit/537.36 (KHTML, like Gecko; compatible; GPTBot/1.2; +https://openai.com/gptbot)"
20.171.207.216 - - [13/Sep/2025:14:34:29 +0200] "GET /?fileloc=//usr/share/mime/application/x-font-tex.xml&path=//usr/share/mime/application HTTP/1.1" 200 16518 "-" "Mozilla/5.0 AppleWebKit/537.36 (KHTML, like Gecko; compatible; GPTBot/1.2; +https://openai.com/gptbot)"
47.128.110.10 - - [13/Sep/2025:14:34:32 +0200] "GET / HTTP/1.1" 200 56106 "-" "Mozilla/5.0 (Linux; Android 5.0) AppleWebKit/537.36 (KHTML, like Gecko) Mobile Safari/537.36 (compatible; Bytespider; spider-feedback@bytedance.com)"
20.171.207.216 - - [13/Sep/2025:14:34:32 +0200] "GET /?fileloc=//usr/share/mime/application/x-nautilus-link.xml&path=//usr/share/mime/application HTTP/1.1" 200 16867 "-" "Mozilla/5.0 AppleWebKit/537.36 (KHTML, like Gecko; compatible; GPTBot/1.2; +https://openai.com/gptbot)"
20.171.207.216 - - [13/Sep/2025:14:34:35 +0200] "GET /?fileloc=//usr/share/mime/application/x-glade.xml&path=//usr/share/mime/application HTTP/1.1" 200 16744 "-" "Mozilla/5.0 AppleWebKit/537.36 (KHTML, like Gecko; compatible; GPTBot/1.2; +https://openai.com/gptbot)"
20.171.207.216 - - [13/Sep/2025:14:34:39 +0200] "GET /?fileloc=//usr/share/mime/application/x-troff-man.xml&path=//usr/share/mime/application HTTP/1.1" 200 15926 "-" "Mozilla/5.0 AppleWebKit/537.36 (KHTML, like Gecko; compatible; GPTBot/1.2; +https://openai.com/gptbot)"
20.171.207.216 - - [13/Sep/2025:14:34:42 +0200] "GET /?fileloc=//usr/share/mime/application/x-cpio.xml&path=//usr/share/mime/application HTTP/1.1" 200 16759 "-" "Mozilla/5.0 AppleWebKit/537.36 (KHTML, like Gecko; compatible; GPTBot/1.2; +https://openai.com/gptbot)"
20.171.207.216 - - [13/Sep/2025:14:34:45 +0200] "GET /?fileloc=//usr/share/mime/application/x-e-theme.xml&path=//usr/share/mime/application HTTP/1.1" 200 17042 "-" "Mozilla/5.0 AppleWebKit/537.36 (KHTML, like Gecko; compatible; GPTBot/1.2; +https://openai.com/gptbot)"
20.171.207.216 - - [13/Sep/2025:14:34:48 +0200] "GET /?fileloc=//usr/share/mime/application/x-amipro.xml&path=//usr/share/mime/application HTTP/1.1" 200 17190 "-" "Mozilla/5.0 AppleWebKit/537.36 (KHTML, like Gecko; compatible; GPTBot/1.2; +https://openai.com/gptbot)"
52.203.68.145 - - [13/Sep/2025:14:34:48 +0200] "GET /?p=8795 HTTP/1.1" 200 56106 "-" "Mozilla/5.0 AppleWebKit/537.36 (KHTML, like Gecko; compatible; Amazonbot/0.1; +https://developer.amazon.com/support/amazonbot) Chrome/119.0.6045.214 Safari/537.36"
20.171.207.216 - - [13/Sep/2025:14:34:51 +0200] "GET /?fileloc=//usr/share/mime/application/x-killustrator.xml&path=//usr/share/mime/application HTTP/1.1" 200 16886 "-" "Mozilla/5.0 AppleWebKit/537.36 (KHTML, like Gecko; compatible; GPTBot/1.2; +https://openai.com/gptbot)"
95.217.38.122 - - [13/Sep/2025:14:34:52 +0200] "POST /de/wp-cron.php?doing_wp_cron=1757766892.3569428920745849609375 HTTP/1.1" 200 - "-" "WordPress/6.7.3; https://targetplatform.net/de"
54.235.125.129 - - [13/Sep/2025:14:34:52 +0200] "GET /de/?p=3962 HTTP/1.1" 200 80361 "-" "Mozilla/5.0 AppleWebKit/537.36 (KHTML, like Gecko; compatible; Amazonbot/0.1; +https://developer.amazon.com/support/amazonbot) Chrome/119.0.6045.214 Safari/537.36"
20.171.207.216 - - [13/Sep/2025:14:34:54 +0200] "GET /?fileloc=//usr/share/mime/application/x-xpinstall.xml&path=//usr/share/mime/application HTTP/1.1" 200 16802 "-" "Mozilla/5.0 AppleWebKit/537.36 (KHTML, like Gecko; compatible; GPTBot/1.2; +https://openai.com/gptbot)"
20.171.207.216 - - [13/Sep/2025:14:34:57 +0200] "GET /?fileloc=//usr/share/mime/application/x-dvi.xml&path=//usr/share/mime/application HTTP/1.1" 200 16871 "-" "Mozilla/5.0 AppleWebKit/537.36 (KHTML, like Gecko; compatible; GPTBot/1.2; +https://openai.com/gptbot)"
20.171.207.216 - - [13/Sep/2025:14:35:00 +0200] "GET /?fileloc=//usr/share/mime/application/x-compress.xml&path=//usr/share/mime/application HTTP/1.1" 200 17055 "-" "Mozilla/5.0 AppleWebKit/537.36 (KHTML, like Gecko; compatible; GPTBot/1.2; +https://openai.com/gptbot)"
20.171.207.216 - - [13/Sep/2025:14:35:03 +0200] "GET /?fileloc=//usr/share/mime/application/x-lhz.xml&path=//usr/share/mime/application HTTP/1.1" 200 16430 "-" "Mozilla/5.0 AppleWebKit/537.36 (KHTML, like Gecko; compatible; GPTBot/1.2; +https://openai.com/gptbot)"
20.171.207.216 - - [13/Sep/2025:14:35:07 +0200] "GET /?fileloc=//usr/share/mime/application/x-gnuplot.xml&path=//usr/share/mime/application HTTP/1.1" 200 16824 "-" "Mozilla/5.0 AppleWebKit/537.36 (KHTML, like Gecko; compatible; GPTBot/1.2; +https://openai.com/gptbot)"
20.171.207.216 - - [13/Sep/2025:14:35:10 +0200] "GET /?fileloc=//usr/share/mime/application/x-wwf.xml&path=//usr/share/mime/application HTTP/1.1" 200 16067 "-" "Mozilla/5.0 AppleWebKit/537.36 (KHTML, like Gecko; compatible; GPTBot/1.2; +https://openai.com/gptbot)"
95.217.38.122 - - [13/Sep/2025:14:35:10 +0200] "POST /de/wp-cron.php?doing_wp_cron=1757766910.9210319519042968750000 HTTP/1.1" 200 - "-" "WordPress/6.7.3; https://targetplatform.net/de"
114.119.130.57 - - [13/Sep/2025:14:35:10 +0200] "GET /de/?cat=33&paged=25 HTTP/1.1" 200 78291 "https://targetplatform.net/de/?cat=33&paged=24" "Mozilla/5.0 (Linux; Android 7.0;) AppleWebKit/537.36 (KHTML, like Gecko) Mobile Safari/537.36 (compatible; PetalBot;+https://webmaster.petalsearch.com/site/petalbot)"
20.171.207.216 - - [13/Sep/2025:14:35:13 +0200] "GET /?fileloc=//usr/share/mime/application/x-lzop.xml&path=//usr/share/mime/application HTTP/1.1" 200 16525 "-" "Mozilla/5.0 AppleWebKit/537.36 (KHTML, like Gecko; compatible; GPTBot/1.2; +https://openai.com/gptbot)"
20.171.207.216 - - [13/Sep/2025:14:35:16 +0200] "GET /?fileloc=//usr/share/mime/application/x-ccmx.xml&path=//usr/share/mime/application HTTP/1.1" 200 16306 "-" "Mozilla/5.0 AppleWebKit/537.36 (KHTML, like Gecko; compatible; GPTBot/1.2; +https://openai.com/gptbot)"
20.171.207.216 - - [13/Sep/2025:14:35:19 +0200] "GET /?fileloc=//usr/share/mime/application/x-class-file.xml&path=//usr/share/mime/application HTTP/1.1" 200 16703 "-" "Mozilla/5.0 AppleWebKit/537.36 (KHTML, like Gecko; compatible; GPTBot/1.2; +https://openai.com/gptbot)"
20.171.207.216 - - [13/Sep/2025:14:35:22 +0200] "GET /?fileloc=//usr/share/mime/application/x-stuffit.xml&path=//usr/share/mime/application HTTP/1.1" 200 16683 "-" "Mozilla/5.0 AppleWebKit/537.36 (KHTML, like Gecko; compatible; GPTBot/1.2; +https://openai.com/gptbot)"
20.171.207.216 - - [13/Sep/2025:14:35:26 +0200] "GET /?fileloc=//usr/share/mime/application/x-doom-wad.xml&path=//usr/share/mime/application HTTP/1.1" 200 14718 "-" "Mozilla/5.0 AppleWebKit/537.36 (KHTML, like Gecko; compatible; GPTBot/1.2; +https://openai.com/gptbot)"
20.171.207.216 - - [13/Sep/2025:14:35:29 +0200] "GET /?fileloc=//usr/share/mime/application/x-egon.xml&path=//usr/share/mime/application HTTP/1.1" 200 17121 "-" "Mozilla/5.0 AppleWebKit/537.36 (KHTML, like Gecko; compatible; GPTBot/1.2; +https://openai.com/gptbot)"
20.171.207.216 - - [13/Sep/2025:14:35:32 +0200] "GET /?fileloc=//usr/share/mime/application/vnd.visio.xml&path=//usr/share/mime/application HTTP/1.1" 200 16555 "-" "Mozilla/5.0 AppleWebKit/537.36 (KHTML, like Gecko; compatible; GPTBot/1.2; +https://openai.com/gptbot)"
47.128.34.65 - - [13/Sep/2025:14:35:34 +0200] "GET /de HTTP/1.1" 301 238 "-" "Mozilla/5.0 (Linux; Android 5.0) AppleWebKit/537.36 (KHTML, like Gecko) Mobile Safari/537.36 (compatible; Bytespider; spider-feedback@bytedance.com)"
47.128.34.65 - - [13/Sep/2025:14:35:34 +0200] "GET /de/ HTTP/1.1" 200 114939 "-" "Mozilla/5.0 (Linux; Android 5.0) AppleWebKit/537.36 (KHTML, like Gecko) Mobile Safari/537.36 (compatible; Bytespider; spider-feedback@bytedance.com)"
20.171.207.216 - - [13/Sep/2025:14:35:35 +0200] "GET /?fileloc=//usr/share/mime/application/x-arc.xml&path=//usr/share/mime/application HTTP/1.1" 200 16385 "-" "Mozilla/5.0 AppleWebKit/537.36 (KHTML, like Gecko; compatible; GPTBot/1.2; +https://openai.com/gptbot)"
20.171.207.216 - - [13/Sep/2025:14:35:39 +0200] "GET /?fileloc=//usr/share/mime/application/x-gzpostscript.xml&path=//usr/share/mime/application HTTP/1.1" 200 18063 "-" "Mozilla/5.0 AppleWebKit/537.36 (KHTML, like Gecko; compatible; GPTBot/1.2; +https://openai.com/gptbot)"
20.171.207.216 - - [13/Sep/2025:14:35:42 +0200] "GET /?fileloc=//usr/share/mime/application/vnd.rn-realmedia.xml&path=//usr/share/mime/application HTTP/1.1" 200 17069 "-" "Mozilla/5.0 AppleWebKit/537.36 (KHTML, like Gecko; compatible; GPTBot/1.2; +https://openai.com/gptbot)"
20.171.207.216 - - [13/Sep/2025:14:35:45 +0200] "GET /?fileloc=//usr/share/mime/application/x-dar.xml&path=//usr/share/mime/application HTTP/1.1" 200 16427 "-" "Mozilla/5.0 AppleWebKit/537.36 (KHTML, like Gecko; compatible; GPTBot/1.2; +https://openai.com/gptbot)"
20.171.207.216 - - [13/Sep/2025:14:35:48 +0200] "GET /?fileloc=//usr/share/mime/application/x-trash.xml&path=//usr/share/mime/application HTTP/1.1" 200 16840 "-" "Mozilla/5.0 AppleWebKit/537.36 (KHTML, like Gecko; compatible; GPTBot/1.2; +https://openai.com/gptbot)"
20.171.207.216 - - [13/Sep/2025:14:35:51 +0200] "GET /?fileloc=//usr/share/mime/application/x-ms-wim.xml&path=//usr/share/mime/application HTTP/1.1" 200 14801 "-" "Mozilla/5.0 AppleWebKit/537.36 (KHTML, like Gecko; compatible; GPTBot/1.2; +https://openai.com/gptbot)"
20.171.207.216 - - [13/Sep/2025:14:35:55 +0200] "GET /?fileloc=//usr/share/mime/application/x-font-framemaker.xml&path=//usr/share/mime/application HTTP/1.1" 200 17298 "-" "Mozilla/5.0 AppleWebKit/537.36 (KHTML, like Gecko; compatible; GPTBot/1.2; +https://openai.com/gptbot)"
