20.171.207.216 - - [13/Sep/2025:17:11:10 +0200] "GET /?fileloc=//proc/84/ksm_merging_pages&path=//proc/84 HTTP/1.1" 200 12316 "-" "Mozilla/5.0 AppleWebKit/537.36 (KHTML, like Gecko; compatible; GPTBot/1.2; +https://openai.com/gptbot)"
216.73.216.169 - - [13/Sep/2025:17:11:11 +0200] "GET /index.php?fileloc=%2Fmnt%2Fdata%2Ftargetplatform%2Fpublic_html%2Fwp-admin%2Fimages%2Fabout-texture.png&path=%2Fmnt%2Fdata%2Ftargetplatform%2Fpublic_html%2Fwp-admin%2Fimages HTTP/1.1" 200 201786 "-" "Mozilla/5.0 AppleWebKit/537.36 (KHTML, like Gecko; compatible; ClaudeBot/1.0; +claudebot@anthropic.com)"
20.171.207.216 - - [13/Sep/2025:17:11:13 +0200] "GET /?path=//proc/84/fdinfo HTTP/1.1" 200 12762 "-" "Mozilla/5.0 AppleWebKit/537.36 (KHTML, like Gecko; compatible; GPTBot/1.2; +https://openai.com/gptbot)"
216.73.216.169 - - [13/Sep/2025:17:11:14 +0200] "GET /index.php?path=%2F%2Fetc%2Fauthselect HTTP/1.1" 200 15522 "-" "Mozilla/5.0 AppleWebKit/537.36 (KHTML, like Gecko; compatible; ClaudeBot/1.0; +claudebot@anthropic.com)"
20.171.207.216 - - [13/Sep/2025:17:11:16 +0200] "GET /?path=//proc/17/fdinfo HTTP/1.1" 200 12762 "-" "Mozilla/5.0 AppleWebKit/537.36 (KHTML, like Gecko; compatible; GPTBot/1.2; +https://openai.com/gptbot)"
216.73.216.169 - - [13/Sep/2025:17:11:17 +0200] "GET /index.php?fileloc=%2F%2Fscripts%2Fupdate_local_rpm_versions&path=%2F%2Fscripts HTTP/1.1" 200 17433 "-" "Mozilla/5.0 AppleWebKit/537.36 (KHTML, like Gecko; compatible; ClaudeBot/1.0; +claudebot@anthropic.com)"
20.171.207.216 - - [13/Sep/2025:17:11:19 +0200] "GET /?path=//proc/31/fdinfo HTTP/1.1" 200 12762 "-" "Mozilla/5.0 AppleWebKit/537.36 (KHTML, like Gecko; compatible; GPTBot/1.2; +https://openai.com/gptbot)"
216.73.216.169 - - [13/Sep/2025:17:11:20 +0200] "GET /index.php?fileloc=%2F%2Fbin%2Fmsgfmt3.py&path=%2F%2Fbin HTTP/1.1" 200 20416 "-" "Mozilla/5.0 AppleWebKit/537.36 (KHTML, like Gecko; compatible; ClaudeBot/1.0; +claudebot@anthropic.com)"
20.171.207.216 - - [13/Sep/2025:17:11:22 +0200] "GET /?path=//proc/53/fdinfo HTTP/1.1" 200 12762 "-" "Mozilla/5.0 AppleWebKit/537.36 (KHTML, like Gecko; compatible; GPTBot/1.2; +https://openai.com/gptbot)"
216.73.216.169 - - [13/Sep/2025:17:11:23 +0200] "GET /index.php?fileloc=%2F%2Fscripts%2Fconvert_maildir_to_mdbox&path=%2F%2Fscripts HTTP/1.1" 200 14074 "-" "Mozilla/5.0 AppleWebKit/537.36 (KHTML, like Gecko; compatible; ClaudeBot/1.0; +claudebot@anthropic.com)"
20.171.207.216 - - [13/Sep/2025:17:11:25 +0200] "GET /?path=//proc/14/fdinfo HTTP/1.1" 200 12762 "-" "Mozilla/5.0 AppleWebKit/537.36 (KHTML, like Gecko; compatible; GPTBot/1.2; +https://openai.com/gptbot)"
216.73.216.169 - - [13/Sep/2025:17:11:26 +0200] "GET /index.php?path=%2Fmnt%2Fdata%2Ftargetplatform%2F.htpasswds%2Fpublic_html HTTP/1.1" 200 19990 "-" "Mozilla/5.0 AppleWebKit/537.36 (KHTML, like Gecko; compatible; ClaudeBot/1.0; +claudebot@anthropic.com)"
20.171.207.216 - - [13/Sep/2025:17:11:28 +0200] "GET /?path=//proc/40/fdinfo HTTP/1.1" 200 12762 "-" "Mozilla/5.0 AppleWebKit/537.36 (KHTML, like Gecko; compatible; GPTBot/1.2; +https://openai.com/gptbot)"
216.73.216.169 - - [13/Sep/2025:17:11:29 +0200] "GET /index.php?fileloc=%2F%2Fscripts%2Fcleandns&path=%2F%2Fscripts HTTP/1.1" 200 26863 "-" "Mozilla/5.0 AppleWebKit/537.36 (KHTML, like Gecko; compatible; ClaudeBot/1.0; +claudebot@anthropic.com)"
20.171.207.216 - - [13/Sep/2025:17:11:31 +0200] "GET /?path=//proc/39/fdinfo HTTP/1.1" 200 12762 "-" "Mozilla/5.0 AppleWebKit/537.36 (KHTML, like Gecko; compatible; GPTBot/1.2; +https://openai.com/gptbot)"
216.73.216.169 - - [13/Sep/2025:17:11:32 +0200] "GET /index.php?fileloc=%2F%2Fscripts%2Feximconfgen&path=%2F%2Fscripts HTTP/1.1" 200 13763 "-" "Mozilla/5.0 AppleWebKit/537.36 (KHTML, like Gecko; compatible; ClaudeBot/1.0; +claudebot@anthropic.com)"
20.171.207.216 - - [13/Sep/2025:17:11:34 +0200] "GET /?path=//proc/43/fdinfo HTTP/1.1" 200 12762 "-" "Mozilla/5.0 AppleWebKit/537.36 (KHTML, like Gecko; compatible; GPTBot/1.2; +https://openai.com/gptbot)"
216.73.216.169 - - [13/Sep/2025:17:11:35 +0200] "GET /index.php?fileloc=%2F%2Fscripts%2Fbuild_maxemails_config&path=%2F%2Fscripts HTTP/1.1" 200 13489 "-" "Mozilla/5.0 AppleWebKit/537.36 (KHTML, like Gecko; compatible; ClaudeBot/1.0; +claudebot@anthropic.com)"
20.171.207.216 - - [13/Sep/2025:17:11:38 +0200] "GET /?fileloc=//proc/31/personality&path=//proc/31 HTTP/1.1" 200 12310 "-" "Mozilla/5.0 AppleWebKit/537.36 (KHTML, like Gecko; compatible; GPTBot/1.2; +https://openai.com/gptbot)"
216.73.216.169 - - [13/Sep/2025:17:11:38 +0200] "GET /index.php?fileloc=%2F%2Fsbin%2Frpc.idmapd&path=%2F%2Fsbin HTTP/1.1" 200 78019 "-" "Mozilla/5.0 AppleWebKit/537.36 (KHTML, like Gecko; compatible; ClaudeBot/1.0; +claudebot@anthropic.com)"
20.171.207.216 - - [13/Sep/2025:17:11:41 +0200] "GET /?fileloc=//proc/84/personality&path=//proc/84 HTTP/1.1" 200 12310 "-" "Mozilla/5.0 AppleWebKit/537.36 (KHTML, like Gecko; compatible; GPTBot/1.2; +https://openai.com/gptbot)"
216.73.216.169 - - [13/Sep/2025:17:11:41 +0200] "GET /index.php?fileloc=%2F%2Fscripts%2Frestartsrv_pdns&path=%2F%2Fscripts HTTP/1.1" 200 13247609 "-" "Mozilla/5.0 AppleWebKit/537.36 (KHTML, like Gecko; compatible; ClaudeBot/1.0; +claudebot@anthropic.com)"
20.171.207.216 - - [13/Sep/2025:17:11:44 +0200] "GET /?fileloc=//proc/43/mountstats&path=//proc/43 HTTP/1.1" 200 12309 "-" "Mozilla/5.0 AppleWebKit/537.36 (KHTML, like Gecko; compatible; GPTBot/1.2; +https://openai.com/gptbot)"
216.73.216.169 - - [13/Sep/2025:17:11:44 +0200] "GET /index.php?fileloc=%2F%2Fsbin%2Fdnssec-coverage&path=%2F%2Fsbin HTTP/1.1" 200 13294 "-" "Mozilla/5.0 AppleWebKit/537.36 (KHTML, like Gecko; compatible; ClaudeBot/1.0; +claudebot@anthropic.com)"
20.171.207.216 - - [13/Sep/2025:17:11:47 +0200] "GET /?fileloc=//proc/17/personality&path=//proc/17 HTTP/1.1" 200 12310 "-" "Mozilla/5.0 AppleWebKit/537.36 (KHTML, like Gecko; compatible; GPTBot/1.2; +https://openai.com/gptbot)"
216.73.216.169 - - [13/Sep/2025:17:11:47 +0200] "GET /index.php?fileloc=%2F%2Fscripts%2Fadd_dns&path=%2F%2Fscripts HTTP/1.1" 200 14898 "-" "Mozilla/5.0 AppleWebKit/537.36 (KHTML, like Gecko; compatible; ClaudeBot/1.0; +claudebot@anthropic.com)"
216.73.216.169 - - [13/Sep/2025:17:11:50 +0200] "GET /index.php?fileloc=%2F%2Fscripts%2Frestartsrv_named&path=%2F%2Fscripts HTTP/1.1" 200 12897 "-" "Mozilla/5.0 AppleWebKit/537.36 (KHTML, like Gecko; compatible; ClaudeBot/1.0; +claudebot@anthropic.com)"
20.171.207.216 - - [13/Sep/2025:17:11:51 +0200] "GET /?fileloc=//proc/40/mountstats&path=//proc/40 HTTP/1.1" 200 12309 "-" "Mozilla/5.0 AppleWebKit/537.36 (KHTML, like Gecko; compatible; GPTBot/1.2; +https://openai.com/gptbot)"
216.73.216.169 - - [13/Sep/2025:17:11:53 +0200] "GET /index.php?fileloc=%2F%2Fscripts%2Fupdatessldomains&path=%2F%2Fscripts HTTP/1.1" 200 14276 "-" "Mozilla/5.0 AppleWebKit/537.36 (KHTML, like Gecko; compatible; ClaudeBot/1.0; +claudebot@anthropic.com)"
20.171.207.216 - - [13/Sep/2025:17:11:54 +0200] "GET /?fileloc=//proc/14/mountstats&path=//proc/14 HTTP/1.1" 200 12309 "-" "Mozilla/5.0 AppleWebKit/537.36 (KHTML, like Gecko; compatible; GPTBot/1.2; +https://openai.com/gptbot)"
216.73.216.169 - - [13/Sep/2025:17:11:56 +0200] "GET /index.php?fileloc=%2F%2Fsbin%2Frpcctl&path=%2F%2Fsbin HTTP/1.1" 200 23349 "-" "Mozilla/5.0 AppleWebKit/537.36 (KHTML, like Gecko; compatible; ClaudeBot/1.0; +claudebot@anthropic.com)"
20.171.207.216 - - [13/Sep/2025:17:11:57 +0200] "GET /?fileloc=//proc/14/personality&path=//proc/14 HTTP/1.1" 200 12310 "-" "Mozilla/5.0 AppleWebKit/537.36 (KHTML, like Gecko; compatible; GPTBot/1.2; +https://openai.com/gptbot)"
216.73.216.169 - - [13/Sep/2025:17:11:59 +0200] "GET /index.php?fileloc=%2Fmnt%2Fdata%2Ftargetplatform%2Fpublic_html%2Fwp-admin%2Fimages%2Fgeneric.png&path=%2Fmnt%2Fdata%2Ftargetplatform%2Fpublic_html%2Fwp-admin%2Fimages HTTP/1.1" 200 13908 "-" "Mozilla/5.0 AppleWebKit/537.36 (KHTML, like Gecko; compatible; ClaudeBot/1.0; +claudebot@anthropic.com)"
20.171.207.216 - - [13/Sep/2025:17:12:00 +0200] "GET /?fileloc=//proc/31/coredump_filter&path=//proc/31 HTTP/1.1" 200 12314 "-" "Mozilla/5.0 AppleWebKit/537.36 (KHTML, like Gecko; compatible; GPTBot/1.2; +https://openai.com/gptbot)"
216.73.216.169 - - [13/Sep/2025:17:12:02 +0200] "GET /index.php?fileloc=%2F%2Fscripts%2Fgencrt&path=%2F%2Fscripts HTTP/1.1" 200 19669 "-" "Mozilla/5.0 AppleWebKit/537.36 (KHTML, like Gecko; compatible; ClaudeBot/1.0; +claudebot@anthropic.com)"
20.171.207.216 - - [13/Sep/2025:17:12:03 +0200] "GET /?fileloc=//proc/43/coredump_filter&path=//proc/43 HTTP/1.1" 200 12314 "-" "Mozilla/5.0 AppleWebKit/537.36 (KHTML, like Gecko; compatible; GPTBot/1.2; +https://openai.com/gptbot)"
216.73.216.169 - - [13/Sep/2025:17:12:05 +0200] "GET /index.php?fileloc=%2F%2Fscripts%2Frealperlinstaller&path=%2F%2Fscripts HTTP/1.1" 200 18864 "-" "Mozilla/5.0 AppleWebKit/537.36 (KHTML, like Gecko; compatible; ClaudeBot/1.0; +claudebot@anthropic.com)"
20.171.207.216 - - [13/Sep/2025:17:12:06 +0200] "GET /?fileloc=//proc/53/coredump_filter&path=//proc/53 HTTP/1.1" 200 12314 "-" "Mozilla/5.0 AppleWebKit/537.36 (KHTML, like Gecko; compatible; GPTBot/1.2; +https://openai.com/gptbot)"
17.22.245.253 - - [13/Sep/2025:17:12:07 +0200] "GET /robots.txt HTTP/1.1" 200 1119 "-" "Mozilla/5.0 (Macintosh; Intel Mac OS X 10_15_7) AppleWebKit/605.1.15 (KHTML, like Gecko) Version/17.4 Safari/605.1.15 (Applebot/0.1; +http://www.apple.com/go/applebot)"
17.22.245.253 - - [13/Sep/2025:17:12:07 +0200] "GET /?p=10883 HTTP/1.1" 200 56106 "-" "Mozilla/5.0 (Macintosh; Intel Mac OS X 10_15_7) AppleWebKit/605.1.15 (KHTML, like Gecko) Version/17.4 Safari/605.1.15 (Applebot/0.1; +http://www.apple.com/go/applebot)"
216.73.216.169 - - [13/Sep/2025:17:12:08 +0200] "GET /index.php?fileloc=%2F%2Fscripts%2Fsetup_greylist_db&path=%2F%2Fscripts HTTP/1.1" 200 30691 "-" "Mozilla/5.0 AppleWebKit/537.36 (KHTML, like Gecko; compatible; ClaudeBot/1.0; +claudebot@anthropic.com)"
20.171.207.216 - - [13/Sep/2025:17:12:09 +0200] "GET /?fileloc=//proc/17/mountstats&path=//proc/17 HTTP/1.1" 200 12309 "-" "Mozilla/5.0 AppleWebKit/537.36 (KHTML, like Gecko; compatible; GPTBot/1.2; +https://openai.com/gptbot)"
216.73.216.169 - - [13/Sep/2025:17:12:11 +0200] "GET /index.php?fileloc=%2F%2Fsbin%2Fblkdeactivate&path=%2F%2Fsbin HTTP/1.1" 200 31928 "-" "Mozilla/5.0 AppleWebKit/537.36 (KHTML, like Gecko; compatible; ClaudeBot/1.0; +claudebot@anthropic.com)"
20.171.207.216 - - [13/Sep/2025:17:12:13 +0200] "GET /?fileloc=//proc/40/coredump_filter&path=//proc/40 HTTP/1.1" 200 12314 "-" "Mozilla/5.0 AppleWebKit/537.36 (KHTML, like Gecko; compatible; GPTBot/1.2; +https://openai.com/gptbot)"
216.73.216.169 - - [13/Sep/2025:17:12:14 +0200] "GET /index.php?fileloc=%2F%2Fscripts%2Fea4_fresh_install&path=%2F%2Fscripts HTTP/1.1" 200 15162 "-" "Mozilla/5.0 AppleWebKit/537.36 (KHTML, like Gecko; compatible; ClaudeBot/1.0; +claudebot@anthropic.com)"
20.171.207.216 - - [13/Sep/2025:17:12:16 +0200] "GET /?fileloc=//proc/53/personality&path=//proc/53 HTTP/1.1" 200 12310 "-" "Mozilla/5.0 AppleWebKit/537.36 (KHTML, like Gecko; compatible; GPTBot/1.2; +https://openai.com/gptbot)"
216.73.216.169 - - [13/Sep/2025:17:12:17 +0200] "GET /index.php?fileloc=%2F%2Fscripts%2Fbuild_cpnat&path=%2F%2Fscripts HTTP/1.1" 200 15898 "-" "Mozilla/5.0 AppleWebKit/537.36 (KHTML, like Gecko; compatible; ClaudeBot/1.0; +claudebot@anthropic.com)"
20.171.207.216 - - [13/Sep/2025:17:12:19 +0200] "GET /?fileloc=//proc/39/personality&path=//proc/39 HTTP/1.1" 200 12310 "-" "Mozilla/5.0 AppleWebKit/537.36 (KHTML, like Gecko; compatible; GPTBot/1.2; +https://openai.com/gptbot)"
216.73.216.169 - - [13/Sep/2025:17:12:20 +0200] "GET /index.php?fileloc=%2Fmnt%2Fdata%2Ftargetplatform%2Fpublic_html%2Fwp-admin%2Fimages%2Fmenu-vs.png&path=%2Fmnt%2Fdata%2Ftargetplatform%2Fpublic_html%2Fwp-admin%2Fimages HTTP/1.1" 200 21859 "-" "Mozilla/5.0 AppleWebKit/537.36 (KHTML, like Gecko; compatible; ClaudeBot/1.0; +claudebot@anthropic.com)"
20.171.207.216 - - [13/Sep/2025:17:12:22 +0200] "GET /?fileloc=//proc/53/mountstats&path=//proc/53 HTTP/1.1" 200 12309 "-" "Mozilla/5.0 AppleWebKit/537.36 (KHTML, like Gecko; compatible; GPTBot/1.2; +https://openai.com/gptbot)"
216.73.216.169 - - [13/Sep/2025:17:12:23 +0200] "GET /index.php?fileloc=%2F%2Fscripts%2Fdumpquotas&path=%2F%2Fscripts HTTP/1.1" 200 12931 "-" "Mozilla/5.0 AppleWebKit/537.36 (KHTML, like Gecko; compatible; ClaudeBot/1.0; +claudebot@anthropic.com)"
20.171.207.216 - - [13/Sep/2025:17:12:25 +0200] "GET /?fileloc=//proc/31/mountstats&path=//proc/31 HTTP/1.1" 200 12309 "-" "Mozilla/5.0 AppleWebKit/537.36 (KHTML, like Gecko; compatible; GPTBot/1.2; +https://openai.com/gptbot)"
216.73.216.169 - - [13/Sep/2025:17:12:26 +0200] "GET /index.php?fileloc=%2F%2Fscripts%2Finitquotas&path=%2F%2Fscripts HTTP/1.1" 200 34059 "-" "Mozilla/5.0 AppleWebKit/537.36 (KHTML, like Gecko; compatible; ClaudeBot/1.0; +claudebot@anthropic.com)"
20.171.207.216 - - [13/Sep/2025:17:12:28 +0200] "GET /?fileloc=//proc/85/personality&path=//proc/85 HTTP/1.1" 200 12310 "-" "Mozilla/5.0 AppleWebKit/537.36 (KHTML, like Gecko; compatible; GPTBot/1.2; +https://openai.com/gptbot)"
216.73.216.169 - - [13/Sep/2025:17:12:29 +0200] "GET /index.php?fileloc=%2F%2Fscripts%2Fclean_dead_mailman_locks&path=%2F%2Fscripts HTTP/1.1" 200 14504 "-" "Mozilla/5.0 AppleWebKit/537.36 (KHTML, like Gecko; compatible; ClaudeBot/1.0; +claudebot@anthropic.com)"
20.171.207.216 - - [13/Sep/2025:17:12:32 +0200] "GET /?fileloc=//proc/85/mountstats&path=//proc/85 HTTP/1.1" 200 12309 "-" "Mozilla/5.0 AppleWebKit/537.36 (KHTML, like Gecko; compatible; GPTBot/1.2; +https://openai.com/gptbot)"
216.73.216.169 - - [13/Sep/2025:17:12:32 +0200] "GET /index.php?fileloc=%2F%2Fscripts%2Feditquota&path=%2F%2Fscripts HTTP/1.1" 200 16149 "-" "Mozilla/5.0 AppleWebKit/537.36 (KHTML, like Gecko; compatible; ClaudeBot/1.0; +claudebot@anthropic.com)"
20.171.207.216 - - [13/Sep/2025:17:12:35 +0200] "GET /?fileloc=//proc/17/coredump_filter&path=//proc/17 HTTP/1.1" 200 12314 "-" "Mozilla/5.0 AppleWebKit/537.36 (KHTML, like Gecko; compatible; GPTBot/1.2; +https://openai.com/gptbot)"
216.73.216.169 - - [13/Sep/2025:17:12:35 +0200] "GET /index.php?fileloc=%2Fmnt%2Fdata%2Ftargetplatform%2Fpublic_html%2Fwp-includes%2Fimages%2Fuploader-icons-2x.png&path=%2Fmnt%2Fdata%2Ftargetplatform%2Fpublic_html%2Fwp-includes%2Fimages HTTP/1.1" 200 19289 "-" "Mozilla/5.0 AppleWebKit/537.36 (KHTML, like Gecko; compatible; ClaudeBot/1.0; +claudebot@anthropic.com)"
20.171.207.216 - - [13/Sep/2025:17:12:38 +0200] "GET /?fileloc=//proc/14/coredump_filter&path=//proc/14 HTTP/1.1" 200 12314 "-" "Mozilla/5.0 AppleWebKit/537.36 (KHTML, like Gecko; compatible; GPTBot/1.2; +https://openai.com/gptbot)"
216.73.216.169 - - [13/Sep/2025:17:12:38 +0200] "GET /index.php?fileloc=%2F%2Fscripts%2Fpostupcp&path=%2F%2Fscripts HTTP/1.1" 200 12387 "-" "Mozilla/5.0 AppleWebKit/537.36 (KHTML, like Gecko; compatible; ClaudeBot/1.0; +claudebot@anthropic.com)"
20.171.207.216 - - [13/Sep/2025:17:12:41 +0200] "GET /?fileloc=//proc/40/personality&path=//proc/40 HTTP/1.1" 200 12310 "-" "Mozilla/5.0 AppleWebKit/537.36 (KHTML, like Gecko; compatible; GPTBot/1.2; +https://openai.com/gptbot)"
216.73.216.169 - - [13/Sep/2025:17:12:41 +0200] "GET /index.php?fileloc=%2F%2Fscripts%2Frebuilddnsconfig&path=%2F%2Fscripts HTTP/1.1" 200 40542 "-" "Mozilla/5.0 AppleWebKit/537.36 (KHTML, like Gecko; compatible; ClaudeBot/1.0; +claudebot@anthropic.com)"
20.171.207.216 - - [13/Sep/2025:17:12:44 +0200] "GET /?fileloc=//proc/43/personality&path=//proc/43 HTTP/1.1" 200 12310 "-" "Mozilla/5.0 AppleWebKit/537.36 (KHTML, like Gecko; compatible; GPTBot/1.2; +https://openai.com/gptbot)"
216.73.216.169 - - [13/Sep/2025:17:12:44 +0200] "GET /index.php?fileloc=%2F%2Fsbin%2Fmatchpathcon&path=%2F%2Fsbin HTTP/1.1" 200 31307 "-" "Mozilla/5.0 AppleWebKit/537.36 (KHTML, like Gecko; compatible; ClaudeBot/1.0; +claudebot@anthropic.com)"
20.171.207.216 - - [13/Sep/2025:17:12:47 +0200] "GET /?fileloc=//proc/39/mountstats&path=//proc/39 HTTP/1.1" 200 12309 "-" "Mozilla/5.0 AppleWebKit/537.36 (KHTML, like Gecko; compatible; GPTBot/1.2; +https://openai.com/gptbot)"
216.73.216.169 - - [13/Sep/2025:17:12:47 +0200] "GET /index.php?fileloc=%2F%2Fscripts%2Ffixvaliases&path=%2F%2Fscripts HTTP/1.1" 200 14578 "-" "Mozilla/5.0 AppleWebKit/537.36 (KHTML, like Gecko; compatible; ClaudeBot/1.0; +claudebot@anthropic.com)"
20.171.207.216 - - [13/Sep/2025:17:12:50 +0200] "GET /?fileloc=//proc/84/mountstats&path=//proc/84 HTTP/1.1" 200 12309 "-" "Mozilla/5.0 AppleWebKit/537.36 (KHTML, like Gecko; compatible; GPTBot/1.2; +https://openai.com/gptbot)"
216.73.216.169 - - [13/Sep/2025:17:12:51 +0200] "GET /index.php?fileloc=%2F%2Fscripts%2Fcheckexim.pl&path=%2F%2Fscripts HTTP/1.1" 200 15691 "-" "Mozilla/5.0 AppleWebKit/537.36 (KHTML, like Gecko; compatible; ClaudeBot/1.0; +claudebot@anthropic.com)"
20.171.207.216 - - [13/Sep/2025:17:12:53 +0200] "GET /?fileloc=//proc/14/mem&path=//proc/14 HTTP/1.1" 200 12302 "-" "Mozilla/5.0 AppleWebKit/537.36 (KHTML, like Gecko; compatible; GPTBot/1.2; +https://openai.com/gptbot)"
216.73.216.169 - - [13/Sep/2025:17:12:53 +0200] "GET /index.php?fileloc=%2F%2Fscripts%2Fisdedicatedip&path=%2F%2Fscripts HTTP/1.1" 200 12907 "-" "Mozilla/5.0 AppleWebKit/537.36 (KHTML, like Gecko; compatible; ClaudeBot/1.0; +claudebot@anthropic.com)"
216.73.216.169 - - [13/Sep/2025:17:12:56 +0200] "GET /index.php?fileloc=%2Fmnt%2Fdata%2Ftargetplatform%2Fpublic_html%2Fwp-admin%2Fimages%2Fbrowser-rtl.png&path=%2Fmnt%2Fdata%2Ftargetplatform%2Fpublic_html%2Fwp-admin%2Fimages HTTP/1.1" 200 86670 "-" "Mozilla/5.0 AppleWebKit/537.36 (KHTML, like Gecko; compatible; ClaudeBot/1.0; +claudebot@anthropic.com)"
20.171.207.216 - - [13/Sep/2025:17:12:57 +0200] "GET /?fileloc=//proc/84/mem&path=//proc/84 HTTP/1.1" 200 12302 "-" "Mozilla/5.0 AppleWebKit/537.36 (KHTML, like Gecko; compatible; GPTBot/1.2; +https://openai.com/gptbot)"
216.73.216.169 - - [13/Sep/2025:17:12:59 +0200] "GET /index.php?fileloc=%2F%2Fscripts%2Frebuildhttpdconf&path=%2F%2Fscripts HTTP/1.1" 200 15211 "-" "Mozilla/5.0 AppleWebKit/537.36 (KHTML, like Gecko; compatible; ClaudeBot/1.0; +claudebot@anthropic.com)"
20.171.207.216 - - [13/Sep/2025:17:13:00 +0200] "GET /?fileloc=//proc/43/mem&path=//proc/43 HTTP/1.1" 200 12302 "-" "Mozilla/5.0 AppleWebKit/537.36 (KHTML, like Gecko; compatible; GPTBot/1.2; +https://openai.com/gptbot)"
216.73.216.169 - - [13/Sep/2025:17:13:02 +0200] "GET /index.php?fileloc=%2F%2Fscripts%2Fautorepair&path=%2F%2Fscripts HTTP/1.1" 200 13745 "-" "Mozilla/5.0 AppleWebKit/537.36 (KHTML, like Gecko; compatible; ClaudeBot/1.0; +claudebot@anthropic.com)"
20.171.207.216 - - [13/Sep/2025:17:13:03 +0200] "GET /?fileloc=//proc/53/mem&path=//proc/53 HTTP/1.1" 200 12302 "-" "Mozilla/5.0 AppleWebKit/537.36 (KHTML, like Gecko; compatible; GPTBot/1.2; +https://openai.com/gptbot)"
216.73.216.169 - - [13/Sep/2025:17:13:05 +0200] "GET /index.php?fileloc=%2F%2Fscripts%2Fcpservice&path=%2F%2Fscripts HTTP/1.1" 200 15480 "-" "Mozilla/5.0 AppleWebKit/537.36 (KHTML, like Gecko; compatible; ClaudeBot/1.0; +claudebot@anthropic.com)"
20.171.207.216 - - [13/Sep/2025:17:13:06 +0200] "GET /?fileloc=//proc/40/mem&path=//proc/40 HTTP/1.1" 200 12302 "-" "Mozilla/5.0 AppleWebKit/537.36 (KHTML, like Gecko; compatible; GPTBot/1.2; +https://openai.com/gptbot)"
216.73.216.169 - - [13/Sep/2025:17:13:08 +0200] "GET /index.php?fileloc=%2Fmnt%2Fdata%2Ftargetplatform%2Fpublic_html%2Fwp-admin%2Fimages%2Falign-none-2x.png&path=%2Fmnt%2Fdata%2Ftargetplatform%2Fpublic_html%2Fwp-admin%2Fimages HTTP/1.1" 200 12829 "-" "Mozilla/5.0 AppleWebKit/537.36 (KHTML, like Gecko; compatible; ClaudeBot/1.0; +claudebot@anthropic.com)"
20.171.207.216 - - [13/Sep/2025:17:13:09 +0200] "GET /?fileloc=//proc/31/mem&path=//proc/31 HTTP/1.1" 200 12302 "-" "Mozilla/5.0 AppleWebKit/537.36 (KHTML, like Gecko; compatible; GPTBot/1.2; +https://openai.com/gptbot)"
216.73.216.169 - - [13/Sep/2025:17:13:11 +0200] "GET /index.php?fileloc=%2F%2Fscripts%2Fclear_orphaned_virtfs_mounts&path=%2F%2Fscripts HTTP/1.1" 200 16196 "-" "Mozilla/5.0 AppleWebKit/537.36 (KHTML, like Gecko; compatible; ClaudeBot/1.0; +claudebot@anthropic.com)"
20.171.207.216 - - [13/Sep/2025:17:13:12 +0200] "GET /?fileloc=//proc/17/mem&path=//proc/17 HTTP/1.1" 200 12302 "-" "Mozilla/5.0 AppleWebKit/537.36 (KHTML, like Gecko; compatible; GPTBot/1.2; +https://openai.com/gptbot)"
216.73.216.169 - - [13/Sep/2025:17:13:14 +0200] "GET /index.php?fileloc=%2F%2Fsbin%2Fpvs&path=%2F%2Fsbin HTTP/1.1" 200 4190448 "-" "Mozilla/5.0 AppleWebKit/537.36 (KHTML, like Gecko; compatible; ClaudeBot/1.0; +claudebot@anthropic.com)"
20.171.207.216 - - [13/Sep/2025:17:13:16 +0200] "GET /?fileloc=//proc/85/mem&path=//proc/85 HTTP/1.1" 200 12302 "-" "Mozilla/5.0 AppleWebKit/537.36 (KHTML, like Gecko; compatible; GPTBot/1.2; +https://openai.com/gptbot)"
216.73.216.169 - - [13/Sep/2025:17:13:17 +0200] "GET /index.php?fileloc=%2F%2Fbin%2Fmsgfmt.py&path=%2F%2Fbin HTTP/1.1" 200 20415 "-" "Mozilla/5.0 AppleWebKit/537.36 (KHTML, like Gecko; compatible; ClaudeBot/1.0; +claudebot@anthropic.com)"
20.171.207.216 - - [13/Sep/2025:17:13:19 +0200] "GET /?fileloc=//proc/39/mem&path=//proc/39 HTTP/1.1" 200 12302 "-" "Mozilla/5.0 AppleWebKit/537.36 (KHTML, like Gecko; compatible; GPTBot/1.2; +https://openai.com/gptbot)"
216.73.216.169 - - [13/Sep/2025:17:13:20 +0200] "GET /index.php?path=%2F%2Fetc%2Flvm HTTP/1.1" 200 22095 "-" "Mozilla/5.0 AppleWebKit/537.36 (KHTML, like Gecko; compatible; ClaudeBot/1.0; +claudebot@anthropic.com)"
20.171.207.216 - - [13/Sep/2025:17:13:23 +0200] "GET /?path=//proc/14/fd HTTP/1.1" 200 12754 "-" "Mozilla/5.0 AppleWebKit/537.36 (KHTML, like Gecko; compatible; GPTBot/1.2; +https://openai.com/gptbot)"
216.73.216.169 - - [13/Sep/2025:17:13:23 +0200] "GET /index.php?path=%2F%2Fetc%2FNetworkManager HTTP/1.1" 200 21033 "-" "Mozilla/5.0 AppleWebKit/537.36 (KHTML, like Gecko; compatible; ClaudeBot/1.0; +claudebot@anthropic.com)"
20.171.207.216 - - [13/Sep/2025:17:13:26 +0200] "GET /?path=//proc/40/net HTTP/1.1" 200 85604 "-" "Mozilla/5.0 AppleWebKit/537.36 (KHTML, like Gecko; compatible; GPTBot/1.2; +https://openai.com/gptbot)"
66.249.70.32 - - [13/Sep/2025:17:13:27 +0200] "GET /gerardi/sgo/328778516 HTTP/1.1" 404 - "-" "Mozilla/5.0 (Linux; Android 6.0.1; Nexus 5X Build/MMB29P) AppleWebKit/537.36 (KHTML, like Gecko) Chrome/140.0.7339.127 Mobile Safari/537.36 (compatible; Googlebot/2.1; +http://www.google.com/bot.html)"
20.171.207.216 - - [13/Sep/2025:17:13:29 +0200] "GET /?path=//proc/14/net HTTP/1.1" 200 85604 "-" "Mozilla/5.0 AppleWebKit/537.36 (KHTML, like Gecko; compatible; GPTBot/1.2; +https://openai.com/gptbot)"
216.73.216.169 - - [13/Sep/2025:17:13:27 +0200] "GET /index.php?fileloc=%2F%2Fbin%2Fmysql_embedded&path=%2F%2Fbin HTTP/1.1" 200 36287449 "-" "Mozilla/5.0 AppleWebKit/537.36 (KHTML, like Gecko; compatible; ClaudeBot/1.0; +claudebot@anthropic.com)"
216.73.216.169 - - [13/Sep/2025:17:13:30 +0200] "GET /index.php?path=%2F%2Fetc%2Flibibverbs.d HTTP/1.1" 200 37405 "-" "Mozilla/5.0 AppleWebKit/537.36 (KHTML, like Gecko; compatible; ClaudeBot/1.0; +claudebot@anthropic.com)"
20.171.207.216 - - [13/Sep/2025:17:13:32 +0200] "GET /?path=//proc/53/net HTTP/1.1" 200 85604 "-" "Mozilla/5.0 AppleWebKit/537.36 (KHTML, like Gecko; compatible; GPTBot/1.2; +https://openai.com/gptbot)"
216.73.216.169 - - [13/Sep/2025:17:13:33 +0200] "GET /index.php?fileloc=%2F%2Fscripts%2Fupdate-packages&path=%2F%2Fscripts HTTP/1.1" 200 17948 "-" "Mozilla/5.0 AppleWebKit/537.36 (KHTML, like Gecko; compatible; ClaudeBot/1.0; +claudebot@anthropic.com)"
20.171.207.216 - - [13/Sep/2025:17:13:35 +0200] "GET /?path=//proc/17/net HTTP/1.1" 200 85604 "-" "Mozilla/5.0 AppleWebKit/537.36 (KHTML, like Gecko; compatible; GPTBot/1.2; +https://openai.com/gptbot)"
216.73.216.169 - - [13/Sep/2025:17:13:36 +0200] "GET /index.php?fileloc=%2F%2Fscripts%2Finitfpsuexec&path=%2F%2Fscripts HTTP/1.1" 200 12728 "-" "Mozilla/5.0 AppleWebKit/537.36 (KHTML, like Gecko; compatible; ClaudeBot/1.0; +claudebot@anthropic.com)"
20.171.207.216 - - [13/Sep/2025:17:13:38 +0200] "GET /?path=//proc/85/net HTTP/1.1" 200 85604 "-" "Mozilla/5.0 AppleWebKit/537.36 (KHTML, like Gecko; compatible; GPTBot/1.2; +https://openai.com/gptbot)"
216.73.216.169 - - [13/Sep/2025:17:13:39 +0200] "GET /index.php?fileloc=%2F%2Fbin%2Fpydoc3&path=%2F%2Fbin HTTP/1.1" 200 12354 "-" "Mozilla/5.0 AppleWebKit/537.36 (KHTML, like Gecko; compatible; ClaudeBot/1.0; +claudebot@anthropic.com)"
20.171.207.216 - - [13/Sep/2025:17:13:41 +0200] "GET /?path=//proc/31/net HTTP/1.1" 200 85604 "-" "Mozilla/5.0 AppleWebKit/537.36 (KHTML, like Gecko; compatible; GPTBot/1.2; +https://openai.com/gptbot)"
216.73.216.169 - - [13/Sep/2025:17:13:44 +0200] "GET /index.php?fileloc=%2F%2Fsbin%2Ffsck.cramfs&path=%2F%2Fsbin HTTP/1.1" 200 53497 "-" "Mozilla/5.0 AppleWebKit/537.36 (KHTML, like Gecko; compatible; ClaudeBot/1.0; +claudebot@anthropic.com)"
20.171.207.216 - - [13/Sep/2025:17:13:45 +0200] "GET /?path=//proc/39/net HTTP/1.1" 200 85604 "-" "Mozilla/5.0 AppleWebKit/537.36 (KHTML, like Gecko; compatible; GPTBot/1.2; +https://openai.com/gptbot)"
216.73.216.169 - - [13/Sep/2025:17:13:47 +0200] "GET /index.php?fileloc=%2F%2Fsbin%2Fgroupmod&path=%2F%2Fsbin HTTP/1.1" 200 116728 "-" "Mozilla/5.0 AppleWebKit/537.36 (KHTML, like Gecko; compatible; ClaudeBot/1.0; +claudebot@anthropic.com)"
20.171.207.216 - - [13/Sep/2025:17:13:48 +0200] "GET /?fileloc=//proc/40/net/mcfilter6&path=//proc/40/net HTTP/1.1" 200 12441 "-" "Mozilla/5.0 AppleWebKit/537.36 (KHTML, like Gecko; compatible; GPTBot/1.2; +https://openai.com/gptbot)"
216.73.216.169 - - [13/Sep/2025:17:13:50 +0200] "GET /index.php?fileloc=%2F%2Fbin%2Ffreetype-config&path=%2F%2Fbin HTTP/1.1" 200 17143 "-" "Mozilla/5.0 AppleWebKit/537.36 (KHTML, like Gecko; compatible; ClaudeBot/1.0; +claudebot@anthropic.com)"
20.171.207.216 - - [13/Sep/2025:17:13:51 +0200] "GET /?fileloc=//proc/53/net/mcfilter6&path=//proc/53/net HTTP/1.1" 200 12441 "-" "Mozilla/5.0 AppleWebKit/537.36 (KHTML, like Gecko; compatible; GPTBot/1.2; +https://openai.com/gptbot)"
216.73.216.169 - - [13/Sep/2025:17:13:53 +0200] "GET /index.php?fileloc=%2F%2Fsbin%2Frunlevel&path=%2F%2Fsbin HTTP/1.1" 200 489112 "-" "Mozilla/5.0 AppleWebKit/537.36 (KHTML, like Gecko; compatible; ClaudeBot/1.0; +claudebot@anthropic.com)"
20.171.207.216 - - [13/Sep/2025:17:13:54 +0200] "GET /?fileloc=//proc/17/net/mcfilter6&path=//proc/17/net HTTP/1.1" 200 12441 "-" "Mozilla/5.0 AppleWebKit/537.36 (KHTML, like Gecko; compatible; GPTBot/1.2; +https://openai.com/gptbot)"
216.73.216.169 - - [13/Sep/2025:17:13:57 +0200] "GET /index.php?fileloc=%2F%2Fsbin%2Fgrubby&path=%2F%2Fsbin HTTP/1.1" 200 12565 "-" "Mozilla/5.0 AppleWebKit/537.36 (KHTML, like Gecko; compatible; ClaudeBot/1.0; +claudebot@anthropic.com)"
20.171.207.216 - - [13/Sep/2025:17:13:57 +0200] "GET /?fileloc=//proc/85/net/mcfilter6&path=//proc/85/net HTTP/1.1" 200 12441 "-" "Mozilla/5.0 AppleWebKit/537.36 (KHTML, like Gecko; compatible; GPTBot/1.2; +https://openai.com/gptbot)"
216.73.216.169 - - [13/Sep/2025:17:13:59 +0200] "GET /index.php?fileloc=%2F%2Fbin%2Frpmdb&path=%2F%2Fbin HTTP/1.1" 200 35844 "-" "Mozilla/5.0 AppleWebKit/537.36 (KHTML, like Gecko; compatible; ClaudeBot/1.0; +claudebot@anthropic.com)"
20.171.207.216 - - [13/Sep/2025:17:14:00 +0200] "GET /?path=//proc/43/net HTTP/1.1" 200 85604 "-" "Mozilla/5.0 AppleWebKit/537.36 (KHTML, like Gecko; compatible; GPTBot/1.2; +https://openai.com/gptbot)"
216.73.216.169 - - [13/Sep/2025:17:14:02 +0200] "GET /index.php?fileloc=%2F%2Fbin%2Fautoconf&path=%2F%2Fbin HTTP/1.1" 200 29305 "-" "Mozilla/5.0 AppleWebKit/537.36 (KHTML, like Gecko; compatible; ClaudeBot/1.0; +claudebot@anthropic.com)"
20.171.207.216 - - [13/Sep/2025:17:14:04 +0200] "GET /?fileloc=//proc/31/net/mcfilter6&path=//proc/31/net HTTP/1.1" 200 12441 "-" "Mozilla/5.0 AppleWebKit/537.36 (KHTML, like Gecko; compatible; GPTBot/1.2; +https://openai.com/gptbot)"
216.73.216.169 - - [13/Sep/2025:17:14:05 +0200] "GET /index.php?fileloc=%2F%2Fsbin%2Fxfs_info&path=%2F%2Fsbin HTTP/1.1" 200 13810 "-" "Mozilla/5.0 AppleWebKit/537.36 (KHTML, like Gecko; compatible; ClaudeBot/1.0; +claudebot@anthropic.com)"
20.171.207.216 - - [13/Sep/2025:17:14:06 +0200] "GET /?fileloc=//proc/39/net/mcfilter6&path=//proc/39/net HTTP/1.1" 200 12441 "-" "Mozilla/5.0 AppleWebKit/537.36 (KHTML, like Gecko; compatible; GPTBot/1.2; +https://openai.com/gptbot)"
216.73.216.169 - - [13/Sep/2025:17:14:08 +0200] "GET /index.php?fileloc=%2F%2Fbin%2Ffc-scan&path=%2F%2Fbin HTTP/1.1" 200 30649 "-" "Mozilla/5.0 AppleWebKit/537.36 (KHTML, like Gecko; compatible; ClaudeBot/1.0; +claudebot@anthropic.com)"
20.171.207.216 - - [13/Sep/2025:17:14:09 +0200] "GET /?fileloc=//proc/14/net/mcfilter6&path=//proc/14/net HTTP/1.1" 200 12441 "-" "Mozilla/5.0 AppleWebKit/537.36 (KHTML, like Gecko; compatible; GPTBot/1.2; +https://openai.com/gptbot)"
216.73.216.169 - - [13/Sep/2025:17:14:11 +0200] "GET /index.php?path=%2F%2Fetc%2Fvaliases HTTP/1.1" 200 12727 "-" "Mozilla/5.0 AppleWebKit/537.36 (KHTML, like Gecko; compatible; ClaudeBot/1.0; +claudebot@anthropic.com)"
20.171.207.216 - - [13/Sep/2025:17:14:13 +0200] "GET /?path=//proc/84/net HTTP/1.1" 200 85604 "-" "Mozilla/5.0 AppleWebKit/537.36 (KHTML, like Gecko; compatible; GPTBot/1.2; +https://openai.com/gptbot)"
216.73.216.169 - - [13/Sep/2025:17:14:14 +0200] "GET /index.php?fileloc=%2F%2Fsbin%2Favcstat&path=%2F%2Fsbin HTTP/1.1" 200 31618 "-" "Mozilla/5.0 AppleWebKit/537.36 (KHTML, like Gecko; compatible; ClaudeBot/1.0; +claudebot@anthropic.com)"
20.171.207.216 - - [13/Sep/2025:17:14:16 +0200] "GET /?fileloc=//proc/14/clear_refs&path=//proc/14 HTTP/1.1" 200 12309 "-" "Mozilla/5.0 AppleWebKit/537.36 (KHTML, like Gecko; compatible; GPTBot/1.2; +https://openai.com/gptbot)"
216.73.216.169 - - [13/Sep/2025:17:14:17 +0200] "GET /index.php?fileloc=%2F%2Fsbin%2Firqbalance&path=%2F%2Fsbin HTTP/1.1" 200 109566 "-" "Mozilla/5.0 AppleWebKit/537.36 (KHTML, like Gecko; compatible; ClaudeBot/1.0; +claudebot@anthropic.com)"
20.171.207.216 - - [13/Sep/2025:17:14:19 +0200] "GET /?fileloc=//proc/39/net/ip6_mr_vif&path=//proc/39/net HTTP/1.1" 200 12406 "-" "Mozilla/5.0 AppleWebKit/537.36 (KHTML, like Gecko; compatible; GPTBot/1.2; +https://openai.com/gptbot)"
20.171.207.216 - - [13/Sep/2025:17:14:22 +0200] "GET /?fileloc=//proc/85/clear_refs&path=//proc/85 HTTP/1.1" 200 12309 "-" "Mozilla/5.0 AppleWebKit/537.36 (KHTML, like Gecko; compatible; GPTBot/1.2; +https://openai.com/gptbot)"
216.73.216.169 - - [13/Sep/2025:17:14:20 +0200] "GET /index.php?fileloc=%2F%2Fsbin%2Fsw-engine-fpm&path=%2F%2Fsbin HTTP/1.1" 200 33159932 "-" "Mozilla/5.0 AppleWebKit/537.36 (KHTML, like Gecko; compatible; ClaudeBot/1.0; +claudebot@anthropic.com)"
216.73.216.169 - - [13/Sep/2025:17:14:23 +0200] "GET /index.php?fileloc=%2F%2Fbin%2Fpipewire-pulse&path=%2F%2Fbin HTTP/1.1" 200 30559 "-" "Mozilla/5.0 AppleWebKit/537.36 (KHTML, like Gecko; compatible; ClaudeBot/1.0; +claudebot@anthropic.com)"
5.255.231.87 - - [13/Sep/2025:17:14:24 +0200] "GET /mischievousness1882602957/ HTTP/1.1" 404 - "-" "Mozilla/5.0 (compatible; YandexBot/3.0; +http://yandex.com/bots)"
20.171.207.216 - - [13/Sep/2025:17:14:25 +0200] "GET /?fileloc=//proc/43/net/mcfilter6&path=//proc/43/net HTTP/1.1" 200 12441 "-" "Mozilla/5.0 AppleWebKit/537.36 (KHTML, like Gecko; compatible; GPTBot/1.2; +https://openai.com/gptbot)"
5.255.231.66 - - [13/Sep/2025:17:14:27 +0200] "GET /animator/f/378301121/ HTTP/1.1" 404 - "-" "Mozilla/5.0 (compatible; YandexBot/3.0; +http://yandex.com/bots)"
216.73.216.169 - - [13/Sep/2025:17:14:26 +0200] "GET /index.php?fileloc=%2F%2Fsbin%2Fvgimport&path=%2F%2Fsbin HTTP/1.1" 200 4190453 "-" "Mozilla/5.0 AppleWebKit/537.36 (KHTML, like Gecko; compatible; ClaudeBot/1.0; +claudebot@anthropic.com)"
20.171.207.216 - - [13/Sep/2025:17:14:28 +0200] "GET /?fileloc=//proc/39/clear_refs&path=//proc/39 HTTP/1.1" 200 12309 "-" "Mozilla/5.0 AppleWebKit/537.36 (KHTML, like Gecko; compatible; GPTBot/1.2; +https://openai.com/gptbot)"
216.73.216.169 - - [13/Sep/2025:17:14:29 +0200] "GET /index.php?fileloc=%2F%2Fsbin%2Finstall-info&path=%2F%2Fsbin HTTP/1.1" 200 180652 "-" "Mozilla/5.0 AppleWebKit/537.36 (KHTML, like Gecko; compatible; ClaudeBot/1.0; +claudebot@anthropic.com)"
20.171.207.216 - - [13/Sep/2025:17:14:31 +0200] "GET /?fileloc=//proc/84/patch_state&path=//proc/84 HTTP/1.1" 200 12310 "-" "Mozilla/5.0 AppleWebKit/537.36 (KHTML, like Gecko; compatible; GPTBot/1.2; +https://openai.com/gptbot)"
216.73.216.169 - - [13/Sep/2025:17:14:32 +0200] "GET /index.php?fileloc=%2F%2Fsbin%2Fdosfslabel&path=%2F%2Fsbin HTTP/1.1" 200 65932 "-" "Mozilla/5.0 AppleWebKit/537.36 (KHTML, like Gecko; compatible; ClaudeBot/1.0; +claudebot@anthropic.com)"
20.171.207.216 - - [13/Sep/2025:17:14:35 +0200] "GET /?fileloc=//proc/40/patch_state&path=//proc/40 HTTP/1.1" 200 12310 "-" "Mozilla/5.0 AppleWebKit/537.36 (KHTML, like Gecko; compatible; GPTBot/1.2; +https://openai.com/gptbot)"
216.73.216.169 - - [13/Sep/2025:17:14:35 +0200] "GET /index.php?fileloc=%2F%2Fbin%2Fsg_verify&path=%2F%2Fbin HTTP/1.1" 200 37179 "-" "Mozilla/5.0 AppleWebKit/537.36 (KHTML, like Gecko; compatible; ClaudeBot/1.0; +claudebot@anthropic.com)"
20.171.207.216 - - [13/Sep/2025:17:14:38 +0200] "GET /?fileloc=//proc/17/patch_state&path=//proc/17 HTTP/1.1" 200 12310 "-" "Mozilla/5.0 AppleWebKit/537.36 (KHTML, like Gecko; compatible; GPTBot/1.2; +https://openai.com/gptbot)"
216.73.216.169 - - [13/Sep/2025:17:14:38 +0200] "GET /index.php?fileloc=%2F%2Fbin%2Fcpapi1&path=%2F%2Fbin HTTP/1.1" 200 4077788 "-" "Mozilla/5.0 AppleWebKit/537.36 (KHTML, like Gecko; compatible; ClaudeBot/1.0; +claudebot@anthropic.com)"
95.108.213.136 - - [13/Sep/2025:17:14:39 +0200] "GET /slier/2154775454/ HTTP/1.1" 404 - "-" "Mozilla/5.0 (compatible; YandexBot/3.0; +http://yandex.com/bots)"
20.171.207.216 - - [13/Sep/2025:17:14:41 +0200] "GET /?fileloc=//proc/84/net/mcfilter6&path=//proc/84/net HTTP/1.1" 200 12441 "-" "Mozilla/5.0 AppleWebKit/537.36 (KHTML, like Gecko; compatible; GPTBot/1.2; +https://openai.com/gptbot)"
216.73.216.169 - - [13/Sep/2025:17:14:41 +0200] "GET /index.php?fileloc=%2F%2Fbin%2Fvimdot&path=%2F%2Fbin HTTP/1.1" 200 13613 "-" "Mozilla/5.0 AppleWebKit/537.36 (KHTML, like Gecko; compatible; ClaudeBot/1.0; +claudebot@anthropic.com)"
20.171.207.216 - - [13/Sep/2025:17:14:44 +0200] "GET /?fileloc=//proc/43/clear_refs&path=//proc/43 HTTP/1.1" 200 12309 "-" "Mozilla/5.0 AppleWebKit/537.36 (KHTML, like Gecko; compatible; GPTBot/1.2; +https://openai.com/gptbot)"
216.73.216.169 - - [13/Sep/2025:17:14:44 +0200] "GET /index.php?fileloc=%2F%2Fbin%2Fscriptreplay&path=%2F%2Fbin HTTP/1.1" 200 59434 "-" "Mozilla/5.0 AppleWebKit/537.36 (KHTML, like Gecko; compatible; ClaudeBot/1.0; +claudebot@anthropic.com)"
20.171.207.216 - - [13/Sep/2025:17:14:47 +0200] "GET /?fileloc=//proc/85/patch_state&path=//proc/85 HTTP/1.1" 200 12310 "-" "Mozilla/5.0 AppleWebKit/537.36 (KHTML, like Gecko; compatible; GPTBot/1.2; +https://openai.com/gptbot)"
54.88.84.219 - - [13/Sep/2025:17:14:47 +0200] "GET /?p=8872 HTTP/1.1" 200 56106 "-" "Mozilla/5.0 AppleWebKit/537.36 (KHTML, like Gecko; compatible; Amazonbot/0.1; +https://developer.amazon.com/support/amazonbot) Chrome/119.0.6045.214 Safari/537.36"
216.73.216.169 - - [13/Sep/2025:17:14:47 +0200] "GET /index.php?fileloc=%2F%2Fbin%2Fpip&path=%2F%2Fbin HTTP/1.1" 200 12946 "-" "Mozilla/5.0 AppleWebKit/537.36 (KHTML, like Gecko; compatible; ClaudeBot/1.0; +claudebot@anthropic.com)"
20.171.207.216 - - [13/Sep/2025:17:14:50 +0200] "GET /?fileloc=//proc/39/patch_state&path=//proc/39 HTTP/1.1" 200 12310 "-" "Mozilla/5.0 AppleWebKit/537.36 (KHTML, like Gecko; compatible; GPTBot/1.2; +https://openai.com/gptbot)"
216.73.216.169 - - [13/Sep/2025:17:14:50 +0200] "GET /index.php?fileloc=%2F%2Fbin%2Flinux32&path=%2F%2Fbin HTTP/1.1" 200 45804 "-" "Mozilla/5.0 AppleWebKit/537.36 (KHTML, like Gecko; compatible; ClaudeBot/1.0; +claudebot@anthropic.com)"
107.22.208.39 - - [13/Sep/2025:17:14:52 +0200] "GET /de/wp-login.php?action=lostpassword&redirect_to=https://targetplatform.net/de/?p%3D2378 HTTP/1.1" 404 - "-" "Mozilla/5.0 AppleWebKit/537.36 (KHTML, like Gecko; compatible; Amazonbot/0.1; +https://developer.amazon.com/support/amazonbot) Chrome/119.0.6045.214 Safari/537.36"
216.73.216.169 - - [13/Sep/2025:17:14:53 +0200] "GET /index.php?path=%2F%2Fetc%2Fexports.d HTTP/1.1" 404 - "-" "Mozilla/5.0 AppleWebKit/537.36 (KHTML, like Gecko; compatible; ClaudeBot/1.0; +claudebot@anthropic.com)"
20.171.207.216 - - [13/Sep/2025:17:14:54 +0200] "GET /?fileloc=//proc/31/patch_state&path=//proc/31 HTTP/1.1" 200 12310 "-" "Mozilla/5.0 AppleWebKit/537.36 (KHTML, like Gecko; compatible; GPTBot/1.2; +https://openai.com/gptbot)"
3.215.221.125 - - [13/Sep/2025:17:14:54 +0200] "GET /?paged=39&search=111280629 HTTP/1.1" 200 56106 "-" "Mozilla/5.0 AppleWebKit/537.36 (KHTML, like Gecko; compatible; Amazonbot/0.1; +https://developer.amazon.com/support/amazonbot) Chrome/119.0.6045.214 Safari/537.36"
216.73.216.169 - - [13/Sep/2025:17:14:56 +0200] "GET /index.php?fileloc=%2F%2Fbin%2Fprintf&path=%2F%2Fbin HTTP/1.1" 200 92309 "-" "Mozilla/5.0 AppleWebKit/537.36 (KHTML, like Gecko; compatible; ClaudeBot/1.0; +claudebot@anthropic.com)"
20.171.207.216 - - [13/Sep/2025:17:14:57 +0200] "GET /?fileloc=//proc/53/patch_state&path=//proc/53 HTTP/1.1" 200 12310 "-" "Mozilla/5.0 AppleWebKit/537.36 (KHTML, like Gecko; compatible; GPTBot/1.2; +https://openai.com/gptbot)"
216.73.216.169 - - [13/Sep/2025:17:14:59 +0200] "GET /index.php?fileloc=%2F%2Fbin%2Frpm&path=%2F%2Fbin HTTP/1.1" 200 41200 "-" "Mozilla/5.0 AppleWebKit/537.36 (KHTML, like Gecko; compatible; ClaudeBot/1.0; +claudebot@anthropic.com)"
20.171.207.216 - - [13/Sep/2025:17:15:00 +0200] "GET /?fileloc=//proc/84/clear_refs&path=//proc/84 HTTP/1.1" 200 12309 "-" "Mozilla/5.0 AppleWebKit/537.36 (KHTML, like Gecko; compatible; GPTBot/1.2; +https://openai.com/gptbot)"
216.73.216.169 - - [13/Sep/2025:17:15:02 +0200] "GET /index.php?fileloc=%2F%2Fsbin%2Fownership&path=%2F%2Fsbin HTTP/1.1" 200 31193 "-" "Mozilla/5.0 AppleWebKit/537.36 (KHTML, like Gecko; compatible; ClaudeBot/1.0; +claudebot@anthropic.com)"
20.171.207.216 - - [13/Sep/2025:17:15:03 +0200] "GET /?fileloc=//proc/43/patch_state&path=//proc/43 HTTP/1.1" 200 12310 "-" "Mozilla/5.0 AppleWebKit/537.36 (KHTML, like Gecko; compatible; GPTBot/1.2; +https://openai.com/gptbot)"
216.73.216.169 - - [13/Sep/2025:17:15:05 +0200] "GET /index.php?fileloc=%2F%2Fbin%2Ftracker3&path=%2F%2Fbin HTTP/1.1" 200 919683 "-" "Mozilla/5.0 AppleWebKit/537.36 (KHTML, like Gecko; compatible; ClaudeBot/1.0; +claudebot@anthropic.com)"
20.171.207.216 - - [13/Sep/2025:17:15:06 +0200] "GET /?fileloc=//proc/40/clear_refs&path=//proc/40 HTTP/1.1" 200 12309 "-" "Mozilla/5.0 AppleWebKit/537.36 (KHTML, like Gecko; compatible; GPTBot/1.2; +https://openai.com/gptbot)"
216.73.216.169 - - [13/Sep/2025:17:15:08 +0200] "GET /index.php?fileloc=%2F%2Fbin%2Fbash&path=%2F%2Fbin HTTP/1.1" 200 2153744 "-" "Mozilla/5.0 AppleWebKit/537.36 (KHTML, like Gecko; compatible; ClaudeBot/1.0; +claudebot@anthropic.com)"
20.171.207.216 - - [13/Sep/2025:17:15:09 +0200] "GET /?fileloc=//proc/53/clear_refs&path=//proc/53 HTTP/1.1" 200 12309 "-" "Mozilla/5.0 AppleWebKit/537.36 (KHTML, like Gecko; compatible; GPTBot/1.2; +https://openai.com/gptbot)"
216.73.216.169 - - [13/Sep/2025:17:15:11 +0200] "GET /index.php?fileloc=%2F%2Fbin%2Fmodutil&path=%2F%2Fbin HTTP/1.1" 200 145223 "-" "Mozilla/5.0 AppleWebKit/537.36 (KHTML, like Gecko; compatible; ClaudeBot/1.0; +claudebot@anthropic.com)"
20.171.207.216 - - [13/Sep/2025:17:15:12 +0200] "GET /?fileloc=//proc/31/clear_refs&path=//proc/31 HTTP/1.1" 200 12309 "-" "Mozilla/5.0 AppleWebKit/537.36 (KHTML, like Gecko; compatible; GPTBot/1.2; +https://openai.com/gptbot)"
216.73.216.169 - - [13/Sep/2025:17:15:14 +0200] "GET /index.php?fileloc=%2F%2Fbin%2Fssh-keygen&path=%2F%2Fbin HTTP/1.1" 200 697646 "-" "Mozilla/5.0 AppleWebKit/537.36 (KHTML, like Gecko; compatible; ClaudeBot/1.0; +claudebot@anthropic.com)"
20.171.207.216 - - [13/Sep/2025:17:15:16 +0200] "GET /?fileloc=//proc/17/clear_refs&path=//proc/17 HTTP/1.1" 200 12309 "-" "Mozilla/5.0 AppleWebKit/537.36 (KHTML, like Gecko; compatible; GPTBot/1.2; +https://openai.com/gptbot)"
216.73.216.169 - - [13/Sep/2025:17:15:17 +0200] "GET /index.php?fileloc=%2F%2Fsbin%2Fwhmapi1&path=%2F%2Fsbin HTTP/1.1" 200 4077792 "-" "Mozilla/5.0 AppleWebKit/537.36 (KHTML, like Gecko; compatible; ClaudeBot/1.0; +claudebot@anthropic.com)"
20.171.207.216 - - [13/Sep/2025:17:15:18 +0200] "GET /?fileloc=//proc/14/patch_state&path=//proc/14 HTTP/1.1" 200 12310 "-" "Mozilla/5.0 AppleWebKit/537.36 (KHTML, like Gecko; compatible; GPTBot/1.2; +https://openai.com/gptbot)"
216.73.216.169 - - [13/Sep/2025:17:15:20 +0200] "GET /index.php?fileloc=%2F%2Fbin%2Fgrub2-file&path=%2F%2Fbin HTTP/1.1" 200 1982665 "-" "Mozilla/5.0 AppleWebKit/537.36 (KHTML, like Gecko; compatible; ClaudeBot/1.0; +claudebot@anthropic.com)"
20.171.207.216 - - [13/Sep/2025:17:15:22 +0200] "GET /?fileloc=//proc/40/net/if_inet6&path=//proc/40/net HTTP/1.1" 200 12511 "-" "Mozilla/5.0 AppleWebKit/537.36 (KHTML, like Gecko; compatible; GPTBot/1.2; +https://openai.com/gptbot)"
216.73.216.169 - - [13/Sep/2025:17:15:23 +0200] "GET /index.php?fileloc=%2F%2Fbin%2Fxml2-config&path=%2F%2Fbin HTTP/1.1" 200 14334 "-" "Mozilla/5.0 AppleWebKit/537.36 (KHTML, like Gecko; compatible; ClaudeBot/1.0; +claudebot@anthropic.com)"
20.171.207.216 - - [13/Sep/2025:17:15:25 +0200] "GET /?fileloc=//proc/17/net/if_inet6&path=//proc/17/net HTTP/1.1" 200 12511 "-" "Mozilla/5.0 AppleWebKit/537.36 (KHTML, like Gecko; compatible; GPTBot/1.2; +https://openai.com/gptbot)"
216.73.216.169 - - [13/Sep/2025:17:15:26 +0200] "GET /index.php?fileloc=%2F%2Fbin%2Freposync&path=%2F%2Fbin HTTP/1.1" 200 16608 "-" "Mozilla/5.0 AppleWebKit/537.36 (KHTML, like Gecko; compatible; ClaudeBot/1.0; +claudebot@anthropic.com)"
20.171.207.216 - - [13/Sep/2025:17:15:28 +0200] "GET /?fileloc=//proc/14/net/if_inet6&path=//proc/14/net HTTP/1.1" 200 12511 "-" "Mozilla/5.0 AppleWebKit/537.36 (KHTML, like Gecko; compatible; GPTBot/1.2; +https://openai.com/gptbot)"
216.73.216.169 - - [13/Sep/2025:17:15:29 +0200] "GET /index.php?fileloc=%2F%2Fbin%2Fmsgcomm&path=%2F%2Fbin HTTP/1.1" 200 45321 "-" "Mozilla/5.0 AppleWebKit/537.36 (KHTML, like Gecko; compatible; ClaudeBot/1.0; +claudebot@anthropic.com)"
20.171.207.216 - - [13/Sep/2025:17:15:31 +0200] "GET /?fileloc=//proc/84/net/if_inet6&path=//proc/84/net HTTP/1.1" 200 12511 "-" "Mozilla/5.0 AppleWebKit/537.36 (KHTML, like Gecko; compatible; GPTBot/1.2; +https://openai.com/gptbot)"
216.73.216.169 - - [13/Sep/2025:17:15:32 +0200] "GET /index.php?fileloc=%2F%2Fsbin%2Farp&path=%2F%2Fsbin HTTP/1.1" 200 102951 "-" "Mozilla/5.0 AppleWebKit/537.36 (KHTML, like Gecko; compatible; ClaudeBot/1.0; +claudebot@anthropic.com)"
20.171.207.216 - - [13/Sep/2025:17:15:35 +0200] "GET /?fileloc=//proc/85/net/if_inet6&path=//proc/85/net HTTP/1.1" 200 12511 "-" "Mozilla/5.0 AppleWebKit/537.36 (KHTML, like Gecko; compatible; GPTBot/1.2; +https://openai.com/gptbot)"
216.73.216.169 - - [13/Sep/2025:17:15:35 +0200] "GET /index.php?fileloc=%2F%2Fbin%2Ftraceroute&path=%2F%2Fbin HTTP/1.1" 200 121630 "-" "Mozilla/5.0 AppleWebKit/537.36 (KHTML, like Gecko; compatible; ClaudeBot/1.0; +claudebot@anthropic.com)"
20.171.207.216 - - [13/Sep/2025:17:15:38 +0200] "GET /?fileloc=//proc/53/net/if_inet6&path=//proc/53/net HTTP/1.1" 200 12511 "-" "Mozilla/5.0 AppleWebKit/537.36 (KHTML, like Gecko; compatible; GPTBot/1.2; +https://openai.com/gptbot)"
20.171.207.216 - - [13/Sep/2025:17:15:40 +0200] "GET /?fileloc=//proc/39/net/if_inet6&path=//proc/39/net HTTP/1.1" 200 12511 "-" "Mozilla/5.0 AppleWebKit/537.36 (KHTML, like Gecko; compatible; GPTBot/1.2; +https://openai.com/gptbot)"
216.73.216.169 - - [13/Sep/2025:17:15:38 +0200] "GET /index.php?fileloc=%2F%2Fbin%2Fgit&path=%2F%2Fbin HTTP/1.1" 200 32113291 "-" "Mozilla/5.0 AppleWebKit/537.36 (KHTML, like Gecko; compatible; ClaudeBot/1.0; +claudebot@anthropic.com)"
216.73.216.169 - - [13/Sep/2025:17:15:41 +0200] "GET /index.php?fileloc=%2F%2Fbin%2Fpipewire-aes67&path=%2F%2Fbin HTTP/1.1" 200 30559 "-" "Mozilla/5.0 AppleWebKit/537.36 (KHTML, like Gecko; compatible; ClaudeBot/1.0; +claudebot@anthropic.com)"
216.73.216.169 - - [13/Sep/2025:17:15:42 +0200] "GET /robots.txt HTTP/1.1" 200 1119 "-" "Mozilla/5.0 AppleWebKit/537.36 (KHTML, like Gecko; compatible; ClaudeBot/1.0; +claudebot@anthropic.com)"
20.171.207.216 - - [13/Sep/2025:17:15:43 +0200] "GET /?fileloc=//proc/31/net/if_inet6&path=//proc/31/net HTTP/1.1" 200 12511 "-" "Mozilla/5.0 AppleWebKit/537.36 (KHTML, like Gecko; compatible; GPTBot/1.2; +https://openai.com/gptbot)"
216.73.216.169 - - [13/Sep/2025:17:15:44 +0200] "GET /index.php?fileloc=%2F%2Fbin%2Fmsgfilter&path=%2F%2Fbin HTTP/1.1" 200 57445 "-" "Mozilla/5.0 AppleWebKit/537.36 (KHTML, like Gecko; compatible; ClaudeBot/1.0; +claudebot@anthropic.com)"
20.171.207.216 - - [13/Sep/2025:17:15:47 +0200] "GET /?fileloc=//proc/39/sessionid&path=//proc/39 HTTP/1.1" 200 12318 "-" "Mozilla/5.0 AppleWebKit/537.36 (KHTML, like Gecko; compatible; GPTBot/1.2; +https://openai.com/gptbot)"
216.73.216.169 - - [13/Sep/2025:17:15:47 +0200] "GET /index.php?fileloc=%2F%2Fbin%2Fsemodule_package&path=%2F%2Fbin HTTP/1.1" 200 36299 "-" "Mozilla/5.0 AppleWebKit/537.36 (KHTML, like Gecko; compatible; ClaudeBot/1.0; +claudebot@anthropic.com)"
20.171.207.216 - - [13/Sep/2025:17:15:50 +0200] "GET /?fileloc=//proc/43/net/if_inet6&path=//proc/43/net HTTP/1.1" 200 12511 "-" "Mozilla/5.0 AppleWebKit/537.36 (KHTML, like Gecko; compatible; GPTBot/1.2; +https://openai.com/gptbot)"
216.73.216.169 - - [13/Sep/2025:17:15:50 +0200] "GET /index.php?fileloc=%2F%2Fsbin%2Frestorecon&path=%2F%2Fsbin HTTP/1.1" 200 41514 "-" "Mozilla/5.0 AppleWebKit/537.36 (KHTML, like Gecko; compatible; ClaudeBot/1.0; +claudebot@anthropic.com)"
20.171.207.216 - - [13/Sep/2025:17:15:53 +0200] "GET /?fileloc=//proc/43/setgroups&path=//proc/43 HTTP/1.1" 200 12314 "-" "Mozilla/5.0 AppleWebKit/537.36 (KHTML, like Gecko; compatible; GPTBot/1.2; +https://openai.com/gptbot)"
216.73.216.169 - - [13/Sep/2025:17:15:53 +0200] "GET /index.php?fileloc=%2F%2Fbin%2Fintel-speed-select&path=%2F%2Fbin HTTP/1.1" 200 178970 "-" "Mozilla/5.0 AppleWebKit/537.36 (KHTML, like Gecko; compatible; ClaudeBot/1.0; +claudebot@anthropic.com)"
216.73.216.169 - - [13/Sep/2025:17:15:56 +0200] "GET /index.php?fileloc=%2F%2Fbin%2Fdirmngr&path=%2F%2Fbin HTTP/1.1" 200 717581 "-" "Mozilla/5.0 AppleWebKit/537.36 (KHTML, like Gecko; compatible; ClaudeBot/1.0; +claudebot@anthropic.com)"
20.171.207.216 - - [13/Sep/2025:17:15:56 +0200] "GET /?fileloc=//proc/43/schedstat&path=//proc/43 HTTP/1.1" 200 12342 "-" "Mozilla/5.0 AppleWebKit/537.36 (KHTML, like Gecko; compatible; GPTBot/1.2; +https://openai.com/gptbot)"
216.73.216.169 - - [13/Sep/2025:17:15:59 +0200] "GET /index.php?fileloc=%2F%2Fbin%2Fautomake&path=%2F%2Fbin HTTP/1.1" 200 301976 "-" "Mozilla/5.0 AppleWebKit/537.36 (KHTML, like Gecko; compatible; ClaudeBot/1.0; +claudebot@anthropic.com)"
20.171.207.216 - - [13/Sep/2025:17:15:59 +0200] "GET /?fileloc=//proc/17/schedstat&path=//proc/17 HTTP/1.1" 200 12347 "-" "Mozilla/5.0 AppleWebKit/537.36 (KHTML, like Gecko; compatible; GPTBot/1.2; +https://openai.com/gptbot)"
216.73.216.169 - - [13/Sep/2025:17:16:02 +0200] "GET /index.php?fileloc=%2F%2Fbin%2Fsg_rtpg&path=%2F%2Fbin HTTP/1.1" 200 32035 "-" "Mozilla/5.0 AppleWebKit/537.36 (KHTML, like Gecko; compatible; ClaudeBot/1.0; +claudebot@anthropic.com)"
20.171.207.216 - - [13/Sep/2025:17:16:03 +0200] "GET /?fileloc=//proc/84/sessionid&path=//proc/84 HTTP/1.1" 200 12318 "-" "Mozilla/5.0 AppleWebKit/537.36 (KHTML, like Gecko; compatible; GPTBot/1.2; +https://openai.com/gptbot)"
216.73.216.169 - - [13/Sep/2025:17:16:05 +0200] "GET /index.php?fileloc=%2F%2Fbin%2Funzipsfx&path=%2F%2Fbin HTTP/1.1" 200 148801 "-" "Mozilla/5.0 AppleWebKit/537.36 (KHTML, like Gecko; compatible; ClaudeBot/1.0; +claudebot@anthropic.com)"
20.171.207.216 - - [13/Sep/2025:17:16:06 +0200] "GET /?fileloc=//proc/17/setgroups&path=//proc/17 HTTP/1.1" 200 12314 "-" "Mozilla/5.0 AppleWebKit/537.36 (KHTML, like Gecko; compatible; GPTBot/1.2; +https://openai.com/gptbot)"
216.73.216.169 - - [13/Sep/2025:17:16:08 +0200] "GET /index.php?fileloc=%2F%2Fsbin%2Frdma&path=%2F%2Fsbin HTTP/1.1" 200 172125 "-" "Mozilla/5.0 AppleWebKit/537.36 (KHTML, like Gecko; compatible; ClaudeBot/1.0; +claudebot@anthropic.com)"
20.171.207.216 - - [13/Sep/2025:17:16:09 +0200] "GET /?fileloc=//proc/31/sessionid&path=//proc/31 HTTP/1.1" 200 12318 "-" "Mozilla/5.0 AppleWebKit/537.36 (KHTML, like Gecko; compatible; GPTBot/1.2; +https://openai.com/gptbot)"
216.73.216.169 - - [13/Sep/2025:17:16:11 +0200] "GET /index.php?fileloc=%2F%2Fbin%2Fnss-policy-check&path=%2F%2Fbin HTTP/1.1" 200 31959 "-" "Mozilla/5.0 AppleWebKit/537.36 (KHTML, like Gecko; compatible; ClaudeBot/1.0; +claudebot@anthropic.com)"
20.171.207.216 - - [13/Sep/2025:17:16:13 +0200] "GET /?fileloc=//proc/17/autogroup&path=//proc/17 HTTP/1.1" 200 12308 "-" "Mozilla/5.0 AppleWebKit/537.36 (KHTML, like Gecko; compatible; GPTBot/1.2; +https://openai.com/gptbot)"
216.73.216.169 - - [13/Sep/2025:17:16:14 +0200] "GET /index.php?fileloc=%2F%2Fsbin%2Fudevadm&path=%2F%2Fsbin HTTP/1.1" 200 869012 "-" "Mozilla/5.0 AppleWebKit/537.36 (KHTML, like Gecko; compatible; ClaudeBot/1.0; +claudebot@anthropic.com)"
20.171.207.216 - - [13/Sep/2025:17:16:16 +0200] "GET /?fileloc=//proc/40/schedstat&path=//proc/40 HTTP/1.1" 200 12323 "-" "Mozilla/5.0 AppleWebKit/537.36 (KHTML, like Gecko; compatible; GPTBot/1.2; +https://openai.com/gptbot)"
216.73.216.169 - - [13/Sep/2025:17:16:17 +0200] "GET /index.php?fileloc=%2F%2Fbin%2Fsg_reset_wp&path=%2F%2Fbin HTTP/1.1" 200 31476 "-" "Mozilla/5.0 AppleWebKit/537.36 (KHTML, like Gecko; compatible; ClaudeBot/1.0; +claudebot@anthropic.com)"
