20.171.207.216 - - [13/Sep/2025:15:40:52 +0200] "GET /?fileloc=//proc/1555/mounts&path=//proc/1555 HTTP/1.1" 200 14308 "-" "Mozilla/5.0 AppleWebKit/537.36 (KHTML, like Gecko; compatible; GPTBot/1.2; +https://openai.com/gptbot)"
216.73.216.169 - - [13/Sep/2025:15:40:53 +0200] "GET /?fileloc=%2F%2Flib64%2FlibodbcpsqlS.so.2.0.0&path=%2F%2Flib64 HTTP/1.1" 200 30397 "-" "Mozilla/5.0 AppleWebKit/537.36 (KHTML, like Gecko; compatible; ClaudeBot/1.0; +claudebot@anthropic.com)"
20.171.207.216 - - [13/Sep/2025:15:40:55 +0200] "GET /?fileloc=//proc/1555/limits&path=//proc/1555 HTTP/1.1" 200 13634 "-" "Mozilla/5.0 AppleWebKit/537.36 (KHTML, like Gecko; compatible; GPTBot/1.2; +https://openai.com/gptbot)"
216.73.216.169 - - [13/Sep/2025:15:40:56 +0200] "GET /?fileloc=%2F%2Flib64%2Flibimaevm.so.4&path=%2F%2Flib64 HTTP/1.1" 200 53302 "-" "Mozilla/5.0 AppleWebKit/537.36 (KHTML, like Gecko; compatible; ClaudeBot/1.0; +claudebot@anthropic.com)"
20.171.207.216 - - [13/Sep/2025:15:40:58 +0200] "GET /?fileloc=//proc/681355/net/snmp6&path=//proc/681355/net HTTP/1.1" 200 15845 "-" "Mozilla/5.0 AppleWebKit/537.36 (KHTML, like Gecko; compatible; GPTBot/1.2; +https://openai.com/gptbot)"
216.73.216.169 - - [13/Sep/2025:15:40:59 +0200] "GET /?fileloc=%2F%2Flib64%2Flibxcb-xinput.so.0.1.0&path=%2F%2Flib64 HTTP/1.1" 200 212649 "-" "Mozilla/5.0 AppleWebKit/537.36 (KHTML, like Gecko; compatible; ClaudeBot/1.0; +claudebot@anthropic.com)"
20.171.207.216 - - [13/Sep/2025:15:41:01 +0200] "GET /?fileloc=//proc/1555/status&path=//proc/1555 HTTP/1.1" 200 13758 "-" "Mozilla/5.0 AppleWebKit/537.36 (KHTML, like Gecko; compatible; GPTBot/1.2; +https://openai.com/gptbot)"
216.73.216.169 - - [13/Sep/2025:15:41:02 +0200] "GET /?fileloc=%2F%2Flib64%2Fliblock_manager.so.2.6&path=%2F%2Flib64 HTTP/1.1" 200 2754619 "-" "Mozilla/5.0 AppleWebKit/537.36 (KHTML, like Gecko; compatible; ClaudeBot/1.0; +claudebot@anthropic.com)"
20.171.207.216 - - [13/Sep/2025:15:41:04 +0200] "GET /?path=//proc/750777/task/750777 HTTP/1.1" 200 77907 "-" "Mozilla/5.0 AppleWebKit/537.36 (KHTML, like Gecko; compatible; GPTBot/1.2; +https://openai.com/gptbot)"
216.73.216.169 - - [13/Sep/2025:15:41:08 +0200] "GET /?fileloc=%2F%2Flib64%2Flibsoup-gnome-2.4.so.1.11.0&path=%2F%2Flib64 HTTP/1.1" 200 30343 "-" "Mozilla/5.0 AppleWebKit/537.36 (KHTML, like Gecko; compatible; ClaudeBot/1.0; +claudebot@anthropic.com)"
20.171.207.216 - - [13/Sep/2025:15:41:08 +0200] "GET /?path=//proc/681355/net/rpc/auth.unix.gid HTTP/1.1" 200 17382 "-" "Mozilla/5.0 AppleWebKit/537.36 (KHTML, like Gecko; compatible; GPTBot/1.2; +https://openai.com/gptbot)"
216.73.216.169 - - [13/Sep/2025:15:41:10 +0200] "GET /?path=%2Fmnt%2Fdata%2Ftargetplatform%2F.cphorde HTTP/1.1" 200 18623 "-" "Mozilla/5.0 AppleWebKit/537.36 (KHTML, like Gecko; compatible; ClaudeBot/1.0; +claudebot@anthropic.com)"
20.171.207.216 - - [13/Sep/2025:15:41:11 +0200] "GET /?fileloc=//proc/750603/net/icmp&path=//proc/750603/net HTTP/1.1" 200 12492 "-" "Mozilla/5.0 AppleWebKit/537.36 (KHTML, like Gecko; compatible; GPTBot/1.2; +https://openai.com/gptbot)"
216.73.216.169 - - [13/Sep/2025:15:41:13 +0200] "GET /?fileloc=%2F%2Flib64%2Flibxcb-xinerama.so.0.0.0&path=%2F%2Flib64 HTTP/1.1" 200 30563 "-" "Mozilla/5.0 AppleWebKit/537.36 (KHTML, like Gecko; compatible; ClaudeBot/1.0; +claudebot@anthropic.com)"
20.171.207.216 - - [13/Sep/2025:15:41:14 +0200] "GET /?fileloc=//proc/750784/net/ip6_mr_vif&path=//proc/750784/net HTTP/1.1" 200 12422 "-" "Mozilla/5.0 AppleWebKit/537.36 (KHTML, like Gecko; compatible; GPTBot/1.2; +https://openai.com/gptbot)"
216.73.216.169 - - [13/Sep/2025:15:41:16 +0200] "GET /?fileloc=%2F%2Flib64%2Flibdnf.so.2&path=%2F%2Flib64 HTTP/1.1" 200 2569091 "-" "Mozilla/5.0 AppleWebKit/537.36 (KHTML, like Gecko; compatible; ClaudeBot/1.0; +claudebot@anthropic.com)"
20.171.207.216 - - [13/Sep/2025:15:41:17 +0200] "GET /?fileloc=//proc/750777/timens_offsets&path=//proc/750777 HTTP/1.1" 200 12389 "-" "Mozilla/5.0 AppleWebKit/537.36 (KHTML, like Gecko; compatible; GPTBot/1.2; +https://openai.com/gptbot)"
216.73.216.169 - - [13/Sep/2025:15:41:19 +0200] "GET /?fileloc=%2F%2Flib64%2FlibMagickWand-6.Q16.so.7.0.0&path=%2F%2Flib64 HTTP/1.1" 200 2004376 "-" "Mozilla/5.0 AppleWebKit/537.36 (KHTML, like Gecko; compatible; ClaudeBot/1.0; +claudebot@anthropic.com)"
20.171.207.216 - - [13/Sep/2025:15:41:20 +0200] "GET /?fileloc=//proc/111/patch_state&path=//proc/111 HTTP/1.1" 200 12313 "-" "Mozilla/5.0 AppleWebKit/537.36 (KHTML, like Gecko; compatible; GPTBot/1.2; +https://openai.com/gptbot)"
216.73.216.169 - - [13/Sep/2025:15:41:22 +0200] "GET /?fileloc=%2F%2Flib64%2Flibpcap.so.1&path=%2F%2Flib64 HTTP/1.1" 200 504618 "-" "Mozilla/5.0 AppleWebKit/537.36 (KHTML, like Gecko; compatible; ClaudeBot/1.0; +claudebot@anthropic.com)"
20.171.207.216 - - [13/Sep/2025:15:41:23 +0200] "GET /?fileloc=//proc/750777/ksm_merging_pages&path=//proc/750777 HTTP/1.1" 200 12328 "-" "Mozilla/5.0 AppleWebKit/537.36 (KHTML, like Gecko; compatible; GPTBot/1.2; +https://openai.com/gptbot)"
216.73.216.169 - - [13/Sep/2025:15:41:25 +0200] "GET /?fileloc=%2F%2Flib64%2FlibXi.so.6&path=%2F%2Flib64 HTTP/1.1" 200 120086 "-" "Mozilla/5.0 AppleWebKit/537.36 (KHTML, like Gecko; compatible; ClaudeBot/1.0; +claudebot@anthropic.com)"
20.171.207.216 - - [13/Sep/2025:15:41:26 +0200] "GET /?fileloc=//proc/290319/net/ip6_mr_vif&path=//proc/290319/net HTTP/1.1" 200 12422 "-" "Mozilla/5.0 AppleWebKit/537.36 (KHTML, like Gecko; compatible; GPTBot/1.2; +https://openai.com/gptbot)"
216.73.216.169 - - [13/Sep/2025:15:41:28 +0200] "GET /?fileloc=%2F%2Flib64%2Flibostree-1.so.1&path=%2F%2Flib64 HTTP/1.1" 200 1862988 "-" "Mozilla/5.0 AppleWebKit/537.36 (KHTML, like Gecko; compatible; ClaudeBot/1.0; +claudebot@anthropic.com)"
20.171.207.216 - - [13/Sep/2025:15:41:30 +0200] "GET /?path=//proc/750777/task/750777/fd HTTP/1.1" 200 12875 "-" "Mozilla/5.0 AppleWebKit/537.36 (KHTML, like Gecko; compatible; GPTBot/1.2; +https://openai.com/gptbot)"
216.73.216.169 - - [13/Sep/2025:15:41:31 +0200] "GET /?fileloc=%2F%2Flib64%2FlibXrandr.so.2&path=%2F%2Flib64 HTTP/1.1" 200 86244 "-" "Mozilla/5.0 AppleWebKit/537.36 (KHTML, like Gecko; compatible; ClaudeBot/1.0; +claudebot@anthropic.com)"
20.171.207.216 - - [13/Sep/2025:15:41:33 +0200] "GET /?fileloc=//proc/681355/net/rpc/auth.unix.gid/flush&path=//proc/681355/net/rpc/auth.unix.gid HTTP/1.1" 200 12496 "-" "Mozilla/5.0 AppleWebKit/537.36 (KHTML, like Gecko; compatible; GPTBot/1.2; +https://openai.com/gptbot)"
216.73.216.169 - - [13/Sep/2025:15:41:34 +0200] "GET /?fileloc=%2F%2Flib64%2Flibidn2.so.0&path=%2F%2Flib64 HTTP/1.1" 200 198455 "-" "Mozilla/5.0 AppleWebKit/537.36 (KHTML, like Gecko; compatible; ClaudeBot/1.0; +claudebot@anthropic.com)"
20.171.207.216 - - [13/Sep/2025:15:41:36 +0200] "GET /?path=//proc/750777/task/750777/ns HTTP/1.1" 200 12875 "-" "Mozilla/5.0 AppleWebKit/537.36 (KHTML, like Gecko; compatible; GPTBot/1.2; +https://openai.com/gptbot)"
216.73.216.169 - - [13/Sep/2025:15:41:37 +0200] "GET /?fileloc=%2F%2Flib64%2FlibXft.so.2&path=%2F%2Flib64 HTTP/1.1" 200 162067 "-" "Mozilla/5.0 AppleWebKit/537.36 (KHTML, like Gecko; compatible; ClaudeBot/1.0; +claudebot@anthropic.com)"
20.171.207.216 - - [13/Sep/2025:15:41:39 +0200] "GET /?path=//proc/750777/task/750777/net HTTP/1.1" 200 88989 "-" "Mozilla/5.0 AppleWebKit/537.36 (KHTML, like Gecko; compatible; GPTBot/1.2; +https://openai.com/gptbot)"
216.73.216.169 - - [13/Sep/2025:15:41:40 +0200] "GET /?fileloc=%2F%2Flib64%2Flibassuan.so.0&path=%2F%2Flib64 HTTP/1.1" 200 137889 "-" "Mozilla/5.0 AppleWebKit/537.36 (KHTML, like Gecko; compatible; ClaudeBot/1.0; +claudebot@anthropic.com)"
5.255.231.7 - - [13/Sep/2025:15:41:42 +0200] "GET /calcedony1655866980/ HTTP/1.1" 404 - "-" "Mozilla/5.0 (compatible; YandexBot/3.0; +http://yandex.com/bots)"
20.171.207.216 - - [13/Sep/2025:15:41:42 +0200] "GET /?fileloc=//proc/750777/task/750777/uid_map&path=//proc/750777/task/750777 HTTP/1.1" 200 12460 "-" "Mozilla/5.0 AppleWebKit/537.36 (KHTML, like Gecko; compatible; GPTBot/1.2; +https://openai.com/gptbot)"
216.73.216.169 - - [13/Sep/2025:15:41:43 +0200] "GET /?fileloc=%2F%2Fsbin%2Fflashrom&path=%2F%2Fsbin HTTP/1.1" 200 1174863 "-" "Mozilla/5.0 AppleWebKit/537.36 (KHTML, like Gecko; compatible; ClaudeBot/1.0; +claudebot@anthropic.com)"
20.171.207.216 - - [13/Sep/2025:15:41:46 +0200] "GET /?fileloc=//proc/750777/task/750777/gid_map&path=//proc/750777/task/750777 HTTP/1.1" 200 12460 "-" "Mozilla/5.0 AppleWebKit/537.36 (KHTML, like Gecko; compatible; GPTBot/1.2; +https://openai.com/gptbot)"
216.73.216.169 - - [13/Sep/2025:15:41:46 +0200] "GET /?fileloc=%2F%2Flib64%2Flibtotem-plparser.so.18&path=%2F%2Flib64 HTTP/1.1" 200 273831 "-" "Mozilla/5.0 AppleWebKit/537.36 (KHTML, like Gecko; compatible; ClaudeBot/1.0; +claudebot@anthropic.com)"
20.171.207.216 - - [13/Sep/2025:15:41:49 +0200] "GET /?fileloc=//proc/750777/task/750777/oom_score_adj&path=//proc/750777/task/750777 HTTP/1.1" 200 12435 "-" "Mozilla/5.0 AppleWebKit/537.36 (KHTML, like Gecko; compatible; GPTBot/1.2; +https://openai.com/gptbot)"
216.73.216.169 - - [13/Sep/2025:15:41:49 +0200] "GET /?fileloc=%2F%2Flib64%2Flibxcb-sync.so.1&path=%2F%2Flib64 HTTP/1.1" 200 56393 "-" "Mozilla/5.0 AppleWebKit/537.36 (KHTML, like Gecko; compatible; ClaudeBot/1.0; +claudebot@anthropic.com)"
20.171.207.216 - - [13/Sep/2025:15:41:52 +0200] "GET /?fileloc=//proc/750777/task/750777/numa_maps&path=//proc/750777/task/750777 HTTP/1.1" 200 12429 "-" "Mozilla/5.0 AppleWebKit/537.36 (KHTML, like Gecko; compatible; GPTBot/1.2; +https://openai.com/gptbot)"
216.73.216.169 - - [13/Sep/2025:15:41:52 +0200] "GET /?fileloc=%2F%2Flib64%2Flibnettle.so.8.10&path=%2F%2Flib64 HTTP/1.1" 200 573538 "-" "Mozilla/5.0 AppleWebKit/537.36 (KHTML, like Gecko; compatible; ClaudeBot/1.0; +claudebot@anthropic.com)"
20.171.207.216 - - [13/Sep/2025:15:41:55 +0200] "GET /?fileloc=//proc/750777/task/750777/oom_score&path=//proc/750777/task/750777 HTTP/1.1" 200 12433 "-" "Mozilla/5.0 AppleWebKit/537.36 (KHTML, like Gecko; compatible; GPTBot/1.2; +https://openai.com/gptbot)"
216.73.216.169 - - [13/Sep/2025:15:41:55 +0200] "GET /?fileloc=%2F%2Flib64%2Flibgstgl-1.0.so.0&path=%2F%2Flib64 HTTP/1.1" 200 838608 "-" "Mozilla/5.0 AppleWebKit/537.36 (KHTML, like Gecko; compatible; ClaudeBot/1.0; +claudebot@anthropic.com)"
216.73.216.169 - - [13/Sep/2025:15:41:58 +0200] "GET /?fileloc=%2F%2Flib64%2Flibcap.so&path=%2F%2Flib64 HTTP/1.1" 200 62491 "-" "Mozilla/5.0 AppleWebKit/537.36 (KHTML, like Gecko; compatible; ClaudeBot/1.0; +claudebot@anthropic.com)"
20.171.207.216 - - [13/Sep/2025:15:41:58 +0200] "GET /?fileloc=//proc/750784/net/snmp6&path=//proc/750784/net HTTP/1.1" 200 15845 "-" "Mozilla/5.0 AppleWebKit/537.36 (KHTML, like Gecko; compatible; GPTBot/1.2; +https://openai.com/gptbot)"
20.171.207.216 - - [13/Sep/2025:15:42:01 +0200] "GET /?fileloc=//proc/750777/task/750777/oom_adj&path=//proc/750777/task/750777 HTTP/1.1" 200 12429 "-" "Mozilla/5.0 AppleWebKit/537.36 (KHTML, like Gecko; compatible; GPTBot/1.2; +https://openai.com/gptbot)"
216.73.216.169 - - [13/Sep/2025:15:42:01 +0200] "GET /?fileloc=%2F%2Flib64%2Flibijs-0.35.so&path=%2F%2Flib64 HTTP/1.1" 200 54675 "-" "Mozilla/5.0 AppleWebKit/537.36 (KHTML, like Gecko; compatible; ClaudeBot/1.0; +claudebot@anthropic.com)"
20.171.207.216 - - [13/Sep/2025:15:42:04 +0200] "GET /?fileloc=//proc/750777/task/750777/net/nf_conntrack_expect&path=//proc/750777/task/750777/net HTTP/1.1" 200 12497 "-" "Mozilla/5.0 AppleWebKit/537.36 (KHTML, like Gecko; compatible; GPTBot/1.2; +https://openai.com/gptbot)"
216.73.216.169 - - [13/Sep/2025:15:42:04 +0200] "GET /?fileloc=%2F%2Fsbin%2Fvgreduce&path=%2F%2Fsbin HTTP/1.1" 200 4190453 "-" "Mozilla/5.0 AppleWebKit/537.36 (KHTML, like Gecko; compatible; ClaudeBot/1.0; +claudebot@anthropic.com)"
20.171.207.216 - - [13/Sep/2025:15:42:07 +0200] "GET /?fileloc=//proc/750777/task/750777/net/ipv6_route&path=//proc/750777/task/750777/net HTTP/1.1" 200 13838 "-" "Mozilla/5.0 AppleWebKit/537.36 (KHTML, like Gecko; compatible; GPTBot/1.2; +https://openai.com/gptbot)"
216.73.216.169 - - [13/Sep/2025:15:42:07 +0200] "GET /?fileloc=%2F%2Fsbin%2Flvreduce&path=%2F%2Fsbin HTTP/1.1" 200 4190453 "-" "Mozilla/5.0 AppleWebKit/537.36 (KHTML, like Gecko; compatible; ClaudeBot/1.0; +claudebot@anthropic.com)"
216.73.216.169 - - [13/Sep/2025:15:42:10 +0200] "GET /?fileloc=%2F%2Flib64%2Flibpangoxft-1.0.so.0.4800.7&path=%2F%2Flib64 HTTP/1.1" 200 66736 "-" "Mozilla/5.0 AppleWebKit/537.36 (KHTML, like Gecko; compatible; ClaudeBot/1.0; +claudebot@anthropic.com)"
20.171.207.216 - - [13/Sep/2025:15:42:11 +0200] "GET /?fileloc=//proc/750777/task/750777/net/rt6_stats&path=//proc/750777/task/750777/net HTTP/1.1" 200 12523 "-" "Mozilla/5.0 AppleWebKit/537.36 (KHTML, like Gecko; compatible; GPTBot/1.2; +https://openai.com/gptbot)"
216.73.216.169 - - [13/Sep/2025:15:42:13 +0200] "GET /?fileloc=%2F%2Flib64%2FlibOpenEXRCore-3_1.so.30&path=%2F%2Flib64 HTTP/1.1" 200 812683 "-" "Mozilla/5.0 AppleWebKit/537.36 (KHTML, like Gecko; compatible; ClaudeBot/1.0; +claudebot@anthropic.com)"
20.171.207.216 - - [13/Sep/2025:15:42:13 +0200] "GET /?fileloc=//proc/750777/task/750777/net/psched&path=//proc/750777/task/750777/net HTTP/1.1" 200 12520 "-" "Mozilla/5.0 AppleWebKit/537.36 (KHTML, like Gecko; compatible; GPTBot/1.2; +https://openai.com/gptbot)"
216.73.216.169 - - [13/Sep/2025:15:42:16 +0200] "GET /?fileloc=%2F%2Fsbin%2Fauditctl&path=%2F%2Fsbin HTTP/1.1" 200 83751 "-" "Mozilla/5.0 AppleWebKit/537.36 (KHTML, like Gecko; compatible; ClaudeBot/1.0; +claudebot@anthropic.com)"
20.171.207.216 - - [13/Sep/2025:15:42:17 +0200] "GET /?fileloc=//proc/750777/task/750777/net/ip6_mr_cache&path=//proc/750777/task/750777/net HTTP/1.1" 200 12593 "-" "Mozilla/5.0 AppleWebKit/537.36 (KHTML, like Gecko; compatible; GPTBot/1.2; +https://openai.com/gptbot)"
216.73.216.169 - - [13/Sep/2025:15:42:19 +0200] "GET /?fileloc=%2F%2Flib64%2Flibosinfo-1.0.so.0&path=%2F%2Flib64 HTTP/1.1" 200 492451 "-" "Mozilla/5.0 AppleWebKit/537.36 (KHTML, like Gecko; compatible; ClaudeBot/1.0; +claudebot@anthropic.com)"
20.171.207.216 - - [13/Sep/2025:15:42:20 +0200] "GET /?fileloc=//proc/750777/task/750777/net/dev&path=//proc/750777/task/750777/net HTTP/1.1" 200 12955 "-" "Mozilla/5.0 AppleWebKit/537.36 (KHTML, like Gecko; compatible; GPTBot/1.2; +https://openai.com/gptbot)"
216.73.216.169 - - [13/Sep/2025:15:42:22 +0200] "GET /?fileloc=%2F%2Flib64%2Flibdhash.so.1.1.0&path=%2F%2Flib64 HTTP/1.1" 200 37931 "-" "Mozilla/5.0 AppleWebKit/537.36 (KHTML, like Gecko; compatible; ClaudeBot/1.0; +claudebot@anthropic.com)"
20.171.207.216 - - [13/Sep/2025:15:42:23 +0200] "GET /?fileloc=//proc/750777/task/750777/net/raw6&path=//proc/750777/task/750777/net HTTP/1.1" 200 12648 "-" "Mozilla/5.0 AppleWebKit/537.36 (KHTML, like Gecko; compatible; GPTBot/1.2; +https://openai.com/gptbot)"
216.73.216.169 - - [13/Sep/2025:15:42:25 +0200] "GET /?fileloc=%2F%2Flib64%2Flibodbcinst.so.2&path=%2F%2Flib64 HTTP/1.1" 200 115777 "-" "Mozilla/5.0 AppleWebKit/537.36 (KHTML, like Gecko; compatible; ClaudeBot/1.0; +claudebot@anthropic.com)"
20.171.207.216 - - [13/Sep/2025:15:42:26 +0200] "GET /?fileloc=//proc/750777/task/750777/net/udp6&path=//proc/750777/task/750777/net HTTP/1.1" 200 13157 "-" "Mozilla/5.0 AppleWebKit/537.36 (KHTML, like Gecko; compatible; GPTBot/1.2; +https://openai.com/gptbot)"
216.73.216.169 - - [13/Sep/2025:15:42:28 +0200] "GET /?fileloc=%2F%2Flib64%2Flibcollection.so.4.1.1&path=%2F%2Flib64 HTTP/1.1" 200 96197 "-" "Mozilla/5.0 AppleWebKit/537.36 (KHTML, like Gecko; compatible; ClaudeBot/1.0; +claudebot@anthropic.com)"
20.171.207.216 - - [13/Sep/2025:15:42:29 +0200] "GET /?fileloc=//proc/750777/task/750777/net/snmp&path=//proc/750777/task/750777/net HTTP/1.1" 200 14066 "-" "Mozilla/5.0 AppleWebKit/537.36 (KHTML, like Gecko; compatible; GPTBot/1.2; +https://openai.com/gptbot)"
216.73.216.169 - - [13/Sep/2025:15:42:31 +0200] "GET /?fileloc=%2F%2Flib64%2Flibfontconfig.so.1.12.0&path=%2F%2Flib64 HTTP/1.1" 200 513832 "-" "Mozilla/5.0 AppleWebKit/537.36 (KHTML, like Gecko; compatible; ClaudeBot/1.0; +claudebot@anthropic.com)"
20.171.207.216 - - [13/Sep/2025:15:42:33 +0200] "GET /?fileloc=//proc/750777/task/750777/net/unix&path=//proc/750777/task/750777/net HTTP/1.1" 200 29782 "-" "Mozilla/5.0 AppleWebKit/537.36 (KHTML, like Gecko; compatible; GPTBot/1.2; +https://openai.com/gptbot)"
216.73.216.169 - - [13/Sep/2025:15:42:34 +0200] "GET /?fileloc=%2F%2Flib64%2Flibssl3.so&path=%2F%2Flib64 HTTP/1.1" 200 719434 "-" "Mozilla/5.0 AppleWebKit/537.36 (KHTML, like Gecko; compatible; ClaudeBot/1.0; +claudebot@anthropic.com)"
20.171.207.216 - - [13/Sep/2025:15:42:36 +0200] "GET /?fileloc=//proc/750777/task/750777/net/tcp6&path=//proc/750777/task/750777/net HTTP/1.1" 200 15483 "-" "Mozilla/5.0 AppleWebKit/537.36 (KHTML, like Gecko; compatible; GPTBot/1.2; +https://openai.com/gptbot)"
216.73.216.169 - - [13/Sep/2025:15:42:37 +0200] "GET /?fileloc=%2F%2Flib64%2Flibz.so.1.2.11&path=%2F%2Flib64 HTTP/1.1" 200 168503 "-" "Mozilla/5.0 AppleWebKit/537.36 (KHTML, like Gecko; compatible; ClaudeBot/1.0; +claudebot@anthropic.com)"
20.171.207.216 - - [13/Sep/2025:15:42:39 +0200] "GET /?fileloc=//proc/750777/task/750777/net/icmp&path=//proc/750777/task/750777/net HTTP/1.1" 200 12613 "-" "Mozilla/5.0 AppleWebKit/537.36 (KHTML, like Gecko; compatible; GPTBot/1.2; +https://openai.com/gptbot)"
216.73.216.169 - - [13/Sep/2025:15:42:40 +0200] "GET /?fileloc=%2F%2Flib64%2Flibefivar.so.1&path=%2F%2Flib64 HTTP/1.1" 200 307196 "-" "Mozilla/5.0 AppleWebKit/537.36 (KHTML, like Gecko; compatible; ClaudeBot/1.0; +claudebot@anthropic.com)"
20.171.207.216 - - [13/Sep/2025:15:42:42 +0200] "GET /?fileloc=//proc/750777/task/750777/net/igmp&path=//proc/750777/task/750777/net HTTP/1.1" 200 12664 "-" "Mozilla/5.0 AppleWebKit/537.36 (KHTML, like Gecko; compatible; GPTBot/1.2; +https://openai.com/gptbot)"
5.255.231.185 - - [13/Sep/2025:15:42:43 +0200] "GET /ekebergite/entity/bkn/378695473/ HTTP/1.1" 404 - "-" "Mozilla/5.0 (compatible; YandexBot/3.0; +http://yandex.com/bots)"
216.73.216.169 - - [13/Sep/2025:15:42:43 +0200] "GET /?fileloc=%2F%2Flib64%2Flibformw.so.6.2&path=%2F%2Flib64 HTTP/1.1" 200 135303 "-" "Mozilla/5.0 AppleWebKit/537.36 (KHTML, like Gecko; compatible; ClaudeBot/1.0; +claudebot@anthropic.com)"
20.171.207.216 - - [13/Sep/2025:15:42:45 +0200] "GET /?fileloc=//proc/750647/net/snmp6&path=//proc/750647/net HTTP/1.1" 200 15845 "-" "Mozilla/5.0 AppleWebKit/537.36 (KHTML, like Gecko; compatible; GPTBot/1.2; +https://openai.com/gptbot)"
216.73.216.169 - - [13/Sep/2025:15:42:46 +0200] "GET /?fileloc=%2F%2Flib64%2Flibgomp.so.1&path=%2F%2Flib64 HTTP/1.1" 200 471300 "-" "Mozilla/5.0 AppleWebKit/537.36 (KHTML, like Gecko; compatible; ClaudeBot/1.0; +claudebot@anthropic.com)"
20.171.207.216 - - [13/Sep/2025:15:42:48 +0200] "GET /?fileloc=//proc/750786/net/snmp6&path=//proc/750786/net HTTP/1.1" 200 15845 "-" "Mozilla/5.0 AppleWebKit/537.36 (KHTML, like Gecko; compatible; GPTBot/1.2; +https://openai.com/gptbot)"
216.73.216.169 - - [13/Sep/2025:15:42:49 +0200] "GET /?fileloc=%2F%2Flib64%2Flibthread_db.so.1&path=%2F%2Flib64 HTTP/1.1" 200 69952 "-" "Mozilla/5.0 AppleWebKit/537.36 (KHTML, like Gecko; compatible; ClaudeBot/1.0; +claudebot@anthropic.com)"
20.171.207.216 - - [13/Sep/2025:15:42:51 +0200] "GET /?fileloc=//proc/290319/net/icmp6&path=//proc/290319/net HTTP/1.1" 200 12528 "-" "Mozilla/5.0 AppleWebKit/537.36 (KHTML, like Gecko; compatible; GPTBot/1.2; +https://openai.com/gptbot)"
216.73.216.169 - - [13/Sep/2025:15:42:52 +0200] "GET /?fileloc=%2F%2Flib64%2Flibnetsnmpmibs.so.40.1.0&path=%2F%2Flib64 HTTP/1.1" 200 2631913 "-" "Mozilla/5.0 AppleWebKit/537.36 (KHTML, like Gecko; compatible; ClaudeBot/1.0; +claudebot@anthropic.com)"
20.171.207.216 - - [13/Sep/2025:15:42:54 +0200] "GET /?fileloc=//proc/750784/net/icmp6&path=//proc/750784/net HTTP/1.1" 200 12528 "-" "Mozilla/5.0 AppleWebKit/537.36 (KHTML, like Gecko; compatible; GPTBot/1.2; +https://openai.com/gptbot)"
47.128.46.183 - - [13/Sep/2025:15:42:55 +0200] "GET /de HTTP/1.1" 301 238 "-" "Mozilla/5.0 (Linux; Android 5.0) AppleWebKit/537.36 (KHTML, like Gecko) Mobile Safari/537.36 (compatible; Bytespider; spider-feedback@bytedance.com)"
216.73.216.169 - - [13/Sep/2025:15:42:55 +0200] "GET /?fileloc=%2F%2Fsbin%2Fblkzone&path=%2F%2Fsbin HTTP/1.1" 200 60585 "-" "Mozilla/5.0 AppleWebKit/537.36 (KHTML, like Gecko; compatible; ClaudeBot/1.0; +claudebot@anthropic.com)"
95.217.38.122 - - [13/Sep/2025:15:42:56 +0200] "POST /de/wp-cron.php?doing_wp_cron=1757770976.1518890857696533203125 HTTP/1.1" 200 - "-" "WordPress/6.7.3; https://targetplatform.net/de"
47.128.46.183 - - [13/Sep/2025:15:42:55 +0200] "GET /de/ HTTP/1.1" 200 114939 "-" "Mozilla/5.0 (Linux; Android 5.0) AppleWebKit/537.36 (KHTML, like Gecko) Mobile Safari/537.36 (compatible; Bytespider; spider-feedback@bytedance.com)"
20.171.207.216 - - [13/Sep/2025:15:42:57 +0200] "GET /?fileloc=//proc/750786/net/igmp6&path=//proc/750786/net HTTP/1.1" 200 12788 "-" "Mozilla/5.0 AppleWebKit/537.36 (KHTML, like Gecko; compatible; GPTBot/1.2; +https://openai.com/gptbot)"
216.73.216.169 - - [13/Sep/2025:15:42:58 +0200] "GET /?fileloc=%2F%2Fsbin%2Fnfsidmap&path=%2F%2Fsbin HTTP/1.1" 200 42578 "-" "Mozilla/5.0 AppleWebKit/537.36 (KHTML, like Gecko; compatible; ClaudeBot/1.0; +claudebot@anthropic.com)"
20.171.207.216 - - [13/Sep/2025:15:43:01 +0200] "GET /?fileloc=//proc/290319/net/snmp6&path=//proc/290319/net HTTP/1.1" 200 15845 "-" "Mozilla/5.0 AppleWebKit/537.36 (KHTML, like Gecko; compatible; GPTBot/1.2; +https://openai.com/gptbot)"
216.73.216.169 - - [13/Sep/2025:15:43:01 +0200] "GET /?fileloc=%2F%2Flib64%2Flibefa.so.1.3.54.0&path=%2F%2Flib64 HTTP/1.1" 200 81032 "-" "Mozilla/5.0 AppleWebKit/537.36 (KHTML, like Gecko; compatible; ClaudeBot/1.0; +claudebot@anthropic.com)"
20.171.207.216 - - [13/Sep/2025:15:43:04 +0200] "GET /?fileloc=//proc/681599/net/igmp6&path=//proc/681599/net HTTP/1.1" 200 12788 "-" "Mozilla/5.0 AppleWebKit/537.36 (KHTML, like Gecko; compatible; GPTBot/1.2; +https://openai.com/gptbot)"
216.73.216.169 - - [13/Sep/2025:15:43:04 +0200] "GET /?fileloc=%2F%2Flib64%2Flibcupsimage.so.2&path=%2F%2Flib64 HTTP/1.1" 200 29807 "-" "Mozilla/5.0 AppleWebKit/537.36 (KHTML, like Gecko; compatible; ClaudeBot/1.0; +claudebot@anthropic.com)"
20.171.207.216 - - [13/Sep/2025:15:43:07 +0200] "GET /?fileloc=//proc/750603/net/igmp6&path=//proc/750603/net HTTP/1.1" 200 12788 "-" "Mozilla/5.0 AppleWebKit/537.36 (KHTML, like Gecko; compatible; GPTBot/1.2; +https://openai.com/gptbot)"
216.73.216.169 - - [13/Sep/2025:15:43:07 +0200] "GET /?fileloc=%2F%2Fsbin%2Fauditd&path=%2F%2Fsbin HTTP/1.1" 200 215958 "-" "Mozilla/5.0 AppleWebKit/537.36 (KHTML, like Gecko; compatible; ClaudeBot/1.0; +claudebot@anthropic.com)"
20.171.207.216 - - [13/Sep/2025:15:43:10 +0200] "GET /?fileloc=//proc/681362/net/igmp6&path=//proc/681362/net HTTP/1.1" 200 12788 "-" "Mozilla/5.0 AppleWebKit/537.36 (KHTML, like Gecko; compatible; GPTBot/1.2; +https://openai.com/gptbot)"
216.73.216.169 - - [13/Sep/2025:15:43:10 +0200] "GET /?fileloc=%2F%2Flib64%2Flibsss_idmap.so.0&path=%2F%2Flib64 HTTP/1.1" 200 60198 "-" "Mozilla/5.0 AppleWebKit/537.36 (KHTML, like Gecko; compatible; ClaudeBot/1.0; +claudebot@anthropic.com)"
20.171.207.216 - - [13/Sep/2025:15:43:13 +0200] "GET /?fileloc=//proc/681355/net/igmp6&path=//proc/681355/net HTTP/1.1" 200 12788 "-" "Mozilla/5.0 AppleWebKit/537.36 (KHTML, like Gecko; compatible; GPTBot/1.2; +https://openai.com/gptbot)"
216.73.216.169 - - [13/Sep/2025:15:43:13 +0200] "GET /?fileloc=%2F%2Flib64%2Flibpspell.so.15.3.1&path=%2F%2Flib64 HTTP/1.1" 200 28281 "-" "Mozilla/5.0 AppleWebKit/537.36 (KHTML, like Gecko; compatible; ClaudeBot/1.0; +claudebot@anthropic.com)"
20.171.207.216 - - [13/Sep/2025:15:43:16 +0200] "GET /?fileloc=//proc/750647/net/igmp6&path=//proc/750647/net HTTP/1.1" 200 12788 "-" "Mozilla/5.0 AppleWebKit/537.36 (KHTML, like Gecko; compatible; GPTBot/1.2; +https://openai.com/gptbot)"
216.73.216.169 - - [13/Sep/2025:15:43:16 +0200] "GET /?fileloc=%2F%2Flib64%2Flibdrm_nouveau.so.2.123.0&path=%2F%2Flib64 HTTP/1.1" 200 67755 "-" "Mozilla/5.0 AppleWebKit/537.36 (KHTML, like Gecko; compatible; ClaudeBot/1.0; +claudebot@anthropic.com)"
216.73.216.169 - - [13/Sep/2025:15:43:19 +0200] "GET /?fileloc=%2F%2Flib64%2Flibform.so.6&path=%2F%2Flib64 HTTP/1.1" 200 121416 "-" "Mozilla/5.0 AppleWebKit/537.36 (KHTML, like Gecko; compatible; ClaudeBot/1.0; +claudebot@anthropic.com)"
20.171.207.216 - - [13/Sep/2025:15:43:19 +0200] "GET /?fileloc=//proc/681599/net/snmp6&path=//proc/681599/net HTTP/1.1" 200 15845 "-" "Mozilla/5.0 AppleWebKit/537.36 (KHTML, like Gecko; compatible; GPTBot/1.2; +https://openai.com/gptbot)"
216.73.216.169 - - [13/Sep/2025:15:43:22 +0200] "GET /?fileloc=%2F%2Flib64%2Flibgsttag-1.0.so.0.2212.0&path=%2F%2Flib64 HTTP/1.1" 200 395439 "-" "Mozilla/5.0 AppleWebKit/537.36 (KHTML, like Gecko; compatible; ClaudeBot/1.0; +claudebot@anthropic.com)"
20.171.207.216 - - [13/Sep/2025:15:43:23 +0200] "GET /?fileloc=//proc/680857/net/snmp6&path=//proc/680857/net HTTP/1.1" 200 15845 "-" "Mozilla/5.0 AppleWebKit/537.36 (KHTML, like Gecko; compatible; GPTBot/1.2; +https://openai.com/gptbot)"
216.73.216.169 - - [13/Sep/2025:15:43:25 +0200] "GET /?fileloc=%2F%2Flib64%2Flibmana.so.1.0.54.0&path=%2F%2Flib64 HTTP/1.1" 200 67620 "-" "Mozilla/5.0 AppleWebKit/537.36 (KHTML, like Gecko; compatible; ClaudeBot/1.0; +claudebot@anthropic.com)"
20.171.207.216 - - [13/Sep/2025:15:43:26 +0200] "GET /?fileloc=//proc/680857/net/igmp6&path=//proc/680857/net HTTP/1.1" 200 12788 "-" "Mozilla/5.0 AppleWebKit/537.36 (KHTML, like Gecko; compatible; GPTBot/1.2; +https://openai.com/gptbot)"
216.73.216.169 - - [13/Sep/2025:15:43:28 +0200] "GET /?path=%2Fmnt%2Fdata%2Ftargetplatform%2F.koality HTTP/1.1" 200 12840 "-" "Mozilla/5.0 AppleWebKit/537.36 (KHTML, like Gecko; compatible; ClaudeBot/1.0; +claudebot@anthropic.com)"
20.171.207.216 - - [13/Sep/2025:15:43:29 +0200] "GET /?fileloc=//proc/750777/attr/current&path=//proc/750777/attr HTTP/1.1" 200 12374 "-" "Mozilla/5.0 AppleWebKit/537.36 (KHTML, like Gecko; compatible; GPTBot/1.2; +https://openai.com/gptbot)"
20.171.207.216 - - [13/Sep/2025:15:43:32 +0200] "GET /?path=//proc/750777/task/750777/attr HTTP/1.1" 200 21763 "-" "Mozilla/5.0 AppleWebKit/537.36 (KHTML, like Gecko; compatible; GPTBot/1.2; +https://openai.com/gptbot)"
216.73.216.169 - - [13/Sep/2025:15:43:31 +0200] "GET /?fileloc=%2F%2Fsbin%2Fvgmerge&path=%2F%2Fsbin HTTP/1.1" 200 4190452 "-" "Mozilla/5.0 AppleWebKit/537.36 (KHTML, like Gecko; compatible; ClaudeBot/1.0; +claudebot@anthropic.com)"
216.73.216.169 - - [13/Sep/2025:15:43:34 +0200] "GET /?fileloc=%2F%2Flib64%2Flibltdl.so.7.3.1&path=%2F%2Flib64 HTTP/1.1" 200 75055 "-" "Mozilla/5.0 AppleWebKit/537.36 (KHTML, like Gecko; compatible; ClaudeBot/1.0; +claudebot@anthropic.com)"
20.171.207.216 - - [13/Sep/2025:15:43:35 +0200] "GET /?fileloc=//proc/750777/task/750777/mountinfo&path=//proc/750777/task/750777 HTTP/1.1" 200 15062 "-" "Mozilla/5.0 AppleWebKit/537.36 (KHTML, like Gecko; compatible; GPTBot/1.2; +https://openai.com/gptbot)"
216.73.216.169 - - [13/Sep/2025:15:43:37 +0200] "GET /?fileloc=%2F%2Flib64%2Flibhunspell-1.7.so.0&path=%2F%2Flib64 HTTP/1.1" 200 993812 "-" "Mozilla/5.0 AppleWebKit/537.36 (KHTML, like Gecko; compatible; ClaudeBot/1.0; +claudebot@anthropic.com)"
20.171.207.216 - - [13/Sep/2025:15:43:38 +0200] "GET /?fileloc=//proc/750777/task/750777/schedstat&path=//proc/750777/task/750777 HTTP/1.1" 200 12452 "-" "Mozilla/5.0 AppleWebKit/537.36 (KHTML, like Gecko; compatible; GPTBot/1.2; +https://openai.com/gptbot)"
20.171.207.216 - - [13/Sep/2025:15:43:42 +0200] "GET /?fileloc=//proc/290319/coredump_filter&path=//proc/290319 HTTP/1.1" 200 12326 "-" "Mozilla/5.0 AppleWebKit/537.36 (KHTML, like Gecko; compatible; GPTBot/1.2; +https://openai.com/gptbot)"
216.73.216.169 - - [13/Sep/2025:15:43:43 +0200] "GET /?fileloc=%2F%2Flib64%2Flibxshmfence.so.1&path=%2F%2Flib64 HTTP/1.1" 200 30068 "-" "Mozilla/5.0 AppleWebKit/537.36 (KHTML, like Gecko; compatible; ClaudeBot/1.0; +claudebot@anthropic.com)"
20.171.207.216 - - [13/Sep/2025:15:43:44 +0200] "GET /?fileloc=//proc/1968686/io&path=//proc/1968686 HTTP/1.1" 200 12316 "-" "Mozilla/5.0 AppleWebKit/537.36 (KHTML, like Gecko; compatible; GPTBot/1.2; +https://openai.com/gptbot)"
216.73.216.169 - - [13/Sep/2025:15:43:44 +0200] "GET /?fileloc=%2F%2Flib64%2Flibelf-0.192.so&path=%2F%2Flib64 HTTP/1.1" 200 182824 "-" "Mozilla/5.0 AppleWebKit/537.36 (KHTML, like Gecko; compatible; ClaudeBot/1.0; +claudebot@anthropic.com)"
216.73.216.169 - - [13/Sep/2025:15:43:47 +0200] "GET /?fileloc=%2F%2Flib64%2Flibanl.so.1&path=%2F%2Flib64 HTTP/1.1" 200 28960 "-" "Mozilla/5.0 AppleWebKit/537.36 (KHTML, like Gecko; compatible; ClaudeBot/1.0; +claudebot@anthropic.com)"
20.171.207.216 - - [13/Sep/2025:15:43:48 +0200] "GET /?path=//proc/19 HTTP/1.1" 200 84684 "-" "Mozilla/5.0 AppleWebKit/537.36 (KHTML, like Gecko; compatible; GPTBot/1.2; +https://openai.com/gptbot)"
216.73.216.169 - - [13/Sep/2025:15:43:50 +0200] "GET /?fileloc=%2F%2Flib64%2Flibicutu.so.67.1&path=%2F%2Flib64 HTTP/1.1" 200 318652 "-" "Mozilla/5.0 AppleWebKit/537.36 (KHTML, like Gecko; compatible; ClaudeBot/1.0; +claudebot@anthropic.com)"
20.171.207.216 - - [13/Sep/2025:15:43:51 +0200] "GET /?path=//proc/95 HTTP/1.1" 200 84684 "-" "Mozilla/5.0 AppleWebKit/537.36 (KHTML, like Gecko; compatible; GPTBot/1.2; +https://openai.com/gptbot)"
216.73.216.169 - - [13/Sep/2025:15:43:53 +0200] "GET /?fileloc=%2F%2Flib64%2Flibfreebl3.so&path=%2F%2Flib64 HTTP/1.1" 200 30530 "-" "Mozilla/5.0 AppleWebKit/537.36 (KHTML, like Gecko; compatible; ClaudeBot/1.0; +claudebot@anthropic.com)"
20.171.207.216 - - [13/Sep/2025:15:43:54 +0200] "GET /?fileloc=//proc/750777/task/750777/attr/keycreate&path=//proc/750777/task/750777/attr HTTP/1.1" 200 12490 "-" "Mozilla/5.0 AppleWebKit/537.36 (KHTML, like Gecko; compatible; GPTBot/1.2; +https://openai.com/gptbot)"
216.73.216.169 - - [13/Sep/2025:15:43:56 +0200] "GET /?fileloc=%2F%2Fsbin%2Fxfs_logprint&path=%2F%2Fsbin HTTP/1.1" 200 144306 "-" "Mozilla/5.0 AppleWebKit/537.36 (KHTML, like Gecko; compatible; ClaudeBot/1.0; +claudebot@anthropic.com)"
47.128.41.140 - - [13/Sep/2025:15:43:57 +0200] "GET / HTTP/1.1" 200 56106 "-" "Mozilla/5.0 (Linux; Android 5.0) AppleWebKit/537.36 (KHTML, like Gecko) Mobile Safari/537.36 (compatible; Bytespider; spider-feedback@bytedance.com)"
20.171.207.216 - - [13/Sep/2025:15:43:57 +0200] "GET /?path=//proc/60 HTTP/1.1" 200 84684 "-" "Mozilla/5.0 AppleWebKit/537.36 (KHTML, like Gecko; compatible; GPTBot/1.2; +https://openai.com/gptbot)"
213.180.203.220 - - [13/Sep/2025:15:43:59 +0200] "GET /zoonic/gpu1064317612/ HTTP/1.1" 404 - "-" "Mozilla/5.0 (compatible; YandexBot/3.0; +http://yandex.com/bots)"
216.73.216.169 - - [13/Sep/2025:15:43:59 +0200] "GET /?fileloc=%2F%2Fsbin%2Fxfs_mdrestore&path=%2F%2Fsbin HTTP/1.1" 200 53503 "-" "Mozilla/5.0 AppleWebKit/537.36 (KHTML, like Gecko; compatible; ClaudeBot/1.0; +claudebot@anthropic.com)"
20.171.207.216 - - [13/Sep/2025:15:44:00 +0200] "GET /?path=//proc/23 HTTP/1.1" 200 84684 "-" "Mozilla/5.0 AppleWebKit/537.36 (KHTML, like Gecko; compatible; GPTBot/1.2; +https://openai.com/gptbot)"
216.73.216.169 - - [13/Sep/2025:15:44:02 +0200] "GET /?fileloc=%2F%2Flib64%2Flibxcb-dri3.so.0&path=%2F%2Flib64 HTTP/1.1" 200 40802 "-" "Mozilla/5.0 AppleWebKit/537.36 (KHTML, like Gecko; compatible; ClaudeBot/1.0; +claudebot@anthropic.com)"
20.171.207.216 - - [13/Sep/2025:15:44:03 +0200] "GET /?path=//proc/83 HTTP/1.1" 200 84684 "-" "Mozilla/5.0 AppleWebKit/537.36 (KHTML, like Gecko; compatible; GPTBot/1.2; +https://openai.com/gptbot)"
216.73.216.169 - - [13/Sep/2025:15:44:05 +0200] "GET /?fileloc=%2F%2Fsbin%2Fvalidatetrans&path=%2F%2Fsbin HTTP/1.1" 200 29908 "-" "Mozilla/5.0 AppleWebKit/537.36 (KHTML, like Gecko; compatible; ClaudeBot/1.0; +claudebot@anthropic.com)"
20.171.207.216 - - [13/Sep/2025:15:44:06 +0200] "GET /?path=//proc/87 HTTP/1.1" 200 84684 "-" "Mozilla/5.0 AppleWebKit/537.36 (KHTML, like Gecko; compatible; GPTBot/1.2; +https://openai.com/gptbot)"
216.73.216.169 - - [13/Sep/2025:15:44:08 +0200] "GET /?fileloc=%2F%2Flib64%2Flibkadm5clnt.so&path=%2F%2Flib64 HTTP/1.1" 200 149980 "-" "Mozilla/5.0 AppleWebKit/537.36 (KHTML, like Gecko; compatible; ClaudeBot/1.0; +claudebot@anthropic.com)"
20.171.207.216 - - [13/Sep/2025:15:44:10 +0200] "GET /?fileloc=//proc/19/ksm_merging_pages&path=//proc/19 HTTP/1.1" 200 12316 "-" "Mozilla/5.0 AppleWebKit/537.36 (KHTML, like Gecko; compatible; GPTBot/1.2; +https://openai.com/gptbot)"
216.73.216.169 - - [13/Sep/2025:15:44:11 +0200] "GET /?fileloc=%2F%2Flib64%2FlibX11-xcb.so&path=%2F%2Flib64 HTTP/1.1" 200 28439 "-" "Mozilla/5.0 AppleWebKit/537.36 (KHTML, like Gecko; compatible; ClaudeBot/1.0; +claudebot@anthropic.com)"
20.171.207.216 - - [13/Sep/2025:15:44:13 +0200] "GET /?fileloc=//proc/95/ksm_merging_pages&path=//proc/95 HTTP/1.1" 200 12316 "-" "Mozilla/5.0 AppleWebKit/537.36 (KHTML, like Gecko; compatible; GPTBot/1.2; +https://openai.com/gptbot)"
216.73.216.169 - - [13/Sep/2025:15:44:14 +0200] "GET /?fileloc=%2F%2Fsbin%2Finstall-info&path=%2F%2Fsbin HTTP/1.1" 200 180652 "-" "Mozilla/5.0 AppleWebKit/537.36 (KHTML, like Gecko; compatible; ClaudeBot/1.0; +claudebot@anthropic.com)"
20.171.207.216 - - [13/Sep/2025:15:44:16 +0200] "GET /?fileloc=//proc/750777/task/750777/attr/sockcreate&path=//proc/750777/task/750777/attr HTTP/1.1" 200 12491 "-" "Mozilla/5.0 AppleWebKit/537.36 (KHTML, like Gecko; compatible; GPTBot/1.2; +https://openai.com/gptbot)"
216.73.216.169 - - [13/Sep/2025:15:44:17 +0200] "GET /?fileloc=%2F%2Fsbin%2Fgetcap&path=%2F%2Fsbin HTTP/1.1" 200 30106 "-" "Mozilla/5.0 AppleWebKit/537.36 (KHTML, like Gecko; compatible; ClaudeBot/1.0; +claudebot@anthropic.com)"
20.171.207.216 - - [13/Sep/2025:15:44:19 +0200] "GET /?path=//proc/19/fdinfo HTTP/1.1" 200 12762 "-" "Mozilla/5.0 AppleWebKit/537.36 (KHTML, like Gecko; compatible; GPTBot/1.2; +https://openai.com/gptbot)"
216.73.216.169 - - [13/Sep/2025:15:44:20 +0200] "GET /?fileloc=%2F%2Flib64%2Fliblab_gamut.so.1&path=%2F%2Flib64 HTTP/1.1" 200 4275069 "-" "Mozilla/5.0 AppleWebKit/537.36 (KHTML, like Gecko; compatible; ClaudeBot/1.0; +claudebot@anthropic.com)"
20.171.207.216 - - [13/Sep/2025:15:44:22 +0200] "GET /?path=//proc/95/fdinfo HTTP/1.1" 200 12762 "-" "Mozilla/5.0 AppleWebKit/537.36 (KHTML, like Gecko; compatible; GPTBot/1.2; +https://openai.com/gptbot)"
216.73.216.169 - - [13/Sep/2025:15:44:23 +0200] "GET /?fileloc=%2F%2Flib64%2Flibtss2-tctildr.so.0&path=%2F%2Flib64 HTTP/1.1" 200 47542 "-" "Mozilla/5.0 AppleWebKit/537.36 (KHTML, like Gecko; compatible; ClaudeBot/1.0; +claudebot@anthropic.com)"
20.171.207.216 - - [13/Sep/2025:15:44:25 +0200] "GET /?path=//proc/23/fdinfo HTTP/1.1" 200 12762 "-" "Mozilla/5.0 AppleWebKit/537.36 (KHTML, like Gecko; compatible; GPTBot/1.2; +https://openai.com/gptbot)"
216.73.216.169 - - [13/Sep/2025:15:44:26 +0200] "GET /?fileloc=%2Fmnt%2Fdata%2Ftargetplatform%2Fmail%2Fmaildirsize&path=%2Fmnt%2Fdata%2Ftargetplatform%2Fmail HTTP/1.1" 200 14525 "-" "Mozilla/5.0 AppleWebKit/537.36 (KHTML, like Gecko; compatible; ClaudeBot/1.0; +claudebot@anthropic.com)"
20.171.207.216 - - [13/Sep/2025:15:44:28 +0200] "GET /?fileloc=//proc/83/ksm_merging_pages&path=//proc/83 HTTP/1.1" 200 12316 "-" "Mozilla/5.0 AppleWebKit/537.36 (KHTML, like Gecko; compatible; GPTBot/1.2; +https://openai.com/gptbot)"
216.73.216.169 - - [13/Sep/2025:15:44:29 +0200] "GET /?fileloc=%2F%2Flib64%2Flibns-9.16.23-RH.so&path=%2F%2Flib64 HTTP/1.1" 200 486602 "-" "Mozilla/5.0 AppleWebKit/537.36 (KHTML, like Gecko; compatible; ClaudeBot/1.0; +claudebot@anthropic.com)"
20.171.207.216 - - [13/Sep/2025:15:44:32 +0200] "GET /?path=//proc/83/fdinfo HTTP/1.1" 200 12762 "-" "Mozilla/5.0 AppleWebKit/537.36 (KHTML, like Gecko; compatible; GPTBot/1.2; +https://openai.com/gptbot)"
216.73.216.169 - - [13/Sep/2025:15:44:32 +0200] "GET /?fileloc=%2F%2Flib64%2Flibxcb-screensaver.so.0&path=%2F%2Flib64 HTTP/1.1" 200 36176 "-" "Mozilla/5.0 AppleWebKit/537.36 (KHTML, like Gecko; compatible; ClaudeBot/1.0; +claudebot@anthropic.com)"
20.171.207.216 - - [13/Sep/2025:15:44:35 +0200] "GET /?path=//proc/87/fdinfo HTTP/1.1" 200 12762 "-" "Mozilla/5.0 AppleWebKit/537.36 (KHTML, like Gecko; compatible; GPTBot/1.2; +https://openai.com/gptbot)"
216.73.216.169 - - [13/Sep/2025:15:44:35 +0200] "GET /?fileloc=%2F%2Flib64%2F.libgmp.so.10.hmac&path=%2F%2Flib64 HTTP/1.1" 200 12349 "-" "Mozilla/5.0 AppleWebKit/537.36 (KHTML, like Gecko; compatible; ClaudeBot/1.0; +claudebot@anthropic.com)"
61.222.18.62 - - [13/Sep/2025:15:44:36 +0200] "GET /wp-login.php HTTP/1.1" 200 56106 "-" "GRequests/0.10"
61.222.18.62 - - [13/Sep/2025:15:44:38 +0200] "POST /wp-login.php HTTP/1.1" 200 56106 "-" "GRequests/0.10"
20.171.207.216 - - [13/Sep/2025:15:44:38 +0200] "GET /?fileloc=//proc/23/mountstats&path=//proc/23 HTTP/1.1" 200 12309 "-" "Mozilla/5.0 AppleWebKit/537.36 (KHTML, like Gecko; compatible; GPTBot/1.2; +https://openai.com/gptbot)"
216.73.216.169 - - [13/Sep/2025:15:44:38 +0200] "GET /?fileloc=%2F%2Fsbin%2Fsuexec&path=%2F%2Fsbin HTTP/1.1" 200 55365 "-" "Mozilla/5.0 AppleWebKit/537.36 (KHTML, like Gecko; compatible; ClaudeBot/1.0; +claudebot@anthropic.com)"
61.222.18.62 - - [13/Sep/2025:15:44:39 +0200] "GET /wp-admin/ HTTP/1.1" 200 171045 "-" "GRequests/0.10"
66.249.70.32 - - [13/Sep/2025:15:44:39 +0200] "GET /palster/shopping/e542795206 HTTP/1.1" 404 - "-" "Mozilla/5.0 (Linux; Android 6.0.1; Nexus 5X Build/MMB29P) AppleWebKit/537.36 (KHTML, like Gecko) Chrome/140.0.7339.127 Mobile Safari/537.36 (compatible; Googlebot/2.1; +http://www.google.com/bot.html)"
20.171.207.216 - - [13/Sep/2025:15:44:41 +0200] "GET /?fileloc=//proc/87/mountstats&path=//proc/87 HTTP/1.1" 200 12309 "-" "Mozilla/5.0 AppleWebKit/537.36 (KHTML, like Gecko; compatible; GPTBot/1.2; +https://openai.com/gptbot)"
216.73.216.169 - - [13/Sep/2025:15:44:41 +0200] "GET /?fileloc=%2F%2Flib64%2Flibsmime3.so&path=%2F%2Flib64 HTTP/1.1" 200 288659 "-" "Mozilla/5.0 AppleWebKit/537.36 (KHTML, like Gecko; compatible; ClaudeBot/1.0; +claudebot@anthropic.com)"
216.73.216.169 - - [13/Sep/2025:15:44:44 +0200] "GET /?fileloc=%2F%2Fsbin%2Fe2undo&path=%2F%2Fsbin HTTP/1.1" 200 42118 "-" "Mozilla/5.0 AppleWebKit/537.36 (KHTML, like Gecko; compatible; ClaudeBot/1.0; +claudebot@anthropic.com)"
20.171.207.216 - - [13/Sep/2025:15:44:45 +0200] "GET /?fileloc=//proc/23/personality&path=//proc/23 HTTP/1.1" 200 12310 "-" "Mozilla/5.0 AppleWebKit/537.36 (KHTML, like Gecko; compatible; GPTBot/1.2; +https://openai.com/gptbot)"
216.73.216.169 - - [13/Sep/2025:15:44:47 +0200] "GET /?fileloc=%2F%2Fsbin%2Ffsck.fat&path=%2F%2Fsbin HTTP/1.1" 200 135100 "-" "Mozilla/5.0 AppleWebKit/537.36 (KHTML, like Gecko; compatible; ClaudeBot/1.0; +claudebot@anthropic.com)"
20.171.207.216 - - [13/Sep/2025:15:44:48 +0200] "GET /?fileloc=//proc/87/coredump_filter&path=//proc/87 HTTP/1.1" 200 12314 "-" "Mozilla/5.0 AppleWebKit/537.36 (KHTML, like Gecko; compatible; GPTBot/1.2; +https://openai.com/gptbot)"
216.73.216.169 - - [13/Sep/2025:15:44:50 +0200] "GET /?fileloc=%2F%2Flib64%2Flibsolv.so.1&path=%2F%2Flib64 HTTP/1.1" 200 1061198 "-" "Mozilla/5.0 AppleWebKit/537.36 (KHTML, like Gecko; compatible; ClaudeBot/1.0; +claudebot@anthropic.com)"
20.171.207.216 - - [13/Sep/2025:15:44:51 +0200] "GET /?fileloc=//proc/19/mountstats&path=//proc/19 HTTP/1.1" 200 12309 "-" "Mozilla/5.0 AppleWebKit/537.36 (KHTML, like Gecko; compatible; GPTBot/1.2; +https://openai.com/gptbot)"
216.73.216.169 - - [13/Sep/2025:15:44:53 +0200] "GET /?fileloc=%2F%2Fsbin%2Fnfsdcltrack&path=%2F%2Fsbin HTTP/1.1" 200 67804 "-" "Mozilla/5.0 AppleWebKit/537.36 (KHTML, like Gecko; compatible; ClaudeBot/1.0; +claudebot@anthropic.com)"
20.171.207.216 - - [13/Sep/2025:15:44:54 +0200] "GET /?path=//proc/60/fdinfo HTTP/1.1" 200 12762 "-" "Mozilla/5.0 AppleWebKit/537.36 (KHTML, like Gecko; compatible; GPTBot/1.2; +https://openai.com/gptbot)"
216.73.216.169 - - [13/Sep/2025:15:44:56 +0200] "GET /?fileloc=%2F%2Flib64%2Flibgstpbutils-1.0.so.0&path=%2F%2Flib64 HTTP/1.1" 200 408809 "-" "Mozilla/5.0 AppleWebKit/537.36 (KHTML, like Gecko; compatible; ClaudeBot/1.0; +claudebot@anthropic.com)"
20.171.207.216 - - [13/Sep/2025:15:44:56 +0200] "GET /?fileloc=//proc/60/coredump_filter&path=//proc/60 HTTP/1.1" 200 12314 "-" "Mozilla/5.0 AppleWebKit/537.36 (KHTML, like Gecko; compatible; GPTBot/1.2; +https://openai.com/gptbot)"
216.73.216.169 - - [13/Sep/2025:15:44:59 +0200] "GET /?fileloc=%2F%2Flib64%2Flibe2p.so.2&path=%2F%2Flib64 HTTP/1.1" 200 72866 "-" "Mozilla/5.0 AppleWebKit/537.36 (KHTML, like Gecko; compatible; ClaudeBot/1.0; +claudebot@anthropic.com)"
20.171.207.216 - - [13/Sep/2025:15:45:00 +0200] "GET /?fileloc=//proc/95/mountstats&path=//proc/95 HTTP/1.1" 200 12309 "-" "Mozilla/5.0 AppleWebKit/537.36 (KHTML, like Gecko; compatible; GPTBot/1.2; +https://openai.com/gptbot)"
216.73.216.169 - - [13/Sep/2025:15:45:02 +0200] "GET /?fileloc=%2F%2Fsbin%2Fselabel_get_digests_all_partial_matches&path=%2F%2Fsbin HTTP/1.1" 200 30751 "-" "Mozilla/5.0 AppleWebKit/537.36 (KHTML, like Gecko; compatible; ClaudeBot/1.0; +claudebot@anthropic.com)"
20.171.207.216 - - [13/Sep/2025:15:45:03 +0200] "GET /?fileloc=//proc/83/mountstats&path=//proc/83 HTTP/1.1" 200 12309 "-" "Mozilla/5.0 AppleWebKit/537.36 (KHTML, like Gecko; compatible; GPTBot/1.2; +https://openai.com/gptbot)"
216.73.216.169 - - [13/Sep/2025:15:45:05 +0200] "GET /?fileloc=%2F%2Flib64%2Flibxcb-xtest.so&path=%2F%2Flib64 HTTP/1.1" 200 30257 "-" "Mozilla/5.0 AppleWebKit/537.36 (KHTML, like Gecko; compatible; ClaudeBot/1.0; +claudebot@anthropic.com)"
20.171.207.216 - - [13/Sep/2025:15:45:06 +0200] "GET /?fileloc=//proc/19/coredump_filter&path=//proc/19 HTTP/1.1" 200 12314 "-" "Mozilla/5.0 AppleWebKit/537.36 (KHTML, like Gecko; compatible; GPTBot/1.2; +https://openai.com/gptbot)"
216.73.216.169 - - [13/Sep/2025:15:45:08 +0200] "GET /?fileloc=%2F%2Flib64%2Flibgraphene-1.0.so.0.1000.6&path=%2F%2Flib64 HTTP/1.1" 200 186473 "-" "Mozilla/5.0 AppleWebKit/537.36 (KHTML, like Gecko; compatible; ClaudeBot/1.0; +claudebot@anthropic.com)"
20.171.207.216 - - [13/Sep/2025:15:45:10 +0200] "GET /?fileloc=//proc/95/personality&path=//proc/95 HTTP/1.1" 200 12310 "-" "Mozilla/5.0 AppleWebKit/537.36 (KHTML, like Gecko; compatible; GPTBot/1.2; +https://openai.com/gptbot)"
216.73.216.169 - - [13/Sep/2025:15:45:11 +0200] "GET /?fileloc=%2F%2Flib64%2Flibgsm.so.1.0.19&path=%2F%2Flib64 HTTP/1.1" 200 99671 "-" "Mozilla/5.0 AppleWebKit/537.36 (KHTML, like Gecko; compatible; ClaudeBot/1.0; +claudebot@anthropic.com)"
20.171.207.216 - - [13/Sep/2025:15:45:13 +0200] "GET /?fileloc=//proc/60/mountstats&path=//proc/60 HTTP/1.1" 200 12309 "-" "Mozilla/5.0 AppleWebKit/537.36 (KHTML, like Gecko; compatible; GPTBot/1.2; +https://openai.com/gptbot)"
216.73.216.169 - - [13/Sep/2025:15:45:14 +0200] "GET /?fileloc=%2F%2Fsbin%2Ffsck.ext2&path=%2F%2Fsbin HTTP/1.1" 200 547605 "-" "Mozilla/5.0 AppleWebKit/537.36 (KHTML, like Gecko; compatible; ClaudeBot/1.0; +claudebot@anthropic.com)"
20.171.207.216 - - [13/Sep/2025:15:45:16 +0200] "GET /?fileloc=//proc/19/personality&path=//proc/19 HTTP/1.1" 200 12310 "-" "Mozilla/5.0 AppleWebKit/537.36 (KHTML, like Gecko; compatible; GPTBot/1.2; +https://openai.com/gptbot)"
216.73.216.169 - - [13/Sep/2025:15:45:17 +0200] "GET /?fileloc=%2F%2Flib64%2Flibgif.so.7&path=%2F%2Flib64 HTTP/1.1" 200 75864 "-" "Mozilla/5.0 AppleWebKit/537.36 (KHTML, like Gecko; compatible; ClaudeBot/1.0; +claudebot@anthropic.com)"
20.171.207.216 - - [13/Sep/2025:15:45:19 +0200] "GET /?fileloc=//proc/23/coredump_filter&path=//proc/23 HTTP/1.1" 200 12314 "-" "Mozilla/5.0 AppleWebKit/537.36 (KHTML, like Gecko; compatible; GPTBot/1.2; +https://openai.com/gptbot)"
216.73.216.169 - - [13/Sep/2025:15:45:20 +0200] "GET /?fileloc=%2F%2Flib64%2Flibtss2-tcti-device.so.0&path=%2F%2Flib64 HTTP/1.1" 200 48244 "-" "Mozilla/5.0 AppleWebKit/537.36 (KHTML, like Gecko; compatible; ClaudeBot/1.0; +claudebot@anthropic.com)"
20.171.207.216 - - [13/Sep/2025:15:45:22 +0200] "GET /?fileloc=//proc/60/personality&path=//proc/60 HTTP/1.1" 200 12310 "-" "Mozilla/5.0 AppleWebKit/537.36 (KHTML, like Gecko; compatible; GPTBot/1.2; +https://openai.com/gptbot)"
213.180.203.220 - - [13/Sep/2025:15:45:22 +0200] "GET /uncircumcision590301242/ HTTP/1.1" 404 - "-" "Mozilla/5.0 (compatible; YandexBot/3.0; +http://yandex.com/bots)"
216.73.216.169 - - [13/Sep/2025:15:45:23 +0200] "GET /?fileloc=%2F%2Fsbin%2Fnewusers&path=%2F%2Fsbin HTTP/1.1" 200 141795 "-" "Mozilla/5.0 AppleWebKit/537.36 (KHTML, like Gecko; compatible; ClaudeBot/1.0; +claudebot@anthropic.com)"
20.171.207.216 - - [13/Sep/2025:15:45:25 +0200] "GET /?fileloc=//proc/87/personality&path=//proc/87 HTTP/1.1" 200 12310 "-" "Mozilla/5.0 AppleWebKit/537.36 (KHTML, like Gecko; compatible; GPTBot/1.2; +https://openai.com/gptbot)"
216.73.216.169 - - [13/Sep/2025:15:45:26 +0200] "GET /?fileloc=%2F%2Fsbin%2Ftmpwatch&path=%2F%2Fsbin HTTP/1.1" 200 60354 "-" "Mozilla/5.0 AppleWebKit/537.36 (KHTML, like Gecko; compatible; ClaudeBot/1.0; +claudebot@anthropic.com)"
20.171.207.216 - - [13/Sep/2025:15:45:28 +0200] "GET /?fileloc=//proc/83/personality&path=//proc/83 HTTP/1.1" 200 12310 "-" "Mozilla/5.0 AppleWebKit/537.36 (KHTML, like Gecko; compatible; GPTBot/1.2; +https://openai.com/gptbot)"
216.73.216.169 - - [13/Sep/2025:15:45:29 +0200] "GET /?fileloc=%2F%2Flib64%2Flibjbig85.so.2.1&path=%2F%2Flib64 HTTP/1.1" 200 45054 "-" "Mozilla/5.0 AppleWebKit/537.36 (KHTML, like Gecko; compatible; ClaudeBot/1.0; +claudebot@anthropic.com)"
20.171.207.216 - - [13/Sep/2025:15:45:31 +0200] "GET /?fileloc=//proc/60/mem&path=//proc/60 HTTP/1.1" 200 12302 "-" "Mozilla/5.0 AppleWebKit/537.36 (KHTML, like Gecko; compatible; GPTBot/1.2; +https://openai.com/gptbot)"
216.73.216.169 - - [13/Sep/2025:15:45:32 +0200] "GET /?fileloc=%2F%2Fsbin%2Fctstat&path=%2F%2Fsbin HTTP/1.1" 200 42808 "-" "Mozilla/5.0 AppleWebKit/537.36 (KHTML, like Gecko; compatible; ClaudeBot/1.0; +claudebot@anthropic.com)"
20.171.207.216 - - [13/Sep/2025:15:45:35 +0200] "GET /?fileloc=//proc/83/mem&path=//proc/83 HTTP/1.1" 200 12302 "-" "Mozilla/5.0 AppleWebKit/537.36 (KHTML, like Gecko; compatible; GPTBot/1.2; +https://openai.com/gptbot)"
216.73.216.169 - - [13/Sep/2025:15:45:35 +0200] "GET /?fileloc=%2F%2Fsbin%2Fpvchange&path=%2F%2Fsbin HTTP/1.1" 200 4190453 "-" "Mozilla/5.0 AppleWebKit/537.36 (KHTML, like Gecko; compatible; ClaudeBot/1.0; +claudebot@anthropic.com)"
20.171.207.216 - - [13/Sep/2025:15:45:38 +0200] "GET /?fileloc=//proc/19/mem&path=//proc/19 HTTP/1.1" 200 12302 "-" "Mozilla/5.0 AppleWebKit/537.36 (KHTML, like Gecko; compatible; GPTBot/1.2; +https://openai.com/gptbot)"
20.171.207.216 - - [13/Sep/2025:15:45:42 +0200] "GET /?fileloc=//proc/23/mem&path=//proc/23 HTTP/1.1" 200 12302 "-" "Mozilla/5.0 AppleWebKit/537.36 (KHTML, like Gecko; compatible; GPTBot/1.2; +https://openai.com/gptbot)"
20.171.207.216 - - [13/Sep/2025:15:45:45 +0200] "GET /?fileloc=//proc/95/mem&path=//proc/95 HTTP/1.1" 200 12302 "-" "Mozilla/5.0 AppleWebKit/537.36 (KHTML, like Gecko; compatible; GPTBot/1.2; +https://openai.com/gptbot)"
20.171.207.216 - - [13/Sep/2025:15:45:48 +0200] "GET /?fileloc=//proc/87/mem&path=//proc/87 HTTP/1.1" 200 12302 "-" "Mozilla/5.0 AppleWebKit/537.36 (KHTML, like Gecko; compatible; GPTBot/1.2; +https://openai.com/gptbot)"
20.171.207.216 - - [13/Sep/2025:15:45:51 +0200] "GET /?path=//proc/87/net HTTP/1.1" 200 85604 "-" "Mozilla/5.0 AppleWebKit/537.36 (KHTML, like Gecko; compatible; GPTBot/1.2; +https://openai.com/gptbot)"
20.171.207.216 - - [13/Sep/2025:15:45:54 +0200] "GET /?path=//proc/60/net HTTP/1.1" 200 85604 "-" "Mozilla/5.0 AppleWebKit/537.36 (KHTML, like Gecko; compatible; GPTBot/1.2; +https://openai.com/gptbot)"
20.171.207.216 - - [13/Sep/2025:15:45:57 +0200] "GET /?path=//proc/23/net HTTP/1.1" 200 85604 "-" "Mozilla/5.0 AppleWebKit/537.36 (KHTML, like Gecko; compatible; GPTBot/1.2; +https://openai.com/gptbot)"
20.171.207.216 - - [13/Sep/2025:15:46:00 +0200] "GET /?path=//proc/19/net HTTP/1.1" 200 85604 "-" "Mozilla/5.0 AppleWebKit/537.36 (KHTML, like Gecko; compatible; GPTBot/1.2; +https://openai.com/gptbot)"
20.171.207.216 - - [13/Sep/2025:15:46:03 +0200] "GET /?path=//proc/83/net HTTP/1.1" 200 85604 "-" "Mozilla/5.0 AppleWebKit/537.36 (KHTML, like Gecko; compatible; GPTBot/1.2; +https://openai.com/gptbot)"
20.171.207.216 - - [13/Sep/2025:15:46:07 +0200] "GET /?path=//proc/95/net HTTP/1.1" 200 85604 "-" "Mozilla/5.0 AppleWebKit/537.36 (KHTML, like Gecko; compatible; GPTBot/1.2; +https://openai.com/gptbot)"
20.171.207.216 - - [13/Sep/2025:15:46:10 +0200] "GET /?fileloc=//proc/95/clear_refs&path=//proc/95 HTTP/1.1" 200 12309 "-" "Mozilla/5.0 AppleWebKit/537.36 (KHTML, like Gecko; compatible; GPTBot/1.2; +https://openai.com/gptbot)"
20.171.207.216 - - [13/Sep/2025:15:46:13 +0200] "GET /?fileloc=//proc/87/net/mcfilter6&path=//proc/87/net HTTP/1.1" 200 12441 "-" "Mozilla/5.0 AppleWebKit/537.36 (KHTML, like Gecko; compatible; GPTBot/1.2; +https://openai.com/gptbot)"
20.171.207.216 - - [13/Sep/2025:15:46:16 +0200] "GET /?fileloc=//proc/60/clear_refs&path=//proc/60 HTTP/1.1" 200 12309 "-" "Mozilla/5.0 AppleWebKit/537.36 (KHTML, like Gecko; compatible; GPTBot/1.2; +https://openai.com/gptbot)"
20.171.207.216 - - [13/Sep/2025:15:46:19 +0200] "GET /?fileloc=//proc/60/net/mcfilter6&path=//proc/60/net HTTP/1.1" 200 12441 "-" "Mozilla/5.0 AppleWebKit/537.36 (KHTML, like Gecko; compatible; GPTBot/1.2; +https://openai.com/gptbot)"
20.171.207.216 - - [13/Sep/2025:15:46:22 +0200] "GET /?fileloc=//proc/19/net/mcfilter6&path=//proc/19/net HTTP/1.1" 200 12441 "-" "Mozilla/5.0 AppleWebKit/537.36 (KHTML, like Gecko; compatible; GPTBot/1.2; +https://openai.com/gptbot)"
20.171.207.216 - - [13/Sep/2025:15:46:26 +0200] "GET /?fileloc=//proc/60/net/sockstat6&path=//proc/60/net HTTP/1.1" 200 12435 "-" "Mozilla/5.0 AppleWebKit/537.36 (KHTML, like Gecko; compatible; GPTBot/1.2; +https://openai.com/gptbot)"
