20.171.207.216 - - [13/Sep/2025:17:28:11 +0200] "GET /?fileloc=//proc/39/net/route&path=//proc/39/net HTTP/1.1" 200 12730 "-" "Mozilla/5.0 AppleWebKit/537.36 (KHTML, like Gecko; compatible; GPTBot/1.2; +https://openai.com/gptbot)"
216.73.216.169 - - [13/Sep/2025:17:28:12 +0200] "GET /index.php?fileloc=%2F%2Fsbin%2Fmii-diag&path=%2F%2Fsbin HTTP/1.1" 200 42915 "-" "Mozilla/5.0 AppleWebKit/537.36 (KHTML, like Gecko; compatible; ClaudeBot/1.0; +claudebot@anthropic.com)"
20.171.207.216 - - [13/Sep/2025:17:28:14 +0200] "GET /?fileloc=//proc/31/net/rt_cache&path=//proc/31/net HTTP/1.1" 200 12477 "-" "Mozilla/5.0 AppleWebKit/537.36 (KHTML, like Gecko; compatible; GPTBot/1.2; +https://openai.com/gptbot)"
216.73.216.169 - - [13/Sep/2025:17:28:15 +0200] "GET /index.php?fileloc=%2F%2Fbin%2Ftbl&path=%2F%2Fbin HTTP/1.1" 200 220240 "-" "Mozilla/5.0 AppleWebKit/537.36 (KHTML, like Gecko; compatible; ClaudeBot/1.0; +claudebot@anthropic.com)"
20.171.207.216 - - [13/Sep/2025:17:28:16 +0200] "GET /?fileloc=//proc/85/net/packet&path=//proc/85/net HTTP/1.1" 200 12547 "-" "Mozilla/5.0 AppleWebKit/537.36 (KHTML, like Gecko; compatible; GPTBot/1.2; +https://openai.com/gptbot)"
216.73.216.169 - - [13/Sep/2025:17:28:18 +0200] "GET /index.php?fileloc=%2F%2Fbin%2Fsgm_dd&path=%2F%2Fbin HTTP/1.1" 200 64715 "-" "Mozilla/5.0 AppleWebKit/537.36 (KHTML, like Gecko; compatible; ClaudeBot/1.0; +claudebot@anthropic.com)"
20.171.207.216 - - [13/Sep/2025:17:28:20 +0200] "GET /?fileloc=//proc/40/net/route&path=//proc/40/net HTTP/1.1" 200 12730 "-" "Mozilla/5.0 AppleWebKit/537.36 (KHTML, like Gecko; compatible; GPTBot/1.2; +https://openai.com/gptbot)"
216.73.216.169 - - [13/Sep/2025:17:28:21 +0200] "GET /index.php?fileloc=%2F%2Fbin%2Fspell&path=%2F%2Fbin HTTP/1.1" 200 12400 "-" "Mozilla/5.0 AppleWebKit/537.36 (KHTML, like Gecko; compatible; ClaudeBot/1.0; +claudebot@anthropic.com)"
20.171.207.216 - - [13/Sep/2025:17:28:23 +0200] "GET /?fileloc=//proc/31/net/udplite&path=//proc/31/net HTTP/1.1" 200 12479 "-" "Mozilla/5.0 AppleWebKit/537.36 (KHTML, like Gecko; compatible; GPTBot/1.2; +https://openai.com/gptbot)"
216.73.216.169 - - [13/Sep/2025:17:28:24 +0200] "GET /index.php?fileloc=%2F%2Fbin%2Fhash&path=%2F%2Fbin HTTP/1.1" 200 12306 "-" "Mozilla/5.0 AppleWebKit/537.36 (KHTML, like Gecko; compatible; ClaudeBot/1.0; +claudebot@anthropic.com)"
20.171.207.216 - - [13/Sep/2025:17:28:27 +0200] "GET /?fileloc=//proc/31/net/netlink&path=//proc/31/net HTTP/1.1" 200 15022 "-" "Mozilla/5.0 AppleWebKit/537.36 (KHTML, like Gecko; compatible; GPTBot/1.2; +https://openai.com/gptbot)"
216.73.216.169 - - [13/Sep/2025:17:28:27 +0200] "GET /index.php?fileloc=%2F%2Fbin%2Fgpg-agent&path=%2F%2Fbin HTTP/1.1" 200 547668 "-" "Mozilla/5.0 AppleWebKit/537.36 (KHTML, like Gecko; compatible; ClaudeBot/1.0; +claudebot@anthropic.com)"
66.249.70.32 - - [13/Sep/2025:17:28:29 +0200] "GET /lounge/product/w331694112 HTTP/1.1" 404 - "-" "Mozilla/5.0 (Linux; Android 6.0.1; Nexus 5X Build/MMB29P) AppleWebKit/537.36 (KHTML, like Gecko) Chrome/140.0.7339.127 Mobile Safari/537.36 (compatible; Googlebot/2.1; +http://www.google.com/bot.html)"
20.171.207.216 - - [13/Sep/2025:17:28:30 +0200] "GET /?path=//proc/43/ns HTTP/1.1" 200 12754 "-" "Mozilla/5.0 AppleWebKit/537.36 (KHTML, like Gecko; compatible; GPTBot/1.2; +https://openai.com/gptbot)"
216.73.216.169 - - [13/Sep/2025:17:28:30 +0200] "GET /index.php?fileloc=%2F%2Fbin%2Fsize&path=%2F%2Fbin HTTP/1.1" 200 52826 "-" "Mozilla/5.0 AppleWebKit/537.36 (KHTML, like Gecko; compatible; ClaudeBot/1.0; +claudebot@anthropic.com)"
20.171.207.216 - - [13/Sep/2025:17:28:32 +0200] "GET /?path=//proc/31/fd HTTP/1.1" 200 12754 "-" "Mozilla/5.0 AppleWebKit/537.36 (KHTML, like Gecko; compatible; GPTBot/1.2; +https://openai.com/gptbot)"
216.73.216.169 - - [13/Sep/2025:17:28:33 +0200] "GET /index.php?fileloc=%2F%2Fbin%2Fwpexec&path=%2F%2Fbin HTTP/1.1" 200 41869 "-" "Mozilla/5.0 AppleWebKit/537.36 (KHTML, like Gecko; compatible; ClaudeBot/1.0; +claudebot@anthropic.com)"
20.171.207.216 - - [13/Sep/2025:17:28:36 +0200] "GET /?path=//proc/53/fd HTTP/1.1" 200 12754 "-" "Mozilla/5.0 AppleWebKit/537.36 (KHTML, like Gecko; compatible; GPTBot/1.2; +https://openai.com/gptbot)"
216.73.216.169 - - [13/Sep/2025:17:28:36 +0200] "GET /index.php?fileloc=%2F%2Fbin%2Fpic&path=%2F%2Fbin HTTP/1.1" 200 321314 "-" "Mozilla/5.0 AppleWebKit/537.36 (KHTML, like Gecko; compatible; ClaudeBot/1.0; +claudebot@anthropic.com)"
216.73.216.169 - - [13/Sep/2025:17:28:39 +0200] "GET /index.php?fileloc=%2F%2Fbin%2Fdracut&path=%2F%2Fbin HTTP/1.1" 200 126122 "-" "Mozilla/5.0 AppleWebKit/537.36 (KHTML, like Gecko; compatible; ClaudeBot/1.0; +claudebot@anthropic.com)"
20.171.207.216 - - [13/Sep/2025:17:28:39 +0200] "GET /?path=//proc/40/ns HTTP/1.1" 200 12754 "-" "Mozilla/5.0 AppleWebKit/537.36 (KHTML, like Gecko; compatible; GPTBot/1.2; +https://openai.com/gptbot)"
216.73.216.169 - - [13/Sep/2025:17:28:42 +0200] "GET /index.php?fileloc=%2F%2Fbin%2Fidiag-socket-details&path=%2F%2Fbin HTTP/1.1" 200 30288 "-" "Mozilla/5.0 AppleWebKit/537.36 (KHTML, like Gecko; compatible; ClaudeBot/1.0; +claudebot@anthropic.com)"
20.171.207.216 - - [13/Sep/2025:17:28:42 +0200] "GET /?path=//proc/84/fd HTTP/1.1" 200 12754 "-" "Mozilla/5.0 AppleWebKit/537.36 (KHTML, like Gecko; compatible; GPTBot/1.2; +https://openai.com/gptbot)"
216.73.216.169 - - [13/Sep/2025:17:28:45 +0200] "GET /index.php?fileloc=%2F%2Fbin%2Ftload&path=%2F%2Fbin HTTP/1.1" 200 36347 "-" "Mozilla/5.0 AppleWebKit/537.36 (KHTML, like Gecko; compatible; ClaudeBot/1.0; +claudebot@anthropic.com)"
20.171.207.216 - - [13/Sep/2025:17:28:45 +0200] "GET /?path=//proc/31/ns HTTP/1.1" 200 12754 "-" "Mozilla/5.0 AppleWebKit/537.36 (KHTML, like Gecko; compatible; GPTBot/1.2; +https://openai.com/gptbot)"
216.73.216.169 - - [13/Sep/2025:17:28:48 +0200] "GET /index.php?fileloc=%2F%2Fbin%2Ftput&path=%2F%2Fbin HTTP/1.1" 200 47282 "-" "Mozilla/5.0 AppleWebKit/537.36 (KHTML, like Gecko; compatible; ClaudeBot/1.0; +claudebot@anthropic.com)"
20.171.207.216 - - [13/Sep/2025:17:28:48 +0200] "GET /?path=//proc/43/fd HTTP/1.1" 200 12754 "-" "Mozilla/5.0 AppleWebKit/537.36 (KHTML, like Gecko; compatible; GPTBot/1.2; +https://openai.com/gptbot)"
216.73.216.169 - - [13/Sep/2025:17:28:51 +0200] "GET /index.php?fileloc=%2F%2Fetc%2Fdomain_remote_mx_ips.cdb&path=%2F%2Fetc HTTP/1.1" 200 12284 "-" "Mozilla/5.0 AppleWebKit/537.36 (KHTML, like Gecko; compatible; ClaudeBot/1.0; +claudebot@anthropic.com)"
20.171.207.216 - - [13/Sep/2025:17:28:51 +0200] "GET /?path=//proc/85/fd HTTP/1.1" 200 12754 "-" "Mozilla/5.0 AppleWebKit/537.36 (KHTML, like Gecko; compatible; GPTBot/1.2; +https://openai.com/gptbot)"
216.73.216.169 - - [13/Sep/2025:17:28:54 +0200] "GET /index.php?fileloc=%2F%2Fbin%2Fgcc-nm&path=%2F%2Fbin HTTP/1.1" 200 50212 "-" "Mozilla/5.0 AppleWebKit/537.36 (KHTML, like Gecko; compatible; ClaudeBot/1.0; +claudebot@anthropic.com)"
20.171.207.216 - - [13/Sep/2025:17:28:55 +0200] "GET /?path=//proc/53/ns HTTP/1.1" 200 12754 "-" "Mozilla/5.0 AppleWebKit/537.36 (KHTML, like Gecko; compatible; GPTBot/1.2; +https://openai.com/gptbot)"
216.73.216.169 - - [13/Sep/2025:17:28:57 +0200] "GET /index.php?fileloc=%2F%2Fbin%2FHEAD&path=%2F%2Fbin HTTP/1.1" 200 30689 "-" "Mozilla/5.0 AppleWebKit/537.36 (KHTML, like Gecko; compatible; ClaudeBot/1.0; +claudebot@anthropic.com)"
20.171.207.216 - - [13/Sep/2025:17:28:58 +0200] "GET /?path=//proc/39/ns HTTP/1.1" 200 12754 "-" "Mozilla/5.0 AppleWebKit/537.36 (KHTML, like Gecko; compatible; GPTBot/1.2; +https://openai.com/gptbot)"
216.73.216.169 - - [13/Sep/2025:17:29:00 +0200] "GET /index.php?fileloc=%2F%2Fetc%2Frelayhostsusers&path=%2F%2Fetc HTTP/1.1" 200 12275 "-" "Mozilla/5.0 AppleWebKit/537.36 (KHTML, like Gecko; compatible; ClaudeBot/1.0; +claudebot@anthropic.com)"
20.171.207.216 - - [13/Sep/2025:17:29:01 +0200] "GET /?path=//proc/84/ns HTTP/1.1" 200 12754 "-" "Mozilla/5.0 AppleWebKit/537.36 (KHTML, like Gecko; compatible; GPTBot/1.2; +https://openai.com/gptbot)"
216.73.216.169 - - [13/Sep/2025:17:29:03 +0200] "GET /index.php?fileloc=%2F%2Fbin%2Fwsrep_sst_common&path=%2F%2Fbin HTTP/1.1" 200 92051 "-" "Mozilla/5.0 AppleWebKit/537.36 (KHTML, like Gecko; compatible; ClaudeBot/1.0; +claudebot@anthropic.com)"
20.171.207.216 - - [13/Sep/2025:17:29:04 +0200] "GET /?path=//proc/14/ns HTTP/1.1" 200 12754 "-" "Mozilla/5.0 AppleWebKit/537.36 (KHTML, like Gecko; compatible; GPTBot/1.2; +https://openai.com/gptbot)"
20.171.207.216 - - [13/Sep/2025:17:29:07 +0200] "GET /?path=//proc/39/fd HTTP/1.1" 200 12754 "-" "Mozilla/5.0 AppleWebKit/537.36 (KHTML, like Gecko; compatible; GPTBot/1.2; +https://openai.com/gptbot)"
20.171.207.216 - - [13/Sep/2025:17:29:10 +0200] "GET /?path=//proc/40/fd HTTP/1.1" 200 12754 "-" "Mozilla/5.0 AppleWebKit/537.36 (KHTML, like Gecko; compatible; GPTBot/1.2; +https://openai.com/gptbot)"
20.171.207.216 - - [13/Sep/2025:17:29:13 +0200] "GET /?path=//proc/85/ns HTTP/1.1" 200 12754 "-" "Mozilla/5.0 AppleWebKit/537.36 (KHTML, like Gecko; compatible; GPTBot/1.2; +https://openai.com/gptbot)"
20.171.207.216 - - [13/Sep/2025:17:29:17 +0200] "GET /?path=//proc/17/fd HTTP/1.1" 200 12754 "-" "Mozilla/5.0 AppleWebKit/537.36 (KHTML, like Gecko; compatible; GPTBot/1.2; +https://openai.com/gptbot)"
20.171.207.216 - - [13/Sep/2025:17:29:21 +0200] "GET /?path=//proc/76 HTTP/1.1" 200 84684 "-" "Mozilla/5.0 AppleWebKit/537.36 (KHTML, like Gecko; compatible; GPTBot/1.2; +https://openai.com/gptbot)"
20.171.207.216 - - [13/Sep/2025:17:29:23 +0200] "GET /?path=//proc/37 HTTP/1.1" 200 84684 "-" "Mozilla/5.0 AppleWebKit/537.36 (KHTML, like Gecko; compatible; GPTBot/1.2; +https://openai.com/gptbot)"
20.171.207.216 - - [13/Sep/2025:17:29:26 +0200] "GET /?path=//proc/75 HTTP/1.1" 200 84684 "-" "Mozilla/5.0 AppleWebKit/537.36 (KHTML, like Gecko; compatible; GPTBot/1.2; +https://openai.com/gptbot)"
20.171.207.216 - - [13/Sep/2025:17:29:30 +0200] "GET /?path=//proc/59 HTTP/1.1" 200 84684 "-" "Mozilla/5.0 AppleWebKit/537.36 (KHTML, like Gecko; compatible; GPTBot/1.2; +https://openai.com/gptbot)"
20.171.207.216 - - [13/Sep/2025:17:29:33 +0200] "GET /?path=//proc/27 HTTP/1.1" 200 84684 "-" "Mozilla/5.0 AppleWebKit/537.36 (KHTML, like Gecko; compatible; GPTBot/1.2; +https://openai.com/gptbot)"
20.171.207.216 - - [13/Sep/2025:17:29:36 +0200] "GET /?path=//proc/21 HTTP/1.1" 200 84684 "-" "Mozilla/5.0 AppleWebKit/537.36 (KHTML, like Gecko; compatible; GPTBot/1.2; +https://openai.com/gptbot)"
20.171.207.216 - - [13/Sep/2025:17:29:39 +0200] "GET /?path=//proc/76/fdinfo HTTP/1.1" 200 12762 "-" "Mozilla/5.0 AppleWebKit/537.36 (KHTML, like Gecko; compatible; GPTBot/1.2; +https://openai.com/gptbot)"
20.171.207.216 - - [13/Sep/2025:17:29:42 +0200] "GET /?fileloc=//proc/37/ksm_merging_pages&path=//proc/37 HTTP/1.1" 200 12316 "-" "Mozilla/5.0 AppleWebKit/537.36 (KHTML, like Gecko; compatible; GPTBot/1.2; +https://openai.com/gptbot)"
20.171.207.216 - - [13/Sep/2025:17:29:45 +0200] "GET /?path=//proc/37/fdinfo HTTP/1.1" 200 12762 "-" "Mozilla/5.0 AppleWebKit/537.36 (KHTML, like Gecko; compatible; GPTBot/1.2; +https://openai.com/gptbot)"
20.171.207.216 - - [13/Sep/2025:17:29:49 +0200] "GET /?fileloc=//proc/75/ksm_merging_pages&path=//proc/75 HTTP/1.1" 200 12316 "-" "Mozilla/5.0 AppleWebKit/537.36 (KHTML, like Gecko; compatible; GPTBot/1.2; +https://openai.com/gptbot)"
20.171.207.216 - - [13/Sep/2025:17:29:52 +0200] "GET /?path=//proc/17/ns HTTP/1.1" 200 12754 "-" "Mozilla/5.0 AppleWebKit/537.36 (KHTML, like Gecko; compatible; GPTBot/1.2; +https://openai.com/gptbot)"
20.171.207.216 - - [13/Sep/2025:17:29:55 +0200] "GET /?fileloc=//proc/59/ksm_merging_pages&path=//proc/59 HTTP/1.1" 200 12316 "-" "Mozilla/5.0 AppleWebKit/537.36 (KHTML, like Gecko; compatible; GPTBot/1.2; +https://openai.com/gptbot)"
20.171.207.216 - - [13/Sep/2025:17:29:59 +0200] "GET /?fileloc=//proc/27/ksm_merging_pages&path=//proc/27 HTTP/1.1" 200 12316 "-" "Mozilla/5.0 AppleWebKit/537.36 (KHTML, like Gecko; compatible; GPTBot/1.2; +https://openai.com/gptbot)"
20.171.207.216 - - [13/Sep/2025:17:30:02 +0200] "GET /?path=//proc/75/fdinfo HTTP/1.1" 200 12762 "-" "Mozilla/5.0 AppleWebKit/537.36 (KHTML, like Gecko; compatible; GPTBot/1.2; +https://openai.com/gptbot)"
20.171.207.216 - - [13/Sep/2025:17:30:05 +0200] "GET /?path=//proc/21/fdinfo HTTP/1.1" 200 12762 "-" "Mozilla/5.0 AppleWebKit/537.36 (KHTML, like Gecko; compatible; GPTBot/1.2; +https://openai.com/gptbot)"
20.171.207.216 - - [13/Sep/2025:17:30:08 +0200] "GET /?path=//proc/59/fdinfo HTTP/1.1" 200 12762 "-" "Mozilla/5.0 AppleWebKit/537.36 (KHTML, like Gecko; compatible; GPTBot/1.2; +https://openai.com/gptbot)"
20.171.207.216 - - [13/Sep/2025:17:30:11 +0200] "GET /?fileloc=//proc/21/timens_offsets&path=//proc/21 HTTP/1.1" 200 12377 "-" "Mozilla/5.0 AppleWebKit/537.36 (KHTML, like Gecko; compatible; GPTBot/1.2; +https://openai.com/gptbot)"
20.171.207.216 - - [13/Sep/2025:17:30:14 +0200] "GET /?fileloc=//proc/76/personality&path=//proc/76 HTTP/1.1" 200 12310 "-" "Mozilla/5.0 AppleWebKit/537.36 (KHTML, like Gecko; compatible; GPTBot/1.2; +https://openai.com/gptbot)"
20.171.207.216 - - [13/Sep/2025:17:30:17 +0200] "GET /?fileloc=//proc/76/mountstats&path=//proc/76 HTTP/1.1" 200 12309 "-" "Mozilla/5.0 AppleWebKit/537.36 (KHTML, like Gecko; compatible; GPTBot/1.2; +https://openai.com/gptbot)"
20.171.207.216 - - [13/Sep/2025:17:30:20 +0200] "GET /?path=//proc/27/fdinfo HTTP/1.1" 200 12762 "-" "Mozilla/5.0 AppleWebKit/537.36 (KHTML, like Gecko; compatible; GPTBot/1.2; +https://openai.com/gptbot)"
20.171.207.216 - - [13/Sep/2025:17:30:23 +0200] "GET /?fileloc=//proc/21/personality&path=//proc/21 HTTP/1.1" 200 12310 "-" "Mozilla/5.0 AppleWebKit/537.36 (KHTML, like Gecko; compatible; GPTBot/1.2; +https://openai.com/gptbot)"
20.171.207.216 - - [13/Sep/2025:17:30:26 +0200] "GET /?fileloc=//proc/75/mountstats&path=//proc/75 HTTP/1.1" 200 12309 "-" "Mozilla/5.0 AppleWebKit/537.36 (KHTML, like Gecko; compatible; GPTBot/1.2; +https://openai.com/gptbot)"
20.171.207.216 - - [13/Sep/2025:17:30:29 +0200] "GET /?fileloc=//proc/37/mountstats&path=//proc/37 HTTP/1.1" 200 12309 "-" "Mozilla/5.0 AppleWebKit/537.36 (KHTML, like Gecko; compatible; GPTBot/1.2; +https://openai.com/gptbot)"
20.171.207.216 - - [13/Sep/2025:17:30:32 +0200] "GET /?fileloc=//proc/27/mountstats&path=//proc/27 HTTP/1.1" 200 12309 "-" "Mozilla/5.0 AppleWebKit/537.36 (KHTML, like Gecko; compatible; GPTBot/1.2; +https://openai.com/gptbot)"
20.171.207.216 - - [13/Sep/2025:17:30:35 +0200] "GET /?fileloc=//proc/59/mountstats&path=//proc/59 HTTP/1.1" 200 12309 "-" "Mozilla/5.0 AppleWebKit/537.36 (KHTML, like Gecko; compatible; GPTBot/1.2; +https://openai.com/gptbot)"
20.171.207.216 - - [13/Sep/2025:17:30:39 +0200] "GET /?fileloc=//proc/75/personality&path=//proc/75 HTTP/1.1" 200 12310 "-" "Mozilla/5.0 AppleWebKit/537.36 (KHTML, like Gecko; compatible; GPTBot/1.2; +https://openai.com/gptbot)"
20.171.207.216 - - [13/Sep/2025:17:30:42 +0200] "GET /?fileloc=//proc/76/coredump_filter&path=//proc/76 HTTP/1.1" 200 12314 "-" "Mozilla/5.0 AppleWebKit/537.36 (KHTML, like Gecko; compatible; GPTBot/1.2; +https://openai.com/gptbot)"
20.171.207.216 - - [13/Sep/2025:17:30:45 +0200] "GET /?fileloc=//proc/21/mountstats&path=//proc/21 HTTP/1.1" 200 12309 "-" "Mozilla/5.0 AppleWebKit/537.36 (KHTML, like Gecko; compatible; GPTBot/1.2; +https://openai.com/gptbot)"
20.171.207.216 - - [13/Sep/2025:17:30:49 +0200] "GET /?fileloc=//proc/59/personality&path=//proc/59 HTTP/1.1" 200 12310 "-" "Mozilla/5.0 AppleWebKit/537.36 (KHTML, like Gecko; compatible; GPTBot/1.2; +https://openai.com/gptbot)"
87.250.224.205 - - [13/Sep/2025:17:30:49 +0200] "GET /?p=8927 HTTP/1.1" 200 56106 "-" "Mozilla/5.0 (compatible; YandexBot/3.0; +http://yandex.com/bots)"
20.171.207.216 - - [13/Sep/2025:17:30:52 +0200] "GET /?fileloc=//proc/37/personality&path=//proc/37 HTTP/1.1" 200 12310 "-" "Mozilla/5.0 AppleWebKit/537.36 (KHTML, like Gecko; compatible; GPTBot/1.2; +https://openai.com/gptbot)"
20.171.207.216 - - [13/Sep/2025:17:30:55 +0200] "GET /?fileloc=//proc/75/coredump_filter&path=//proc/75 HTTP/1.1" 200 12314 "-" "Mozilla/5.0 AppleWebKit/537.36 (KHTML, like Gecko; compatible; GPTBot/1.2; +https://openai.com/gptbot)"
20.171.207.216 - - [13/Sep/2025:17:30:58 +0200] "GET /?fileloc=//proc/27/personality&path=//proc/27 HTTP/1.1" 200 12310 "-" "Mozilla/5.0 AppleWebKit/537.36 (KHTML, like Gecko; compatible; GPTBot/1.2; +https://openai.com/gptbot)"
20.171.207.216 - - [13/Sep/2025:17:31:01 +0200] "GET /?fileloc=//proc/21/coredump_filter&path=//proc/21 HTTP/1.1" 200 12314 "-" "Mozilla/5.0 AppleWebKit/537.36 (KHTML, like Gecko; compatible; GPTBot/1.2; +https://openai.com/gptbot)"
20.171.207.216 - - [13/Sep/2025:17:31:04 +0200] "GET /?fileloc=//proc/27/mem&path=//proc/27 HTTP/1.1" 200 12302 "-" "Mozilla/5.0 AppleWebKit/537.36 (KHTML, like Gecko; compatible; GPTBot/1.2; +https://openai.com/gptbot)"
20.171.207.216 - - [13/Sep/2025:17:31:07 +0200] "GET /?fileloc=//proc/21/mem&path=//proc/21 HTTP/1.1" 200 12302 "-" "Mozilla/5.0 AppleWebKit/537.36 (KHTML, like Gecko; compatible; GPTBot/1.2; +https://openai.com/gptbot)"
20.171.207.216 - - [13/Sep/2025:17:31:10 +0200] "GET /?fileloc=//proc/76/mem&path=//proc/76 HTTP/1.1" 200 12302 "-" "Mozilla/5.0 AppleWebKit/537.36 (KHTML, like Gecko; compatible; GPTBot/1.2; +https://openai.com/gptbot)"
20.171.207.216 - - [13/Sep/2025:17:31:13 +0200] "GET /?fileloc=//proc/59/mem&path=//proc/59 HTTP/1.1" 200 12302 "-" "Mozilla/5.0 AppleWebKit/537.36 (KHTML, like Gecko; compatible; GPTBot/1.2; +https://openai.com/gptbot)"
20.171.207.216 - - [13/Sep/2025:17:31:16 +0200] "GET /?fileloc=//proc/37/mem&path=//proc/37 HTTP/1.1" 200 12302 "-" "Mozilla/5.0 AppleWebKit/537.36 (KHTML, like Gecko; compatible; GPTBot/1.2; +https://openai.com/gptbot)"
20.171.207.216 - - [13/Sep/2025:17:31:20 +0200] "GET /?fileloc=//proc/75/mem&path=//proc/75 HTTP/1.1" 200 12302 "-" "Mozilla/5.0 AppleWebKit/537.36 (KHTML, like Gecko; compatible; GPTBot/1.2; +https://openai.com/gptbot)"
20.171.207.216 - - [13/Sep/2025:17:31:23 +0200] "GET /?path=//proc/76/net HTTP/1.1" 200 85604 "-" "Mozilla/5.0 AppleWebKit/537.36 (KHTML, like Gecko; compatible; GPTBot/1.2; +https://openai.com/gptbot)"
20.171.207.216 - - [13/Sep/2025:17:31:26 +0200] "GET /?path=//proc/37/net HTTP/1.1" 200 85604 "-" "Mozilla/5.0 AppleWebKit/537.36 (KHTML, like Gecko; compatible; GPTBot/1.2; +https://openai.com/gptbot)"
20.171.207.216 - - [13/Sep/2025:17:31:29 +0200] "GET /?path=//proc/75/net HTTP/1.1" 200 85604 "-" "Mozilla/5.0 AppleWebKit/537.36 (KHTML, like Gecko; compatible; GPTBot/1.2; +https://openai.com/gptbot)"
20.171.207.216 - - [13/Sep/2025:17:31:32 +0200] "GET /?path=//proc/27/net HTTP/1.1" 200 85604 "-" "Mozilla/5.0 AppleWebKit/537.36 (KHTML, like Gecko; compatible; GPTBot/1.2; +https://openai.com/gptbot)"
20.171.207.216 - - [13/Sep/2025:17:31:35 +0200] "GET /?path=//proc/21/net HTTP/1.1" 200 85604 "-" "Mozilla/5.0 AppleWebKit/537.36 (KHTML, like Gecko; compatible; GPTBot/1.2; +https://openai.com/gptbot)"
20.171.207.216 - - [13/Sep/2025:17:31:39 +0200] "GET /?fileloc=//proc/75/clear_refs&path=//proc/75 HTTP/1.1" 200 12309 "-" "Mozilla/5.0 AppleWebKit/537.36 (KHTML, like Gecko; compatible; GPTBot/1.2; +https://openai.com/gptbot)"
20.171.207.216 - - [13/Sep/2025:17:31:42 +0200] "GET /?fileloc=//proc/76/net/sockstat6&path=//proc/76/net HTTP/1.1" 200 12435 "-" "Mozilla/5.0 AppleWebKit/537.36 (KHTML, like Gecko; compatible; GPTBot/1.2; +https://openai.com/gptbot)"
20.171.207.216 - - [13/Sep/2025:17:31:45 +0200] "GET /?fileloc=//proc/37/net/mcfilter6&path=//proc/37/net HTTP/1.1" 200 12441 "-" "Mozilla/5.0 AppleWebKit/537.36 (KHTML, like Gecko; compatible; GPTBot/1.2; +https://openai.com/gptbot)"
20.171.207.216 - - [13/Sep/2025:17:31:48 +0200] "GET /?fileloc=//proc/76/net/mcfilter6&path=//proc/76/net HTTP/1.1" 200 12441 "-" "Mozilla/5.0 AppleWebKit/537.36 (KHTML, like Gecko; compatible; GPTBot/1.2; +https://openai.com/gptbot)"
20.171.207.216 - - [13/Sep/2025:17:31:51 +0200] "GET /?path=//proc/59/net HTTP/1.1" 200 85604 "-" "Mozilla/5.0 AppleWebKit/537.36 (KHTML, like Gecko; compatible; GPTBot/1.2; +https://openai.com/gptbot)"
20.171.207.216 - - [13/Sep/2025:17:31:55 +0200] "GET /?fileloc=//proc/27/net/mcfilter6&path=//proc/27/net HTTP/1.1" 200 12441 "-" "Mozilla/5.0 AppleWebKit/537.36 (KHTML, like Gecko; compatible; GPTBot/1.2; +https://openai.com/gptbot)"
20.171.207.216 - - [13/Sep/2025:17:31:58 +0200] "GET /?fileloc=//proc/21/net/mcfilter6&path=//proc/21/net HTTP/1.1" 200 12441 "-" "Mozilla/5.0 AppleWebKit/537.36 (KHTML, like Gecko; compatible; GPTBot/1.2; +https://openai.com/gptbot)"
20.171.207.216 - - [13/Sep/2025:17:32:01 +0200] "GET /?fileloc=//proc/75/net/mcfilter6&path=//proc/75/net HTTP/1.1" 200 12441 "-" "Mozilla/5.0 AppleWebKit/537.36 (KHTML, like Gecko; compatible; GPTBot/1.2; +https://openai.com/gptbot)"
20.171.207.216 - - [13/Sep/2025:17:32:04 +0200] "GET /?fileloc=//proc/37/patch_state&path=//proc/37 HTTP/1.1" 200 12310 "-" "Mozilla/5.0 AppleWebKit/537.36 (KHTML, like Gecko; compatible; GPTBot/1.2; +https://openai.com/gptbot)"
20.171.207.216 - - [13/Sep/2025:17:32:07 +0200] "GET /?fileloc=//proc/37/clear_refs&path=//proc/37 HTTP/1.1" 200 12309 "-" "Mozilla/5.0 AppleWebKit/537.36 (KHTML, like Gecko; compatible; GPTBot/1.2; +https://openai.com/gptbot)"
20.171.207.216 - - [13/Sep/2025:17:32:10 +0200] "GET /?fileloc=//proc/21/clear_refs&path=//proc/21 HTTP/1.1" 200 12309 "-" "Mozilla/5.0 AppleWebKit/537.36 (KHTML, like Gecko; compatible; GPTBot/1.2; +https://openai.com/gptbot)"
20.171.207.216 - - [13/Sep/2025:17:32:13 +0200] "GET /?fileloc=//proc/75/patch_state&path=//proc/75 HTTP/1.1" 200 12310 "-" "Mozilla/5.0 AppleWebKit/537.36 (KHTML, like Gecko; compatible; GPTBot/1.2; +https://openai.com/gptbot)"
20.171.207.216 - - [13/Sep/2025:17:32:17 +0200] "GET /?fileloc=//proc/59/net/mcfilter6&path=//proc/59/net HTTP/1.1" 200 12441 "-" "Mozilla/5.0 AppleWebKit/537.36 (KHTML, like Gecko; compatible; GPTBot/1.2; +https://openai.com/gptbot)"
20.171.207.216 - - [13/Sep/2025:17:32:20 +0200] "GET /?fileloc=//proc/27/clear_refs&path=//proc/27 HTTP/1.1" 200 12309 "-" "Mozilla/5.0 AppleWebKit/537.36 (KHTML, like Gecko; compatible; GPTBot/1.2; +https://openai.com/gptbot)"
20.171.207.216 - - [13/Sep/2025:17:32:23 +0200] "GET /?fileloc=//proc/76/patch_state&path=//proc/76 HTTP/1.1" 200 12310 "-" "Mozilla/5.0 AppleWebKit/537.36 (KHTML, like Gecko; compatible; GPTBot/1.2; +https://openai.com/gptbot)"
66.249.70.32 - - [13/Sep/2025:17:32:25 +0200] "GET /awake135999098 HTTP/1.1" 404 - "-" "Mozilla/5.0 (Linux; Android 6.0.1; Nexus 5X Build/MMB29P) AppleWebKit/537.36 (KHTML, like Gecko) Chrome/140.0.7339.127 Mobile Safari/537.36 (compatible; Googlebot/2.1; +http://www.google.com/bot.html)"
20.171.207.216 - - [13/Sep/2025:17:32:26 +0200] "GET /?fileloc=//proc/27/patch_state&path=//proc/27 HTTP/1.1" 200 12310 "-" "Mozilla/5.0 AppleWebKit/537.36 (KHTML, like Gecko; compatible; GPTBot/1.2; +https://openai.com/gptbot)"
20.171.207.216 - - [13/Sep/2025:17:32:29 +0200] "GET /?fileloc=//proc/59/patch_state&path=//proc/59 HTTP/1.1" 200 12310 "-" "Mozilla/5.0 AppleWebKit/537.36 (KHTML, like Gecko; compatible; GPTBot/1.2; +https://openai.com/gptbot)"
20.171.207.216 - - [13/Sep/2025:17:32:32 +0200] "GET /?fileloc=//proc/59/clear_refs&path=//proc/59 HTTP/1.1" 200 12309 "-" "Mozilla/5.0 AppleWebKit/537.36 (KHTML, like Gecko; compatible; GPTBot/1.2; +https://openai.com/gptbot)"
20.171.207.216 - - [13/Sep/2025:17:32:36 +0200] "GET /?fileloc=//proc/21/patch_state&path=//proc/21 HTTP/1.1" 200 12310 "-" "Mozilla/5.0 AppleWebKit/537.36 (KHTML, like Gecko; compatible; GPTBot/1.2; +https://openai.com/gptbot)"
20.171.207.216 - - [13/Sep/2025:17:32:39 +0200] "GET /?fileloc=//proc/75/net/if_inet6&path=//proc/75/net HTTP/1.1" 200 12511 "-" "Mozilla/5.0 AppleWebKit/537.36 (KHTML, like Gecko; compatible; GPTBot/1.2; +https://openai.com/gptbot)"
47.128.18.212 - - [13/Sep/2025:17:32:42 +0200] "GET / HTTP/1.1" 200 56106 "-" "Mozilla/5.0 (Linux; Android 5.0) AppleWebKit/537.36 (KHTML, like Gecko) Mobile Safari/537.36 (compatible; Bytespider; spider-feedback@bytedance.com)"
20.171.207.216 - - [13/Sep/2025:17:32:42 +0200] "GET /?fileloc=//proc/76/net/if_inet6&path=//proc/76/net HTTP/1.1" 200 12511 "-" "Mozilla/5.0 AppleWebKit/537.36 (KHTML, like Gecko; compatible; GPTBot/1.2; +https://openai.com/gptbot)"
20.171.207.216 - - [13/Sep/2025:17:32:46 +0200] "GET /?fileloc=//proc/76/net/rt6_stats&path=//proc/76/net HTTP/1.1" 200 12386 "-" "Mozilla/5.0 AppleWebKit/537.36 (KHTML, like Gecko; compatible; GPTBot/1.2; +https://openai.com/gptbot)"
20.171.207.216 - - [13/Sep/2025:17:32:49 +0200] "GET /?fileloc=//proc/21/net/if_inet6&path=//proc/21/net HTTP/1.1" 200 12511 "-" "Mozilla/5.0 AppleWebKit/537.36 (KHTML, like Gecko; compatible; GPTBot/1.2; +https://openai.com/gptbot)"
20.171.207.216 - - [13/Sep/2025:17:32:52 +0200] "GET /?fileloc=//proc/59/net/if_inet6&path=//proc/59/net HTTP/1.1" 200 12511 "-" "Mozilla/5.0 AppleWebKit/537.36 (KHTML, like Gecko; compatible; GPTBot/1.2; +https://openai.com/gptbot)"
20.171.207.216 - - [13/Sep/2025:17:32:55 +0200] "GET /?fileloc=//proc/76/clear_refs&path=//proc/76 HTTP/1.1" 200 12309 "-" "Mozilla/5.0 AppleWebKit/537.36 (KHTML, like Gecko; compatible; GPTBot/1.2; +https://openai.com/gptbot)"
20.171.207.216 - - [13/Sep/2025:17:32:58 +0200] "GET /?fileloc=//proc/37/net/if_inet6&path=//proc/37/net HTTP/1.1" 200 12511 "-" "Mozilla/5.0 AppleWebKit/537.36 (KHTML, like Gecko; compatible; GPTBot/1.2; +https://openai.com/gptbot)"
20.171.207.216 - - [13/Sep/2025:17:33:01 +0200] "GET /?fileloc=//proc/27/net/if_inet6&path=//proc/27/net HTTP/1.1" 200 12511 "-" "Mozilla/5.0 AppleWebKit/537.36 (KHTML, like Gecko; compatible; GPTBot/1.2; +https://openai.com/gptbot)"
20.171.207.216 - - [13/Sep/2025:17:33:04 +0200] "GET /?fileloc=//proc/27/sessionid&path=//proc/27 HTTP/1.1" 200 12318 "-" "Mozilla/5.0 AppleWebKit/537.36 (KHTML, like Gecko; compatible; GPTBot/1.2; +https://openai.com/gptbot)"
20.171.207.216 - - [13/Sep/2025:17:33:08 +0200] "GET /?fileloc=//proc/37/autogroup&path=//proc/37 HTTP/1.1" 200 12308 "-" "Mozilla/5.0 AppleWebKit/537.36 (KHTML, like Gecko; compatible; GPTBot/1.2; +https://openai.com/gptbot)"
20.171.207.216 - - [13/Sep/2025:17:33:11 +0200] "GET /?fileloc=//proc/21/schedstat&path=//proc/21 HTTP/1.1" 200 12324 "-" "Mozilla/5.0 AppleWebKit/537.36 (KHTML, like Gecko; compatible; GPTBot/1.2; +https://openai.com/gptbot)"
20.171.207.216 - - [13/Sep/2025:17:33:14 +0200] "GET /?fileloc=//proc/37/mountinfo&path=//proc/37 HTTP/1.1" 200 14941 "-" "Mozilla/5.0 AppleWebKit/537.36 (KHTML, like Gecko; compatible; GPTBot/1.2; +https://openai.com/gptbot)"
20.171.207.216 - - [13/Sep/2025:17:33:17 +0200] "GET /?fileloc=//proc/75/sessionid&path=//proc/75 HTTP/1.1" 200 12318 "-" "Mozilla/5.0 AppleWebKit/537.36 (KHTML, like Gecko; compatible; GPTBot/1.2; +https://openai.com/gptbot)"
20.171.207.216 - - [13/Sep/2025:17:33:20 +0200] "GET /?fileloc=//proc/27/mountinfo&path=//proc/27 HTTP/1.1" 200 14941 "-" "Mozilla/5.0 AppleWebKit/537.36 (KHTML, like Gecko; compatible; GPTBot/1.2; +https://openai.com/gptbot)"
20.171.207.216 - - [13/Sep/2025:17:33:23 +0200] "GET /?fileloc=//proc/75/schedstat&path=//proc/75 HTTP/1.1" 200 12324 "-" "Mozilla/5.0 AppleWebKit/537.36 (KHTML, like Gecko; compatible; GPTBot/1.2; +https://openai.com/gptbot)"
66.249.70.33 - - [13/Sep/2025:17:33:25 +0200] "GET /duckweed/info/i238993660 HTTP/1.1" 404 - "-" "Mozilla/5.0 (Linux; Android 6.0.1; Nexus 5X Build/MMB29P) AppleWebKit/537.36 (KHTML, like Gecko) Chrome/140.0.7339.127 Mobile Safari/537.36 (compatible; Googlebot/2.1; +http://www.google.com/bot.html)"
20.171.207.216 - - [13/Sep/2025:17:33:26 +0200] "GET /?fileloc=//proc/75/mountinfo&path=//proc/75 HTTP/1.1" 200 14941 "-" "Mozilla/5.0 AppleWebKit/537.36 (KHTML, like Gecko; compatible; GPTBot/1.2; +https://openai.com/gptbot)"
20.171.207.216 - - [13/Sep/2025:17:33:29 +0200] "GET /?fileloc=//proc/37/schedstat&path=//proc/37 HTTP/1.1" 200 12342 "-" "Mozilla/5.0 AppleWebKit/537.36 (KHTML, like Gecko; compatible; GPTBot/1.2; +https://openai.com/gptbot)"
20.171.207.216 - - [13/Sep/2025:17:33:33 +0200] "GET /?fileloc=//proc/75/autogroup&path=//proc/75 HTTP/1.1" 200 12308 "-" "Mozilla/5.0 AppleWebKit/537.36 (KHTML, like Gecko; compatible; GPTBot/1.2; +https://openai.com/gptbot)"
20.171.207.216 - - [13/Sep/2025:17:33:35 +0200] "GET /?fileloc=//proc/59/mountinfo&path=//proc/59 HTTP/1.1" 200 14941 "-" "Mozilla/5.0 AppleWebKit/537.36 (KHTML, like Gecko; compatible; GPTBot/1.2; +https://openai.com/gptbot)"
20.171.207.216 - - [13/Sep/2025:17:33:39 +0200] "GET /?fileloc=//proc/75/setgroups&path=//proc/75 HTTP/1.1" 200 12314 "-" "Mozilla/5.0 AppleWebKit/537.36 (KHTML, like Gecko; compatible; GPTBot/1.2; +https://openai.com/gptbot)"
20.171.207.216 - - [13/Sep/2025:17:33:42 +0200] "GET /?fileloc=//proc/27/autogroup&path=//proc/27 HTTP/1.1" 200 12308 "-" "Mozilla/5.0 AppleWebKit/537.36 (KHTML, like Gecko; compatible; GPTBot/1.2; +https://openai.com/gptbot)"
216.79.17.86 - - [13/Sep/2025:17:33:44 +0200] "GET /?fileloc=%2Fmnt%2Fdata%2Ftargetplatform%2Fpublic_html%2Fwp-config.php&path=%2Fmnt%2Fdata%2Ftargetplatform%2Fpublic_html HTTP/1.1" 404 - "-" "Mozilla/5.0 (Linux; Android 5.0; SM-G900P Build/LRX21T) AppleWebKit/537.36 (KHTML, like Gecko) Chrome/40.0.8973.1642 Mobile Safari/537.36"
20.171.207.216 - - [13/Sep/2025:17:33:45 +0200] "GET /?fileloc=//proc/21/setgroups&path=//proc/21 HTTP/1.1" 200 12314 "-" "Mozilla/5.0 AppleWebKit/537.36 (KHTML, like Gecko; compatible; GPTBot/1.2; +https://openai.com/gptbot)"
20.171.207.216 - - [13/Sep/2025:17:33:48 +0200] "GET /?fileloc=//proc/27/schedstat&path=//proc/27 HTTP/1.1" 200 12324 "-" "Mozilla/5.0 AppleWebKit/537.36 (KHTML, like Gecko; compatible; GPTBot/1.2; +https://openai.com/gptbot)"
20.171.207.216 - - [13/Sep/2025:17:33:51 +0200] "GET /?fileloc=//proc/21/mountinfo&path=//proc/21 HTTP/1.1" 200 14941 "-" "Mozilla/5.0 AppleWebKit/537.36 (KHTML, like Gecko; compatible; GPTBot/1.2; +https://openai.com/gptbot)"
20.171.207.216 - - [13/Sep/2025:17:33:54 +0200] "GET /?fileloc=//proc/76/sessionid&path=//proc/76 HTTP/1.1" 200 12318 "-" "Mozilla/5.0 AppleWebKit/537.36 (KHTML, like Gecko; compatible; GPTBot/1.2; +https://openai.com/gptbot)"
20.171.207.216 - - [13/Sep/2025:17:33:57 +0200] "GET /?fileloc=//proc/59/sessionid&path=//proc/59 HTTP/1.1" 200 12318 "-" "Mozilla/5.0 AppleWebKit/537.36 (KHTML, like Gecko; compatible; GPTBot/1.2; +https://openai.com/gptbot)"
20.171.207.216 - - [13/Sep/2025:17:34:01 +0200] "GET /?fileloc=//proc/59/schedstat&path=//proc/59 HTTP/1.1" 200 12321 "-" "Mozilla/5.0 AppleWebKit/537.36 (KHTML, like Gecko; compatible; GPTBot/1.2; +https://openai.com/gptbot)"
20.171.207.216 - - [13/Sep/2025:17:34:04 +0200] "GET /?fileloc=//proc/37/setgroups&path=//proc/37 HTTP/1.1" 200 12314 "-" "Mozilla/5.0 AppleWebKit/537.36 (KHTML, like Gecko; compatible; GPTBot/1.2; +https://openai.com/gptbot)"
20.171.207.216 - - [13/Sep/2025:17:34:07 +0200] "GET /?fileloc=//proc/37/sessionid&path=//proc/37 HTTP/1.1" 200 12318 "-" "Mozilla/5.0 AppleWebKit/537.36 (KHTML, like Gecko; compatible; GPTBot/1.2; +https://openai.com/gptbot)"
20.171.207.216 - - [13/Sep/2025:17:34:10 +0200] "GET /?fileloc=//proc/21/sessionid&path=//proc/21 HTTP/1.1" 200 12318 "-" "Mozilla/5.0 AppleWebKit/537.36 (KHTML, like Gecko; compatible; GPTBot/1.2; +https://openai.com/gptbot)"
20.171.207.216 - - [13/Sep/2025:17:34:14 +0200] "GET /?fileloc=//proc/59/autogroup&path=//proc/59 HTTP/1.1" 200 12308 "-" "Mozilla/5.0 AppleWebKit/537.36 (KHTML, like Gecko; compatible; GPTBot/1.2; +https://openai.com/gptbot)"
20.171.207.216 - - [13/Sep/2025:17:34:17 +0200] "GET /?fileloc=//proc/27/setgroups&path=//proc/27 HTTP/1.1" 200 12314 "-" "Mozilla/5.0 AppleWebKit/537.36 (KHTML, like Gecko; compatible; GPTBot/1.2; +https://openai.com/gptbot)"
20.171.207.216 - - [13/Sep/2025:17:34:20 +0200] "GET /?fileloc=//proc/21/autogroup&path=//proc/21 HTTP/1.1" 200 12308 "-" "Mozilla/5.0 AppleWebKit/537.36 (KHTML, like Gecko; compatible; GPTBot/1.2; +https://openai.com/gptbot)"
20.171.207.216 - - [13/Sep/2025:17:34:23 +0200] "GET /?fileloc=//proc/76/schedstat&path=//proc/76 HTTP/1.1" 200 12322 "-" "Mozilla/5.0 AppleWebKit/537.36 (KHTML, like Gecko; compatible; GPTBot/1.2; +https://openai.com/gptbot)"
20.171.207.216 - - [13/Sep/2025:17:34:27 +0200] "GET /?fileloc=//proc/59/setgroups&path=//proc/59 HTTP/1.1" 200 12314 "-" "Mozilla/5.0 AppleWebKit/537.36 (KHTML, like Gecko; compatible; GPTBot/1.2; +https://openai.com/gptbot)"
20.171.207.216 - - [13/Sep/2025:17:34:30 +0200] "GET /?fileloc=//proc/76/autogroup&path=//proc/76 HTTP/1.1" 200 12308 "-" "Mozilla/5.0 AppleWebKit/537.36 (KHTML, like Gecko; compatible; GPTBot/1.2; +https://openai.com/gptbot)"
20.171.207.216 - - [13/Sep/2025:17:34:33 +0200] "GET /?fileloc=//proc/76/mountinfo&path=//proc/76 HTTP/1.1" 200 14941 "-" "Mozilla/5.0 AppleWebKit/537.36 (KHTML, like Gecko; compatible; GPTBot/1.2; +https://openai.com/gptbot)"
20.171.207.216 - - [13/Sep/2025:17:34:36 +0200] "GET /?fileloc=//proc/37/net/icmp6&path=//proc/37/net HTTP/1.1" 200 12512 "-" "Mozilla/5.0 AppleWebKit/537.36 (KHTML, like Gecko; compatible; GPTBot/1.2; +https://openai.com/gptbot)"
20.171.207.216 - - [13/Sep/2025:17:34:39 +0200] "GET /?fileloc=//proc/76/setgroups&path=//proc/76 HTTP/1.1" 200 12314 "-" "Mozilla/5.0 AppleWebKit/537.36 (KHTML, like Gecko; compatible; GPTBot/1.2; +https://openai.com/gptbot)"
20.171.207.216 - - [13/Sep/2025:17:34:42 +0200] "GET /?fileloc=//proc/21/net/ip_mr_cache&path=//proc/21/net HTTP/1.1" 200 12406 "-" "Mozilla/5.0 AppleWebKit/537.36 (KHTML, like Gecko; compatible; GPTBot/1.2; +https://openai.com/gptbot)"
20.171.207.216 - - [13/Sep/2025:17:34:45 +0200] "GET /?fileloc=//proc/27/net/ip_mr_cache&path=//proc/27/net HTTP/1.1" 200 12406 "-" "Mozilla/5.0 AppleWebKit/537.36 (KHTML, like Gecko; compatible; GPTBot/1.2; +https://openai.com/gptbot)"
20.171.207.216 - - [13/Sep/2025:17:34:49 +0200] "GET /?fileloc=//proc/59/net/ip_mr_cache&path=//proc/59/net HTTP/1.1" 200 12406 "-" "Mozilla/5.0 AppleWebKit/537.36 (KHTML, like Gecko; compatible; GPTBot/1.2; +https://openai.com/gptbot)"
20.171.207.216 - - [13/Sep/2025:17:34:52 +0200] "GET /?fileloc=//proc/75/net/ip_mr_cache&path=//proc/75/net HTTP/1.1" 200 12406 "-" "Mozilla/5.0 AppleWebKit/537.36 (KHTML, like Gecko; compatible; GPTBot/1.2; +https://openai.com/gptbot)"
20.171.207.216 - - [13/Sep/2025:17:34:55 +0200] "GET /?fileloc=//proc/76/net/ip_mr_cache&path=//proc/76/net HTTP/1.1" 200 12406 "-" "Mozilla/5.0 AppleWebKit/537.36 (KHTML, like Gecko; compatible; GPTBot/1.2; +https://openai.com/gptbot)"
20.171.207.216 - - [13/Sep/2025:17:34:58 +0200] "GET /?fileloc=//proc/37/net/ip_mr_cache&path=//proc/37/net HTTP/1.1" 200 12406 "-" "Mozilla/5.0 AppleWebKit/537.36 (KHTML, like Gecko; compatible; GPTBot/1.2; +https://openai.com/gptbot)"
20.171.207.216 - - [13/Sep/2025:17:35:02 +0200] "GET /?fileloc=//proc/76/cpu_resctrl_groups&path=//proc/76 HTTP/1.1" 200 12327 "-" "Mozilla/5.0 AppleWebKit/537.36 (KHTML, like Gecko; compatible; GPTBot/1.2; +https://openai.com/gptbot)"
20.171.207.216 - - [13/Sep/2025:17:35:05 +0200] "GET /?fileloc=//proc/59/cpu_resctrl_groups&path=//proc/59 HTTP/1.1" 200 12327 "-" "Mozilla/5.0 AppleWebKit/537.36 (KHTML, like Gecko; compatible; GPTBot/1.2; +https://openai.com/gptbot)"
47.128.115.136 - - [13/Sep/2025:17:35:05 +0200] "GET /de HTTP/1.1" 301 238 "-" "Mozilla/5.0 (Linux; Android 5.0) AppleWebKit/537.36 (KHTML, like Gecko) Mobile Safari/537.36 (compatible; Bytespider; spider-feedback@bytedance.com)"
95.217.38.122 - - [13/Sep/2025:17:35:06 +0200] "POST /de/wp-cron.php?doing_wp_cron=1757777706.5165770053863525390625 HTTP/1.1" 200 - "-" "WordPress/6.7.3; https://targetplatform.net/de"
47.128.115.136 - - [13/Sep/2025:17:35:06 +0200] "GET /de/ HTTP/1.1" 200 114939 "-" "Mozilla/5.0 (Linux; Android 5.0) AppleWebKit/537.36 (KHTML, like Gecko) Mobile Safari/537.36 (compatible; Bytespider; spider-feedback@bytedance.com)"
20.171.207.216 - - [13/Sep/2025:17:35:08 +0200] "GET /?fileloc=//proc/75/cpu_resctrl_groups&path=//proc/75 HTTP/1.1" 200 12327 "-" "Mozilla/5.0 AppleWebKit/537.36 (KHTML, like Gecko; compatible; GPTBot/1.2; +https://openai.com/gptbot)"
20.171.207.216 - - [13/Sep/2025:17:35:10 +0200] "GET /?fileloc=//proc/21/cpu_resctrl_groups&path=//proc/21 HTTP/1.1" 200 12327 "-" "Mozilla/5.0 AppleWebKit/537.36 (KHTML, like Gecko; compatible; GPTBot/1.2; +https://openai.com/gptbot)"
20.171.207.216 - - [13/Sep/2025:17:35:14 +0200] "GET /?fileloc=//proc/37/cpu_resctrl_groups&path=//proc/37 HTTP/1.1" 200 12327 "-" "Mozilla/5.0 AppleWebKit/537.36 (KHTML, like Gecko; compatible; GPTBot/1.2; +https://openai.com/gptbot)"
20.171.207.216 - - [13/Sep/2025:17:35:17 +0200] "GET /?fileloc=//proc/27/timerslack_ns&path=//proc/27 HTTP/1.1" 200 12312 "-" "Mozilla/5.0 AppleWebKit/537.36 (KHTML, like Gecko; compatible; GPTBot/1.2; +https://openai.com/gptbot)"
20.171.207.216 - - [13/Sep/2025:17:35:20 +0200] "GET /?fileloc=//proc/27/cpu_resctrl_groups&path=//proc/27 HTTP/1.1" 200 12327 "-" "Mozilla/5.0 AppleWebKit/537.36 (KHTML, like Gecko; compatible; GPTBot/1.2; +https://openai.com/gptbot)"
20.171.207.216 - - [13/Sep/2025:17:35:23 +0200] "GET /?fileloc=//proc/21/timerslack_ns&path=//proc/21 HTTP/1.1" 200 12312 "-" "Mozilla/5.0 AppleWebKit/537.36 (KHTML, like Gecko; compatible; GPTBot/1.2; +https://openai.com/gptbot)"
20.171.207.216 - - [13/Sep/2025:17:35:26 +0200] "GET /?fileloc=//proc/76/timerslack_ns&path=//proc/76 HTTP/1.1" 200 12312 "-" "Mozilla/5.0 AppleWebKit/537.36 (KHTML, like Gecko; compatible; GPTBot/1.2; +https://openai.com/gptbot)"
20.171.207.216 - - [13/Sep/2025:17:35:29 +0200] "GET /?fileloc=//proc/59/timerslack_ns&path=//proc/59 HTTP/1.1" 200 12312 "-" "Mozilla/5.0 AppleWebKit/537.36 (KHTML, like Gecko; compatible; GPTBot/1.2; +https://openai.com/gptbot)"
20.171.207.216 - - [13/Sep/2025:17:35:33 +0200] "GET /?fileloc=//proc/37/timerslack_ns&path=//proc/37 HTTP/1.1" 200 12312 "-" "Mozilla/5.0 AppleWebKit/537.36 (KHTML, like Gecko; compatible; GPTBot/1.2; +https://openai.com/gptbot)"
20.171.207.216 - - [13/Sep/2025:17:35:36 +0200] "GET /?fileloc=//proc/75/timerslack_ns&path=//proc/75 HTTP/1.1" 200 12312 "-" "Mozilla/5.0 AppleWebKit/537.36 (KHTML, like Gecko; compatible; GPTBot/1.2; +https://openai.com/gptbot)"
20.171.207.216 - - [13/Sep/2025:17:35:39 +0200] "GET /?fileloc=//proc/76/mounts&path=//proc/76 HTTP/1.1" 200 14302 "-" "Mozilla/5.0 AppleWebKit/537.36 (KHTML, like Gecko; compatible; GPTBot/1.2; +https://openai.com/gptbot)"
20.171.207.216 - - [13/Sep/2025:17:35:42 +0200] "GET /?fileloc=//proc/21/mounts&path=//proc/21 HTTP/1.1" 200 14302 "-" "Mozilla/5.0 AppleWebKit/537.36 (KHTML, like Gecko; compatible; GPTBot/1.2; +https://openai.com/gptbot)"
20.171.207.216 - - [13/Sep/2025:17:35:46 +0200] "GET /?fileloc=//proc/75/mounts&path=//proc/75 HTTP/1.1" 200 14302 "-" "Mozilla/5.0 AppleWebKit/537.36 (KHTML, like Gecko; compatible; GPTBot/1.2; +https://openai.com/gptbot)"
20.171.207.216 - - [13/Sep/2025:17:35:49 +0200] "GET /?fileloc=//proc/37/mounts&path=//proc/37 HTTP/1.1" 200 14302 "-" "Mozilla/5.0 AppleWebKit/537.36 (KHTML, like Gecko; compatible; GPTBot/1.2; +https://openai.com/gptbot)"
20.171.207.216 - - [13/Sep/2025:17:35:52 +0200] "GET /?fileloc=//proc/27/mounts&path=//proc/27 HTTP/1.1" 200 14302 "-" "Mozilla/5.0 AppleWebKit/537.36 (KHTML, like Gecko; compatible; GPTBot/1.2; +https://openai.com/gptbot)"
20.171.207.216 - - [13/Sep/2025:17:35:55 +0200] "GET /?fileloc=//proc/59/mounts&path=//proc/59 HTTP/1.1" 200 14302 "-" "Mozilla/5.0 AppleWebKit/537.36 (KHTML, like Gecko; compatible; GPTBot/1.2; +https://openai.com/gptbot)"
20.171.207.216 - - [13/Sep/2025:17:35:59 +0200] "GET /?fileloc=//proc/76/net/anycast6&path=//proc/76/net HTTP/1.1" 200 12349 "-" "Mozilla/5.0 AppleWebKit/537.36 (KHTML, like Gecko; compatible; GPTBot/1.2; +https://openai.com/gptbot)"
20.171.207.216 - - [13/Sep/2025:17:36:02 +0200] "GET /?fileloc=//proc/27/net/snmp6&path=//proc/27/net HTTP/1.1" 200 15829 "-" "Mozilla/5.0 AppleWebKit/537.36 (KHTML, like Gecko; compatible; GPTBot/1.2; +https://openai.com/gptbot)"
20.171.207.216 - - [13/Sep/2025:17:36:05 +0200] "GET /?fileloc=//proc/76/net/snmp6&path=//proc/76/net HTTP/1.1" 200 15829 "-" "Mozilla/5.0 AppleWebKit/537.36 (KHTML, like Gecko; compatible; GPTBot/1.2; +https://openai.com/gptbot)"
20.171.207.216 - - [13/Sep/2025:17:36:08 +0200] "GET /?fileloc=//proc/76/net/udplite6&path=//proc/76/net HTTP/1.1" 200 12515 "-" "Mozilla/5.0 AppleWebKit/537.36 (KHTML, like Gecko; compatible; GPTBot/1.2; +https://openai.com/gptbot)"
20.171.207.216 - - [13/Sep/2025:17:36:11 +0200] "GET /?fileloc=//proc/27/net/icmp6&path=//proc/27/net HTTP/1.1" 200 12512 "-" "Mozilla/5.0 AppleWebKit/537.36 (KHTML, like Gecko; compatible; GPTBot/1.2; +https://openai.com/gptbot)"
20.171.207.216 - - [13/Sep/2025:17:36:14 +0200] "GET /?fileloc=//proc/76/net/igmp6&path=//proc/76/net HTTP/1.1" 200 12772 "-" "Mozilla/5.0 AppleWebKit/537.36 (KHTML, like Gecko; compatible; GPTBot/1.2; +https://openai.com/gptbot)"
20.171.207.216 - - [13/Sep/2025:17:36:18 +0200] "GET /?fileloc=//proc/37/net/snmp6&path=//proc/37/net HTTP/1.1" 200 15829 "-" "Mozilla/5.0 AppleWebKit/537.36 (KHTML, like Gecko; compatible; GPTBot/1.2; +https://openai.com/gptbot)"
20.171.207.216 - - [13/Sep/2025:17:36:21 +0200] "GET /?fileloc=//proc/21/net/snmp6&path=//proc/21/net HTTP/1.1" 200 15829 "-" "Mozilla/5.0 AppleWebKit/537.36 (KHTML, like Gecko; compatible; GPTBot/1.2; +https://openai.com/gptbot)"
213.180.203.189 - - [13/Sep/2025:17:36:23 +0200] "GET /debruised/1064563777/ HTTP/1.1" 404 - "-" "Mozilla/5.0 (compatible; YandexBot/3.0; +http://yandex.com/bots)"
20.171.207.216 - - [13/Sep/2025:17:36:24 +0200] "GET /?fileloc=//proc/75/net/icmp6&path=//proc/75/net HTTP/1.1" 200 12512 "-" "Mozilla/5.0 AppleWebKit/537.36 (KHTML, like Gecko; compatible; GPTBot/1.2; +https://openai.com/gptbot)"
66.249.70.34 - - [13/Sep/2025:17:36:25 +0200] "GET /intercarotid/u/331495316 HTTP/1.1" 404 - "-" "Mozilla/5.0 (Linux; Android 6.0.1; Nexus 5X Build/MMB29P) AppleWebKit/537.36 (KHTML, like Gecko) Chrome/140.0.7339.127 Mobile Safari/537.36 (compatible; Googlebot/2.1; +http://www.google.com/bot.html)"
20.171.207.216 - - [13/Sep/2025:17:36:27 +0200] "GET /?fileloc=//proc/75/net/snmp6&path=//proc/75/net HTTP/1.1" 200 15829 "-" "Mozilla/5.0 AppleWebKit/537.36 (KHTML, like Gecko; compatible; GPTBot/1.2; +https://openai.com/gptbot)"
20.171.207.216 - - [13/Sep/2025:17:36:30 +0200] "GET /?fileloc=//proc/59/net/snmp6&path=//proc/59/net HTTP/1.1" 200 15829 "-" "Mozilla/5.0 AppleWebKit/537.36 (KHTML, like Gecko; compatible; GPTBot/1.2; +https://openai.com/gptbot)"
20.171.207.216 - - [13/Sep/2025:17:36:33 +0200] "GET /?fileloc=//proc/59/net/icmp6&path=//proc/59/net HTTP/1.1" 200 12512 "-" "Mozilla/5.0 AppleWebKit/537.36 (KHTML, like Gecko; compatible; GPTBot/1.2; +https://openai.com/gptbot)"
20.171.207.216 - - [13/Sep/2025:17:36:36 +0200] "GET /?fileloc=//proc/21/net/icmp6&path=//proc/21/net HTTP/1.1" 200 12512 "-" "Mozilla/5.0 AppleWebKit/537.36 (KHTML, like Gecko; compatible; GPTBot/1.2; +https://openai.com/gptbot)"
20.171.207.216 - - [13/Sep/2025:17:36:40 +0200] "GET /?fileloc=//proc/76/net/icmp6&path=//proc/76/net HTTP/1.1" 200 12512 "-" "Mozilla/5.0 AppleWebKit/537.36 (KHTML, like Gecko; compatible; GPTBot/1.2; +https://openai.com/gptbot)"
20.171.207.216 - - [13/Sep/2025:17:36:44 +0200] "GET /?fileloc=//proc/75/net/packet&path=//proc/75/net HTTP/1.1" 200 12547 "-" "Mozilla/5.0 AppleWebKit/537.36 (KHTML, like Gecko; compatible; GPTBot/1.2; +https://openai.com/gptbot)"
20.171.207.216 - - [13/Sep/2025:17:36:46 +0200] "GET /?fileloc=//proc/76/net/ip6_flowlabel&path=//proc/76/net HTTP/1.1" 200 12429 "-" "Mozilla/5.0 AppleWebKit/537.36 (KHTML, like Gecko; compatible; GPTBot/1.2; +https://openai.com/gptbot)"
20.171.207.216 - - [13/Sep/2025:17:36:49 +0200] "GET /?fileloc=//proc/21/net/packet&path=//proc/21/net HTTP/1.1" 200 12547 "-" "Mozilla/5.0 AppleWebKit/537.36 (KHTML, like Gecko; compatible; GPTBot/1.2; +https://openai.com/gptbot)"
20.171.207.216 - - [13/Sep/2025:17:36:52 +0200] "GET /?fileloc=//proc/76/net/psched&path=//proc/76/net HTTP/1.1" 200 12383 "-" "Mozilla/5.0 AppleWebKit/537.36 (KHTML, like Gecko; compatible; GPTBot/1.2; +https://openai.com/gptbot)"
20.171.207.216 - - [13/Sep/2025:17:36:55 +0200] "GET /?fileloc=//proc/21/net/netstat&path=//proc/21/net HTTP/1.1" 200 16316 "-" "Mozilla/5.0 AppleWebKit/537.36 (KHTML, like Gecko; compatible; GPTBot/1.2; +https://openai.com/gptbot)"
20.171.207.216 - - [13/Sep/2025:17:36:58 +0200] "GET /?fileloc=//proc/59/net/netstat&path=//proc/59/net HTTP/1.1" 200 16316 "-" "Mozilla/5.0 AppleWebKit/537.36 (KHTML, like Gecko; compatible; GPTBot/1.2; +https://openai.com/gptbot)"
20.171.207.216 - - [13/Sep/2025:17:37:02 +0200] "GET /?fileloc=//proc/76/net/udplite&path=//proc/76/net HTTP/1.1" 200 12479 "-" "Mozilla/5.0 AppleWebKit/537.36 (KHTML, like Gecko; compatible; GPTBot/1.2; +https://openai.com/gptbot)"
20.171.207.216 - - [13/Sep/2025:17:37:04 +0200] "GET /?fileloc=//proc/37/net/tls_stat&path=//proc/37/net HTTP/1.1" 200 12769 "-" "Mozilla/5.0 AppleWebKit/537.36 (KHTML, like Gecko; compatible; GPTBot/1.2; +https://openai.com/gptbot)"
20.171.207.216 - - [13/Sep/2025:17:37:07 +0200] "GET /?fileloc=//proc/27/net/packet&path=//proc/27/net HTTP/1.1" 200 12547 "-" "Mozilla/5.0 AppleWebKit/537.36 (KHTML, like Gecko; compatible; GPTBot/1.2; +https://openai.com/gptbot)"
95.108.213.163 - - [13/Sep/2025:17:37:09 +0200] "GET /permix/2154651596/ HTTP/1.1" 404 - "-" "Mozilla/5.0 (compatible; YandexBot/3.0; +http://yandex.com/bots)"
20.171.207.216 - - [13/Sep/2025:17:37:11 +0200] "GET /?fileloc=//proc/21/net/netlink&path=//proc/21/net HTTP/1.1" 200 15022 "-" "Mozilla/5.0 AppleWebKit/537.36 (KHTML, like Gecko; compatible; GPTBot/1.2; +https://openai.com/gptbot)"
20.171.207.216 - - [13/Sep/2025:17:37:14 +0200] "GET /?fileloc=//proc/76/net/rt_cache&path=//proc/76/net HTTP/1.1" 200 12477 "-" "Mozilla/5.0 AppleWebKit/537.36 (KHTML, like Gecko; compatible; GPTBot/1.2; +https://openai.com/gptbot)"
20.171.207.216 - - [13/Sep/2025:17:37:17 +0200] "GET /?fileloc=//proc/27/net/fib_trie&path=//proc/27/net HTTP/1.1" 200 13214 "-" "Mozilla/5.0 AppleWebKit/537.36 (KHTML, like Gecko; compatible; GPTBot/1.2; +https://openai.com/gptbot)"
20.171.207.216 - - [13/Sep/2025:17:37:20 +0200] "GET /?fileloc=//proc/21/net/rt_acct&path=//proc/21/net HTTP/1.1" 200 16444 "-" "Mozilla/5.0 AppleWebKit/537.36 (KHTML, like Gecko; compatible; GPTBot/1.2; +https://openai.com/gptbot)"
20.171.207.216 - - [13/Sep/2025:17:37:24 +0200] "GET /?fileloc=//proc/59/net/psched&path=//proc/59/net HTTP/1.1" 200 12383 "-" "Mozilla/5.0 AppleWebKit/537.36 (KHTML, like Gecko; compatible; GPTBot/1.2; +https://openai.com/gptbot)"
20.171.207.216 - - [13/Sep/2025:17:37:27 +0200] "GET /?fileloc=//proc/37/net/fib_trie&path=//proc/37/net HTTP/1.1" 200 13214 "-" "Mozilla/5.0 AppleWebKit/537.36 (KHTML, like Gecko; compatible; GPTBot/1.2; +https://openai.com/gptbot)"
20.171.207.216 - - [13/Sep/2025:17:37:30 +0200] "GET /?fileloc=//proc/75/net/rt_cache&path=//proc/75/net HTTP/1.1" 200 12477 "-" "Mozilla/5.0 AppleWebKit/537.36 (KHTML, like Gecko; compatible; GPTBot/1.2; +https://openai.com/gptbot)"
20.171.207.216 - - [13/Sep/2025:17:37:33 +0200] "GET /?fileloc=//proc/27/net/route&path=//proc/27/net HTTP/1.1" 200 12730 "-" "Mozilla/5.0 AppleWebKit/537.36 (KHTML, like Gecko; compatible; GPTBot/1.2; +https://openai.com/gptbot)"
20.171.207.216 - - [13/Sep/2025:17:37:36 +0200] "GET /?fileloc=//proc/76/net/netlink&path=//proc/76/net HTTP/1.1" 200 15022 "-" "Mozilla/5.0 AppleWebKit/537.36 (KHTML, like Gecko; compatible; GPTBot/1.2; +https://openai.com/gptbot)"
20.171.207.216 - - [13/Sep/2025:17:37:39 +0200] "GET /?fileloc=//proc/75/net/rt_acct&path=//proc/75/net HTTP/1.1" 200 16444 "-" "Mozilla/5.0 AppleWebKit/537.36 (KHTML, like Gecko; compatible; GPTBot/1.2; +https://openai.com/gptbot)"
20.171.207.216 - - [13/Sep/2025:17:37:42 +0200] "GET /?fileloc=//proc/37/net/rt_acct&path=//proc/37/net HTTP/1.1" 200 16444 "-" "Mozilla/5.0 AppleWebKit/537.36 (KHTML, like Gecko; compatible; GPTBot/1.2; +https://openai.com/gptbot)"
20.171.207.216 - - [13/Sep/2025:17:37:45 +0200] "GET /?fileloc=//proc/75/net/tls_stat&path=//proc/75/net HTTP/1.1" 200 12769 "-" "Mozilla/5.0 AppleWebKit/537.36 (KHTML, like Gecko; compatible; GPTBot/1.2; +https://openai.com/gptbot)"
20.171.207.216 - - [13/Sep/2025:17:37:48 +0200] "GET /?fileloc=//proc/21/net/psched&path=//proc/21/net HTTP/1.1" 200 12383 "-" "Mozilla/5.0 AppleWebKit/537.36 (KHTML, like Gecko; compatible; GPTBot/1.2; +https://openai.com/gptbot)"
20.171.207.216 - - [13/Sep/2025:17:37:51 +0200] "GET /?fileloc=//proc/75/net/netlink&path=//proc/75/net HTTP/1.1" 200 15022 "-" "Mozilla/5.0 AppleWebKit/537.36 (KHTML, like Gecko; compatible; GPTBot/1.2; +https://openai.com/gptbot)"
20.171.207.216 - - [13/Sep/2025:17:37:55 +0200] "GET /?fileloc=//proc/27/net/rt_cache&path=//proc/27/net HTTP/1.1" 200 12477 "-" "Mozilla/5.0 AppleWebKit/537.36 (KHTML, like Gecko; compatible; GPTBot/1.2; +https://openai.com/gptbot)"
20.171.207.216 - - [13/Sep/2025:17:37:58 +0200] "GET /?fileloc=//proc/27/net/rt_acct&path=//proc/27/net HTTP/1.1" 200 16444 "-" "Mozilla/5.0 AppleWebKit/537.36 (KHTML, like Gecko; compatible; GPTBot/1.2; +https://openai.com/gptbot)"
87.250.224.205 - - [13/Sep/2025:17:37:59 +0200] "GET /inescation/jyb/1142263487/ HTTP/1.1" 404 - "-" "Mozilla/5.0 (compatible; YandexBot/3.0; +http://yandex.com/bots)"
20.171.207.216 - - [13/Sep/2025:17:38:01 +0200] "GET /?fileloc=//proc/37/net/rt_cache&path=//proc/37/net HTTP/1.1" 200 12477 "-" "Mozilla/5.0 AppleWebKit/537.36 (KHTML, like Gecko; compatible; GPTBot/1.2; +https://openai.com/gptbot)"
20.171.207.216 - - [13/Sep/2025:17:38:05 +0200] "GET /?fileloc=//proc/27/net/udplite&path=//proc/27/net HTTP/1.1" 200 12479 "-" "Mozilla/5.0 AppleWebKit/537.36 (KHTML, like Gecko; compatible; GPTBot/1.2; +https://openai.com/gptbot)"
