216.73.216.169 - - [13/Sep/2025:18:15:44 +0200] "GET /?fileloc=%2F%2Fscripts%2Fprocess_pending_cpanel_php_pear_registration&path=%2F%2Fscripts HTTP/1.1" 200 15379 "-" "Mozilla/5.0 AppleWebKit/537.36 (KHTML, like Gecko; compatible; ClaudeBot/1.0; +claudebot@anthropic.com)"
20.171.207.216 - - [13/Sep/2025:18:15:45 +0200] "GET /?path=//proc/61/net/rpc/auth.unix.ip HTTP/1.1" 200 17300 "-" "Mozilla/5.0 AppleWebKit/537.36 (KHTML, like Gecko; compatible; GPTBot/1.2; +https://openai.com/gptbot)"
216.73.216.169 - - [13/Sep/2025:18:15:48 +0200] "GET /robots.txt HTTP/1.1" 200 1119 "-" "Mozilla/5.0 AppleWebKit/537.36 (KHTML, like Gecko; compatible; ClaudeBot/1.0; +claudebot@anthropic.com)"
20.171.207.216 - - [13/Sep/2025:18:15:48 +0200] "GET /?path=//proc/59/net/rpc/auth.unix.ip HTTP/1.1" 200 17300 "-" "Mozilla/5.0 AppleWebKit/537.36 (KHTML, like Gecko; compatible; GPTBot/1.2; +https://openai.com/gptbot)"
216.73.216.169 - - [13/Sep/2025:18:15:48 +0200] "GET /?fileloc=%2F%2Fsbin%2Fupdate-alternatives&path=%2F%2Fsbin HTTP/1.1" 200 68991 "-" "Mozilla/5.0 AppleWebKit/537.36 (KHTML, like Gecko; compatible; ClaudeBot/1.0; +claudebot@anthropic.com)"
20.171.207.216 - - [13/Sep/2025:18:15:51 +0200] "GET /?path=//proc/17/net/rpc/auth.unix.ip HTTP/1.1" 200 17300 "-" "Mozilla/5.0 AppleWebKit/537.36 (KHTML, like Gecko; compatible; GPTBot/1.2; +https://openai.com/gptbot)"
216.73.216.169 - - [13/Sep/2025:18:15:51 +0200] "GET /?fileloc=%2F%2Flib64%2Flibncursesw.so.6.2&path=%2F%2Flib64 HTTP/1.1" 200 422271 "-" "Mozilla/5.0 AppleWebKit/537.36 (KHTML, like Gecko; compatible; ClaudeBot/1.0; +claudebot@anthropic.com)"
216.73.216.169 - - [13/Sep/2025:18:15:54 +0200] "GET /?fileloc=%2F%2Flib64%2Flibgstriff-1.0.so.0&path=%2F%2Flib64 HTTP/1.1" 200 104778 "-" "Mozilla/5.0 AppleWebKit/537.36 (KHTML, like Gecko; compatible; ClaudeBot/1.0; +claudebot@anthropic.com)"
20.171.207.216 - - [13/Sep/2025:18:15:54 +0200] "GET /?path=//proc/95/net/rpc HTTP/1.1" 200 15506 "-" "Mozilla/5.0 AppleWebKit/537.36 (KHTML, like Gecko; compatible; GPTBot/1.2; +https://openai.com/gptbot)"
216.73.216.169 - - [13/Sep/2025:18:15:57 +0200] "GET /?fileloc=%2F%2Flib64%2Flibz.so.1&path=%2F%2Flib64 HTTP/1.1" 200 168498 "-" "Mozilla/5.0 AppleWebKit/537.36 (KHTML, like Gecko; compatible; ClaudeBot/1.0; +claudebot@anthropic.com)"
20.171.207.216 - - [13/Sep/2025:18:15:57 +0200] "GET /?path=//proc/52/net/rpc/auth.unix.ip HTTP/1.1" 200 17300 "-" "Mozilla/5.0 AppleWebKit/537.36 (KHTML, like Gecko; compatible; GPTBot/1.2; +https://openai.com/gptbot)"
216.73.216.169 - - [13/Sep/2025:18:16:00 +0200] "GET /?fileloc=%2Fmnt%2Fdata%2Ftargetplatform%2Fmail%2Fdovecot.index.log&path=%2Fmnt%2Fdata%2Ftargetplatform%2Fmail HTTP/1.1" 200 37769 "-" "Mozilla/5.0 AppleWebKit/537.36 (KHTML, like Gecko; compatible; ClaudeBot/1.0; +claudebot@anthropic.com)"
20.171.207.216 - - [13/Sep/2025:18:16:00 +0200] "GET /?path=//proc/77/net/rpc HTTP/1.1" 200 15506 "-" "Mozilla/5.0 AppleWebKit/537.36 (KHTML, like Gecko; compatible; GPTBot/1.2; +https://openai.com/gptbot)"
216.73.216.169 - - [13/Sep/2025:18:16:03 +0200] "GET /?fileloc=%2F%2Flib64%2Flibjasper.so.4&path=%2F%2Flib64 HTTP/1.1" 200 516950 "-" "Mozilla/5.0 AppleWebKit/537.36 (KHTML, like Gecko; compatible; ClaudeBot/1.0; +claudebot@anthropic.com)"
20.171.207.216 - - [13/Sep/2025:18:16:04 +0200] "GET /?path=//proc/48/net/rpc HTTP/1.1" 200 15506 "-" "Mozilla/5.0 AppleWebKit/537.36 (KHTML, like Gecko; compatible; GPTBot/1.2; +https://openai.com/gptbot)"
216.73.216.169 - - [13/Sep/2025:18:16:06 +0200] "GET /?fileloc=%2F%2Fsbin%2Fexim_checkaccess&path=%2F%2Fsbin HTTP/1.1" 200 17735 "-" "Mozilla/5.0 AppleWebKit/537.36 (KHTML, like Gecko; compatible; ClaudeBot/1.0; +claudebot@anthropic.com)"
20.171.207.216 - - [13/Sep/2025:18:16:07 +0200] "GET /?path=//proc/40/net/rpc HTTP/1.1" 200 15506 "-" "Mozilla/5.0 AppleWebKit/537.36 (KHTML, like Gecko; compatible; GPTBot/1.2; +https://openai.com/gptbot)"
216.73.216.169 - - [13/Sep/2025:18:16:09 +0200] "GET /?fileloc=%2F%2Flib64%2Flibpcp_archive.so.1&path=%2F%2Flib64 HTTP/1.1" 200 47415 "-" "Mozilla/5.0 AppleWebKit/537.36 (KHTML, like Gecko; compatible; ClaudeBot/1.0; +claudebot@anthropic.com)"
20.171.207.216 - - [13/Sep/2025:18:16:10 +0200] "GET /?path=//proc/64/net/rpc HTTP/1.1" 200 15506 "-" "Mozilla/5.0 AppleWebKit/537.36 (KHTML, like Gecko; compatible; GPTBot/1.2; +https://openai.com/gptbot)"
216.73.216.169 - - [13/Sep/2025:18:16:12 +0200] "GET /?fileloc=%2F%2Fsbin%2Fpam_console_apply&path=%2F%2Fsbin HTTP/1.1" 200 68411 "-" "Mozilla/5.0 AppleWebKit/537.36 (KHTML, like Gecko; compatible; ClaudeBot/1.0; +claudebot@anthropic.com)"
20.171.207.216 - - [13/Sep/2025:18:16:13 +0200] "GET /?path=//proc/29/net/rpc HTTP/1.1" 200 15506 "-" "Mozilla/5.0 AppleWebKit/537.36 (KHTML, like Gecko; compatible; GPTBot/1.2; +https://openai.com/gptbot)"
216.73.216.169 - - [13/Sep/2025:18:16:15 +0200] "GET /?fileloc=%2F%2Flib64%2Flibmaxminddb.so.0&path=%2F%2Flib64 HTTP/1.1" 200 46052 "-" "Mozilla/5.0 AppleWebKit/537.36 (KHTML, like Gecko; compatible; ClaudeBot/1.0; +claudebot@anthropic.com)"
20.171.207.216 - - [13/Sep/2025:18:16:16 +0200] "GET /?path=//proc/81/net/rpc HTTP/1.1" 200 15506 "-" "Mozilla/5.0 AppleWebKit/537.36 (KHTML, like Gecko; compatible; GPTBot/1.2; +https://openai.com/gptbot)"
216.73.216.169 - - [13/Sep/2025:18:16:18 +0200] "GET /?fileloc=%2F%2Flib64%2FlibodbctxtS.so.2&path=%2F%2Flib64 HTTP/1.1" 200 29892 "-" "Mozilla/5.0 AppleWebKit/537.36 (KHTML, like Gecko; compatible; ClaudeBot/1.0; +claudebot@anthropic.com)"
20.171.207.216 - - [13/Sep/2025:18:16:19 +0200] "GET /?path=//proc/77/net/rpc/auth.unix.ip HTTP/1.1" 200 17300 "-" "Mozilla/5.0 AppleWebKit/537.36 (KHTML, like Gecko; compatible; GPTBot/1.2; +https://openai.com/gptbot)"
216.73.216.169 - - [13/Sep/2025:18:16:21 +0200] "GET /?fileloc=%2F%2Flib64%2Flibvmaf.so.1&path=%2F%2Flib64 HTTP/1.1" 200 974621 "-" "Mozilla/5.0 AppleWebKit/537.36 (KHTML, like Gecko; compatible; ClaudeBot/1.0; +claudebot@anthropic.com)"
20.171.207.216 - - [13/Sep/2025:18:16:22 +0200] "GET /?path=//proc/48/net/rpc/auth.unix.ip HTTP/1.1" 200 17300 "-" "Mozilla/5.0 AppleWebKit/537.36 (KHTML, like Gecko; compatible; GPTBot/1.2; +https://openai.com/gptbot)"
216.73.216.169 - - [13/Sep/2025:18:16:24 +0200] "GET /?fileloc=%2F%2Flib64%2Flibgd.so.3&path=%2F%2Flib64 HTTP/1.1" 200 574604 "-" "Mozilla/5.0 AppleWebKit/537.36 (KHTML, like Gecko; compatible; ClaudeBot/1.0; +claudebot@anthropic.com)"
20.171.207.216 - - [13/Sep/2025:18:16:25 +0200] "GET /?path=//proc/95/net/rpc/auth.unix.ip HTTP/1.1" 200 17300 "-" "Mozilla/5.0 AppleWebKit/537.36 (KHTML, like Gecko; compatible; GPTBot/1.2; +https://openai.com/gptbot)"
20.171.207.216 - - [13/Sep/2025:18:16:28 +0200] "GET /?path=//proc/40/net/rpc/auth.unix.ip HTTP/1.1" 200 17300 "-" "Mozilla/5.0 AppleWebKit/537.36 (KHTML, like Gecko; compatible; GPTBot/1.2; +https://openai.com/gptbot)"
216.73.216.169 - - [13/Sep/2025:18:16:31 +0200] "GET /?fileloc=%2F%2Flib64%2Flibzstd.so.1.5.5&path=%2F%2Flib64 HTTP/1.1" 200 1244309 "-" "Mozilla/5.0 AppleWebKit/537.36 (KHTML, like Gecko; compatible; ClaudeBot/1.0; +claudebot@anthropic.com)"
20.171.207.216 - - [13/Sep/2025:18:16:31 +0200] "GET /?path=//proc/79/net/rpc HTTP/1.1" 200 15506 "-" "Mozilla/5.0 AppleWebKit/537.36 (KHTML, like Gecko; compatible; GPTBot/1.2; +https://openai.com/gptbot)"
216.73.216.169 - - [13/Sep/2025:18:16:33 +0200] "GET /?fileloc=%2F%2Flib64%2Flibteam.so.5.6.1&path=%2F%2Flib64 HTTP/1.1" 200 96948 "-" "Mozilla/5.0 AppleWebKit/537.36 (KHTML, like Gecko; compatible; ClaudeBot/1.0; +claudebot@anthropic.com)"
20.171.207.216 - - [13/Sep/2025:18:16:35 +0200] "GET /?path=//proc/81/net/rpc/auth.unix.ip HTTP/1.1" 200 17300 "-" "Mozilla/5.0 AppleWebKit/537.36 (KHTML, like Gecko; compatible; GPTBot/1.2; +https://openai.com/gptbot)"
216.73.216.169 - - [13/Sep/2025:18:16:36 +0200] "GET /?fileloc=%2F%2Flib64%2Flibgstapp-1.0.so.0.2212.0&path=%2F%2Flib64 HTTP/1.1" 200 135278 "-" "Mozilla/5.0 AppleWebKit/537.36 (KHTML, like Gecko; compatible; ClaudeBot/1.0; +claudebot@anthropic.com)"
20.171.207.216 - - [13/Sep/2025:18:16:38 +0200] "GET /?path=//proc/29/net/rpc/auth.unix.ip HTTP/1.1" 200 17300 "-" "Mozilla/5.0 AppleWebKit/537.36 (KHTML, like Gecko; compatible; GPTBot/1.2; +https://openai.com/gptbot)"
216.73.216.169 - - [13/Sep/2025:18:16:39 +0200] "GET /?path=%2F%2Fdev%2Fcpu%2F6 HTTP/1.1" 200 12751 "-" "Mozilla/5.0 AppleWebKit/537.36 (KHTML, like Gecko; compatible; ClaudeBot/1.0; +claudebot@anthropic.com)"
66.249.70.32 - - [13/Sep/2025:18:16:39 +0200] "GET /kalmuck/yi/332225746 HTTP/1.1" 404 - "-" "Mozilla/5.0 (Linux; Android 6.0.1; Nexus 5X Build/MMB29P) AppleWebKit/537.36 (KHTML, like Gecko) Chrome/140.0.7339.127 Mobile Safari/537.36 (compatible; Googlebot/2.1; +http://www.google.com/bot.html)"
20.171.207.216 - - [13/Sep/2025:18:16:41 +0200] "GET /?fileloc=//proc/77/net/rpc/auth.unix.ip/content&path=//proc/77/net/rpc/auth.unix.ip HTTP/1.1" 200 12471 "-" "Mozilla/5.0 AppleWebKit/537.36 (KHTML, like Gecko; compatible; GPTBot/1.2; +https://openai.com/gptbot)"
216.73.216.169 - - [13/Sep/2025:18:16:42 +0200] "GET /?fileloc=%2F%2Flib64%2Flibcrypto.so.3.2.2&path=%2F%2Flib64 HTTP/1.1" 200 8349516 "-" "Mozilla/5.0 AppleWebKit/537.36 (KHTML, like Gecko; compatible; ClaudeBot/1.0; +claudebot@anthropic.com)"
20.171.207.216 - - [13/Sep/2025:18:16:45 +0200] "GET /?path=//proc/73/net/rpc HTTP/1.1" 200 15506 "-" "Mozilla/5.0 AppleWebKit/537.36 (KHTML, like Gecko; compatible; GPTBot/1.2; +https://openai.com/gptbot)"
216.73.216.169 - - [13/Sep/2025:18:16:45 +0200] "GET /?fileloc=%2F%2Fsbin%2Fxtables-monitor&path=%2F%2Fsbin HTTP/1.1" 200 366764 "-" "Mozilla/5.0 AppleWebKit/537.36 (KHTML, like Gecko; compatible; ClaudeBot/1.0; +claudebot@anthropic.com)"
20.171.207.216 - - [13/Sep/2025:18:16:48 +0200] "GET /?path=//proc/91/net/rpc HTTP/1.1" 200 15506 "-" "Mozilla/5.0 AppleWebKit/537.36 (KHTML, like Gecko; compatible; GPTBot/1.2; +https://openai.com/gptbot)"
216.73.216.169 - - [13/Sep/2025:18:16:48 +0200] "GET /?path=%2F%2Flib64%2Ffipscheck HTTP/1.1" 200 24551 "-" "Mozilla/5.0 AppleWebKit/537.36 (KHTML, like Gecko; compatible; ClaudeBot/1.0; +claudebot@anthropic.com)"
20.171.207.216 - - [13/Sep/2025:18:16:51 +0200] "GET /?path=//proc/30/net/rpc HTTP/1.1" 200 15506 "-" "Mozilla/5.0 AppleWebKit/537.36 (KHTML, like Gecko; compatible; GPTBot/1.2; +https://openai.com/gptbot)"
216.73.216.169 - - [13/Sep/2025:18:16:51 +0200] "GET /?fileloc=%2F%2Flib64%2Flibmcheck.a&path=%2F%2Flib64 HTTP/1.1" 200 17611 "-" "Mozilla/5.0 AppleWebKit/537.36 (KHTML, like Gecko; compatible; ClaudeBot/1.0; +claudebot@anthropic.com)"
20.171.207.216 - - [13/Sep/2025:18:16:54 +0200] "GET /?path=//proc/87/net/rpc HTTP/1.1" 200 15506 "-" "Mozilla/5.0 AppleWebKit/537.36 (KHTML, like Gecko; compatible; GPTBot/1.2; +https://openai.com/gptbot)"
216.73.216.169 - - [13/Sep/2025:18:16:54 +0200] "GET /?fileloc=%2F%2Flib64%2Flibcursesw.so&path=%2F%2Flib64 HTTP/1.1" 200 12297 "-" "Mozilla/5.0 AppleWebKit/537.36 (KHTML, like Gecko; compatible; ClaudeBot/1.0; +claudebot@anthropic.com)"
20.171.207.216 - - [13/Sep/2025:18:16:57 +0200] "GET /?path=//proc/63/net/rpc HTTP/1.1" 200 15506 "-" "Mozilla/5.0 AppleWebKit/537.36 (KHTML, like Gecko; compatible; GPTBot/1.2; +https://openai.com/gptbot)"
216.73.216.169 - - [13/Sep/2025:18:16:57 +0200] "GET /?fileloc=%2F%2Flib64%2Flibgstriff-1.0.so.0.2212.0&path=%2F%2Flib64 HTTP/1.1" 200 104785 "-" "Mozilla/5.0 AppleWebKit/537.36 (KHTML, like Gecko; compatible; ClaudeBot/1.0; +claudebot@anthropic.com)"
216.73.216.169 - - [13/Sep/2025:18:17:00 +0200] "GET /?path=%2F%2Flib64%2Fphp HTTP/1.1" 200 14037 "-" "Mozilla/5.0 AppleWebKit/537.36 (KHTML, like Gecko; compatible; ClaudeBot/1.0; +claudebot@anthropic.com)"
20.171.207.216 - - [13/Sep/2025:18:17:01 +0200] "GET /?fileloc=//proc/300059/sessionid&path=//proc/300059 HTTP/1.1" 200 12330 "-" "Mozilla/5.0 AppleWebKit/537.36 (KHTML, like Gecko; compatible; GPTBot/1.2; +https://openai.com/gptbot)"
216.73.216.169 - - [13/Sep/2025:18:17:03 +0200] "GET /?fileloc=%2F%2Flib64%2Flibevent_openssl.so&path=%2F%2Flib64 HTTP/1.1" 200 59858 "-" "Mozilla/5.0 AppleWebKit/537.36 (KHTML, like Gecko; compatible; ClaudeBot/1.0; +claudebot@anthropic.com)"
20.171.207.216 - - [13/Sep/2025:18:17:04 +0200] "GET /?path=//proc/79/net/rpc/auth.unix.gid HTTP/1.1" 200 17314 "-" "Mozilla/5.0 AppleWebKit/537.36 (KHTML, like Gecko; compatible; GPTBot/1.2; +https://openai.com/gptbot)"
216.73.216.169 - - [13/Sep/2025:18:17:06 +0200] "GET /?fileloc=%2F%2Flib64%2Flibtss2-tcti-swtpm.so.0.0.0&path=%2F%2Flib64 HTTP/1.1" 200 50305 "-" "Mozilla/5.0 AppleWebKit/537.36 (KHTML, like Gecko; compatible; ClaudeBot/1.0; +claudebot@anthropic.com)"
20.171.207.216 - - [13/Sep/2025:18:17:06 +0200] "GET /?path=//proc/91/net/rpc/auth.unix.ip HTTP/1.1" 200 17300 "-" "Mozilla/5.0 AppleWebKit/537.36 (KHTML, like Gecko; compatible; GPTBot/1.2; +https://openai.com/gptbot)"
216.73.216.169 - - [13/Sep/2025:18:17:09 +0200] "GET /?fileloc=%2F%2Flib64%2Flibfontenc.so.1.0.0&path=%2F%2Flib64 HTTP/1.1" 200 58495 "-" "Mozilla/5.0 AppleWebKit/537.36 (KHTML, like Gecko; compatible; ClaudeBot/1.0; +claudebot@anthropic.com)"
20.171.207.216 - - [13/Sep/2025:18:17:10 +0200] "GET /?path=//proc/30/net/rpc/auth.unix.ip HTTP/1.1" 200 17300 "-" "Mozilla/5.0 AppleWebKit/537.36 (KHTML, like Gecko; compatible; GPTBot/1.2; +https://openai.com/gptbot)"
216.73.216.169 - - [13/Sep/2025:18:17:12 +0200] "GET /?fileloc=%2F%2Flib64%2Flibcrypt.so&path=%2F%2Flib64 HTTP/1.1" 200 316468 "-" "Mozilla/5.0 AppleWebKit/537.36 (KHTML, like Gecko; compatible; ClaudeBot/1.0; +claudebot@anthropic.com)"
20.171.207.216 - - [13/Sep/2025:18:17:13 +0200] "GET /?path=//proc/87/net/rpc/auth.unix.ip HTTP/1.1" 200 17300 "-" "Mozilla/5.0 AppleWebKit/537.36 (KHTML, like Gecko; compatible; GPTBot/1.2; +https://openai.com/gptbot)"
216.73.216.169 - - [13/Sep/2025:18:17:15 +0200] "GET /?fileloc=%2F%2Flib64%2Flibfreetype.so&path=%2F%2Flib64 HTTP/1.1" 200 1326536 "-" "Mozilla/5.0 AppleWebKit/537.36 (KHTML, like Gecko; compatible; ClaudeBot/1.0; +claudebot@anthropic.com)"
20.171.207.216 - - [13/Sep/2025:18:17:16 +0200] "GET /?path=//proc/63/net/rpc/auth.unix.ip HTTP/1.1" 200 17300 "-" "Mozilla/5.0 AppleWebKit/537.36 (KHTML, like Gecko; compatible; GPTBot/1.2; +https://openai.com/gptbot)"
216.73.216.169 - - [13/Sep/2025:18:17:18 +0200] "GET /?fileloc=%2F%2Flib64%2Flibraw_r.so.23&path=%2F%2Flib64 HTTP/1.1" 200 1666019 "-" "Mozilla/5.0 AppleWebKit/537.36 (KHTML, like Gecko; compatible; ClaudeBot/1.0; +claudebot@anthropic.com)"
20.171.207.216 - - [13/Sep/2025:18:17:19 +0200] "GET /?path=//proc/73/net/rpc/auth.unix.ip HTTP/1.1" 200 17300 "-" "Mozilla/5.0 AppleWebKit/537.36 (KHTML, like Gecko; compatible; GPTBot/1.2; +https://openai.com/gptbot)"
216.73.216.169 - - [13/Sep/2025:18:17:21 +0200] "GET /?fileloc=%2F%2Flib64%2Flibjpeg.so.62&path=%2F%2Flib64 HTTP/1.1" 200 781946 "-" "Mozilla/5.0 AppleWebKit/537.36 (KHTML, like Gecko; compatible; ClaudeBot/1.0; +claudebot@anthropic.com)"
20.171.207.216 - - [13/Sep/2025:18:17:22 +0200] "GET /?fileloc=//proc/681362/schedstat&path=//proc/681362 HTTP/1.1" 200 12353 "-" "Mozilla/5.0 AppleWebKit/537.36 (KHTML, like Gecko; compatible; GPTBot/1.2; +https://openai.com/gptbot)"
20.171.207.216 - - [13/Sep/2025:18:17:25 +0200] "GET /?fileloc=//proc/79/net/rpc/auth.unix.gid/content&path=//proc/79/net/rpc/auth.unix.gid HTTP/1.1" 200 12474 "-" "Mozilla/5.0 AppleWebKit/537.36 (KHTML, like Gecko; compatible; GPTBot/1.2; +https://openai.com/gptbot)"
216.73.216.169 - - [13/Sep/2025:18:17:24 +0200] "GET /?fileloc=%2F%2Flib64%2Flibgtk-3.so.0&path=%2F%2Flib64 HTTP/1.1" 200 12932642 "-" "Mozilla/5.0 AppleWebKit/537.36 (KHTML, like Gecko; compatible; ClaudeBot/1.0; +claudebot@anthropic.com)"
216.73.216.169 - - [13/Sep/2025:18:17:27 +0200] "GET /?fileloc=%2F%2Flib64%2Fliburing.so.2&path=%2F%2Flib64 HTTP/1.1" 200 49767 "-" "Mozilla/5.0 AppleWebKit/537.36 (KHTML, like Gecko; compatible; ClaudeBot/1.0; +claudebot@anthropic.com)"
20.171.207.216 - - [13/Sep/2025:18:17:28 +0200] "GET /?fileloc=//proc/1555/cgroup&path=//proc/1555 HTTP/1.1" 200 12343 "-" "Mozilla/5.0 AppleWebKit/537.36 (KHTML, like Gecko; compatible; GPTBot/1.2; +https://openai.com/gptbot)"
216.73.216.169 - - [13/Sep/2025:18:17:30 +0200] "GET /?fileloc=%2F%2Flib64%2Flibgusb.so.2.0.10&path=%2F%2Flib64 HTTP/1.1" 200 115695 "-" "Mozilla/5.0 AppleWebKit/537.36 (KHTML, like Gecko; compatible; ClaudeBot/1.0; +claudebot@anthropic.com)"
20.171.207.216 - - [13/Sep/2025:18:17:32 +0200] "GET /?fileloc=//proc/681599/io&path=//proc/681599 HTTP/1.1" 200 12313 "-" "Mozilla/5.0 AppleWebKit/537.36 (KHTML, like Gecko; compatible; GPTBot/1.2; +https://openai.com/gptbot)"
216.73.216.169 - - [13/Sep/2025:18:17:33 +0200] "GET /?fileloc=%2F%2Flib64%2Flibnssutil3.so&path=%2F%2Flib64 HTTP/1.1" 200 310852 "-" "Mozilla/5.0 AppleWebKit/537.36 (KHTML, like Gecko; compatible; ClaudeBot/1.0; +claudebot@anthropic.com)"
20.171.207.216 - - [13/Sep/2025:18:17:35 +0200] "GET /?fileloc=//proc/750603/io&path=//proc/750603 HTTP/1.1" 200 12313 "-" "Mozilla/5.0 AppleWebKit/537.36 (KHTML, like Gecko; compatible; GPTBot/1.2; +https://openai.com/gptbot)"
216.73.216.169 - - [13/Sep/2025:18:17:36 +0200] "GET /?fileloc=%2F%2Flib64%2Flibulockmgr.so.1&path=%2F%2Flib64 HTTP/1.1" 200 31747 "-" "Mozilla/5.0 AppleWebKit/537.36 (KHTML, like Gecko; compatible; ClaudeBot/1.0; +claudebot@anthropic.com)"
20.171.207.216 - - [13/Sep/2025:18:17:38 +0200] "GET /?fileloc=//proc/681355/io&path=//proc/681355 HTTP/1.1" 200 12313 "-" "Mozilla/5.0 AppleWebKit/537.36 (KHTML, like Gecko; compatible; GPTBot/1.2; +https://openai.com/gptbot)"
216.73.216.169 - - [13/Sep/2025:18:17:39 +0200] "GET /?fileloc=%2F%2Fsbin%2Fnamed-compilezone&path=%2F%2Fsbin HTTP/1.1" 200 63889 "-" "Mozilla/5.0 AppleWebKit/537.36 (KHTML, like Gecko; compatible; ClaudeBot/1.0; +claudebot@anthropic.com)"
66.249.70.34 - - [13/Sep/2025:18:17:40 +0200] "GET /salin/rax/11638975 HTTP/1.1" 404 - "-" "Mozilla/5.0 (Linux; Android 6.0.1; Nexus 5X Build/MMB29P) AppleWebKit/537.36 (KHTML, like Gecko) Chrome/140.0.7339.127 Mobile Safari/537.36 (compatible; Googlebot/2.1; +http://www.google.com/bot.html)"
20.171.207.216 - - [13/Sep/2025:18:17:41 +0200] "GET /?fileloc=//proc/680857/io&path=//proc/680857 HTTP/1.1" 200 12313 "-" "Mozilla/5.0 AppleWebKit/537.36 (KHTML, like Gecko; compatible; GPTBot/1.2; +https://openai.com/gptbot)"
216.73.216.169 - - [13/Sep/2025:18:17:42 +0200] "GET /?path=%2F%2Flib64%2Frsyslog HTTP/1.1" 200 60058 "-" "Mozilla/5.0 AppleWebKit/537.36 (KHTML, like Gecko; compatible; ClaudeBot/1.0; +claudebot@anthropic.com)"
20.171.207.216 - - [13/Sep/2025:18:17:44 +0200] "GET /?fileloc=//proc/750647/io&path=//proc/750647 HTTP/1.1" 200 12313 "-" "Mozilla/5.0 AppleWebKit/537.36 (KHTML, like Gecko; compatible; GPTBot/1.2; +https://openai.com/gptbot)"
216.73.216.169 - - [13/Sep/2025:18:17:45 +0200] "GET /?path=%2F%2Flib64%2Fspa-0.2 HTTP/1.1" 200 25983 "-" "Mozilla/5.0 AppleWebKit/537.36 (KHTML, like Gecko; compatible; ClaudeBot/1.0; +claudebot@anthropic.com)"
20.171.207.216 - - [13/Sep/2025:18:17:48 +0200] "GET /?fileloc=//proc/290319/io&path=//proc/290319 HTTP/1.1" 200 12313 "-" "Mozilla/5.0 AppleWebKit/537.36 (KHTML, like Gecko; compatible; GPTBot/1.2; +https://openai.com/gptbot)"
216.73.216.169 - - [13/Sep/2025:18:17:48 +0200] "GET /?fileloc=%2F%2Fsbin%2Fthin_metadata_unpack&path=%2F%2Fsbin HTTP/1.1" 200 4802527 "-" "Mozilla/5.0 AppleWebKit/537.36 (KHTML, like Gecko; compatible; ClaudeBot/1.0; +claudebot@anthropic.com)"
20.171.207.216 - - [13/Sep/2025:18:17:51 +0200] "GET /?fileloc=//proc/750784/io&path=//proc/750784 HTTP/1.1" 200 12313 "-" "Mozilla/5.0 AppleWebKit/537.36 (KHTML, like Gecko; compatible; GPTBot/1.2; +https://openai.com/gptbot)"
216.73.216.169 - - [13/Sep/2025:18:17:51 +0200] "GET /?fileloc=%2F%2Fsbin%2Firqbalance-ui&path=%2F%2Fsbin HTTP/1.1" 200 68044 "-" "Mozilla/5.0 AppleWebKit/537.36 (KHTML, like Gecko; compatible; ClaudeBot/1.0; +claudebot@anthropic.com)"
20.171.207.216 - - [13/Sep/2025:18:17:54 +0200] "GET /?fileloc=//proc/681362/io&path=//proc/681362 HTTP/1.1" 200 12313 "-" "Mozilla/5.0 AppleWebKit/537.36 (KHTML, like Gecko; compatible; GPTBot/1.2; +https://openai.com/gptbot)"
216.73.216.169 - - [13/Sep/2025:18:17:54 +0200] "GET /?fileloc=%2F%2Flib64%2Flibevent_core-2.1.so.7&path=%2F%2Flib64 HTTP/1.1" 200 357684 "-" "Mozilla/5.0 AppleWebKit/537.36 (KHTML, like Gecko; compatible; ClaudeBot/1.0; +claudebot@anthropic.com)"
20.171.207.216 - - [13/Sep/2025:18:17:57 +0200] "GET /?fileloc=//proc/750786/io&path=//proc/750786 HTTP/1.1" 200 12313 "-" "Mozilla/5.0 AppleWebKit/537.36 (KHTML, like Gecko; compatible; GPTBot/1.2; +https://openai.com/gptbot)"
216.73.216.169 - - [13/Sep/2025:18:17:57 +0200] "GET /?fileloc=%2F%2Fsbin%2Flvm_import_vdo&path=%2F%2Fsbin HTTP/1.1" 200 41045 "-" "Mozilla/5.0 AppleWebKit/537.36 (KHTML, like Gecko; compatible; ClaudeBot/1.0; +claudebot@anthropic.com)"
213.180.203.177 - - [13/Sep/2025:18:17:59 +0200] "GET /schreibersite2155384492/ HTTP/1.1" 404 - "-" "Mozilla/5.0 (compatible; YandexBot/3.0; +http://yandex.com/bots)"
20.171.207.216 - - [13/Sep/2025:18:18:00 +0200] "GET /?fileloc=//proc/750777/timerslack_ns&path=//proc/750777 HTTP/1.1" 200 12324 "-" "Mozilla/5.0 AppleWebKit/537.36 (KHTML, like Gecko; compatible; GPTBot/1.2; +https://openai.com/gptbot)"
216.73.216.169 - - [13/Sep/2025:18:18:00 +0200] "GET /?path=%2F%2Flib64%2Falsa-lib HTTP/1.1" 200 15780 "-" "Mozilla/5.0 AppleWebKit/537.36 (KHTML, like Gecko; compatible; ClaudeBot/1.0; +claudebot@anthropic.com)"
20.171.207.216 - - [13/Sep/2025:18:18:03 +0200] "GET /?fileloc=//proc/680857/mountstats&path=//proc/680857 HTTP/1.1" 200 12321 "-" "Mozilla/5.0 AppleWebKit/537.36 (KHTML, like Gecko; compatible; GPTBot/1.2; +https://openai.com/gptbot)"
216.73.216.169 - - [13/Sep/2025:18:18:03 +0200] "GET /?path=%2Fmnt%2Fdata%2Ftargetplatform%2F.cphorde%2Fvfsroot HTTP/1.1" 200 12910 "-" "Mozilla/5.0 AppleWebKit/537.36 (KHTML, like Gecko; compatible; ClaudeBot/1.0; +claudebot@anthropic.com)"
216.73.216.169 - - [13/Sep/2025:18:18:06 +0200] "GET /?path=%2F%2Fdev%2Fbsg HTTP/1.1" 200 12717 "-" "Mozilla/5.0 AppleWebKit/537.36 (KHTML, like Gecko; compatible; ClaudeBot/1.0; +claudebot@anthropic.com)"
20.171.207.216 - - [13/Sep/2025:18:18:07 +0200] "GET /?fileloc=//proc/290319/mountstats&path=//proc/290319 HTTP/1.1" 200 12321 "-" "Mozilla/5.0 AppleWebKit/537.36 (KHTML, like Gecko; compatible; GPTBot/1.2; +https://openai.com/gptbot)"
216.73.216.169 - - [13/Sep/2025:18:18:09 +0200] "GET /?fileloc=%2F%2Flib64%2Flibxcb-shm.so.0.0.0&path=%2F%2Flib64 HTTP/1.1" 200 31348 "-" "Mozilla/5.0 AppleWebKit/537.36 (KHTML, like Gecko; compatible; ClaudeBot/1.0; +claudebot@anthropic.com)"
20.171.207.216 - - [13/Sep/2025:18:18:10 +0200] "GET /?fileloc=//proc/750647/mountstats&path=//proc/750647 HTTP/1.1" 200 12321 "-" "Mozilla/5.0 AppleWebKit/537.36 (KHTML, like Gecko; compatible; GPTBot/1.2; +https://openai.com/gptbot)"
216.73.216.169 - - [13/Sep/2025:18:18:12 +0200] "GET /?fileloc=%2F%2Flib64%2Flibsss_idmap.so.0.5.1&path=%2F%2Flib64 HTTP/1.1" 200 60202 "-" "Mozilla/5.0 AppleWebKit/537.36 (KHTML, like Gecko; compatible; ClaudeBot/1.0; +claudebot@anthropic.com)"
20.171.207.216 - - [13/Sep/2025:18:18:12 +0200] "GET /?fileloc=//proc/750786/mountstats&path=//proc/750786 HTTP/1.1" 200 12321 "-" "Mozilla/5.0 AppleWebKit/537.36 (KHTML, like Gecko; compatible; GPTBot/1.2; +https://openai.com/gptbot)"
216.73.216.169 - - [13/Sep/2025:18:18:15 +0200] "GET /?fileloc=%2F%2Flib64%2Flibxmlrpc_abyss.so.3.51&path=%2F%2Flib64 HTTP/1.1" 200 200405 "-" "Mozilla/5.0 AppleWebKit/537.36 (KHTML, like Gecko; compatible; ClaudeBot/1.0; +claudebot@anthropic.com)"
20.171.207.216 - - [13/Sep/2025:18:18:16 +0200] "GET /?fileloc=//proc/filesystems&path=//proc HTTP/1.1" 200 12650 "-" "Mozilla/5.0 AppleWebKit/537.36 (KHTML, like Gecko; compatible; GPTBot/1.2; +https://openai.com/gptbot)"
216.73.216.169 - - [13/Sep/2025:18:18:18 +0200] "GET /?fileloc=%2F%2Flib64%2Flibwireplumber-0.4.so.0&path=%2F%2Flib64 HTTP/1.1" 200 743912 "-" "Mozilla/5.0 AppleWebKit/537.36 (KHTML, like Gecko; compatible; ClaudeBot/1.0; +claudebot@anthropic.com)"
20.171.207.216 - - [13/Sep/2025:18:18:19 +0200] "GET /?fileloc=//proc/58/net/nf_conntrack&path=//proc/58/net HTTP/1.1" 200 12353 "-" "Mozilla/5.0 AppleWebKit/537.36 (KHTML, like Gecko; compatible; GPTBot/1.2; +https://openai.com/gptbot)"
216.73.216.169 - - [13/Sep/2025:18:18:21 +0200] "GET /?fileloc=%2F%2Flib64%2Flibfuse.so.2&path=%2F%2Flib64 HTTP/1.1" 200 384063 "-" "Mozilla/5.0 AppleWebKit/537.36 (KHTML, like Gecko; compatible; ClaudeBot/1.0; +claudebot@anthropic.com)"
20.171.207.216 - - [13/Sep/2025:18:18:22 +0200] "GET /?fileloc=//proc/48/net/nf_conntrack&path=//proc/48/net HTTP/1.1" 200 12353 "-" "Mozilla/5.0 AppleWebKit/537.36 (KHTML, like Gecko; compatible; GPTBot/1.2; +https://openai.com/gptbot)"
216.73.216.169 - - [13/Sep/2025:18:18:24 +0200] "GET /?fileloc=%2F%2Flib64%2Flibteamdctl.so.0&path=%2F%2Flib64 HTTP/1.1" 200 52223 "-" "Mozilla/5.0 AppleWebKit/537.36 (KHTML, like Gecko; compatible; ClaudeBot/1.0; +claudebot@anthropic.com)"
20.171.207.216 - - [13/Sep/2025:18:18:25 +0200] "GET /?fileloc=//proc/13/net/nf_conntrack&path=//proc/13/net HTTP/1.1" 200 12353 "-" "Mozilla/5.0 AppleWebKit/537.36 (KHTML, like Gecko; compatible; GPTBot/1.2; +https://openai.com/gptbot)"
216.73.216.169 - - [13/Sep/2025:18:18:27 +0200] "GET /?path=%2F%2Fdev%2Fvfio HTTP/1.1" 200 12719 "-" "Mozilla/5.0 AppleWebKit/537.36 (KHTML, like Gecko; compatible; ClaudeBot/1.0; +claudebot@anthropic.com)"
20.171.207.216 - - [13/Sep/2025:18:18:29 +0200] "GET /?fileloc=//proc/77/net/fib_triestat&path=//proc/77/net HTTP/1.1" 200 13079 "-" "Mozilla/5.0 AppleWebKit/537.36 (KHTML, like Gecko; compatible; GPTBot/1.2; +https://openai.com/gptbot)"
216.73.216.169 - - [13/Sep/2025:18:18:30 +0200] "GET /?fileloc=%2F%2Flib64%2Flibpcre2-8.so.0&path=%2F%2Flib64 HTTP/1.1" 200 1052528 "-" "Mozilla/5.0 AppleWebKit/537.36 (KHTML, like Gecko; compatible; ClaudeBot/1.0; +claudebot@anthropic.com)"
20.171.207.216 - - [13/Sep/2025:18:18:32 +0200] "GET /?fileloc=//proc/750777/task/750777/net/ip6_mr_vif&path=//proc/750777/task/750777/net HTTP/1.1" 200 12543 "-" "Mozilla/5.0 AppleWebKit/537.36 (KHTML, like Gecko; compatible; GPTBot/1.2; +https://openai.com/gptbot)"
213.180.203.189 - - [13/Sep/2025:18:18:33 +0200] "GET /lyonnaise/mwk/1882209066/ HTTP/1.1" 404 - "-" "Mozilla/5.0 (compatible; YandexBot/3.0; +http://yandex.com/bots)"
216.73.216.169 - - [13/Sep/2025:18:18:33 +0200] "GET /?fileloc=%2F%2Flib64%2Flibnetsnmp.so.40.1.0&path=%2F%2Flib64 HTTP/1.1" 200 1489930 "-" "Mozilla/5.0 AppleWebKit/537.36 (KHTML, like Gecko; compatible; ClaudeBot/1.0; +claudebot@anthropic.com)"
20.171.207.216 - - [13/Sep/2025:18:18:35 +0200] "GET /?fileloc=//proc/111/numa_maps&path=//proc/111 HTTP/1.1" 200 12311 "-" "Mozilla/5.0 AppleWebKit/537.36 (KHTML, like Gecko; compatible; GPTBot/1.2; +https://openai.com/gptbot)"
216.73.216.169 - - [13/Sep/2025:18:18:36 +0200] "GET /?fileloc=%2F%2Flib64%2Fliburcu-common.so.6.1.0&path=%2F%2Flib64 HTTP/1.1" 200 42685 "-" "Mozilla/5.0 AppleWebKit/537.36 (KHTML, like Gecko; compatible; ClaudeBot/1.0; +claudebot@anthropic.com)"
20.171.207.216 - - [13/Sep/2025:18:18:38 +0200] "GET /?fileloc=//proc/1968686/cmdline&path=//proc/1968686 HTTP/1.1" 200 12423 "-" "Mozilla/5.0 AppleWebKit/537.36 (KHTML, like Gecko; compatible; GPTBot/1.2; +https://openai.com/gptbot)"
216.73.216.169 - - [13/Sep/2025:18:18:39 +0200] "GET /?fileloc=%2F%2Flib64%2Flibdrm_amdgpu.so.1&path=%2F%2Flib64 HTTP/1.1" 200 78978 "-" "Mozilla/5.0 AppleWebKit/537.36 (KHTML, like Gecko; compatible; ClaudeBot/1.0; +claudebot@anthropic.com)"
20.171.207.216 - - [13/Sep/2025:18:18:41 +0200] "GET /?fileloc=//proc/1631751/pagemap&path=//proc/1631751 HTTP/1.1" 200 12321 "-" "Mozilla/5.0 AppleWebKit/537.36 (KHTML, like Gecko; compatible; GPTBot/1.2; +https://openai.com/gptbot)"
216.73.216.169 - - [13/Sep/2025:18:18:42 +0200] "GET /?fileloc=%2F%2Flib64%2Flibpkgconf.so.3&path=%2F%2Flib64 HTTP/1.1" 200 115045 "-" "Mozilla/5.0 AppleWebKit/537.36 (KHTML, like Gecko; compatible; ClaudeBot/1.0; +claudebot@anthropic.com)"
20.171.207.216 - - [13/Sep/2025:18:18:44 +0200] "GET /?fileloc=//proc/1544346/pagemap&path=//proc/1544346 HTTP/1.1" 200 12321 "-" "Mozilla/5.0 AppleWebKit/537.36 (KHTML, like Gecko; compatible; GPTBot/1.2; +https://openai.com/gptbot)"
216.73.216.169 - - [13/Sep/2025:18:18:46 +0200] "GET /?fileloc=%2F%2Fsbin%2Fgroupmems&path=%2F%2Fsbin HTTP/1.1" 200 91932 "-" "Mozilla/5.0 AppleWebKit/537.36 (KHTML, like Gecko; compatible; ClaudeBot/1.0; +claudebot@anthropic.com)"
20.171.207.216 - - [13/Sep/2025:18:18:48 +0200] "GET /?path=//proc/1968686/net HTTP/1.1" 200 86639 "-" "Mozilla/5.0 AppleWebKit/537.36 (KHTML, like Gecko; compatible; GPTBot/1.2; +https://openai.com/gptbot)"
216.73.216.169 - - [13/Sep/2025:18:18:49 +0200] "GET /?fileloc=%2F%2Flib64%2Flibpq.so.5.13&path=%2F%2Flib64 HTTP/1.1" 200 521049 "-" "Mozilla/5.0 AppleWebKit/537.36 (KHTML, like Gecko; compatible; ClaudeBot/1.0; +claudebot@anthropic.com)"
20.171.207.216 - - [13/Sep/2025:18:18:51 +0200] "GET /?fileloc=//proc/750603/attr/sockcreate&path=//proc/750603/attr HTTP/1.1" 200 12370 "-" "Mozilla/5.0 AppleWebKit/537.36 (KHTML, like Gecko; compatible; GPTBot/1.2; +https://openai.com/gptbot)"
216.73.216.169 - - [13/Sep/2025:18:18:52 +0200] "GET /?fileloc=%2F%2Flib64%2Flibmount.so&path=%2F%2Flib64 HTTP/1.1" 200 460151 "-" "Mozilla/5.0 AppleWebKit/537.36 (KHTML, like Gecko; compatible; ClaudeBot/1.0; +claudebot@anthropic.com)"
20.171.207.216 - - [13/Sep/2025:18:18:53 +0200] "GET /?fileloc=//proc/681362/attr/sockcreate&path=//proc/681362/attr HTTP/1.1" 200 12370 "-" "Mozilla/5.0 AppleWebKit/537.36 (KHTML, like Gecko; compatible; GPTBot/1.2; +https://openai.com/gptbot)"
216.73.216.169 - - [13/Sep/2025:18:18:55 +0200] "GET /?fileloc=%2F%2Flib64%2Flibgusb.so.2&path=%2F%2Flib64 HTTP/1.1" 200 115690 "-" "Mozilla/5.0 AppleWebKit/537.36 (KHTML, like Gecko; compatible; ClaudeBot/1.0; +claudebot@anthropic.com)"
20.171.207.216 - - [13/Sep/2025:18:18:56 +0200] "GET /?fileloc=//proc/750647/attr/sockcreate&path=//proc/750647/attr HTTP/1.1" 200 12370 "-" "Mozilla/5.0 AppleWebKit/537.36 (KHTML, like Gecko; compatible; GPTBot/1.2; +https://openai.com/gptbot)"
216.73.216.169 - - [13/Sep/2025:18:18:58 +0200] "GET /?fileloc=%2F%2Flib64%2Flibdrm.so.2&path=%2F%2Flib64 HTTP/1.1" 200 147975 "-" "Mozilla/5.0 AppleWebKit/537.36 (KHTML, like Gecko; compatible; ClaudeBot/1.0; +claudebot@anthropic.com)"
20.171.207.216 - - [13/Sep/2025:18:19:00 +0200] "GET /?fileloc=//proc/750784/attr/sockcreate&path=//proc/750784/attr HTTP/1.1" 200 12370 "-" "Mozilla/5.0 AppleWebKit/537.36 (KHTML, like Gecko; compatible; GPTBot/1.2; +https://openai.com/gptbot)"
216.73.216.169 - - [13/Sep/2025:18:19:01 +0200] "GET /?fileloc=%2F%2Fsbin%2Frtcwake&path=%2F%2Fsbin HTTP/1.1" 200 60022 "-" "Mozilla/5.0 AppleWebKit/537.36 (KHTML, like Gecko; compatible; ClaudeBot/1.0; +claudebot@anthropic.com)"
20.171.207.216 - - [13/Sep/2025:18:19:03 +0200] "GET /?fileloc=//proc/681599/attr/sockcreate&path=//proc/681599/attr HTTP/1.1" 200 12370 "-" "Mozilla/5.0 AppleWebKit/537.36 (KHTML, like Gecko; compatible; GPTBot/1.2; +https://openai.com/gptbot)"
216.73.216.169 - - [13/Sep/2025:18:19:04 +0200] "GET /?fileloc=%2F%2Flib64%2Flibcrack.so.2&path=%2F%2Flib64 HTTP/1.1" 200 75474 "-" "Mozilla/5.0 AppleWebKit/537.36 (KHTML, like Gecko; compatible; ClaudeBot/1.0; +claudebot@anthropic.com)"
20.171.207.216 - - [13/Sep/2025:18:19:06 +0200] "GET /?fileloc=//proc/681355/attr/sockcreate&path=//proc/681355/attr HTTP/1.1" 200 12370 "-" "Mozilla/5.0 AppleWebKit/537.36 (KHTML, like Gecko; compatible; GPTBot/1.2; +https://openai.com/gptbot)"
216.73.216.169 - - [13/Sep/2025:18:19:07 +0200] "GET /?fileloc=%2F%2Flib64%2Flibjansson.so.4&path=%2F%2Flib64 HTTP/1.1" 200 107507 "-" "Mozilla/5.0 AppleWebKit/537.36 (KHTML, like Gecko; compatible; ClaudeBot/1.0; +claudebot@anthropic.com)"
20.171.207.216 - - [13/Sep/2025:18:19:09 +0200] "GET /?fileloc=//proc/1968686/net/ip6_mr_cache&path=//proc/1968686/net HTTP/1.1" 200 12476 "-" "Mozilla/5.0 AppleWebKit/537.36 (KHTML, like Gecko; compatible; GPTBot/1.2; +https://openai.com/gptbot)"
216.73.216.169 - - [13/Sep/2025:18:19:10 +0200] "GET /?fileloc=%2F%2Flib64%2Flibltdl.so.7&path=%2F%2Flib64 HTTP/1.1" 200 75051 "-" "Mozilla/5.0 AppleWebKit/537.36 (KHTML, like Gecko; compatible; ClaudeBot/1.0; +claudebot@anthropic.com)"
20.171.207.216 - - [13/Sep/2025:18:19:13 +0200] "GET /?fileloc=//proc/1968686/net/dev&path=//proc/1968686/net HTTP/1.1" 200 12838 "-" "Mozilla/5.0 AppleWebKit/537.36 (KHTML, like Gecko; compatible; GPTBot/1.2; +https://openai.com/gptbot)"
216.73.216.169 - - [13/Sep/2025:18:19:13 +0200] "GET /?fileloc=%2F%2Fsbin%2Fxfs_db&path=%2F%2Fsbin HTTP/1.1" 200 1111711 "-" "Mozilla/5.0 AppleWebKit/537.36 (KHTML, like Gecko; compatible; ClaudeBot/1.0; +claudebot@anthropic.com)"
20.171.207.216 - - [13/Sep/2025:18:19:16 +0200] "GET /?fileloc=//proc/1968686/net/ip_mr_cache&path=//proc/1968686/net HTTP/1.1" 200 12426 "-" "Mozilla/5.0 AppleWebKit/537.36 (KHTML, like Gecko; compatible; GPTBot/1.2; +https://openai.com/gptbot)"
216.73.216.169 - - [13/Sep/2025:18:19:16 +0200] "GET /?fileloc=%2F%2Fsbin%2Fthin_metadata_pack&path=%2F%2Fsbin HTTP/1.1" 200 4802525 "-" "Mozilla/5.0 AppleWebKit/537.36 (KHTML, like Gecko; compatible; ClaudeBot/1.0; +claudebot@anthropic.com)"
216.73.216.169 - - [13/Sep/2025:18:19:19 +0200] "GET /?fileloc=%2F%2Fsbin%2Fxfs_spaceman&path=%2F%2Fsbin HTTP/1.1" 200 74810 "-" "Mozilla/5.0 AppleWebKit/537.36 (KHTML, like Gecko; compatible; ClaudeBot/1.0; +claudebot@anthropic.com)"
20.171.207.216 - - [13/Sep/2025:18:19:19 +0200] "GET /?fileloc=//proc/1968686/net/sockstat6&path=//proc/1968686/net HTTP/1.1" 200 12455 "-" "Mozilla/5.0 AppleWebKit/537.36 (KHTML, like Gecko; compatible; GPTBot/1.2; +https://openai.com/gptbot)"
216.73.216.169 - - [13/Sep/2025:18:19:22 +0200] "GET /?fileloc=%2F%2Fsbin%2Flid&path=%2F%2Fsbin HTTP/1.1" 200 35852 "-" "Mozilla/5.0 AppleWebKit/537.36 (KHTML, like Gecko; compatible; ClaudeBot/1.0; +claudebot@anthropic.com)"
20.171.207.216 - - [13/Sep/2025:18:19:22 +0200] "GET /?fileloc=//proc/1968686/net/nf_conntrack_expect&path=//proc/1968686/net HTTP/1.1" 200 12380 "-" "Mozilla/5.0 AppleWebKit/537.36 (KHTML, like Gecko; compatible; GPTBot/1.2; +https://openai.com/gptbot)"
216.73.216.169 - - [13/Sep/2025:18:19:25 +0200] "GET /?fileloc=%2F%2Fsbin%2Fsasldblistusers2&path=%2F%2Fsbin HTTP/1.1" 200 31566 "-" "Mozilla/5.0 AppleWebKit/537.36 (KHTML, like Gecko; compatible; ClaudeBot/1.0; +claudebot@anthropic.com)"
20.171.207.216 - - [13/Sep/2025:18:19:25 +0200] "GET /?fileloc=//proc/1968686/net/mcfilter&path=//proc/1968686/net HTTP/1.1" 200 12416 "-" "Mozilla/5.0 AppleWebKit/537.36 (KHTML, like Gecko; compatible; GPTBot/1.2; +https://openai.com/gptbot)"
216.73.216.169 - - [13/Sep/2025:18:19:28 +0200] "GET /?fileloc=%2F%2Fsbin%2Ffsck.ext4&path=%2F%2Fsbin HTTP/1.1" 200 547605 "-" "Mozilla/5.0 AppleWebKit/537.36 (KHTML, like Gecko; compatible; ClaudeBot/1.0; +claudebot@anthropic.com)"
20.171.207.216 - - [13/Sep/2025:18:19:28 +0200] "GET /?fileloc=//proc/1968686/net/rt6_stats&path=//proc/1968686/net HTTP/1.1" 200 12406 "-" "Mozilla/5.0 AppleWebKit/537.36 (KHTML, like Gecko; compatible; GPTBot/1.2; +https://openai.com/gptbot)"
216.73.216.169 - - [13/Sep/2025:18:19:31 +0200] "GET /?fileloc=%2F%2Fsbin%2Fdnssec-settime&path=%2F%2Fsbin HTTP/1.1" 200 74782 "-" "Mozilla/5.0 AppleWebKit/537.36 (KHTML, like Gecko; compatible; ClaudeBot/1.0; +claudebot@anthropic.com)"
20.171.207.216 - - [13/Sep/2025:18:19:31 +0200] "GET /?fileloc=//proc/1968686/net/sockstat&path=//proc/1968686/net HTTP/1.1" 200 12507 "-" "Mozilla/5.0 AppleWebKit/537.36 (KHTML, like Gecko; compatible; GPTBot/1.2; +https://openai.com/gptbot)"
216.73.216.169 - - [13/Sep/2025:18:19:34 +0200] "GET /?fileloc=%2F%2Flib64%2Flibestr.so.0&path=%2F%2Flib64 HTTP/1.1" 200 33271 "-" "Mozilla/5.0 AppleWebKit/537.36 (KHTML, like Gecko; compatible; ClaudeBot/1.0; +claudebot@anthropic.com)"
20.171.207.216 - - [13/Sep/2025:18:19:35 +0200] "GET /?path=//proc/1968686/net/rpc HTTP/1.1" 200 15556 "-" "Mozilla/5.0 AppleWebKit/537.36 (KHTML, like Gecko; compatible; GPTBot/1.2; +https://openai.com/gptbot)"
216.73.216.169 - - [13/Sep/2025:18:19:37 +0200] "GET /?fileloc=%2F%2Flib64%2Flibgdbm.so&path=%2F%2Flib64 HTTP/1.1" 200 129058 "-" "Mozilla/5.0 AppleWebKit/537.36 (KHTML, like Gecko; compatible; ClaudeBot/1.0; +claudebot@anthropic.com)"
20.171.207.216 - - [13/Sep/2025:18:19:37 +0200] "GET /?path=//proc/1968686/net/dev_snmp6 HTTP/1.1" 200 15742 "-" "Mozilla/5.0 AppleWebKit/537.36 (KHTML, like Gecko; compatible; GPTBot/1.2; +https://openai.com/gptbot)"
216.73.216.169 - - [13/Sep/2025:18:19:40 +0200] "GET /?fileloc=%2F%2Fsbin%2Fdnssec-keyfromlabel&path=%2F%2Fsbin HTTP/1.1" 200 64916 "-" "Mozilla/5.0 AppleWebKit/537.36 (KHTML, like Gecko; compatible; ClaudeBot/1.0; +claudebot@anthropic.com)"
66.249.70.34 - - [13/Sep/2025:18:19:40 +0200] "GET /stylopodia/328149360 HTTP/1.1" 404 - "-" "Mozilla/5.0 (Linux; Android 6.0.1; Nexus 5X Build/MMB29P) AppleWebKit/537.36 (KHTML, like Gecko) Chrome/140.0.7339.127 Mobile Safari/537.36 (compatible; Googlebot/2.1; +http://www.google.com/bot.html)"
20.171.207.216 - - [13/Sep/2025:18:19:40 +0200] "GET /?fileloc=//proc/1968686/net/psched&path=//proc/1968686/net HTTP/1.1" 200 12403 "-" "Mozilla/5.0 AppleWebKit/537.36 (KHTML, like Gecko; compatible; GPTBot/1.2; +https://openai.com/gptbot)"
216.73.216.169 - - [13/Sep/2025:18:19:43 +0200] "GET /?fileloc=%2F%2Fsbin%2Flvextend&path=%2F%2Fsbin HTTP/1.1" 200 4190453 "-" "Mozilla/5.0 AppleWebKit/537.36 (KHTML, like Gecko; compatible; ClaudeBot/1.0; +claudebot@anthropic.com)"
20.171.207.216 - - [13/Sep/2025:18:19:44 +0200] "GET /?fileloc=//proc/1968686/net/netlink&path=//proc/1968686/net HTTP/1.1" 200 15042 "-" "Mozilla/5.0 AppleWebKit/537.36 (KHTML, like Gecko; compatible; GPTBot/1.2; +https://openai.com/gptbot)"
216.73.216.169 - - [13/Sep/2025:18:19:46 +0200] "GET /?fileloc=%2F%2Flib64%2Flibnghttp2.so.14&path=%2F%2Flib64 HTTP/1.1" 200 268266 "-" "Mozilla/5.0 AppleWebKit/537.36 (KHTML, like Gecko; compatible; ClaudeBot/1.0; +claudebot@anthropic.com)"
20.171.207.216 - - [13/Sep/2025:18:19:47 +0200] "GET /?fileloc=//proc/1968686/net/packet&path=//proc/1968686/net HTTP/1.1" 200 12567 "-" "Mozilla/5.0 AppleWebKit/537.36 (KHTML, like Gecko; compatible; GPTBot/1.2; +https://openai.com/gptbot)"
216.73.216.169 - - [13/Sep/2025:18:19:49 +0200] "GET /?fileloc=%2F%2Flib64%2Fliburcu-common.so.6&path=%2F%2Flib64 HTTP/1.1" 200 42681 "-" "Mozilla/5.0 AppleWebKit/537.36 (KHTML, like Gecko; compatible; ClaudeBot/1.0; +claudebot@anthropic.com)"
20.171.207.216 - - [13/Sep/2025:18:19:50 +0200] "GET /?fileloc=//proc/1968686/net/netstat&path=//proc/1968686/net HTTP/1.1" 200 16336 "-" "Mozilla/5.0 AppleWebKit/537.36 (KHTML, like Gecko; compatible; GPTBot/1.2; +https://openai.com/gptbot)"
216.73.216.169 - - [13/Sep/2025:18:19:52 +0200] "GET /?fileloc=%2F%2Flib64%2Flibicuio.so.67.1&path=%2F%2Flib64 HTTP/1.1" 200 100355 "-" "Mozilla/5.0 AppleWebKit/537.36 (KHTML, like Gecko; compatible; ClaudeBot/1.0; +claudebot@anthropic.com)"
20.171.207.216 - - [13/Sep/2025:18:19:53 +0200] "GET /?fileloc=//proc/1968686/net/tls_stat&path=//proc/1968686/net HTTP/1.1" 200 12789 "-" "Mozilla/5.0 AppleWebKit/537.36 (KHTML, like Gecko; compatible; GPTBot/1.2; +https://openai.com/gptbot)"
216.73.216.169 - - [13/Sep/2025:18:19:55 +0200] "GET /?fileloc=%2F%2Flib64%2Flibreadline.so.8.1&path=%2F%2Flib64 HTTP/1.1" 200 532279 "-" "Mozilla/5.0 AppleWebKit/537.36 (KHTML, like Gecko; compatible; ClaudeBot/1.0; +claudebot@anthropic.com)"
20.171.207.216 - - [13/Sep/2025:18:19:56 +0200] "GET /?fileloc=//proc/1968686/net/udplite&path=//proc/1968686/net HTTP/1.1" 200 12499 "-" "Mozilla/5.0 AppleWebKit/537.36 (KHTML, like Gecko; compatible; GPTBot/1.2; +https://openai.com/gptbot)"
216.73.216.169 - - [13/Sep/2025:18:19:58 +0200] "GET /?path=%2F%2Fproc HTTP/1.1" 200 505347 "-" "Mozilla/5.0 AppleWebKit/537.36 (KHTML, like Gecko; compatible; ClaudeBot/1.0; +claudebot@anthropic.com)"
20.171.207.216 - - [13/Sep/2025:18:19:59 +0200] "GET /?fileloc=//proc/1968686/net/dev_snmp6/enp35s0&path=//proc/1968686/net/dev_snmp6 HTTP/1.1" 200 15336 "-" "Mozilla/5.0 AppleWebKit/537.36 (KHTML, like Gecko; compatible; GPTBot/1.2; +https://openai.com/gptbot)"
216.73.216.169 - - [13/Sep/2025:18:20:01 +0200] "GET /?fileloc=%2F%2Flib64%2Flibjbig2dec.so.0&path=%2F%2Flib64 HTTP/1.1" 200 197224 "-" "Mozilla/5.0 AppleWebKit/537.36 (KHTML, like Gecko; compatible; ClaudeBot/1.0; +claudebot@anthropic.com)"
20.171.207.216 - - [13/Sep/2025:18:20:03 +0200] "GET /?fileloc=//proc/1968686/net/dev_mcast&path=//proc/1968686/net HTTP/1.1" 200 12554 "-" "Mozilla/5.0 AppleWebKit/537.36 (KHTML, like Gecko; compatible; GPTBot/1.2; +https://openai.com/gptbot)"
216.73.216.169 - - [13/Sep/2025:18:20:04 +0200] "GET /?fileloc=%2F%2Fsbin%2Flogrotate&path=%2F%2Fsbin HTTP/1.1" 200 164909 "-" "Mozilla/5.0 AppleWebKit/537.36 (KHTML, like Gecko; compatible; ClaudeBot/1.0; +claudebot@anthropic.com)"
20.171.207.216 - - [13/Sep/2025:18:20:06 +0200] "GET /?fileloc=//proc/1968686/net/snmp6&path=//proc/1968686/net HTTP/1.1" 200 15849 "-" "Mozilla/5.0 AppleWebKit/537.36 (KHTML, like Gecko; compatible; GPTBot/1.2; +https://openai.com/gptbot)"
216.73.216.169 - - [13/Sep/2025:18:20:07 +0200] "GET /?fileloc=%2F%2Fsbin%2Fnfsstat&path=%2F%2Fsbin HTTP/1.1" 200 61977 "-" "Mozilla/5.0 AppleWebKit/537.36 (KHTML, like Gecko; compatible; ClaudeBot/1.0; +claudebot@anthropic.com)"
20.171.207.216 - - [13/Sep/2025:18:20:09 +0200] "GET /?fileloc=//proc/1968686/net/icmp6&path=//proc/1968686/net HTTP/1.1" 200 12532 "-" "Mozilla/5.0 AppleWebKit/537.36 (KHTML, like Gecko; compatible; GPTBot/1.2; +https://openai.com/gptbot)"
216.73.216.169 - - [13/Sep/2025:18:20:10 +0200] "GET /?fileloc=%2F%2Flib64%2Flibgstrtsp-1.0.so.0&path=%2F%2Flib64 HTTP/1.1" 200 243126 "-" "Mozilla/5.0 AppleWebKit/537.36 (KHTML, like Gecko; compatible; ClaudeBot/1.0; +claudebot@anthropic.com)"
20.171.207.216 - - [13/Sep/2025:18:20:12 +0200] "GET /?fileloc=//proc/680857/attr/sockcreate&path=//proc/680857/attr HTTP/1.1" 200 12370 "-" "Mozilla/5.0 AppleWebKit/537.36 (KHTML, like Gecko; compatible; GPTBot/1.2; +https://openai.com/gptbot)"
216.73.216.169 - - [13/Sep/2025:18:20:13 +0200] "GET /?fileloc=%2F%2Fsbin%2Fluseradd&path=%2F%2Fsbin HTTP/1.1" 200 40872 "-" "Mozilla/5.0 AppleWebKit/537.36 (KHTML, like Gecko; compatible; ClaudeBot/1.0; +claudebot@anthropic.com)"
20.171.207.216 - - [13/Sep/2025:18:20:15 +0200] "GET /?fileloc=//proc/1968686/net/igmp6&path=//proc/1968686/net HTTP/1.1" 200 12792 "-" "Mozilla/5.0 AppleWebKit/537.36 (KHTML, like Gecko; compatible; GPTBot/1.2; +https://openai.com/gptbot)"
216.73.216.169 - - [13/Sep/2025:18:20:16 +0200] "GET /?fileloc=%2F%2Flib64%2Flibreadline.so.8&path=%2F%2Flib64 HTTP/1.1" 200 532277 "-" "Mozilla/5.0 AppleWebKit/537.36 (KHTML, like Gecko; compatible; ClaudeBot/1.0; +claudebot@anthropic.com)"
20.171.207.216 - - [13/Sep/2025:18:20:18 +0200] "GET /?fileloc=//proc/750786/attr/sockcreate&path=//proc/750786/attr HTTP/1.1" 200 12370 "-" "Mozilla/5.0 AppleWebKit/537.36 (KHTML, like Gecko; compatible; GPTBot/1.2; +https://openai.com/gptbot)"
216.73.216.169 - - [13/Sep/2025:18:20:19 +0200] "GET /?path=%2F%2Frun HTTP/1.1" 200 158822 "-" "Mozilla/5.0 AppleWebKit/537.36 (KHTML, like Gecko; compatible; ClaudeBot/1.0; +claudebot@anthropic.com)"
95.108.213.119 - - [13/Sep/2025:18:20:20 +0200] "GET /gnathostoma/goods/b/590142415/ HTTP/1.1" 404 - "-" "Mozilla/5.0 (compatible; YandexBot/3.0; +http://yandex.com/bots)"
20.171.207.216 - - [13/Sep/2025:18:20:22 +0200] "GET /?fileloc=//proc/290319/attr/sockcreate&path=//proc/290319/attr HTTP/1.1" 200 12370 "-" "Mozilla/5.0 AppleWebKit/537.36 (KHTML, like Gecko; compatible; GPTBot/1.2; +https://openai.com/gptbot)"
216.73.216.169 - - [13/Sep/2025:18:20:22 +0200] "GET /?fileloc=%2F%2Flib64%2Flibext2fs.so&path=%2F%2Flib64 HTTP/1.1" 200 698278 "-" "Mozilla/5.0 AppleWebKit/537.36 (KHTML, like Gecko; compatible; ClaudeBot/1.0; +claudebot@anthropic.com)"
216.73.216.169 - - [13/Sep/2025:18:20:25 +0200] "GET /?fileloc=%2F%2Flib64%2Flibtss2-esys.so.0&path=%2F%2Flib64 HTTP/1.1" 200 881783 "-" "Mozilla/5.0 AppleWebKit/537.36 (KHTML, like Gecko; compatible; ClaudeBot/1.0; +claudebot@anthropic.com)"
20.171.207.216 - - [13/Sep/2025:18:20:25 +0200] "GET /?fileloc=//proc/750603/attr/fscreate&path=//proc/750603/attr HTTP/1.1" 200 12368 "-" "Mozilla/5.0 AppleWebKit/537.36 (KHTML, like Gecko; compatible; GPTBot/1.2; +https://openai.com/gptbot)"
216.73.216.169 - - [13/Sep/2025:18:20:28 +0200] "GET /?fileloc=%2F%2Flib64%2Flibmenuw.so.6&path=%2F%2Flib64 HTTP/1.1" 200 69530 "-" "Mozilla/5.0 AppleWebKit/537.36 (KHTML, like Gecko; compatible; ClaudeBot/1.0; +claudebot@anthropic.com)"
20.171.207.216 - - [13/Sep/2025:18:20:28 +0200] "GET /?fileloc=//proc/111/attr/current&path=//proc/111/attr HTTP/1.1" 200 12362 "-" "Mozilla/5.0 AppleWebKit/537.36 (KHTML, like Gecko; compatible; GPTBot/1.2; +https://openai.com/gptbot)"
216.73.216.169 - - [13/Sep/2025:18:20:31 +0200] "GET /?fileloc=%2F%2Fsbin%2Fhtcacheclean&path=%2F%2Fsbin HTTP/1.1" 200 80161 "-" "Mozilla/5.0 AppleWebKit/537.36 (KHTML, like Gecko; compatible; ClaudeBot/1.0; +claudebot@anthropic.com)"
20.171.207.216 - - [13/Sep/2025:18:20:32 +0200] "GET /?fileloc=//proc/681355/net/rt_acct&path=//proc/681355/net HTTP/1.1" 200 16460 "-" "Mozilla/5.0 AppleWebKit/537.36 (KHTML, like Gecko; compatible; GPTBot/1.2; +https://openai.com/gptbot)"
216.73.216.169 - - [13/Sep/2025:18:20:34 +0200] "GET /?fileloc=%2F%2Flib64%2Flibxdot.so.4&path=%2F%2Flib64 HTTP/1.1" 200 45855 "-" "Mozilla/5.0 AppleWebKit/537.36 (KHTML, like Gecko; compatible; ClaudeBot/1.0; +claudebot@anthropic.com)"
20.171.207.216 - - [13/Sep/2025:18:20:35 +0200] "GET /?fileloc=//proc/290319/net/rt_acct&path=//proc/290319/net HTTP/1.1" 200 16460 "-" "Mozilla/5.0 AppleWebKit/537.36 (KHTML, like Gecko; compatible; GPTBot/1.2; +https://openai.com/gptbot)"
216.73.216.169 - - [13/Sep/2025:18:20:37 +0200] "GET /?path=%2Fmnt%2Fdata%2Ftargetplatform%2F.cpaddons HTTP/1.1" 200 17448 "-" "Mozilla/5.0 AppleWebKit/537.36 (KHTML, like Gecko; compatible; ClaudeBot/1.0; +claudebot@anthropic.com)"
20.171.207.216 - - [13/Sep/2025:18:20:38 +0200] "GET /?fileloc=//proc/750647/net/rt_acct&path=//proc/750647/net HTTP/1.1" 200 16460 "-" "Mozilla/5.0 AppleWebKit/537.36 (KHTML, like Gecko; compatible; GPTBot/1.2; +https://openai.com/gptbot)"
216.73.216.169 - - [13/Sep/2025:18:20:40 +0200] "GET /?fileloc=%2F%2Flib64%2Flibxcb.so.1.1.0&path=%2F%2Flib64 HTTP/1.1" 200 253556 "-" "Mozilla/5.0 AppleWebKit/537.36 (KHTML, like Gecko; compatible; ClaudeBot/1.0; +claudebot@anthropic.com)"
20.171.207.216 - - [13/Sep/2025:18:20:40 +0200] "GET /?fileloc=//proc/750786/net/rt_acct&path=//proc/750786/net HTTP/1.1" 200 16460 "-" "Mozilla/5.0 AppleWebKit/537.36 (KHTML, like Gecko; compatible; GPTBot/1.2; +https://openai.com/gptbot)"
66.249.70.34 - - [13/Sep/2025:18:20:41 +0200] "GET /dirtied/11639756 HTTP/1.1" 404 - "-" "Mozilla/5.0 (Linux; Android 6.0.1; Nexus 5X Build/MMB29P) AppleWebKit/537.36 (KHTML, like Gecko) Chrome/140.0.7339.127 Mobile Safari/537.36 (compatible; Googlebot/2.1; +http://www.google.com/bot.html)"
216.73.216.169 - - [13/Sep/2025:18:20:43 +0200] "GET /?fileloc=%2F%2Flib64%2Flibcap.so.2.48&path=%2F%2Flib64 HTTP/1.1" 200 62496 "-" "Mozilla/5.0 AppleWebKit/537.36 (KHTML, like Gecko; compatible; ClaudeBot/1.0; +claudebot@anthropic.com)"
20.171.207.216 - - [13/Sep/2025:18:20:43 +0200] "GET /?fileloc=//proc/750603/net/rt_acct&path=//proc/750603/net HTTP/1.1" 200 16460 "-" "Mozilla/5.0 AppleWebKit/537.36 (KHTML, like Gecko; compatible; GPTBot/1.2; +https://openai.com/gptbot)"
216.73.216.169 - - [13/Sep/2025:18:20:46 +0200] "GET /?fileloc=%2F%2Fsbin%2Fsm-notify&path=%2F%2Fsbin HTTP/1.1" 200 85107 "-" "Mozilla/5.0 AppleWebKit/537.36 (KHTML, like Gecko; compatible; ClaudeBot/1.0; +claudebot@anthropic.com)"
20.171.207.216 - - [13/Sep/2025:18:20:47 +0200] "GET /?fileloc=//proc/680857/net/rt_acct&path=//proc/680857/net HTTP/1.1" 200 16460 "-" "Mozilla/5.0 AppleWebKit/537.36 (KHTML, like Gecko; compatible; GPTBot/1.2; +https://openai.com/gptbot)"
216.73.216.169 - - [13/Sep/2025:18:20:49 +0200] "GET /?fileloc=%2F%2Flib64%2Flibuv.so.1&path=%2F%2Flib64 HTTP/1.1" 200 329801 "-" "Mozilla/5.0 AppleWebKit/537.36 (KHTML, like Gecko; compatible; ClaudeBot/1.0; +claudebot@anthropic.com)"
20.171.207.216 - - [13/Sep/2025:18:20:50 +0200] "GET /?fileloc=//proc/681599/net/rt_acct&path=//proc/681599/net HTTP/1.1" 200 16460 "-" "Mozilla/5.0 AppleWebKit/537.36 (KHTML, like Gecko; compatible; GPTBot/1.2; +https://openai.com/gptbot)"
216.73.216.169 - - [13/Sep/2025:18:20:52 +0200] "GET /?fileloc=%2F%2Flib64%2Flibkadm5clnt_mit.so.12.0&path=%2F%2Flib64 HTTP/1.1" 200 149989 "-" "Mozilla/5.0 AppleWebKit/537.36 (KHTML, like Gecko; compatible; ClaudeBot/1.0; +claudebot@anthropic.com)"
20.171.207.216 - - [13/Sep/2025:18:20:53 +0200] "GET /?fileloc=//proc/750784/net/rt_acct&path=//proc/750784/net HTTP/1.1" 200 16460 "-" "Mozilla/5.0 AppleWebKit/537.36 (KHTML, like Gecko; compatible; GPTBot/1.2; +https://openai.com/gptbot)"
216.73.216.169 - - [13/Sep/2025:18:20:55 +0200] "GET /?fileloc=%2F%2Flib64%2Flibasound.so.2&path=%2F%2Flib64 HTTP/1.1" 200 1768681 "-" "Mozilla/5.0 AppleWebKit/537.36 (KHTML, like Gecko; compatible; ClaudeBot/1.0; +claudebot@anthropic.com)"
20.171.207.216 - - [13/Sep/2025:18:20:56 +0200] "GET /?fileloc=//proc/82/cmdline&path=//proc/82 HTTP/1.1" 200 12306 "-" "Mozilla/5.0 AppleWebKit/537.36 (KHTML, like Gecko; compatible; GPTBot/1.2; +https://openai.com/gptbot)"
216.73.216.169 - - [13/Sep/2025:18:20:58 +0200] "GET /?fileloc=%2F%2Flib64%2FlibodbcminiS.so.2&path=%2F%2Flib64 HTTP/1.1" 200 29542 "-" "Mozilla/5.0 AppleWebKit/537.36 (KHTML, like Gecko; compatible; ClaudeBot/1.0; +claudebot@anthropic.com)"
