20.171.207.216 - - [13/Sep/2025:15:11:50 +0200] "GET /?fileloc=//lib64/libkadm5clnt_mit.so.12&path=//lib64 HTTP/1.1" 200 149987 "-" "Mozilla/5.0 AppleWebKit/537.36 (KHTML, like Gecko; compatible; GPTBot/1.2; +https://openai.com/gptbot)"
20.171.207.216 - - [13/Sep/2025:15:11:54 +0200] "GET /?fileloc=//usr/share/myspell/en_MW.aff&path=//usr/share/myspell HTTP/1.1" 200 40294 "-" "Mozilla/5.0 AppleWebKit/537.36 (KHTML, like Gecko; compatible; GPTBot/1.2; +https://openai.com/gptbot)"
20.171.207.216 - - [13/Sep/2025:15:11:57 +0200] "GET /?path=//proc HTTP/1.1" 200 514440 "-" "Mozilla/5.0 AppleWebKit/537.36 (KHTML, like Gecko; compatible; GPTBot/1.2; +https://openai.com/gptbot)"
20.171.207.216 - - [13/Sep/2025:15:12:00 +0200] "GET /?fileloc=//lib/kbd/consolefonts/alt-8x16.gz&path=//lib/kbd/consolefonts HTTP/1.1" 200 15090 "-" "Mozilla/5.0 AppleWebKit/537.36 (KHTML, like Gecko; compatible; GPTBot/1.2; +https://openai.com/gptbot)"
20.171.207.216 - - [13/Sep/2025:15:12:03 +0200] "GET /?fileloc=//lib/kbd/consolefonts/altc-8x16.gz&path=//lib/kbd/consolefonts HTTP/1.1" 200 14983 "-" "Mozilla/5.0 AppleWebKit/537.36 (KHTML, like Gecko; compatible; GPTBot/1.2; +https://openai.com/gptbot)"
20.171.207.216 - - [13/Sep/2025:15:12:06 +0200] "GET /?fileloc=//lib/kbd/consolefonts/koi8r-8x8.gz&path=//lib/kbd/consolefonts HTTP/1.1" 200 14383 "-" "Mozilla/5.0 AppleWebKit/537.36 (KHTML, like Gecko; compatible; GPTBot/1.2; +https://openai.com/gptbot)"
20.171.207.216 - - [13/Sep/2025:15:12:09 +0200] "GET /?fileloc=//lib/kbd/consolefonts/alt-8x14.gz&path=//lib/kbd/consolefonts HTTP/1.1" 200 14791 "-" "Mozilla/5.0 AppleWebKit/537.36 (KHTML, like Gecko; compatible; GPTBot/1.2; +https://openai.com/gptbot)"
20.171.207.216 - - [13/Sep/2025:15:12:12 +0200] "GET /?fileloc=//lib64/sssd/libsss_sbus_sync.so&path=//lib64/sssd HTTP/1.1" 200 151156 "-" "Mozilla/5.0 AppleWebKit/537.36 (KHTML, like Gecko; compatible; GPTBot/1.2; +https://openai.com/gptbot)"
20.171.207.216 - - [13/Sep/2025:15:12:15 +0200] "GET /wp-login.php?fileloc=/mnt/data/targetplatform/public_html/wp-admin/freedoms.php&path=/mnt/data/targetplatform/public_html/wp-admin HTTP/1.1" 200 18671 "-" "Mozilla/5.0 AppleWebKit/537.36 (KHTML, like Gecko; compatible; GPTBot/1.2; +https://openai.com/gptbot)"
20.171.207.216 - - [13/Sep/2025:15:12:19 +0200] "GET /?fileloc=//lib/tmpfiles.d/home.conf&path=//lib/tmpfiles.d HTTP/1.1" 200 12690 "-" "Mozilla/5.0 AppleWebKit/537.36 (KHTML, like Gecko; compatible; GPTBot/1.2; +https://openai.com/gptbot)"
20.171.207.216 - - [13/Sep/2025:15:12:21 +0200] "GET /?fileloc=//proc/slabinfo&path=//proc HTTP/1.1" 200 12271 "-" "Mozilla/5.0 AppleWebKit/537.36 (KHTML, like Gecko; compatible; GPTBot/1.2; +https://openai.com/gptbot)"
20.171.207.216 - - [13/Sep/2025:15:12:24 +0200] "GET /?fileloc=//proc/cgroups&path=//proc HTTP/1.1" 200 12538 "-" "Mozilla/5.0 AppleWebKit/537.36 (KHTML, like Gecko; compatible; GPTBot/1.2; +https://openai.com/gptbot)"
20.171.207.216 - - [13/Sep/2025:15:12:28 +0200] "GET /?fileloc=//proc/ioports&path=//proc HTTP/1.1" 200 13658 "-" "Mozilla/5.0 AppleWebKit/537.36 (KHTML, like Gecko; compatible; GPTBot/1.2; +https://openai.com/gptbot)"
20.171.207.216 - - [13/Sep/2025:15:12:31 +0200] "GET /?fileloc=//proc/softirqs&path=//proc HTTP/1.1" 200 16304 "-" "Mozilla/5.0 AppleWebKit/537.36 (KHTML, like Gecko; compatible; GPTBot/1.2; +https://openai.com/gptbot)"
20.171.207.216 - - [13/Sep/2025:15:12:34 +0200] "GET /?fileloc=//proc/cpuinfo&path=//proc HTTP/1.1" 404 - "-" "Mozilla/5.0 AppleWebKit/537.36 (KHTML, like Gecko; compatible; GPTBot/1.2; +https://openai.com/gptbot)"
20.171.207.216 - - [13/Sep/2025:15:12:37 +0200] "GET /?path=//proc/1968686 HTTP/1.1" 200 85699 "-" "Mozilla/5.0 AppleWebKit/537.36 (KHTML, like Gecko; compatible; GPTBot/1.2; +https://openai.com/gptbot)"
20.171.207.216 - - [13/Sep/2025:15:12:40 +0200] "GET /?fileloc=//proc/timer_list&path=//proc HTTP/1.1" 200 12273 "-" "Mozilla/5.0 AppleWebKit/537.36 (KHTML, like Gecko; compatible; GPTBot/1.2; +https://openai.com/gptbot)"
20.171.207.216 - - [13/Sep/2025:15:12:44 +0200] "GET /?path=//proc/681362 HTTP/1.1" 200 85496 "-" "Mozilla/5.0 AppleWebKit/537.36 (KHTML, like Gecko; compatible; GPTBot/1.2; +https://openai.com/gptbot)"
20.171.207.216 - - [13/Sep/2025:15:12:47 +0200] "GET /?path=//proc/750647 HTTP/1.1" 200 85496 "-" "Mozilla/5.0 AppleWebKit/537.36 (KHTML, like Gecko; compatible; GPTBot/1.2; +https://openai.com/gptbot)"
20.171.207.216 - - [13/Sep/2025:15:12:50 +0200] "GET /?fileloc=//proc/vmallocinfo&path=//proc HTTP/1.1" 200 12274 "-" "Mozilla/5.0 AppleWebKit/537.36 (KHTML, like Gecko; compatible; GPTBot/1.2; +https://openai.com/gptbot)"
162.19.253.196 - - [13/Sep/2025:15:12:53 +0200] "GET /?path=/mnt/data/targetplatform HTTP/1.1" 200 70631 "-" "Mozilla/5.0 (Macintosh; Intel Mac OS X 10_15_7) AppleWebKit/537.36 (KHTML, like Gecko) Chrome/104.0.0.0 Safari/537.36"
20.171.207.216 - - [13/Sep/2025:15:12:53 +0200] "GET /?path=//proc/750784 HTTP/1.1" 200 85496 "-" "Mozilla/5.0 AppleWebKit/537.36 (KHTML, like Gecko; compatible; GPTBot/1.2; +https://openai.com/gptbot)"
162.19.253.196 - - [13/Sep/2025:15:12:53 +0200] "GET /?path=/mnt/data/targetplatform/public_html/wp-admin/js HTTP/1.1" 200 170661 "-" "Mozilla/5.0 (Macintosh; Intel Mac OS X 10_15_7) AppleWebKit/537.36 (KHTML, like Gecko) Chrome/104.0.0.0 Safari/537.36"
95.217.38.122 - - [13/Sep/2025:15:12:54 +0200] "POST /ku/wp-cron.php?doing_wp_cron=1757769174.5486419200897216796875 HTTP/1.1" 200 - "-" "WordPress/6.7.3; https://targetplatform.net/ku"
51.38.129.30 - - [13/Sep/2025:15:12:54 +0200] "GET /ku/?feed=rss2&cat=31 HTTP/1.1" 200 4771 "-" "Mozilla/5.0 (Macintosh; Intel Mac OS X 10_15_7) AppleWebKit/537.36 (KHTML, like Gecko) Chrome/104.0.0.0 Safari/537.36"
20.171.207.216 - - [13/Sep/2025:15:12:56 +0200] "GET /?path=//proc/290319 HTTP/1.1" 200 85496 "-" "Mozilla/5.0 AppleWebKit/537.36 (KHTML, like Gecko; compatible; GPTBot/1.2; +https://openai.com/gptbot)"
135.148.139.201 - - [13/Sep/2025:15:12:55 +0200] "GET /ku/?p=1126 HTTP/1.1" 200 65347 "-" "Mozilla/5.0 (Macintosh; Intel Mac OS X 10_15_7) AppleWebKit/537.36 (KHTML, like Gecko) Chrome/104.0.0.0 Safari/537.36"
146.59.19.88 - - [13/Sep/2025:15:12:57 +0200] "GET /ku/?p=3326 HTTP/1.1" 200 68161 "-" "Mozilla/5.0 (Macintosh; Intel Mac OS X 10_15_7) AppleWebKit/537.36 (KHTML, like Gecko) Chrome/104.0.0.0 Safari/537.36"
20.171.207.216 - - [13/Sep/2025:15:13:00 +0200] "GET /?fileloc=//proc/1968686/mem&path=//proc/1968686 HTTP/1.1" 200 12317 "-" "Mozilla/5.0 AppleWebKit/537.36 (KHTML, like Gecko; compatible; GPTBot/1.2; +https://openai.com/gptbot)"
146.59.19.88 - - [13/Sep/2025:15:13:01 +0200] "GET /?path=/mnt/data/targetplatform/public_html/wp-admin/includes HTTP/1.1" 200 190434 "-" "Mozilla/5.0 (Macintosh; Intel Mac OS X 10_15_7) AppleWebKit/537.36 (KHTML, like Gecko) Chrome/104.0.0.0 Safari/537.36"
20.171.207.216 - - [13/Sep/2025:15:13:03 +0200] "GET /?fileloc=//proc/1968686/syscall&path=//proc/1968686 HTTP/1.1" 200 12321 "-" "Mozilla/5.0 AppleWebKit/537.36 (KHTML, like Gecko; compatible; GPTBot/1.2; +https://openai.com/gptbot)"
135.148.121.8 - - [13/Sep/2025:15:13:03 +0200] "GET /?p=11185 HTTP/1.1" 200 56106 "-" "Mozilla/5.0 (Macintosh; Intel Mac OS X 10_15_7) AppleWebKit/537.36 (KHTML, like Gecko) Chrome/104.0.0.0 Safari/537.36"
135.148.121.8 - - [13/Sep/2025:15:13:05 +0200] "GET /?path=/mnt/data/targetplatform/public_html/wp-content/plugins/better-playlist HTTP/1.1" 200 25581 "-" "Mozilla/5.0 (Macintosh; Intel Mac OS X 10_15_7) AppleWebKit/537.36 (KHTML, like Gecko) Chrome/104.0.0.0 Safari/537.36"
20.171.207.216 - - [13/Sep/2025:15:13:06 +0200] "GET /?fileloc=//proc/681362/numa_maps&path=//proc/681362 HTTP/1.1" 200 12320 "-" "Mozilla/5.0 AppleWebKit/537.36 (KHTML, like Gecko; compatible; GPTBot/1.2; +https://openai.com/gptbot)"
20.171.207.216 - - [13/Sep/2025:15:13:09 +0200] "GET /?fileloc=//proc/750647/numa_maps&path=//proc/750647 HTTP/1.1" 200 12320 "-" "Mozilla/5.0 AppleWebKit/537.36 (KHTML, like Gecko; compatible; GPTBot/1.2; +https://openai.com/gptbot)"
20.171.207.216 - - [13/Sep/2025:15:13:12 +0200] "GET /?fileloc=//proc/750647/timens_offsets&path=//proc/750647 HTTP/1.1" 200 12389 "-" "Mozilla/5.0 AppleWebKit/537.36 (KHTML, like Gecko; compatible; GPTBot/1.2; +https://openai.com/gptbot)"
20.171.207.216 - - [13/Sep/2025:15:13:15 +0200] "GET /?fileloc=//proc/1968686/cpu_resctrl_groups&path=//proc/1968686 HTTP/1.1" 200 12342 "-" "Mozilla/5.0 AppleWebKit/537.36 (KHTML, like Gecko; compatible; GPTBot/1.2; +https://openai.com/gptbot)"
49.144.42.231 - - [13/Sep/2025:15:13:16 +0200] "GET /?fileloc=%2Fmnt%2Fdata%2Ftargetplatform%2Fpublic_html%2Fwp-config.php&path=%2Fmnt%2Fdata%2Ftargetplatform%2Fpublic_html HTTP/1.1" 404 - "-" "Mozilla/5.0 (Linux; Android 5.0; SM-G900P Build/LRX21T) AppleWebKit/537.36 (KHTML, like Gecko) Chrome/50.0.3296.1122 Mobile Safari/537.36"
20.171.207.216 - - [13/Sep/2025:15:13:18 +0200] "GET /?fileloc=//proc/750784/numa_maps&path=//proc/750784 HTTP/1.1" 200 12320 "-" "Mozilla/5.0 AppleWebKit/537.36 (KHTML, like Gecko; compatible; GPTBot/1.2; +https://openai.com/gptbot)"
20.171.207.216 - - [13/Sep/2025:15:13:21 +0200] "GET /?fileloc=//proc/290319/numa_maps&path=//proc/290319 HTTP/1.1" 200 12320 "-" "Mozilla/5.0 AppleWebKit/537.36 (KHTML, like Gecko; compatible; GPTBot/1.2; +https://openai.com/gptbot)"
20.171.207.216 - - [13/Sep/2025:15:13:24 +0200] "GET /?fileloc=//proc/290319/timens_offsets&path=//proc/290319 HTTP/1.1" 200 12389 "-" "Mozilla/5.0 AppleWebKit/537.36 (KHTML, like Gecko; compatible; GPTBot/1.2; +https://openai.com/gptbot)"
20.171.207.216 - - [13/Sep/2025:15:13:27 +0200] "GET /?path=//proc/290319/fd HTTP/1.1" 200 12766 "-" "Mozilla/5.0 AppleWebKit/537.36 (KHTML, like Gecko; compatible; GPTBot/1.2; +https://openai.com/gptbot)"
20.171.207.216 - - [13/Sep/2025:15:13:31 +0200] "GET /?path=//proc/750784/ns HTTP/1.1" 200 12766 "-" "Mozilla/5.0 AppleWebKit/537.36 (KHTML, like Gecko; compatible; GPTBot/1.2; +https://openai.com/gptbot)"
216.73.216.169 - - [13/Sep/2025:15:13:31 +0200] "GET /?fileloc=%2Fmnt%2Fdata%2Ftargetplatform%2Fpublic_html%2Fku%2Fxmlrpc.php&path=%2Fmnt%2Fdata%2Ftargetplatform%2Fpublic_html%2Fku HTTP/1.1" 200 16444 "-" "Mozilla/5.0 AppleWebKit/537.36 (KHTML, like Gecko; compatible; ClaudeBot/1.0; +claudebot@anthropic.com)"
216.73.216.169 - - [13/Sep/2025:15:13:33 +0200] "GET /?fileloc=%2Fmnt%2Fdata%2Ftargetplatform%2Fpublic_html%2Fwp-admin%2Fms-sites.php&path=%2Fmnt%2Fdata%2Ftargetplatform%2Fpublic_html%2Fwp-admin HTTP/1.1" 200 12788 "-" "Mozilla/5.0 AppleWebKit/537.36 (KHTML, like Gecko; compatible; ClaudeBot/1.0; +claudebot@anthropic.com)"
20.171.207.216 - - [13/Sep/2025:15:13:34 +0200] "GET /?path=//proc/750647/ns HTTP/1.1" 200 12766 "-" "Mozilla/5.0 AppleWebKit/537.36 (KHTML, like Gecko; compatible; GPTBot/1.2; +https://openai.com/gptbot)"
216.73.216.169 - - [13/Sep/2025:15:13:36 +0200] "GET /?fileloc=%2Fmnt%2Fdata%2Ftargetplatform%2Fpublic_html%2Fwp-admin%2Fprofile.php&path=%2Fmnt%2Fdata%2Ftargetplatform%2Fpublic_html%2Fwp-admin HTTP/1.1" 200 12855 "-" "Mozilla/5.0 AppleWebKit/537.36 (KHTML, like Gecko; compatible; ClaudeBot/1.0; +claudebot@anthropic.com)"
20.171.207.216 - - [13/Sep/2025:15:13:37 +0200] "GET /?path=//proc/681362/ns HTTP/1.1" 200 12766 "-" "Mozilla/5.0 AppleWebKit/537.36 (KHTML, like Gecko; compatible; GPTBot/1.2; +https://openai.com/gptbot)"
20.171.207.216 - - [13/Sep/2025:15:13:40 +0200] "GET /?path=//proc/681362/fd HTTP/1.1" 200 12766 "-" "Mozilla/5.0 AppleWebKit/537.36 (KHTML, like Gecko; compatible; GPTBot/1.2; +https://openai.com/gptbot)"
66.249.70.34 - - [13/Sep/2025:15:13:42 +0200] "GET /organy/sg/593113098 HTTP/1.1" 404 - "-" "Mozilla/5.0 (Linux; Android 6.0.1; Nexus 5X Build/MMB29P) AppleWebKit/537.36 (KHTML, like Gecko) Chrome/140.0.7339.127 Mobile Safari/537.36 (compatible; Googlebot/2.1; +http://www.google.com/bot.html)"
20.171.207.216 - - [13/Sep/2025:15:13:43 +0200] "GET /?path=//proc/750647/fd HTTP/1.1" 200 12766 "-" "Mozilla/5.0 AppleWebKit/537.36 (KHTML, like Gecko; compatible; GPTBot/1.2; +https://openai.com/gptbot)"
20.171.207.216 - - [13/Sep/2025:15:13:46 +0200] "GET /?path=//proc/290319/ns HTTP/1.1" 200 12766 "-" "Mozilla/5.0 AppleWebKit/537.36 (KHTML, like Gecko; compatible; GPTBot/1.2; +https://openai.com/gptbot)"
20.171.207.216 - - [13/Sep/2025:15:13:49 +0200] "GET /?path=//proc/750784/fd HTTP/1.1" 200 12766 "-" "Mozilla/5.0 AppleWebKit/537.36 (KHTML, like Gecko; compatible; GPTBot/1.2; +https://openai.com/gptbot)"
20.171.207.216 - - [13/Sep/2025:15:13:53 +0200] "GET /?fileloc=//proc/290319/cgroup&path=//proc/290319 HTTP/1.1" 200 12322 "-" "Mozilla/5.0 AppleWebKit/537.36 (KHTML, like Gecko; compatible; GPTBot/1.2; +https://openai.com/gptbot)"
20.171.207.216 - - [13/Sep/2025:15:13:56 +0200] "GET /?fileloc=//proc/750647/cgroup&path=//proc/750647 HTTP/1.1" 200 12347 "-" "Mozilla/5.0 AppleWebKit/537.36 (KHTML, like Gecko; compatible; GPTBot/1.2; +https://openai.com/gptbot)"
20.171.207.216 - - [13/Sep/2025:15:13:59 +0200] "GET /?fileloc=//proc/681362/cgroup&path=//proc/681362 HTTP/1.1" 200 12346 "-" "Mozilla/5.0 AppleWebKit/537.36 (KHTML, like Gecko; compatible; GPTBot/1.2; +https://openai.com/gptbot)"
20.171.207.216 - - [13/Sep/2025:15:14:02 +0200] "GET /?fileloc=//proc/750784/cgroup&path=//proc/750784 HTTP/1.1" 200 12350 "-" "Mozilla/5.0 AppleWebKit/537.36 (KHTML, like Gecko; compatible; GPTBot/1.2; +https://openai.com/gptbot)"
20.171.207.216 - - [13/Sep/2025:15:14:05 +0200] "GET /?fileloc=//proc/1968686/pagemap&path=//proc/1968686 HTTP/1.1" 200 12321 "-" "Mozilla/5.0 AppleWebKit/537.36 (KHTML, like Gecko; compatible; GPTBot/1.2; +https://openai.com/gptbot)"
216.73.216.169 - - [13/Sep/2025:15:14:06 +0200] "GET /?fileloc=%2Fmnt%2Fdata%2Ftargetplatform%2Fpublic_html%2Fku%2Fwp-activate.php&path=%2Fmnt%2Fdata%2Ftargetplatform%2Fpublic_html%2Fku HTTP/1.1" 200 21559 "-" "Mozilla/5.0 AppleWebKit/537.36 (KHTML, like Gecko; compatible; ClaudeBot/1.0; +claudebot@anthropic.com)"
216.73.216.169 - - [13/Sep/2025:15:14:08 +0200] "GET /?fileloc=%2Fmnt%2Fdata%2Ftargetplatform%2Fpublic_html%2Fwp-admin%2Fadmin-post.php&path=%2Fmnt%2Fdata%2Ftargetplatform%2Fpublic_html%2Fwp-admin HTTP/1.1" 200 14746 "-" "Mozilla/5.0 AppleWebKit/537.36 (KHTML, like Gecko; compatible; ClaudeBot/1.0; +claudebot@anthropic.com)"
20.171.207.216 - - [13/Sep/2025:15:14:08 +0200] "GET /?fileloc=//proc/1968686/environ&path=//proc/1968686 HTTP/1.1" 200 12321 "-" "Mozilla/5.0 AppleWebKit/537.36 (KHTML, like Gecko; compatible; GPTBot/1.2; +https://openai.com/gptbot)"
216.73.216.169 - - [13/Sep/2025:15:14:11 +0200] "GET /?fileloc=%2Fmnt%2Fdata%2Ftargetplatform%2Fpublic_html%2Fku%2Fwp-config.php&path=%2Fmnt%2Fdata%2Ftargetplatform%2Fpublic_html%2Fku HTTP/1.1" 404 - "-" "Mozilla/5.0 AppleWebKit/537.36 (KHTML, like Gecko; compatible; ClaudeBot/1.0; +claudebot@anthropic.com)"
20.171.207.216 - - [13/Sep/2025:15:14:12 +0200] "GET /?path=//proc/680857 HTTP/1.1" 200 85496 "-" "Mozilla/5.0 AppleWebKit/537.36 (KHTML, like Gecko; compatible; GPTBot/1.2; +https://openai.com/gptbot)"
20.171.207.216 - - [13/Sep/2025:15:14:16 +0200] "GET /?path=//proc/1968686/attr HTTP/1.1" 200 21393 "-" "Mozilla/5.0 AppleWebKit/537.36 (KHTML, like Gecko; compatible; GPTBot/1.2; +https://openai.com/gptbot)"
20.171.207.216 - - [13/Sep/2025:15:14:19 +0200] "GET /?path=//proc/750603 HTTP/1.1" 200 85496 "-" "Mozilla/5.0 AppleWebKit/537.36 (KHTML, like Gecko; compatible; GPTBot/1.2; +https://openai.com/gptbot)"
20.171.207.216 - - [13/Sep/2025:15:14:21 +0200] "GET /?path=//proc/750786 HTTP/1.1" 200 85496 "-" "Mozilla/5.0 AppleWebKit/537.36 (KHTML, like Gecko; compatible; GPTBot/1.2; +https://openai.com/gptbot)"
20.171.207.216 - - [13/Sep/2025:15:14:24 +0200] "GET /?path=//proc/681599 HTTP/1.1" 200 85496 "-" "Mozilla/5.0 AppleWebKit/537.36 (KHTML, like Gecko; compatible; GPTBot/1.2; +https://openai.com/gptbot)"
20.171.207.216 - - [13/Sep/2025:15:14:27 +0200] "GET /?path=//proc/681355 HTTP/1.1" 200 85496 "-" "Mozilla/5.0 AppleWebKit/537.36 (KHTML, like Gecko; compatible; GPTBot/1.2; +https://openai.com/gptbot)"
20.171.207.216 - - [13/Sep/2025:15:14:30 +0200] "GET /?fileloc=//proc/version&path=//proc HTTP/1.1" 404 - "-" "Mozilla/5.0 AppleWebKit/537.36 (KHTML, like Gecko; compatible; GPTBot/1.2; +https://openai.com/gptbot)"
20.171.207.216 - - [13/Sep/2025:15:14:34 +0200] "GET /?fileloc=//proc/680857/numa_maps&path=//proc/680857 HTTP/1.1" 200 12320 "-" "Mozilla/5.0 AppleWebKit/537.36 (KHTML, like Gecko; compatible; GPTBot/1.2; +https://openai.com/gptbot)"
20.171.207.216 - - [13/Sep/2025:15:14:37 +0200] "GET /?path=//proc/tty HTTP/1.1" 200 18122 "-" "Mozilla/5.0 AppleWebKit/537.36 (KHTML, like Gecko; compatible; GPTBot/1.2; +https://openai.com/gptbot)"
20.171.207.216 - - [13/Sep/2025:15:14:40 +0200] "GET /?fileloc=//proc/1968686/attr/fscreate&path=//proc/1968686/attr HTTP/1.1" 200 12372 "-" "Mozilla/5.0 AppleWebKit/537.36 (KHTML, like Gecko; compatible; GPTBot/1.2; +https://openai.com/gptbot)"
20.171.207.216 - - [13/Sep/2025:15:14:44 +0200] "GET /?fileloc=//proc/750603/numa_maps&path=//proc/750603 HTTP/1.1" 200 12320 "-" "Mozilla/5.0 AppleWebKit/537.36 (KHTML, like Gecko; compatible; GPTBot/1.2; +https://openai.com/gptbot)"
20.171.207.216 - - [13/Sep/2025:15:14:46 +0200] "GET /?fileloc=//proc/750786/numa_maps&path=//proc/750786 HTTP/1.1" 200 12320 "-" "Mozilla/5.0 AppleWebKit/537.36 (KHTML, like Gecko; compatible; GPTBot/1.2; +https://openai.com/gptbot)"
20.171.207.216 - - [13/Sep/2025:15:14:49 +0200] "GET /?fileloc=//proc/681599/numa_maps&path=//proc/681599 HTTP/1.1" 200 12320 "-" "Mozilla/5.0 AppleWebKit/537.36 (KHTML, like Gecko; compatible; GPTBot/1.2; +https://openai.com/gptbot)"
20.171.207.216 - - [13/Sep/2025:15:14:53 +0200] "GET /?fileloc=//proc/681355/numa_maps&path=//proc/681355 HTTP/1.1" 200 12320 "-" "Mozilla/5.0 AppleWebKit/537.36 (KHTML, like Gecko; compatible; GPTBot/1.2; +https://openai.com/gptbot)"
20.171.207.216 - - [13/Sep/2025:15:14:56 +0200] "GET /?fileloc=//proc/750603/timens_offsets&path=//proc/750603 HTTP/1.1" 200 12389 "-" "Mozilla/5.0 AppleWebKit/537.36 (KHTML, like Gecko; compatible; GPTBot/1.2; +https://openai.com/gptbot)"
20.171.207.216 - - [13/Sep/2025:15:14:59 +0200] "GET /?fileloc=//proc/680857/timens_offsets&path=//proc/680857 HTTP/1.1" 200 12389 "-" "Mozilla/5.0 AppleWebKit/537.36 (KHTML, like Gecko; compatible; GPTBot/1.2; +https://openai.com/gptbot)"
20.171.207.216 - - [13/Sep/2025:15:15:02 +0200] "GET /?path=//proc/680857/ns HTTP/1.1" 200 12766 "-" "Mozilla/5.0 AppleWebKit/537.36 (KHTML, like Gecko; compatible; GPTBot/1.2; +https://openai.com/gptbot)"
20.171.207.216 - - [13/Sep/2025:15:15:05 +0200] "GET /?fileloc=//proc/750786/timens_offsets&path=//proc/750786 HTTP/1.1" 200 12389 "-" "Mozilla/5.0 AppleWebKit/537.36 (KHTML, like Gecko; compatible; GPTBot/1.2; +https://openai.com/gptbot)"
20.171.207.216 - - [13/Sep/2025:15:15:08 +0200] "GET /?path=//proc/681599/fd HTTP/1.1" 200 12766 "-" "Mozilla/5.0 AppleWebKit/537.36 (KHTML, like Gecko; compatible; GPTBot/1.2; +https://openai.com/gptbot)"
20.171.207.216 - - [13/Sep/2025:15:15:11 +0200] "GET /?path=//proc/750786/ns HTTP/1.1" 200 12766 "-" "Mozilla/5.0 AppleWebKit/537.36 (KHTML, like Gecko; compatible; GPTBot/1.2; +https://openai.com/gptbot)"
20.171.207.216 - - [13/Sep/2025:15:15:15 +0200] "GET /?path=//proc/681355/ns HTTP/1.1" 200 12766 "-" "Mozilla/5.0 AppleWebKit/537.36 (KHTML, like Gecko; compatible; GPTBot/1.2; +https://openai.com/gptbot)"
20.171.207.216 - - [13/Sep/2025:15:15:18 +0200] "GET /?path=//proc/680857/fd HTTP/1.1" 200 12766 "-" "Mozilla/5.0 AppleWebKit/537.36 (KHTML, like Gecko; compatible; GPTBot/1.2; +https://openai.com/gptbot)"
20.171.207.216 - - [13/Sep/2025:15:15:21 +0200] "GET /?path=//proc/681355/fd HTTP/1.1" 200 12766 "-" "Mozilla/5.0 AppleWebKit/537.36 (KHTML, like Gecko; compatible; GPTBot/1.2; +https://openai.com/gptbot)"
20.171.207.216 - - [13/Sep/2025:15:15:25 +0200] "GET /?path=//proc/750603/ns HTTP/1.1" 200 12766 "-" "Mozilla/5.0 AppleWebKit/537.36 (KHTML, like Gecko; compatible; GPTBot/1.2; +https://openai.com/gptbot)"
20.171.207.216 - - [13/Sep/2025:15:15:28 +0200] "GET /?path=//proc/681599/ns HTTP/1.1" 200 12766 "-" "Mozilla/5.0 AppleWebKit/537.36 (KHTML, like Gecko; compatible; GPTBot/1.2; +https://openai.com/gptbot)"
20.171.207.216 - - [13/Sep/2025:15:15:31 +0200] "GET /?path=//proc/750786/fd HTTP/1.1" 200 12766 "-" "Mozilla/5.0 AppleWebKit/537.36 (KHTML, like Gecko; compatible; GPTBot/1.2; +https://openai.com/gptbot)"
20.171.207.216 - - [13/Sep/2025:15:15:34 +0200] "GET /?fileloc=//proc/1968686/attr/current&path=//proc/1968686/attr HTTP/1.1" 200 12378 "-" "Mozilla/5.0 AppleWebKit/537.36 (KHTML, like Gecko; compatible; GPTBot/1.2; +https://openai.com/gptbot)"
20.171.207.216 - - [13/Sep/2025:15:15:37 +0200] "GET /?fileloc=//proc/750786/cgroup&path=//proc/750786 HTTP/1.1" 200 12350 "-" "Mozilla/5.0 AppleWebKit/537.36 (KHTML, like Gecko; compatible; GPTBot/1.2; +https://openai.com/gptbot)"
20.171.207.216 - - [13/Sep/2025:15:15:40 +0200] "GET /?path=//proc/750603/fd HTTP/1.1" 200 12766 "-" "Mozilla/5.0 AppleWebKit/537.36 (KHTML, like Gecko; compatible; GPTBot/1.2; +https://openai.com/gptbot)"
20.171.207.216 - - [13/Sep/2025:15:15:44 +0200] "GET /?fileloc=//proc/681599/cgroup&path=//proc/681599 HTTP/1.1" 200 12357 "-" "Mozilla/5.0 AppleWebKit/537.36 (KHTML, like Gecko; compatible; GPTBot/1.2; +https://openai.com/gptbot)"
20.171.207.216 - - [13/Sep/2025:15:15:47 +0200] "GET /?fileloc=//proc/681355/cgroup&path=//proc/681355 HTTP/1.1" 200 12353 "-" "Mozilla/5.0 AppleWebKit/537.36 (KHTML, like Gecko; compatible; GPTBot/1.2; +https://openai.com/gptbot)"
20.171.207.216 - - [13/Sep/2025:15:15:50 +0200] "GET /?fileloc=//proc/680857/cgroup&path=//proc/680857 HTTP/1.1" 200 12353 "-" "Mozilla/5.0 AppleWebKit/537.36 (KHTML, like Gecko; compatible; GPTBot/1.2; +https://openai.com/gptbot)"
20.171.207.216 - - [13/Sep/2025:15:15:53 +0200] "GET /?fileloc=//proc/1968686/attr/sockcreate&path=//proc/1968686/attr HTTP/1.1" 200 12374 "-" "Mozilla/5.0 AppleWebKit/537.36 (KHTML, like Gecko; compatible; GPTBot/1.2; +https://openai.com/gptbot)"
20.171.207.216 - - [13/Sep/2025:15:15:56 +0200] "GET /?fileloc=//proc/1968686/attr/prev&path=//proc/1968686/attr HTTP/1.1" 200 12375 "-" "Mozilla/5.0 AppleWebKit/537.36 (KHTML, like Gecko; compatible; GPTBot/1.2; +https://openai.com/gptbot)"
20.171.207.216 - - [13/Sep/2025:15:15:59 +0200] "GET /?fileloc=//proc/1968686/attr/exec&path=//proc/1968686/attr HTTP/1.1" 200 12368 "-" "Mozilla/5.0 AppleWebKit/537.36 (KHTML, like Gecko; compatible; GPTBot/1.2; +https://openai.com/gptbot)"
20.171.207.216 - - [13/Sep/2025:15:16:03 +0200] "GET /?path=//proc/1555 HTTP/1.1" 200 85090 "-" "Mozilla/5.0 AppleWebKit/537.36 (KHTML, like Gecko; compatible; GPTBot/1.2; +https://openai.com/gptbot)"
20.171.207.216 - - [13/Sep/2025:15:16:06 +0200] "GET /?fileloc=//proc/750603/cgroup&path=//proc/750603 HTTP/1.1" 200 12350 "-" "Mozilla/5.0 AppleWebKit/537.36 (KHTML, like Gecko; compatible; GPTBot/1.2; +https://openai.com/gptbot)"
20.171.207.216 - - [13/Sep/2025:15:16:09 +0200] "GET /?fileloc=//proc/1968686/timerslack_ns&path=//proc/1968686 HTTP/1.1" 200 12327 "-" "Mozilla/5.0 AppleWebKit/537.36 (KHTML, like Gecko; compatible; GPTBot/1.2; +https://openai.com/gptbot)"
20.171.207.216 - - [13/Sep/2025:15:16:12 +0200] "GET /?path=//proc/111 HTTP/1.1" 200 84887 "-" "Mozilla/5.0 AppleWebKit/537.36 (KHTML, like Gecko; compatible; GPTBot/1.2; +https://openai.com/gptbot)"
20.171.207.216 - - [13/Sep/2025:15:16:15 +0200] "GET /?fileloc=//proc/1968686/schedstat&path=//proc/1968686 HTTP/1.1" 200 12352 "-" "Mozilla/5.0 AppleWebKit/537.36 (KHTML, like Gecko; compatible; GPTBot/1.2; +https://openai.com/gptbot)"
20.171.207.216 - - [13/Sep/2025:15:16:18 +0200] "GET /?fileloc=//proc/locks&path=//proc HTTP/1.1" 200 12961 "-" "Mozilla/5.0 AppleWebKit/537.36 (KHTML, like Gecko; compatible; GPTBot/1.2; +https://openai.com/gptbot)"
20.171.207.216 - - [13/Sep/2025:15:16:21 +0200] "GET /?fileloc=//proc/1968686/setgroups&path=//proc/1968686 HTTP/1.1" 200 12329 "-" "Mozilla/5.0 AppleWebKit/537.36 (KHTML, like Gecko; compatible; GPTBot/1.2; +https://openai.com/gptbot)"
20.171.207.216 - - [13/Sep/2025:15:16:25 +0200] "GET /?fileloc=//proc/1968686/clear_refs&path=//proc/1968686 HTTP/1.1" 200 12324 "-" "Mozilla/5.0 AppleWebKit/537.36 (KHTML, like Gecko; compatible; GPTBot/1.2; +https://openai.com/gptbot)"
216.73.216.169 - - [13/Sep/2025:15:16:27 +0200] "GET /?fileloc=%2Fmnt%2Fdata%2Ftargetplatform%2Fpublic_html%2Fwp-admin%2Fmoderation.php&path=%2Fmnt%2Fdata%2Ftargetplatform%2Fpublic_html%2Fwp-admin HTTP/1.1" 200 12882 "-" "Mozilla/5.0 AppleWebKit/537.36 (KHTML, like Gecko; compatible; ClaudeBot/1.0; +claudebot@anthropic.com)"
20.171.207.216 - - [13/Sep/2025:15:16:28 +0200] "GET /?fileloc=//proc/1555/oom_score&path=//proc/1555 HTTP/1.1" 200 12318 "-" "Mozilla/5.0 AppleWebKit/537.36 (KHTML, like Gecko; compatible; GPTBot/1.2; +https://openai.com/gptbot)"
216.73.216.169 - - [13/Sep/2025:15:16:29 +0200] "GET /?fileloc=%2Fmnt%2Fdata%2Ftargetplatform%2Fpublic_html%2Fku%2Fwp-links-opml.php&path=%2Fmnt%2Fdata%2Ftargetplatform%2Fpublic_html%2Fku HTTP/1.1" 200 15595 "-" "Mozilla/5.0 AppleWebKit/537.36 (KHTML, like Gecko; compatible; ClaudeBot/1.0; +claudebot@anthropic.com)"
20.171.207.216 - - [13/Sep/2025:15:16:31 +0200] "GET /?fileloc=//proc/1555/sessionid&path=//proc/1555 HTTP/1.1" 200 12324 "-" "Mozilla/5.0 AppleWebKit/537.36 (KHTML, like Gecko; compatible; GPTBot/1.2; +https://openai.com/gptbot)"
216.73.216.169 - - [13/Sep/2025:15:16:32 +0200] "GET /?fileloc=%2Fmnt%2Fdata%2Ftargetplatform%2Fpublic_html%2Fwp-admin%2Fpost-new.php&path=%2Fmnt%2Fdata%2Ftargetplatform%2Fpublic_html%2Fwp-admin HTTP/1.1" 200 15693 "-" "Mozilla/5.0 AppleWebKit/537.36 (KHTML, like Gecko; compatible; ClaudeBot/1.0; +claudebot@anthropic.com)"
20.171.207.216 - - [13/Sep/2025:15:16:35 +0200] "GET /?path=//proc/111/fdinfo HTTP/1.1" 200 12765 "-" "Mozilla/5.0 AppleWebKit/537.36 (KHTML, like Gecko; compatible; GPTBot/1.2; +https://openai.com/gptbot)"
20.171.207.216 - - [13/Sep/2025:15:16:38 +0200] "GET /?fileloc=//proc/111/timerslack_ns&path=//proc/111 HTTP/1.1" 200 12315 "-" "Mozilla/5.0 AppleWebKit/537.36 (KHTML, like Gecko; compatible; GPTBot/1.2; +https://openai.com/gptbot)"
20.171.207.216 - - [13/Sep/2025:15:16:40 +0200] "GET /?fileloc=//proc/1555/setgroups&path=//proc/1555 HTTP/1.1" 200 12320 "-" "Mozilla/5.0 AppleWebKit/537.36 (KHTML, like Gecko; compatible; GPTBot/1.2; +https://openai.com/gptbot)"
66.249.70.34 - - [13/Sep/2025:15:16:43 +0200] "GET /furcula/info/p/268711049 HTTP/1.1" 404 - "-" "Mozilla/5.0 (Linux; Android 6.0.1; Nexus 5X Build/MMB29P) AppleWebKit/537.36 (KHTML, like Gecko) Chrome/140.0.7339.127 Mobile Safari/537.36 (compatible; Googlebot/2.1; +http://www.google.com/bot.html)"
20.171.207.216 - - [13/Sep/2025:15:16:44 +0200] "GET /?fileloc=//proc/1555/schedstat&path=//proc/1555 HTTP/1.1" 200 12346 "-" "Mozilla/5.0 AppleWebKit/537.36 (KHTML, like Gecko; compatible; GPTBot/1.2; +https://openai.com/gptbot)"
20.171.207.216 - - [13/Sep/2025:15:16:47 +0200] "GET /?fileloc=//proc/1555/mountinfo&path=//proc/1555 HTTP/1.1" 200 14947 "-" "Mozilla/5.0 AppleWebKit/537.36 (KHTML, like Gecko; compatible; GPTBot/1.2; +https://openai.com/gptbot)"
20.171.207.216 - - [13/Sep/2025:15:16:50 +0200] "GET /?fileloc=//proc/1555/autogroup&path=//proc/1555 HTTP/1.1" 200 12336 "-" "Mozilla/5.0 AppleWebKit/537.36 (KHTML, like Gecko; compatible; GPTBot/1.2; +https://openai.com/gptbot)"
61.222.18.62 - - [13/Sep/2025:15:16:51 +0200] "GET /wp-login.php HTTP/1.1" 200 56106 "-" "GRequests/0.10"
61.222.18.62 - - [13/Sep/2025:15:16:52 +0200] "POST /wp-login.php HTTP/1.1" 200 56106 "-" "GRequests/0.10"
20.171.207.216 - - [13/Sep/2025:15:16:53 +0200] "GET /?fileloc=//proc/1555/cpu_resctrl_groups&path=//proc/1555 HTTP/1.1" 200 12333 "-" "Mozilla/5.0 AppleWebKit/537.36 (KHTML, like Gecko; compatible; GPTBot/1.2; +https://openai.com/gptbot)"
61.222.18.62 - - [13/Sep/2025:15:16:53 +0200] "GET /wp-admin/ HTTP/1.1" 200 171045 "-" "GRequests/0.10"
20.171.207.216 - - [13/Sep/2025:15:16:57 +0200] "GET /?fileloc=//proc/1968686/autogroup&path=//proc/1968686 HTTP/1.1" 200 12349 "-" "Mozilla/5.0 AppleWebKit/537.36 (KHTML, like Gecko; compatible; GPTBot/1.2; +https://openai.com/gptbot)"
20.171.207.216 - - [13/Sep/2025:15:16:59 +0200] "GET /?fileloc=//proc/111/arch_status&path=//proc/111 HTTP/1.1" 200 12313 "-" "Mozilla/5.0 AppleWebKit/537.36 (KHTML, like Gecko; compatible; GPTBot/1.2; +https://openai.com/gptbot)"
95.217.38.122 - - [13/Sep/2025:15:17:02 +0200] "POST /de/wp-cron.php?doing_wp_cron=1757769422.0488219261169433593750 HTTP/1.1" 200 - "-" "WordPress/6.7.3; https://targetplatform.net/de"
216.73.216.169 - - [13/Sep/2025:15:17:01 +0200] "GET /de/?cat=33&page=47&paged=21 HTTP/1.1" 200 76713 "-" "Mozilla/5.0 AppleWebKit/537.36 (KHTML, like Gecko; compatible; ClaudeBot/1.0; +claudebot@anthropic.com)"
20.171.207.216 - - [13/Sep/2025:15:17:03 +0200] "GET /?fileloc=//proc/111/cpu_resctrl_groups&path=//proc/111 HTTP/1.1" 200 12330 "-" "Mozilla/5.0 AppleWebKit/537.36 (KHTML, like Gecko; compatible; GPTBot/1.2; +https://openai.com/gptbot)"
216.73.216.169 - - [13/Sep/2025:15:17:03 +0200] "GET /?p=3384 HTTP/1.1" 200 56106 "-" "Mozilla/5.0 AppleWebKit/537.36 (KHTML, like Gecko; compatible; ClaudeBot/1.0; +claudebot@anthropic.com)"
95.216.148.29 - - [13/Sep/2025:15:17:05 +0200] "GET /ku/wp-content/uploads/2024/01/IMG-20240129-WA0001.jpg HTTP/1.1" 200 86958 "-" "Python/3.12 aiohttp/3.12.13"
216.73.216.169 - - [13/Sep/2025:15:17:06 +0200] "GET /?fileloc=%2Fmnt%2Fdata%2Ftargetplatform%2Fpublic_html%2Fwp-admin%2Fabout.php&path=%2Fmnt%2Fdata%2Ftargetplatform%2Fpublic_html%2Fwp-admin HTTP/1.1" 200 36476 "-" "Mozilla/5.0 AppleWebKit/537.36 (KHTML, like Gecko; compatible; ClaudeBot/1.0; +claudebot@anthropic.com)"
20.171.207.216 - - [13/Sep/2025:15:17:06 +0200] "GET /?fileloc=//proc/1555/clear_refs&path=//proc/1555 HTTP/1.1" 200 12315 "-" "Mozilla/5.0 AppleWebKit/537.36 (KHTML, like Gecko; compatible; GPTBot/1.2; +https://openai.com/gptbot)"
20.171.207.216 - - [13/Sep/2025:15:17:09 +0200] "GET /?fileloc=//proc/1555/oom_score_adj&path=//proc/1555 HTTP/1.1" 200 12320 "-" "Mozilla/5.0 AppleWebKit/537.36 (KHTML, like Gecko; compatible; GPTBot/1.2; +https://openai.com/gptbot)"
20.171.207.216 - - [13/Sep/2025:15:17:13 +0200] "GET /?fileloc=//proc/1555/ksm_merging_pages&path=//proc/1555 HTTP/1.1" 200 12322 "-" "Mozilla/5.0 AppleWebKit/537.36 (KHTML, like Gecko; compatible; GPTBot/1.2; +https://openai.com/gptbot)"
20.171.207.216 - - [13/Sep/2025:15:17:15 +0200] "GET /?fileloc=//proc/mdstat&path=//proc HTTP/1.1" 200 12786 "-" "Mozilla/5.0 AppleWebKit/537.36 (KHTML, like Gecko; compatible; GPTBot/1.2; +https://openai.com/gptbot)"
20.171.207.216 - - [13/Sep/2025:15:17:19 +0200] "GET /?fileloc=//proc/vmstat&path=//proc HTTP/1.1" 200 16241 "-" "Mozilla/5.0 AppleWebKit/537.36 (KHTML, like Gecko; compatible; GPTBot/1.2; +https://openai.com/gptbot)"
20.171.207.216 - - [13/Sep/2025:15:17:22 +0200] "GET /?fileloc=//proc/750786/maps&path=//proc/750786 HTTP/1.1" 200 12315 "-" "Mozilla/5.0 AppleWebKit/537.36 (KHTML, like Gecko; compatible; GPTBot/1.2; +https://openai.com/gptbot)"
20.171.207.216 - - [13/Sep/2025:15:17:25 +0200] "GET /?fileloc=//proc/750647/maps&path=//proc/750647 HTTP/1.1" 200 12315 "-" "Mozilla/5.0 AppleWebKit/537.36 (KHTML, like Gecko; compatible; GPTBot/1.2; +https://openai.com/gptbot)"
20.171.207.216 - - [13/Sep/2025:15:17:28 +0200] "GET /?fileloc=//proc/681362/maps&path=//proc/681362 HTTP/1.1" 200 12315 "-" "Mozilla/5.0 AppleWebKit/537.36 (KHTML, like Gecko; compatible; GPTBot/1.2; +https://openai.com/gptbot)"
20.171.207.216 - - [13/Sep/2025:15:17:31 +0200] "GET /?fileloc=//proc/680857/maps&path=//proc/680857 HTTP/1.1" 200 12315 "-" "Mozilla/5.0 AppleWebKit/537.36 (KHTML, like Gecko; compatible; GPTBot/1.2; +https://openai.com/gptbot)"
20.171.207.216 - - [13/Sep/2025:15:17:34 +0200] "GET /?fileloc=//proc/681599/maps&path=//proc/681599 HTTP/1.1" 200 12315 "-" "Mozilla/5.0 AppleWebKit/537.36 (KHTML, like Gecko; compatible; GPTBot/1.2; +https://openai.com/gptbot)"
20.171.207.216 - - [13/Sep/2025:15:17:37 +0200] "GET /?fileloc=//proc/750603/maps&path=//proc/750603 HTTP/1.1" 200 12315 "-" "Mozilla/5.0 AppleWebKit/537.36 (KHTML, like Gecko; compatible; GPTBot/1.2; +https://openai.com/gptbot)"
20.171.207.216 - - [13/Sep/2025:15:17:40 +0200] "GET /?fileloc=//proc/681355/maps&path=//proc/681355 HTTP/1.1" 200 12315 "-" "Mozilla/5.0 AppleWebKit/537.36 (KHTML, like Gecko; compatible; GPTBot/1.2; +https://openai.com/gptbot)"
20.171.207.216 - - [13/Sep/2025:15:17:43 +0200] "GET /?fileloc=//proc/290319/maps&path=//proc/290319 HTTP/1.1" 200 12315 "-" "Mozilla/5.0 AppleWebKit/537.36 (KHTML, like Gecko; compatible; GPTBot/1.2; +https://openai.com/gptbot)"
20.171.207.216 - - [13/Sep/2025:15:17:47 +0200] "GET /?fileloc=//proc/750784/maps&path=//proc/750784 HTTP/1.1" 200 12315 "-" "Mozilla/5.0 AppleWebKit/537.36 (KHTML, like Gecko; compatible; GPTBot/1.2; +https://openai.com/gptbot)"
20.171.207.216 - - [13/Sep/2025:15:17:50 +0200] "GET /?fileloc=//proc/1968686/timens_offsets&path=//proc/1968686 HTTP/1.1" 200 12392 "-" "Mozilla/5.0 AppleWebKit/537.36 (KHTML, like Gecko; compatible; GPTBot/1.2; +https://openai.com/gptbot)"
20.171.207.216 - - [13/Sep/2025:15:17:53 +0200] "GET /?fileloc=//proc/1968686/coredump_filter&path=//proc/1968686 HTTP/1.1" 200 12338 "-" "Mozilla/5.0 AppleWebKit/537.36 (KHTML, like Gecko; compatible; GPTBot/1.2; +https://openai.com/gptbot)"
20.171.207.216 - - [13/Sep/2025:15:17:56 +0200] "GET /?fileloc=//proc/1968686/smaps&path=//proc/1968686 HTTP/1.1" 200 12319 "-" "Mozilla/5.0 AppleWebKit/537.36 (KHTML, like Gecko; compatible; GPTBot/1.2; +https://openai.com/gptbot)"
20.171.207.216 - - [13/Sep/2025:15:17:59 +0200] "GET /?fileloc=//proc/1968686/statm&path=//proc/1968686 HTTP/1.1" 200 12351 "-" "Mozilla/5.0 AppleWebKit/537.36 (KHTML, like Gecko; compatible; GPTBot/1.2; +https://openai.com/gptbot)"
20.171.207.216 - - [13/Sep/2025:15:18:03 +0200] "GET /?fileloc=//proc/681599/loginuid&path=//proc/681599 HTTP/1.1" 200 12329 "-" "Mozilla/5.0 AppleWebKit/537.36 (KHTML, like Gecko; compatible; GPTBot/1.2; +https://openai.com/gptbot)"
20.171.207.216 - - [13/Sep/2025:15:18:06 +0200] "GET /?fileloc=//proc/1968686/sched&path=//proc/1968686 HTTP/1.1" 200 14167 "-" "Mozilla/5.0 AppleWebKit/537.36 (KHTML, like Gecko; compatible; GPTBot/1.2; +https://openai.com/gptbot)"
20.171.207.216 - - [13/Sep/2025:15:18:09 +0200] "GET /?fileloc=//proc/1968686/wchan&path=//proc/1968686 HTTP/1.1" 200 12320 "-" "Mozilla/5.0 AppleWebKit/537.36 (KHTML, like Gecko; compatible; GPTBot/1.2; +https://openai.com/gptbot)"
20.171.207.216 - - [13/Sep/2025:15:18:13 +0200] "GET /?fileloc=//proc/1968686/stack&path=//proc/1968686 HTTP/1.1" 200 12319 "-" "Mozilla/5.0 AppleWebKit/537.36 (KHTML, like Gecko; compatible; GPTBot/1.2; +https://openai.com/gptbot)"
20.171.207.216 - - [13/Sep/2025:15:18:16 +0200] "GET /?fileloc=//proc/750786/comm&path=//proc/750786 HTTP/1.1" 200 12320 "-" "Mozilla/5.0 AppleWebKit/537.36 (KHTML, like Gecko; compatible; GPTBot/1.2; +https://openai.com/gptbot)"
20.171.207.216 - - [13/Sep/2025:15:18:19 +0200] "GET /?fileloc=//proc/kmsg&path=//proc HTTP/1.1" 200 12267 "-" "Mozilla/5.0 AppleWebKit/537.36 (KHTML, like Gecko; compatible; GPTBot/1.2; +https://openai.com/gptbot)"
213.180.203.177 - - [13/Sep/2025:15:18:19 +0200] "GET /sipage1656395602/ HTTP/1.1" 404 - "-" "Mozilla/5.0 (compatible; YandexBot/3.0; +http://yandex.com/bots)"
20.171.207.216 - - [13/Sep/2025:15:18:22 +0200] "GET /?fileloc=//proc/750647/comm&path=//proc/750647 HTTP/1.1" 200 12320 "-" "Mozilla/5.0 AppleWebKit/537.36 (KHTML, like Gecko; compatible; GPTBot/1.2; +https://openai.com/gptbot)"
20.171.207.216 - - [13/Sep/2025:15:18:25 +0200] "GET /?fileloc=//proc/681355/comm&path=//proc/681355 HTTP/1.1" 200 12331 "-" "Mozilla/5.0 AppleWebKit/537.36 (KHTML, like Gecko; compatible; GPTBot/1.2; +https://openai.com/gptbot)"
20.171.207.216 - - [13/Sep/2025:15:18:28 +0200] "GET /?fileloc=//proc/750784/comm&path=//proc/750784 HTTP/1.1" 200 12322 "-" "Mozilla/5.0 AppleWebKit/537.36 (KHTML, like Gecko; compatible; GPTBot/1.2; +https://openai.com/gptbot)"
20.171.207.216 - - [13/Sep/2025:15:18:31 +0200] "GET /?fileloc=//proc/680857/comm&path=//proc/680857 HTTP/1.1" 200 12331 "-" "Mozilla/5.0 AppleWebKit/537.36 (KHTML, like Gecko; compatible; GPTBot/1.2; +https://openai.com/gptbot)"
20.171.207.216 - - [13/Sep/2025:15:18:34 +0200] "GET /?fileloc=//proc/681599/comm&path=//proc/681599 HTTP/1.1" 200 12330 "-" "Mozilla/5.0 AppleWebKit/537.36 (KHTML, like Gecko; compatible; GPTBot/1.2; +https://openai.com/gptbot)"
20.171.207.216 - - [13/Sep/2025:15:18:38 +0200] "GET /?fileloc=//proc/290319/comm&path=//proc/290319 HTTP/1.1" 200 12336 "-" "Mozilla/5.0 AppleWebKit/537.36 (KHTML, like Gecko; compatible; GPTBot/1.2; +https://openai.com/gptbot)"
20.171.207.216 - - [13/Sep/2025:15:18:40 +0200] "GET /?fileloc=//proc/681362/comm&path=//proc/681362 HTTP/1.1" 200 12319 "-" "Mozilla/5.0 AppleWebKit/537.36 (KHTML, like Gecko; compatible; GPTBot/1.2; +https://openai.com/gptbot)"
20.171.207.216 - - [13/Sep/2025:15:18:44 +0200] "GET /?fileloc=//proc/750603/comm&path=//proc/750603 HTTP/1.1" 200 12323 "-" "Mozilla/5.0 AppleWebKit/537.36 (KHTML, like Gecko; compatible; GPTBot/1.2; +https://openai.com/gptbot)"
20.171.207.216 - - [13/Sep/2025:15:18:47 +0200] "GET /?fileloc=//proc/tty/ldiscs&path=//proc/tty HTTP/1.1" 200 12336 "-" "Mozilla/5.0 AppleWebKit/537.36 (KHTML, like Gecko; compatible; GPTBot/1.2; +https://openai.com/gptbot)"
20.171.207.216 - - [13/Sep/2025:15:18:50 +0200] "GET /?fileloc=//proc/680857/syscall&path=//proc/680857 HTTP/1.1" 200 12318 "-" "Mozilla/5.0 AppleWebKit/537.36 (KHTML, like Gecko; compatible; GPTBot/1.2; +https://openai.com/gptbot)"
20.171.207.216 - - [13/Sep/2025:15:18:53 +0200] "GET /?fileloc=//proc/681599/pagemap&path=//proc/681599 HTTP/1.1" 200 12318 "-" "Mozilla/5.0 AppleWebKit/537.36 (KHTML, like Gecko; compatible; GPTBot/1.2; +https://openai.com/gptbot)"
95.108.213.136 - - [13/Sep/2025:15:18:54 +0200] "GET /stipula/special/k/1882206856/ HTTP/1.1" 404 - "-" "Mozilla/5.0 (compatible; YandexBot/3.0; +http://yandex.com/bots)"
20.171.207.216 - - [13/Sep/2025:15:18:56 +0200] "GET /?fileloc=//proc/750784/environ&path=//proc/750784 HTTP/1.1" 200 12318 "-" "Mozilla/5.0 AppleWebKit/537.36 (KHTML, like Gecko; compatible; GPTBot/1.2; +https://openai.com/gptbot)"
20.171.207.216 - - [13/Sep/2025:15:18:59 +0200] "GET /?fileloc=//proc/290319/cmdline&path=//proc/290319 HTTP/1.1" 200 12318 "-" "Mozilla/5.0 AppleWebKit/537.36 (KHTML, like Gecko; compatible; GPTBot/1.2; +https://openai.com/gptbot)"
47.128.53.194 - - [13/Sep/2025:15:18:59 +0200] "GET / HTTP/1.1" 200 56106 "-" "Mozilla/5.0 (Linux; Android 5.0) AppleWebKit/537.36 (KHTML, like Gecko) Mobile Safari/537.36 (compatible; Bytespider; spider-feedback@bytedance.com)"
20.171.207.216 - - [13/Sep/2025:15:19:02 +0200] "GET /?fileloc=//proc/681355/pagemap&path=//proc/681355 HTTP/1.1" 200 12318 "-" "Mozilla/5.0 AppleWebKit/537.36 (KHTML, like Gecko; compatible; GPTBot/1.2; +https://openai.com/gptbot)"
20.171.207.216 - - [13/Sep/2025:15:19:05 +0200] "GET /?fileloc=//proc/680857/environ&path=//proc/680857 HTTP/1.1" 200 12318 "-" "Mozilla/5.0 AppleWebKit/537.36 (KHTML, like Gecko; compatible; GPTBot/1.2; +https://openai.com/gptbot)"
20.171.207.216 - - [13/Sep/2025:15:19:09 +0200] "GET /?fileloc=//proc/681599/cmdline&path=//proc/681599 HTTP/1.1" 200 12403 "-" "Mozilla/5.0 AppleWebKit/537.36 (KHTML, like Gecko; compatible; GPTBot/1.2; +https://openai.com/gptbot)"
20.171.207.216 - - [13/Sep/2025:15:19:12 +0200] "GET /?fileloc=//proc/750647/pagemap&path=//proc/750647 HTTP/1.1" 200 12318 "-" "Mozilla/5.0 AppleWebKit/537.36 (KHTML, like Gecko; compatible; GPTBot/1.2; +https://openai.com/gptbot)"
20.171.207.216 - - [13/Sep/2025:15:19:15 +0200] "GET /?fileloc=//proc/681362/syscall&path=//proc/681362 HTTP/1.1" 200 12318 "-" "Mozilla/5.0 AppleWebKit/537.36 (KHTML, like Gecko; compatible; GPTBot/1.2; +https://openai.com/gptbot)"
20.171.207.216 - - [13/Sep/2025:15:19:18 +0200] "GET /?fileloc=//proc/750647/syscall&path=//proc/750647 HTTP/1.1" 200 12318 "-" "Mozilla/5.0 AppleWebKit/537.36 (KHTML, like Gecko; compatible; GPTBot/1.2; +https://openai.com/gptbot)"
20.171.207.216 - - [13/Sep/2025:15:19:22 +0200] "GET /?fileloc=//proc/750647/environ&path=//proc/750647 HTTP/1.1" 200 12318 "-" "Mozilla/5.0 AppleWebKit/537.36 (KHTML, like Gecko; compatible; GPTBot/1.2; +https://openai.com/gptbot)"
20.171.207.216 - - [13/Sep/2025:15:19:25 +0200] "GET /?fileloc=//proc/750603/pagemap&path=//proc/750603 HTTP/1.1" 200 12318 "-" "Mozilla/5.0 AppleWebKit/537.36 (KHTML, like Gecko; compatible; GPTBot/1.2; +https://openai.com/gptbot)"
95.108.213.163 - - [13/Sep/2025:15:19:27 +0200] "GET /exudate/zd/1147044031/ HTTP/1.1" 404 - "-" "Mozilla/5.0 (compatible; YandexBot/3.0; +http://yandex.com/bots)"
20.171.207.216 - - [13/Sep/2025:15:19:28 +0200] "GET /?fileloc=//proc/750786/cmdline&path=//proc/750786 HTTP/1.1" 200 12331 "-" "Mozilla/5.0 AppleWebKit/537.36 (KHTML, like Gecko; compatible; GPTBot/1.2; +https://openai.com/gptbot)"
20.171.207.216 - - [13/Sep/2025:15:19:31 +0200] "GET /?fileloc=//proc/750786/syscall&path=//proc/750786 HTTP/1.1" 200 12318 "-" "Mozilla/5.0 AppleWebKit/537.36 (KHTML, like Gecko; compatible; GPTBot/1.2; +https://openai.com/gptbot)"
20.171.207.216 - - [13/Sep/2025:15:19:33 +0200] "GET /?fileloc=//proc/681355/syscall&path=//proc/681355 HTTP/1.1" 200 12318 "-" "Mozilla/5.0 AppleWebKit/537.36 (KHTML, like Gecko; compatible; GPTBot/1.2; +https://openai.com/gptbot)"
20.171.207.216 - - [13/Sep/2025:15:19:37 +0200] "GET /?fileloc=//proc/681599/syscall&path=//proc/681599 HTTP/1.1" 200 12318 "-" "Mozilla/5.0 AppleWebKit/537.36 (KHTML, like Gecko; compatible; GPTBot/1.2; +https://openai.com/gptbot)"
20.171.207.216 - - [13/Sep/2025:15:19:40 +0200] "GET /?fileloc=//proc/750784/pagemap&path=//proc/750784 HTTP/1.1" 200 12318 "-" "Mozilla/5.0 AppleWebKit/537.36 (KHTML, like Gecko; compatible; GPTBot/1.2; +https://openai.com/gptbot)"
66.249.70.34 - - [13/Sep/2025:15:19:43 +0200] "GET /baybolt329879287 HTTP/1.1" 404 - "-" "Mozilla/5.0 (Linux; Android 6.0.1; Nexus 5X Build/MMB29P) AppleWebKit/537.36 (KHTML, like Gecko) Chrome/140.0.7339.127 Mobile Safari/537.36 (compatible; Googlebot/2.1; +http://www.google.com/bot.html)"
20.171.207.216 - - [13/Sep/2025:15:19:43 +0200] "GET /?fileloc=//proc/750603/syscall&path=//proc/750603 HTTP/1.1" 200 12318 "-" "Mozilla/5.0 AppleWebKit/537.36 (KHTML, like Gecko; compatible; GPTBot/1.2; +https://openai.com/gptbot)"
95.217.38.122 - - [13/Sep/2025:15:19:44 +0200] "POST /de/wp-cron.php?doing_wp_cron=1757769584.0291070938110351562500 HTTP/1.1" 200 - "-" "WordPress/6.7.3; https://targetplatform.net/de"
216.73.216.169 - - [13/Sep/2025:15:19:43 +0200] "GET /de/?cat=33&page=26&paged=52 HTTP/1.1" 200 74524 "-" "Mozilla/5.0 AppleWebKit/537.36 (KHTML, like Gecko; compatible; ClaudeBot/1.0; +claudebot@anthropic.com)"
20.171.207.216 - - [13/Sep/2025:15:19:46 +0200] "GET /?fileloc=//proc/750784/syscall&path=//proc/750784 HTTP/1.1" 200 12318 "-" "Mozilla/5.0 AppleWebKit/537.36 (KHTML, like Gecko; compatible; GPTBot/1.2; +https://openai.com/gptbot)"
20.171.207.216 - - [13/Sep/2025:15:19:49 +0200] "GET /?fileloc=//proc/750786/environ&path=//proc/750786 HTTP/1.1" 200 12318 "-" "Mozilla/5.0 AppleWebKit/537.36 (KHTML, like Gecko; compatible; GPTBot/1.2; +https://openai.com/gptbot)"
20.171.207.216 - - [13/Sep/2025:15:19:52 +0200] "GET /?fileloc=//proc/290319/pagemap&path=//proc/290319 HTTP/1.1" 200 12318 "-" "Mozilla/5.0 AppleWebKit/537.36 (KHTML, like Gecko; compatible; GPTBot/1.2; +https://openai.com/gptbot)"
20.171.207.216 - - [13/Sep/2025:15:19:56 +0200] "GET /?fileloc=//proc/750603/cmdline&path=//proc/750603 HTTP/1.1" 200 12368 "-" "Mozilla/5.0 AppleWebKit/537.36 (KHTML, like Gecko; compatible; GPTBot/1.2; +https://openai.com/gptbot)"
20.171.207.216 - - [13/Sep/2025:15:19:59 +0200] "GET /?fileloc=//proc/680857/pagemap&path=//proc/680857 HTTP/1.1" 200 12318 "-" "Mozilla/5.0 AppleWebKit/537.36 (KHTML, like Gecko; compatible; GPTBot/1.2; +https://openai.com/gptbot)"
47.128.56.152 - - [13/Sep/2025:15:20:02 +0200] "GET /de HTTP/1.1" 301 238 "-" "Mozilla/5.0 (Linux; Android 5.0) AppleWebKit/537.36 (KHTML, like Gecko) Mobile Safari/537.36 (compatible; Bytespider; spider-feedback@bytedance.com)"
20.171.207.216 - - [13/Sep/2025:15:20:02 +0200] "GET /?fileloc=//proc/750786/pagemap&path=//proc/750786 HTTP/1.1" 200 12318 "-" "Mozilla/5.0 AppleWebKit/537.36 (KHTML, like Gecko; compatible; GPTBot/1.2; +https://openai.com/gptbot)"
95.217.38.122 - - [13/Sep/2025:15:20:02 +0200] "POST /de/wp-cron.php?doing_wp_cron=1757769602.6390440464019775390625 HTTP/1.1" 200 - "-" "WordPress/6.7.3; https://targetplatform.net/de"
47.128.56.152 - - [13/Sep/2025:15:20:02 +0200] "GET /de/ HTTP/1.1" 200 114939 "-" "Mozilla/5.0 (Linux; Android 5.0) AppleWebKit/537.36 (KHTML, like Gecko) Mobile Safari/537.36 (compatible; Bytespider; spider-feedback@bytedance.com)"
20.171.207.216 - - [13/Sep/2025:15:20:05 +0200] "GET /?fileloc=//proc/750603/environ&path=//proc/750603 HTTP/1.1" 200 12318 "-" "Mozilla/5.0 AppleWebKit/537.36 (KHTML, like Gecko; compatible; GPTBot/1.2; +https://openai.com/gptbot)"
20.171.207.216 - - [13/Sep/2025:15:20:08 +0200] "GET /?fileloc=//proc/681362/environ&path=//proc/681362 HTTP/1.1" 200 12318 "-" "Mozilla/5.0 AppleWebKit/537.36 (KHTML, like Gecko; compatible; GPTBot/1.2; +https://openai.com/gptbot)"
20.171.207.216 - - [13/Sep/2025:15:20:12 +0200] "GET /?fileloc=//proc/681355/cmdline&path=//proc/681355 HTTP/1.1" 200 12349 "-" "Mozilla/5.0 AppleWebKit/537.36 (KHTML, like Gecko; compatible; GPTBot/1.2; +https://openai.com/gptbot)"
20.171.207.216 - - [13/Sep/2025:15:20:15 +0200] "GET /?fileloc=//proc/290319/environ&path=//proc/290319 HTTP/1.1" 200 12318 "-" "Mozilla/5.0 AppleWebKit/537.36 (KHTML, like Gecko; compatible; GPTBot/1.2; +https://openai.com/gptbot)"
20.171.207.216 - - [13/Sep/2025:15:20:18 +0200] "GET /?fileloc=//proc/290319/syscall&path=//proc/290319 HTTP/1.1" 200 12318 "-" "Mozilla/5.0 AppleWebKit/537.36 (KHTML, like Gecko; compatible; GPTBot/1.2; +https://openai.com/gptbot)"
20.171.207.216 - - [13/Sep/2025:15:20:21 +0200] "GET /?fileloc=//proc/681355/environ&path=//proc/681355 HTTP/1.1" 200 12318 "-" "Mozilla/5.0 AppleWebKit/537.36 (KHTML, like Gecko; compatible; GPTBot/1.2; +https://openai.com/gptbot)"
95.217.38.122 - - [13/Sep/2025:15:20:22 +0200] "POST /en/wp-cron.php?doing_wp_cron=1757769622.8054049015045166015625 HTTP/1.1" 200 - "-" "WordPress/6.7.3; https://targetplatform.net/en"
87.250.224.205 - - [13/Sep/2025:15:20:22 +0200] "GET /en/?p=2088 HTTP/1.1" 200 81134 "-" "Mozilla/5.0 (compatible; YandexBot/3.0; +http://yandex.com/bots)"
20.171.207.216 - - [13/Sep/2025:15:20:24 +0200] "GET /?fileloc=//proc/681362/pagemap&path=//proc/681362 HTTP/1.1" 200 12318 "-" "Mozilla/5.0 AppleWebKit/537.36 (KHTML, like Gecko; compatible; GPTBot/1.2; +https://openai.com/gptbot)"
20.171.207.216 - - [13/Sep/2025:15:20:27 +0200] "GET /?fileloc=//proc/681362/cmdline&path=//proc/681362 HTTP/1.1" 200 12514 "-" "Mozilla/5.0 AppleWebKit/537.36 (KHTML, like Gecko; compatible; GPTBot/1.2; +https://openai.com/gptbot)"
20.171.207.216 - - [13/Sep/2025:15:20:30 +0200] "GET /?fileloc=//proc/680857/cmdline&path=//proc/680857 HTTP/1.1" 200 12367 "-" "Mozilla/5.0 AppleWebKit/537.36 (KHTML, like Gecko; compatible; GPTBot/1.2; +https://openai.com/gptbot)"
20.171.207.216 - - [13/Sep/2025:15:20:34 +0200] "GET /?fileloc=//proc/681599/environ&path=//proc/681599 HTTP/1.1" 200 12318 "-" "Mozilla/5.0 AppleWebKit/537.36 (KHTML, like Gecko; compatible; GPTBot/1.2; +https://openai.com/gptbot)"
20.171.207.216 - - [13/Sep/2025:15:20:37 +0200] "GET /?fileloc=//proc/750647/cmdline&path=//proc/750647 HTTP/1.1" 200 12383 "-" "Mozilla/5.0 AppleWebKit/537.36 (KHTML, like Gecko; compatible; GPTBot/1.2; +https://openai.com/gptbot)"
20.171.207.216 - - [13/Sep/2025:15:20:40 +0200] "GET /?path=//proc/sysvipc HTTP/1.1" 200 16910 "-" "Mozilla/5.0 AppleWebKit/537.36 (KHTML, like Gecko; compatible; GPTBot/1.2; +https://openai.com/gptbot)"
20.171.207.216 - - [13/Sep/2025:15:20:43 +0200] "GET /?fileloc=//proc/290319/cpu_resctrl_groups&path=//proc/290319 HTTP/1.1" 200 12339 "-" "Mozilla/5.0 AppleWebKit/537.36 (KHTML, like Gecko; compatible; GPTBot/1.2; +https://openai.com/gptbot)"
20.171.207.216 - - [13/Sep/2025:15:20:47 +0200] "GET /?fileloc=//proc/750647/cpu_resctrl_groups&path=//proc/750647 HTTP/1.1" 200 12339 "-" "Mozilla/5.0 AppleWebKit/537.36 (KHTML, like Gecko; compatible; GPTBot/1.2; +https://openai.com/gptbot)"
20.171.207.216 - - [13/Sep/2025:15:20:49 +0200] "GET /?fileloc=//proc/681362/cpu_resctrl_groups&path=//proc/681362 HTTP/1.1" 200 12339 "-" "Mozilla/5.0 AppleWebKit/537.36 (KHTML, like Gecko; compatible; GPTBot/1.2; +https://openai.com/gptbot)"
20.171.207.216 - - [13/Sep/2025:15:20:53 +0200] "GET /?fileloc=//proc/750603/cpu_resctrl_groups&path=//proc/750603 HTTP/1.1" 200 12339 "-" "Mozilla/5.0 AppleWebKit/537.36 (KHTML, like Gecko; compatible; GPTBot/1.2; +https://openai.com/gptbot)"
20.171.207.216 - - [13/Sep/2025:15:20:56 +0200] "GET /?fileloc=//proc/681599/cpu_resctrl_groups&path=//proc/681599 HTTP/1.1" 200 12339 "-" "Mozilla/5.0 AppleWebKit/537.36 (KHTML, like Gecko; compatible; GPTBot/1.2; +https://openai.com/gptbot)"
20.171.207.216 - - [13/Sep/2025:15:20:59 +0200] "GET /?fileloc=//proc/680857/cpu_resctrl_groups&path=//proc/680857 HTTP/1.1" 200 12339 "-" "Mozilla/5.0 AppleWebKit/537.36 (KHTML, like Gecko; compatible; GPTBot/1.2; +https://openai.com/gptbot)"
95.108.213.236 - - [13/Sep/2025:15:21:01 +0200] "GET /aphetize/v1141987225/ HTTP/1.1" 404 - "-" "Mozilla/5.0 (compatible; YandexBot/3.0; +http://yandex.com/bots)"
