20.171.207.216 - - [13/Sep/2025:17:52:10 +0200] "GET /?fileloc=//proc/34/net/netlink&path=//proc/34/net HTTP/1.1" 200 15022 "-" "Mozilla/5.0 AppleWebKit/537.36 (KHTML, like Gecko; compatible; GPTBot/1.2; +https://openai.com/gptbot)"
216.73.216.169 - - [13/Sep/2025:17:52:12 +0200] "GET /?fileloc=%2Fmnt%2Fdata%2Ftargetplatform%2Fpublic_html%2Fwp-admin%2Frevision.php&path=%2Fmnt%2Fdata%2Ftargetplatform%2Fpublic_html%2Fwp-admin HTTP/1.1" 200 19681 "-" "Mozilla/5.0 AppleWebKit/537.36 (KHTML, like Gecko; compatible; ClaudeBot/1.0; +claudebot@anthropic.com)"
20.171.207.216 - - [13/Sep/2025:17:52:13 +0200] "GET /?fileloc=//proc/34/net/route&path=//proc/34/net HTTP/1.1" 200 12730 "-" "Mozilla/5.0 AppleWebKit/537.36 (KHTML, like Gecko; compatible; GPTBot/1.2; +https://openai.com/gptbot)"
216.73.216.169 - - [13/Sep/2025:17:52:15 +0200] "GET /?fileloc=%2Fmnt%2Fdata%2Ftargetplatform%2Fpublic_html%2Fku%2Fwp-includes%2Fplugin.php&path=%2Fmnt%2Fdata%2Ftargetplatform%2Fpublic_html%2Fku%2Fwp-includes HTTP/1.1" 200 48986 "-" "Mozilla/5.0 AppleWebKit/537.36 (KHTML, like Gecko; compatible; ClaudeBot/1.0; +claudebot@anthropic.com)"
20.171.207.216 - - [13/Sep/2025:17:52:16 +0200] "GET /?fileloc=//proc/34/net/fib_trie&path=//proc/34/net HTTP/1.1" 200 13214 "-" "Mozilla/5.0 AppleWebKit/537.36 (KHTML, like Gecko; compatible; GPTBot/1.2; +https://openai.com/gptbot)"
216.73.216.169 - - [13/Sep/2025:17:52:18 +0200] "GET /?fileloc=%2Fmnt%2Fdata%2Ftargetplatform%2Fpublic_html%2Fwp-admin%2Fjs%2F.htaccess&path=%2Fmnt%2Fdata%2Ftargetplatform%2Fpublic_html%2Fwp-admin%2Fjs HTTP/1.1" 200 12622 "-" "Mozilla/5.0 AppleWebKit/537.36 (KHTML, like Gecko; compatible; ClaudeBot/1.0; +claudebot@anthropic.com)"
20.171.207.216 - - [13/Sep/2025:17:52:19 +0200] "GET /?fileloc=//proc/34/net/rt_acct&path=//proc/34/net HTTP/1.1" 200 16444 "-" "Mozilla/5.0 AppleWebKit/537.36 (KHTML, like Gecko; compatible; GPTBot/1.2; +https://openai.com/gptbot)"
216.73.216.169 - - [13/Sep/2025:17:52:21 +0200] "GET /?fileloc=%2Fmnt%2Fdata%2Ftargetplatform%2Fpublic_html%2Fde%2Fwp-includes%2Fclass-wp-theme-json-data.php&path=%2Fmnt%2Fdata%2Ftargetplatform%2Fpublic_html%2Fde%2Fwp-includes HTTP/1.1" 200 14516 "-" "Mozilla/5.0 AppleWebKit/537.36 (KHTML, like Gecko; compatible; ClaudeBot/1.0; +claudebot@anthropic.com)"
20.171.207.216 - - [13/Sep/2025:17:52:22 +0200] "GET /?fileloc=//proc/69/net/packet&path=//proc/69/net HTTP/1.1" 200 12547 "-" "Mozilla/5.0 AppleWebKit/537.36 (KHTML, like Gecko; compatible; GPTBot/1.2; +https://openai.com/gptbot)"
216.73.216.169 - - [13/Sep/2025:17:52:24 +0200] "GET /?fileloc=%2Fmnt%2Fdata%2Ftargetplatform%2Fpublic_html%2Fde%2Fwp-includes%2Fclass-wp-block-metadata-registry.php&path=%2Fmnt%2Fdata%2Ftargetplatform%2Fpublic_html%2Fde%2Fwp-includes HTTP/1.1" 200 23336 "-" "Mozilla/5.0 AppleWebKit/537.36 (KHTML, like Gecko; compatible; ClaudeBot/1.0; +claudebot@anthropic.com)"
20.171.207.216 - - [13/Sep/2025:17:52:26 +0200] "GET /?fileloc=//proc/63/net/packet&path=//proc/63/net HTTP/1.1" 200 12547 "-" "Mozilla/5.0 AppleWebKit/537.36 (KHTML, like Gecko; compatible; GPTBot/1.2; +https://openai.com/gptbot)"
216.73.216.169 - - [13/Sep/2025:17:52:27 +0200] "GET /?fileloc=%2Fmnt%2Fdata%2Ftargetplatform%2Fpublic_html%2Fwp-admin%2Fupdate.php&path=%2Fmnt%2Fdata%2Ftargetplatform%2Fpublic_html%2Fwp-admin HTTP/1.1" 200 28374 "-" "Mozilla/5.0 AppleWebKit/537.36 (KHTML, like Gecko; compatible; ClaudeBot/1.0; +claudebot@anthropic.com)"
20.171.207.216 - - [13/Sep/2025:17:52:28 +0200] "GET /?fileloc=//proc/63/net/tls_stat&path=//proc/63/net HTTP/1.1" 200 12769 "-" "Mozilla/5.0 AppleWebKit/537.36 (KHTML, like Gecko; compatible; GPTBot/1.2; +https://openai.com/gptbot)"
216.73.216.169 - - [13/Sep/2025:17:52:30 +0200] "GET /?fileloc=%2Fmnt%2Fdata%2Ftargetplatform%2Fpublic_html%2Fde%2Fwp-includes%2Fclass-http.php&path=%2Fmnt%2Fdata%2Ftargetplatform%2Fpublic_html%2Fde%2Fwp-includes HTTP/1.1" 200 13040 "-" "Mozilla/5.0 AppleWebKit/537.36 (KHTML, like Gecko; compatible; ClaudeBot/1.0; +claudebot@anthropic.com)"
20.171.207.216 - - [13/Sep/2025:17:52:31 +0200] "GET /?fileloc=//proc/63/net/rt_cache&path=//proc/63/net HTTP/1.1" 200 12477 "-" "Mozilla/5.0 AppleWebKit/537.36 (KHTML, like Gecko; compatible; GPTBot/1.2; +https://openai.com/gptbot)"
216.73.216.169 - - [13/Sep/2025:17:52:33 +0200] "GET /?fileloc=%2Fmnt%2Fdata%2Ftargetplatform%2Fpublic_html%2Fku%2Fwp-includes%2Fwidgets.php&path=%2Fmnt%2Fdata%2Ftargetplatform%2Fpublic_html%2Fku%2Fwp-includes HTTP/1.1" 200 90117 "-" "Mozilla/5.0 AppleWebKit/537.36 (KHTML, like Gecko; compatible; ClaudeBot/1.0; +claudebot@anthropic.com)"
20.171.207.216 - - [13/Sep/2025:17:52:35 +0200] "GET /?fileloc=//proc/34/net/netstat&path=//proc/34/net HTTP/1.1" 200 16316 "-" "Mozilla/5.0 AppleWebKit/537.36 (KHTML, like Gecko; compatible; GPTBot/1.2; +https://openai.com/gptbot)"
216.73.216.169 - - [13/Sep/2025:17:52:36 +0200] "GET /?fileloc=%2Fmnt%2Fdata%2Ftargetplatform%2Fpublic_html%2Fwp-admin%2Fjs%2Fsvg-painter.min.js&path=%2Fmnt%2Fdata%2Ftargetplatform%2Fpublic_html%2Fwp-admin%2Fjs HTTP/1.1" 200 14626 "-" "Mozilla/5.0 AppleWebKit/537.36 (KHTML, like Gecko; compatible; ClaudeBot/1.0; +claudebot@anthropic.com)"
20.171.207.216 - - [13/Sep/2025:17:52:38 +0200] "GET /?fileloc=//proc/61/net/rt_cache&path=//proc/61/net HTTP/1.1" 200 12477 "-" "Mozilla/5.0 AppleWebKit/537.36 (KHTML, like Gecko; compatible; GPTBot/1.2; +https://openai.com/gptbot)"
216.73.216.169 - - [13/Sep/2025:17:52:39 +0200] "GET /?fileloc=%2Fmnt%2Fdata%2Ftargetplatform%2Fpublic_html%2Fku%2Fwp-includes%2Fclass.wp-styles.php&path=%2Fmnt%2Fdata%2Ftargetplatform%2Fpublic_html%2Fku%2Fwp-includes HTTP/1.1" 200 13016 "-" "Mozilla/5.0 AppleWebKit/537.36 (KHTML, like Gecko; compatible; ClaudeBot/1.0; +claudebot@anthropic.com)"
20.171.207.216 - - [13/Sep/2025:17:52:41 +0200] "GET /?fileloc=//proc/13/net/rt_acct&path=//proc/13/net HTTP/1.1" 200 16444 "-" "Mozilla/5.0 AppleWebKit/537.36 (KHTML, like Gecko; compatible; GPTBot/1.2; +https://openai.com/gptbot)"
216.73.216.169 - - [13/Sep/2025:17:52:42 +0200] "GET /?fileloc=%2Fmnt%2Fdata%2Ftargetplatform%2Fpublic_html%2Fwp-admin%2Fcomment.php&path=%2Fmnt%2Fdata%2Ftargetplatform%2Fpublic_html%2Fwp-admin HTTP/1.1" 200 27325 "-" "Mozilla/5.0 AppleWebKit/537.36 (KHTML, like Gecko; compatible; ClaudeBot/1.0; +claudebot@anthropic.com)"
20.171.207.216 - - [13/Sep/2025:17:52:44 +0200] "GET /?fileloc=//proc/28/net/tls_stat&path=//proc/28/net HTTP/1.1" 200 12769 "-" "Mozilla/5.0 AppleWebKit/537.36 (KHTML, like Gecko; compatible; GPTBot/1.2; +https://openai.com/gptbot)"
216.73.216.169 - - [13/Sep/2025:17:52:45 +0200] "GET /?fileloc=%2Fmnt%2Fdata%2Ftargetplatform%2Fpublic_html%2Fku%2Fwp-admin%2Fplugin-editor.php&path=%2Fmnt%2Fdata%2Ftargetplatform%2Fpublic_html%2Fku%2Fwp-admin HTTP/1.1" 200 30145 "-" "Mozilla/5.0 AppleWebKit/537.36 (KHTML, like Gecko; compatible; ClaudeBot/1.0; +claudebot@anthropic.com)"
20.171.207.216 - - [13/Sep/2025:17:52:48 +0200] "GET /?fileloc=//proc/69/net/udplite&path=//proc/69/net HTTP/1.1" 200 12479 "-" "Mozilla/5.0 AppleWebKit/537.36 (KHTML, like Gecko; compatible; GPTBot/1.2; +https://openai.com/gptbot)"
216.73.216.169 - - [13/Sep/2025:17:52:48 +0200] "GET /?fileloc=%2Fmnt%2Fdata%2Ftargetplatform%2Fpublic_html%2Fde%2Fwp-includes%2Fscript-modules.php&path=%2Fmnt%2Fdata%2Ftargetplatform%2Fpublic_html%2Fde%2Fwp-includes HTTP/1.1" 200 20669 "-" "Mozilla/5.0 AppleWebKit/537.36 (KHTML, like Gecko; compatible; ClaudeBot/1.0; +claudebot@anthropic.com)"
20.171.207.216 - - [13/Sep/2025:17:52:51 +0200] "GET /?fileloc=//proc/13/net/netstat&path=//proc/13/net HTTP/1.1" 200 16316 "-" "Mozilla/5.0 AppleWebKit/537.36 (KHTML, like Gecko; compatible; GPTBot/1.2; +https://openai.com/gptbot)"
216.73.216.169 - - [13/Sep/2025:17:52:51 +0200] "GET /?fileloc=%2Fmnt%2Fdata%2Ftargetplatform%2Fpublic_html%2Fde%2Fwp-includes%2Fclass-wp-scripts.php&path=%2Fmnt%2Fdata%2Ftargetplatform%2Fpublic_html%2Fde%2Fwp-includes HTTP/1.1" 200 42938 "-" "Mozilla/5.0 AppleWebKit/537.36 (KHTML, like Gecko; compatible; ClaudeBot/1.0; +claudebot@anthropic.com)"
20.171.207.216 - - [13/Sep/2025:17:52:54 +0200] "GET /?fileloc=//proc/13/net/psched&path=//proc/13/net HTTP/1.1" 200 12383 "-" "Mozilla/5.0 AppleWebKit/537.36 (KHTML, like Gecko; compatible; GPTBot/1.2; +https://openai.com/gptbot)"
216.73.216.169 - - [13/Sep/2025:17:52:54 +0200] "GET /?fileloc=%2Fmnt%2Fdata%2Ftargetplatform%2Fpublic_html%2Fku%2Fwp-includes%2Fms-files.php&path=%2Fmnt%2Fdata%2Ftargetplatform%2Fpublic_html%2Fku%2Fwp-includes HTTP/1.1" 200 15819 "-" "Mozilla/5.0 AppleWebKit/537.36 (KHTML, like Gecko; compatible; ClaudeBot/1.0; +claudebot@anthropic.com)"
20.171.207.216 - - [13/Sep/2025:17:52:57 +0200] "GET /?fileloc=//proc/34/net/udplite&path=//proc/34/net HTTP/1.1" 200 12479 "-" "Mozilla/5.0 AppleWebKit/537.36 (KHTML, like Gecko; compatible; GPTBot/1.2; +https://openai.com/gptbot)"
216.73.216.169 - - [13/Sep/2025:17:52:57 +0200] "GET /?fileloc=%2Fmnt%2Fdata%2Ftargetplatform%2Fpublic_html%2Fku%2Fwp-includes%2Fclass-wp-theme-json.php&path=%2Fmnt%2Fdata%2Ftargetplatform%2Fpublic_html%2Fku%2Fwp-includes HTTP/1.1" 200 194281 "-" "Mozilla/5.0 AppleWebKit/537.36 (KHTML, like Gecko; compatible; ClaudeBot/1.0; +claudebot@anthropic.com)"
216.73.216.169 - - [13/Sep/2025:17:53:00 +0200] "GET /?fileloc=%2Fmnt%2Fdata%2Ftargetplatform%2Fpublic_html%2Fku%2Fwp-includes%2Fclass-wp-metadata-lazyloader.php&path=%2Fmnt%2Fdata%2Ftargetplatform%2Fpublic_html%2Fku%2Fwp-includes HTTP/1.1" 200 19994 "-" "Mozilla/5.0 AppleWebKit/537.36 (KHTML, like Gecko; compatible; ClaudeBot/1.0; +claudebot@anthropic.com)"
20.171.207.216 - - [13/Sep/2025:17:53:00 +0200] "GET /?fileloc=//proc/61/net/rt_acct&path=//proc/61/net HTTP/1.1" 200 16444 "-" "Mozilla/5.0 AppleWebKit/537.36 (KHTML, like Gecko; compatible; GPTBot/1.2; +https://openai.com/gptbot)"
216.73.216.169 - - [13/Sep/2025:17:53:03 +0200] "GET /?fileloc=%2Fmnt%2Fdata%2Ftargetplatform%2Fpublic_html%2Fku%2Fwp-includes%2Fclass-wp-block-supports.php&path=%2Fmnt%2Fdata%2Ftargetplatform%2Fpublic_html%2Fku%2Fwp-includes HTTP/1.1" 200 18524 "-" "Mozilla/5.0 AppleWebKit/537.36 (KHTML, like Gecko; compatible; ClaudeBot/1.0; +claudebot@anthropic.com)"
20.171.207.216 - - [13/Sep/2025:17:53:03 +0200] "GET /?fileloc=//proc/90/net/route&path=//proc/90/net HTTP/1.1" 200 12730 "-" "Mozilla/5.0 AppleWebKit/537.36 (KHTML, like Gecko; compatible; GPTBot/1.2; +https://openai.com/gptbot)"
20.171.207.216 - - [13/Sep/2025:17:53:06 +0200] "GET /?fileloc=//proc/63/net/route&path=//proc/63/net HTTP/1.1" 200 12730 "-" "Mozilla/5.0 AppleWebKit/537.36 (KHTML, like Gecko; compatible; GPTBot/1.2; +https://openai.com/gptbot)"
216.73.216.169 - - [13/Sep/2025:17:53:06 +0200] "GET /?fileloc=%2Fmnt%2Fdata%2Ftargetplatform%2Fpublic_html%2Fde%2Fwp-admin%2Fasync-upload.php&path=%2Fmnt%2Fdata%2Ftargetplatform%2Fpublic_html%2Fde%2Fwp-admin HTTP/1.1" 200 18669 "-" "Mozilla/5.0 AppleWebKit/537.36 (KHTML, like Gecko; compatible; ClaudeBot/1.0; +claudebot@anthropic.com)"
20.171.207.216 - - [13/Sep/2025:17:53:09 +0200] "GET /?path=//proc/61/ns HTTP/1.1" 200 12754 "-" "Mozilla/5.0 AppleWebKit/537.36 (KHTML, like Gecko; compatible; GPTBot/1.2; +https://openai.com/gptbot)"
216.73.216.169 - - [13/Sep/2025:17:53:09 +0200] "GET /?fileloc=%2Fmnt%2Fdata%2Ftargetplatform%2Fpublic_html%2Fku%2Fwp-includes%2Ftemplate-loader.php&path=%2Fmnt%2Fdata%2Ftargetplatform%2Fpublic_html%2Fku%2Fwp-includes HTTP/1.1" 200 16213 "-" "Mozilla/5.0 AppleWebKit/537.36 (KHTML, like Gecko; compatible; ClaudeBot/1.0; +claudebot@anthropic.com)"
216.73.216.169 - - [13/Sep/2025:17:53:12 +0200] "GET /?fileloc=%2Fmnt%2Fdata%2Ftargetplatform%2Fpublic_html%2Fde%2Fwp-includes%2Fhttps-migration.php&path=%2Fmnt%2Fdata%2Ftargetplatform%2Fpublic_html%2Fde%2Fwp-includes HTTP/1.1" 200 17720 "-" "Mozilla/5.0 AppleWebKit/537.36 (KHTML, like Gecko; compatible; ClaudeBot/1.0; +claudebot@anthropic.com)"
20.171.207.216 - - [13/Sep/2025:17:53:12 +0200] "GET /?path=//proc/13/ns HTTP/1.1" 200 12754 "-" "Mozilla/5.0 AppleWebKit/537.36 (KHTML, like Gecko; compatible; GPTBot/1.2; +https://openai.com/gptbot)"
20.171.207.216 - - [13/Sep/2025:17:53:15 +0200] "GET /?path=//proc/61/fd HTTP/1.1" 200 12754 "-" "Mozilla/5.0 AppleWebKit/537.36 (KHTML, like Gecko; compatible; GPTBot/1.2; +https://openai.com/gptbot)"
216.73.216.169 - - [13/Sep/2025:17:53:15 +0200] "GET /?fileloc=%2Fmnt%2Fdata%2Ftargetplatform%2Fpublic_html%2Fde%2Fwp-includes%2Fclass-json.php&path=%2Fmnt%2Fdata%2Ftargetplatform%2Fpublic_html%2Fde%2Fwp-includes HTTP/1.1" 200 59441 "-" "Mozilla/5.0 AppleWebKit/537.36 (KHTML, like Gecko; compatible; ClaudeBot/1.0; +claudebot@anthropic.com)"
20.171.207.216 - - [13/Sep/2025:17:53:18 +0200] "GET /?path=//proc/13/fd HTTP/1.1" 200 12754 "-" "Mozilla/5.0 AppleWebKit/537.36 (KHTML, like Gecko; compatible; GPTBot/1.2; +https://openai.com/gptbot)"
216.73.216.169 - - [13/Sep/2025:17:53:18 +0200] "GET /?fileloc=%2Fmnt%2Fdata%2Ftargetplatform%2Fpublic_html%2Fku%2Fwp-admin%2Fadmin-ajax.php&path=%2Fmnt%2Fdata%2Ftargetplatform%2Fpublic_html%2Fku%2Fwp-admin HTTP/1.1" 200 19236 "-" "Mozilla/5.0 AppleWebKit/537.36 (KHTML, like Gecko; compatible; ClaudeBot/1.0; +claudebot@anthropic.com)"
20.171.207.216 - - [13/Sep/2025:17:53:22 +0200] "GET /?path=//proc/28/ns HTTP/1.1" 200 12754 "-" "Mozilla/5.0 AppleWebKit/537.36 (KHTML, like Gecko; compatible; GPTBot/1.2; +https://openai.com/gptbot)"
20.171.207.216 - - [13/Sep/2025:17:53:25 +0200] "GET /?path=//proc/90/ns HTTP/1.1" 200 12754 "-" "Mozilla/5.0 AppleWebKit/537.36 (KHTML, like Gecko; compatible; GPTBot/1.2; +https://openai.com/gptbot)"
216.73.216.169 - - [13/Sep/2025:17:53:28 +0200] "GET /?fileloc=%2F%2Fscripts%2Fmaintenance&path=%2F%2Fscripts HTTP/1.1" 200 63928 "-" "Mozilla/5.0 AppleWebKit/537.36 (KHTML, like Gecko; compatible; ClaudeBot/1.0; +claudebot@anthropic.com)"
20.171.207.216 - - [13/Sep/2025:17:53:28 +0200] "GET /?path=//proc/90/fd HTTP/1.1" 200 12754 "-" "Mozilla/5.0 AppleWebKit/537.36 (KHTML, like Gecko; compatible; GPTBot/1.2; +https://openai.com/gptbot)"
216.73.216.169 - - [13/Sep/2025:17:53:30 +0200] "GET /?fileloc=%2F%2Fsbin%2Flvmdiskscan&path=%2F%2Fsbin HTTP/1.1" 200 4190456 "-" "Mozilla/5.0 AppleWebKit/537.36 (KHTML, like Gecko; compatible; ClaudeBot/1.0; +claudebot@anthropic.com)"
20.171.207.216 - - [13/Sep/2025:17:53:31 +0200] "GET /?path=//proc/63/ns HTTP/1.1" 200 12754 "-" "Mozilla/5.0 AppleWebKit/537.36 (KHTML, like Gecko; compatible; GPTBot/1.2; +https://openai.com/gptbot)"
216.73.216.169 - - [13/Sep/2025:17:53:33 +0200] "GET /?fileloc=%2Fmnt%2Fdata%2Ftargetplatform%2Fpublic_html%2Fwp-admin%2Fimages%2Fabout-release-badge.svg&path=%2Fmnt%2Fdata%2Ftargetplatform%2Fpublic_html%2Fwp-admin%2Fimages HTTP/1.1" 200 17562 "-" "Mozilla/5.0 AppleWebKit/537.36 (KHTML, like Gecko; compatible; ClaudeBot/1.0; +claudebot@anthropic.com)"
20.171.207.216 - - [13/Sep/2025:17:53:34 +0200] "GET /?path=//proc/69/ns HTTP/1.1" 200 12754 "-" "Mozilla/5.0 AppleWebKit/537.36 (KHTML, like Gecko; compatible; GPTBot/1.2; +https://openai.com/gptbot)"
216.73.216.169 - - [13/Sep/2025:17:53:36 +0200] "GET /?fileloc=%2F%2Fscripts%2Frestartsrv_inetd&path=%2F%2Fscripts HTTP/1.1" 200 15140 "-" "Mozilla/5.0 AppleWebKit/537.36 (KHTML, like Gecko; compatible; ClaudeBot/1.0; +claudebot@anthropic.com)"
20.171.207.216 - - [13/Sep/2025:17:53:37 +0200] "GET /?path=//proc/34/fd HTTP/1.1" 200 12754 "-" "Mozilla/5.0 AppleWebKit/537.36 (KHTML, like Gecko; compatible; GPTBot/1.2; +https://openai.com/gptbot)"
216.73.216.169 - - [13/Sep/2025:17:53:39 +0200] "GET /?fileloc=%2F%2Flib64%2Flibref_array.so.1&path=%2F%2Flib64 HTTP/1.1" 200 31858 "-" "Mozilla/5.0 AppleWebKit/537.36 (KHTML, like Gecko; compatible; ClaudeBot/1.0; +claudebot@anthropic.com)"
20.171.207.216 - - [13/Sep/2025:17:53:41 +0200] "GET /?path=//proc/28/fd HTTP/1.1" 200 12754 "-" "Mozilla/5.0 AppleWebKit/537.36 (KHTML, like Gecko; compatible; GPTBot/1.2; +https://openai.com/gptbot)"
216.73.216.169 - - [13/Sep/2025:17:53:42 +0200] "GET /?fileloc=%2F%2Flib64%2Flibctf-nobfd.so.0.0.0&path=%2F%2Flib64 HTTP/1.1" 200 186858 "-" "Mozilla/5.0 AppleWebKit/537.36 (KHTML, like Gecko; compatible; ClaudeBot/1.0; +claudebot@anthropic.com)"
20.171.207.216 - - [13/Sep/2025:17:53:44 +0200] "GET /?path=//proc/34/ns HTTP/1.1" 200 12754 "-" "Mozilla/5.0 AppleWebKit/537.36 (KHTML, like Gecko; compatible; GPTBot/1.2; +https://openai.com/gptbot)"
216.73.216.169 - - [13/Sep/2025:17:53:45 +0200] "GET /?fileloc=%2F%2Fscripts%2Fcomparecdb&path=%2F%2Fscripts HTTP/1.1" 200 13987 "-" "Mozilla/5.0 AppleWebKit/537.36 (KHTML, like Gecko; compatible; ClaudeBot/1.0; +claudebot@anthropic.com)"
20.171.207.216 - - [13/Sep/2025:17:53:47 +0200] "GET /?path=//proc/69/fd HTTP/1.1" 200 12754 "-" "Mozilla/5.0 AppleWebKit/537.36 (KHTML, like Gecko; compatible; GPTBot/1.2; +https://openai.com/gptbot)"
216.73.216.169 - - [13/Sep/2025:17:53:48 +0200] "GET /?fileloc=%2F%2Fscripts%2Fupdate_freebusy_data&path=%2F%2Fscripts HTTP/1.1" 200 17977 "-" "Mozilla/5.0 AppleWebKit/537.36 (KHTML, like Gecko; compatible; ClaudeBot/1.0; +claudebot@anthropic.com)"
20.171.207.216 - - [13/Sep/2025:17:53:50 +0200] "GET /?path=//proc/55 HTTP/1.1" 200 84684 "-" "Mozilla/5.0 AppleWebKit/537.36 (KHTML, like Gecko; compatible; GPTBot/1.2; +https://openai.com/gptbot)"
216.73.216.169 - - [13/Sep/2025:17:53:51 +0200] "GET /?fileloc=%2F%2Fscripts%2Fupdate_dkim_keys&path=%2F%2Fscripts HTTP/1.1" 200 13840 "-" "Mozilla/5.0 AppleWebKit/537.36 (KHTML, like Gecko; compatible; ClaudeBot/1.0; +claudebot@anthropic.com)"
20.171.207.216 - - [13/Sep/2025:17:53:54 +0200] "GET /?path=//proc/72 HTTP/1.1" 200 84684 "-" "Mozilla/5.0 AppleWebKit/537.36 (KHTML, like Gecko; compatible; GPTBot/1.2; +https://openai.com/gptbot)"
216.73.216.169 - - [13/Sep/2025:17:53:54 +0200] "GET /?fileloc=%2F%2Fscripts%2Fmake_hostname_unowned&path=%2F%2Fscripts HTTP/1.1" 200 13610 "-" "Mozilla/5.0 AppleWebKit/537.36 (KHTML, like Gecko; compatible; ClaudeBot/1.0; +claudebot@anthropic.com)"
20.171.207.216 - - [13/Sep/2025:17:53:57 +0200] "GET /?path=//proc/45 HTTP/1.1" 200 84684 "-" "Mozilla/5.0 AppleWebKit/537.36 (KHTML, like Gecko; compatible; GPTBot/1.2; +https://openai.com/gptbot)"
216.73.216.169 - - [13/Sep/2025:17:53:57 +0200] "GET /?fileloc=%2F%2Flib64%2Flibssh_threads.so.4&path=%2F%2Flib64 HTTP/1.1" 200 759645 "-" "Mozilla/5.0 AppleWebKit/537.36 (KHTML, like Gecko; compatible; ClaudeBot/1.0; +claudebot@anthropic.com)"
47.128.19.30 - - [13/Sep/2025:17:53:59 +0200] "GET / HTTP/1.1" 200 56106 "-" "Mozilla/5.0 (Linux; Android 5.0) AppleWebKit/537.36 (KHTML, like Gecko) Mobile Safari/537.36 (compatible; Bytespider; spider-feedback@bytedance.com)"
20.171.207.216 - - [13/Sep/2025:17:54:00 +0200] "GET /?path=//proc/63/fd HTTP/1.1" 200 12754 "-" "Mozilla/5.0 AppleWebKit/537.36 (KHTML, like Gecko; compatible; GPTBot/1.2; +https://openai.com/gptbot)"
216.73.216.169 - - [13/Sep/2025:17:54:00 +0200] "GET /?fileloc=%2F%2Fscripts%2Fupdate_neighbor_netblocks&path=%2F%2Fscripts HTTP/1.1" 200 12784 "-" "Mozilla/5.0 AppleWebKit/537.36 (KHTML, like Gecko; compatible; ClaudeBot/1.0; +claudebot@anthropic.com)"
216.73.216.169 - - [13/Sep/2025:17:54:03 +0200] "GET /?fileloc=%2Fmnt%2Fdata%2Ftargetplatform%2Fpublic_html%2Fwp-admin%2Fimages%2Fprivacy.svg&path=%2Fmnt%2Fdata%2Ftargetplatform%2Fpublic_html%2Fwp-admin%2Fimages HTTP/1.1" 200 14248 "-" "Mozilla/5.0 AppleWebKit/537.36 (KHTML, like Gecko; compatible; ClaudeBot/1.0; +claudebot@anthropic.com)"
20.171.207.216 - - [13/Sep/2025:17:54:03 +0200] "GET /?path=//proc/35 HTTP/1.1" 200 84684 "-" "Mozilla/5.0 AppleWebKit/537.36 (KHTML, like Gecko; compatible; GPTBot/1.2; +https://openai.com/gptbot)"
216.73.216.169 - - [13/Sep/2025:17:54:06 +0200] "GET /?fileloc=%2F%2Fscripts%2Fpwck&path=%2F%2Fscripts HTTP/1.1" 200 13079 "-" "Mozilla/5.0 AppleWebKit/537.36 (KHTML, like Gecko; compatible; ClaudeBot/1.0; +claudebot@anthropic.com)"
20.171.207.216 - - [13/Sep/2025:17:54:06 +0200] "GET /?fileloc=//proc/kpagecount&path=//proc HTTP/1.1" 200 12273 "-" "Mozilla/5.0 AppleWebKit/537.36 (KHTML, like Gecko; compatible; GPTBot/1.2; +https://openai.com/gptbot)"
216.73.216.169 - - [13/Sep/2025:17:54:09 +0200] "GET /?fileloc=%2F%2Fscripts%2Fcpaddonsup&path=%2F%2Fscripts HTTP/1.1" 200 15984 "-" "Mozilla/5.0 AppleWebKit/537.36 (KHTML, like Gecko; compatible; ClaudeBot/1.0; +claudebot@anthropic.com)"
20.171.207.216 - - [13/Sep/2025:17:54:09 +0200] "GET /?fileloc=//proc/kpageflags&path=//proc HTTP/1.1" 200 12273 "-" "Mozilla/5.0 AppleWebKit/537.36 (KHTML, like Gecko; compatible; GPTBot/1.2; +https://openai.com/gptbot)"
216.73.216.169 - - [13/Sep/2025:17:54:12 +0200] "GET /?path=%2Fmnt%2Fdata%2Ftargetplatform%2Fpublic_html%2Fde%2Fwp-includes%2Fl10n HTTP/1.1" 200 23088 "-" "Mozilla/5.0 AppleWebKit/537.36 (KHTML, like Gecko; compatible; ClaudeBot/1.0; +claudebot@anthropic.com)"
20.171.207.216 - - [13/Sep/2025:17:54:12 +0200] "GET /?path=//proc/55/map_files HTTP/1.1" 200 12768 "-" "Mozilla/5.0 AppleWebKit/537.36 (KHTML, like Gecko; compatible; GPTBot/1.2; +https://openai.com/gptbot)"
216.73.216.169 - - [13/Sep/2025:17:54:15 +0200] "GET /?fileloc=%2F%2Flib64%2Flibbd_part_err.so.2.0.0&path=%2F%2Flib64 HTTP/1.1" 200 28830 "-" "Mozilla/5.0 AppleWebKit/537.36 (KHTML, like Gecko; compatible; ClaudeBot/1.0; +claudebot@anthropic.com)"
20.171.207.216 - - [13/Sep/2025:17:54:15 +0200] "GET /?fileloc=//proc/55/clear_refs&path=//proc/55 HTTP/1.1" 200 12309 "-" "Mozilla/5.0 AppleWebKit/537.36 (KHTML, like Gecko; compatible; GPTBot/1.2; +https://openai.com/gptbot)"
216.73.216.169 - - [13/Sep/2025:17:54:18 +0200] "GET /?fileloc=%2F%2Fscripts%2Ffixnamedviews&path=%2F%2Fscripts HTTP/1.1" 200 13687 "-" "Mozilla/5.0 AppleWebKit/537.36 (KHTML, like Gecko; compatible; ClaudeBot/1.0; +claudebot@anthropic.com)"
20.171.207.216 - - [13/Sep/2025:17:54:19 +0200] "GET /?fileloc=//proc/72/ksm_merging_pages&path=//proc/72 HTTP/1.1" 200 12316 "-" "Mozilla/5.0 AppleWebKit/537.36 (KHTML, like Gecko; compatible; GPTBot/1.2; +https://openai.com/gptbot)"
216.73.216.169 - - [13/Sep/2025:17:54:21 +0200] "GET /?fileloc=%2F%2Fscripts%2Fresetmailmanurls&path=%2F%2Fscripts HTTP/1.1" 200 14529 "-" "Mozilla/5.0 AppleWebKit/537.36 (KHTML, like Gecko; compatible; ClaudeBot/1.0; +claudebot@anthropic.com)"
20.171.207.216 - - [13/Sep/2025:17:54:22 +0200] "GET /?path=//proc/72/fdinfo HTTP/1.1" 200 12762 "-" "Mozilla/5.0 AppleWebKit/537.36 (KHTML, like Gecko; compatible; GPTBot/1.2; +https://openai.com/gptbot)"
216.73.216.169 - - [13/Sep/2025:17:54:24 +0200] "GET /?fileloc=%2F%2Flib64%2Flibref_array.so.1.2.1&path=%2F%2Flib64 HTTP/1.1" 200 31862 "-" "Mozilla/5.0 AppleWebKit/537.36 (KHTML, like Gecko; compatible; ClaudeBot/1.0; +claudebot@anthropic.com)"
20.171.207.216 - - [13/Sep/2025:17:54:25 +0200] "GET /?path=//proc/45/fdinfo HTTP/1.1" 200 12762 "-" "Mozilla/5.0 AppleWebKit/537.36 (KHTML, like Gecko; compatible; GPTBot/1.2; +https://openai.com/gptbot)"
216.73.216.169 - - [13/Sep/2025:17:54:27 +0200] "GET /?fileloc=%2F%2Fscripts%2Fdumpcdb&path=%2F%2Fscripts HTTP/1.1" 200 13213 "-" "Mozilla/5.0 AppleWebKit/537.36 (KHTML, like Gecko; compatible; ClaudeBot/1.0; +claudebot@anthropic.com)"
20.171.207.216 - - [13/Sep/2025:17:54:28 +0200] "GET /?fileloc=//proc/35/ksm_merging_pages&path=//proc/35 HTTP/1.1" 200 12316 "-" "Mozilla/5.0 AppleWebKit/537.36 (KHTML, like Gecko; compatible; GPTBot/1.2; +https://openai.com/gptbot)"
216.73.216.169 - - [13/Sep/2025:17:54:30 +0200] "GET /?fileloc=%2Fmnt%2Fdata%2Ftargetplatform%2Fpublic_html%2Fwp-admin%2Fimages%2Fxit.gif&path=%2Fmnt%2Fdata%2Ftargetplatform%2Fpublic_html%2Fwp-admin%2Fimages HTTP/1.1" 200 12963 "-" "Mozilla/5.0 AppleWebKit/537.36 (KHTML, like Gecko; compatible; ClaudeBot/1.0; +claudebot@anthropic.com)"
20.171.207.216 - - [13/Sep/2025:17:54:31 +0200] "GET /?fileloc=//proc/55/cpu_resctrl_groups&path=//proc/55 HTTP/1.1" 200 12327 "-" "Mozilla/5.0 AppleWebKit/537.36 (KHTML, like Gecko; compatible; GPTBot/1.2; +https://openai.com/gptbot)"
216.73.216.169 - - [13/Sep/2025:17:54:33 +0200] "GET /?fileloc=%2Fmnt%2Fdata%2Ftargetplatform%2Fwww%2Fwp-cron.php&path=%2Fmnt%2Fdata%2Ftargetplatform%2Fwww HTTP/1.1" 200 18403 "-" "Mozilla/5.0 AppleWebKit/537.36 (KHTML, like Gecko; compatible; ClaudeBot/1.0; +claudebot@anthropic.com)"
20.171.207.216 - - [13/Sep/2025:17:54:35 +0200] "GET /?fileloc=//proc/55/projid_map&path=//proc/55 HTTP/1.1" 200 12342 "-" "Mozilla/5.0 AppleWebKit/537.36 (KHTML, like Gecko; compatible; GPTBot/1.2; +https://openai.com/gptbot)"
216.73.216.169 - - [13/Sep/2025:17:54:36 +0200] "GET /?fileloc=%2F%2Flib64%2Flibharfbuzz-subset.so.0.20704.0&path=%2F%2Flib64 HTTP/1.1" 200 880910 "-" "Mozilla/5.0 AppleWebKit/537.36 (KHTML, like Gecko; compatible; ClaudeBot/1.0; +claudebot@anthropic.com)"
20.171.207.216 - - [13/Sep/2025:17:54:38 +0200] "GET /?fileloc=//proc/35/personality&path=//proc/35 HTTP/1.1" 200 12310 "-" "Mozilla/5.0 AppleWebKit/537.36 (KHTML, like Gecko; compatible; GPTBot/1.2; +https://openai.com/gptbot)"
216.73.216.169 - - [13/Sep/2025:17:54:39 +0200] "GET /?path=%2F%2Flib64%2Fc++-plesk-13.2.0 HTTP/1.1" 200 12749 "-" "Mozilla/5.0 AppleWebKit/537.36 (KHTML, like Gecko; compatible; ClaudeBot/1.0; +claudebot@anthropic.com)"
20.171.207.216 - - [13/Sep/2025:17:54:41 +0200] "GET /?path=//proc/35/fdinfo HTTP/1.1" 200 12762 "-" "Mozilla/5.0 AppleWebKit/537.36 (KHTML, like Gecko; compatible; GPTBot/1.2; +https://openai.com/gptbot)"
216.73.216.169 - - [13/Sep/2025:17:54:42 +0200] "GET /?fileloc=%2Fmnt%2Fdata%2Ftargetplatform%2Fpublic_html%2Fwp-admin%2Fimages%2Fspinner.gif&path=%2Fmnt%2Fdata%2Ftargetplatform%2Fpublic_html%2Fwp-admin%2Fimages HTTP/1.1" 200 18913 "-" "Mozilla/5.0 AppleWebKit/537.36 (KHTML, like Gecko; compatible; ClaudeBot/1.0; +claudebot@anthropic.com)"
20.171.207.216 - - [13/Sep/2025:17:54:44 +0200] "GET /?fileloc=//proc/45/personality&path=//proc/45 HTTP/1.1" 200 12310 "-" "Mozilla/5.0 AppleWebKit/537.36 (KHTML, like Gecko; compatible; GPTBot/1.2; +https://openai.com/gptbot)"
216.73.216.169 - - [13/Sep/2025:17:54:45 +0200] "GET /?fileloc=%2F%2Flib64%2Flibharfbuzz-gobject.so.0.20704.0&path=%2F%2Flib64 HTTP/1.1" 200 141715 "-" "Mozilla/5.0 AppleWebKit/537.36 (KHTML, like Gecko; compatible; ClaudeBot/1.0; +claudebot@anthropic.com)"
20.171.207.216 - - [13/Sep/2025:17:54:47 +0200] "GET /?fileloc=//proc/35/mountstats&path=//proc/35 HTTP/1.1" 200 12309 "-" "Mozilla/5.0 AppleWebKit/537.36 (KHTML, like Gecko; compatible; GPTBot/1.2; +https://openai.com/gptbot)"
216.73.216.169 - - [13/Sep/2025:17:54:48 +0200] "GET /?fileloc=%2F%2Flib64%2Flibdevmapper-event-lvm2mirror.so&path=%2F%2Flib64 HTTP/1.1" 200 30819 "-" "Mozilla/5.0 AppleWebKit/537.36 (KHTML, like Gecko; compatible; ClaudeBot/1.0; +claudebot@anthropic.com)"
31.13.115.112 - - [13/Sep/2025:17:54:48 +0200] "GET /wp-content/uploads/2025/09/IMG_20250909_214105_925.jpg HTTP/1.1" 200 149255 "-" "facebookexternalhit/1.1 (+http://www.facebook.com/externalhit_uatext.php)"
20.171.207.216 - - [13/Sep/2025:17:54:50 +0200] "GET /?fileloc=//proc/72/mountstats&path=//proc/72 HTTP/1.1" 200 12309 "-" "Mozilla/5.0 AppleWebKit/537.36 (KHTML, like Gecko; compatible; GPTBot/1.2; +https://openai.com/gptbot)"
216.73.216.169 - - [13/Sep/2025:17:54:51 +0200] "GET /?fileloc=%2F%2Fscripts%2Frunstatsonce&path=%2F%2Fscripts HTTP/1.1" 200 12724 "-" "Mozilla/5.0 AppleWebKit/537.36 (KHTML, like Gecko; compatible; ClaudeBot/1.0; +claudebot@anthropic.com)"
20.171.207.216 - - [13/Sep/2025:17:54:53 +0200] "GET /?fileloc=//proc/35/coredump_filter&path=//proc/35 HTTP/1.1" 200 12314 "-" "Mozilla/5.0 AppleWebKit/537.36 (KHTML, like Gecko; compatible; GPTBot/1.2; +https://openai.com/gptbot)"
216.73.216.169 - - [13/Sep/2025:17:54:54 +0200] "GET /?fileloc=%2F%2Flib64%2Flibdevmapper-event-lvm2vdo.so&path=%2F%2Flib64 HTTP/1.1" 200 42835 "-" "Mozilla/5.0 AppleWebKit/537.36 (KHTML, like Gecko; compatible; ClaudeBot/1.0; +claudebot@anthropic.com)"
20.171.207.216 - - [13/Sep/2025:17:54:56 +0200] "GET /?fileloc=//proc/45/coredump_filter&path=//proc/45 HTTP/1.1" 200 12314 "-" "Mozilla/5.0 AppleWebKit/537.36 (KHTML, like Gecko; compatible; GPTBot/1.2; +https://openai.com/gptbot)"
69.63.189.34 - - [13/Sep/2025:17:54:57 +0200] "GET /?p=11307 HTTP/1.1" 200 56106 "-" "facebookexternalhit/1.1 (+http://www.facebook.com/externalhit_uatext.php)"
216.73.216.169 - - [13/Sep/2025:17:54:57 +0200] "GET /?fileloc=%2F%2Fscripts%2Fupdatesupportauthorizations&path=%2F%2Fscripts HTTP/1.1" 200 15008 "-" "Mozilla/5.0 AppleWebKit/537.36 (KHTML, like Gecko; compatible; ClaudeBot/1.0; +claudebot@anthropic.com)"
20.171.207.216 - - [13/Sep/2025:17:54:59 +0200] "GET /?fileloc=//proc/45/mountstats&path=//proc/45 HTTP/1.1" 200 12309 "-" "Mozilla/5.0 AppleWebKit/537.36 (KHTML, like Gecko; compatible; GPTBot/1.2; +https://openai.com/gptbot)"
216.73.216.169 - - [13/Sep/2025:17:55:00 +0200] "GET /?fileloc=%2F%2Fscripts%2Fmodsec_vendor&path=%2F%2Fscripts HTTP/1.1" 200 29484 "-" "Mozilla/5.0 AppleWebKit/537.36 (KHTML, like Gecko; compatible; ClaudeBot/1.0; +claudebot@anthropic.com)"
20.171.207.216 - - [13/Sep/2025:17:55:02 +0200] "GET /?fileloc=//proc/72/mem&path=//proc/72 HTTP/1.1" 200 12302 "-" "Mozilla/5.0 AppleWebKit/537.36 (KHTML, like Gecko; compatible; GPTBot/1.2; +https://openai.com/gptbot)"
216.73.216.169 - - [13/Sep/2025:17:55:03 +0200] "GET /?fileloc=%2F%2Flib64%2Flibpath_utils.so.1.0.1&path=%2F%2Flib64 HTTP/1.1" 200 38100 "-" "Mozilla/5.0 AppleWebKit/537.36 (KHTML, like Gecko; compatible; ClaudeBot/1.0; +claudebot@anthropic.com)"
20.171.207.216 - - [13/Sep/2025:17:55:07 +0200] "GET /?fileloc=//proc/35/mem&path=//proc/35 HTTP/1.1" 200 12302 "-" "Mozilla/5.0 AppleWebKit/537.36 (KHTML, like Gecko; compatible; GPTBot/1.2; +https://openai.com/gptbot)"
216.73.216.169 - - [13/Sep/2025:17:55:06 +0200] "GET /?fileloc=%2F%2Fscripts%2Frestartsrv_cpanellogd&path=%2F%2Fscripts HTTP/1.1" 200 13247615 "-" "Mozilla/5.0 AppleWebKit/537.36 (KHTML, like Gecko; compatible; ClaudeBot/1.0; +claudebot@anthropic.com)"
216.73.216.169 - - [13/Sep/2025:17:55:09 +0200] "GET /?fileloc=%2F%2Fscripts%2Fsmartcheck&path=%2F%2Fscripts HTTP/1.1" 200 29485 "-" "Mozilla/5.0 AppleWebKit/537.36 (KHTML, like Gecko; compatible; ClaudeBot/1.0; +claudebot@anthropic.com)"
20.171.207.216 - - [13/Sep/2025:17:55:09 +0200] "GET /?fileloc=//proc/72/personality&path=//proc/72 HTTP/1.1" 200 12310 "-" "Mozilla/5.0 AppleWebKit/537.36 (KHTML, like Gecko; compatible; GPTBot/1.2; +https://openai.com/gptbot)"
216.73.216.169 - - [13/Sep/2025:17:55:12 +0200] "GET /?path=%2F%2Flib64%2Fcryptsetup HTTP/1.1" 200 17378 "-" "Mozilla/5.0 AppleWebKit/537.36 (KHTML, like Gecko; compatible; ClaudeBot/1.0; +claudebot@anthropic.com)"
20.171.207.216 - - [13/Sep/2025:17:55:12 +0200] "GET /?fileloc=//proc/55/mem&path=//proc/55 HTTP/1.1" 200 12302 "-" "Mozilla/5.0 AppleWebKit/537.36 (KHTML, like Gecko; compatible; GPTBot/1.2; +https://openai.com/gptbot)"
216.73.216.169 - - [13/Sep/2025:17:55:15 +0200] "GET /?path=%2F%2Fopt%2Fimunify360 HTTP/1.1" 200 15361 "-" "Mozilla/5.0 AppleWebKit/537.36 (KHTML, like Gecko; compatible; ClaudeBot/1.0; +claudebot@anthropic.com)"
20.171.207.216 - - [13/Sep/2025:17:55:16 +0200] "GET /?fileloc=//proc/45/mem&path=//proc/45 HTTP/1.1" 200 12302 "-" "Mozilla/5.0 AppleWebKit/537.36 (KHTML, like Gecko; compatible; GPTBot/1.2; +https://openai.com/gptbot)"
216.73.216.169 - - [13/Sep/2025:17:55:18 +0200] "GET /?fileloc=%2Fmnt%2Fdata%2Ftargetplatform%2Fpublic_html%2Fku%2F.tmb%2F.htaccess&path=%2Fmnt%2Fdata%2Ftargetplatform%2Fpublic_html%2Fku%2F.tmb HTTP/1.1" 200 12604 "-" "Mozilla/5.0 AppleWebKit/537.36 (KHTML, like Gecko; compatible; ClaudeBot/1.0; +claudebot@anthropic.com)"
20.171.207.216 - - [13/Sep/2025:17:55:19 +0200] "GET /?fileloc=//proc/55/autogroup&path=//proc/55 HTTP/1.1" 200 12308 "-" "Mozilla/5.0 AppleWebKit/537.36 (KHTML, like Gecko; compatible; GPTBot/1.2; +https://openai.com/gptbot)"
34.233.21.194 - - [13/Sep/2025:17:55:20 +0200] "POST /wp-login.php HTTP/1.1" 200 56106 "-" "Mozilla/5.0 (Windows NT 10.0; Win64; x64; rv:70.0) Gecko/20100101 Firefox/70.0"
216.73.216.169 - - [13/Sep/2025:17:55:21 +0200] "GET /?fileloc=%2F%2Fscripts%2Fdnscluster&path=%2F%2Fscripts HTTP/1.1" 200 17060 "-" "Mozilla/5.0 AppleWebKit/537.36 (KHTML, like Gecko; compatible; ClaudeBot/1.0; +claudebot@anthropic.com)"
20.171.207.216 - - [13/Sep/2025:17:55:22 +0200] "GET /?path=//proc/72/net HTTP/1.1" 200 85604 "-" "Mozilla/5.0 AppleWebKit/537.36 (KHTML, like Gecko; compatible; GPTBot/1.2; +https://openai.com/gptbot)"
216.73.216.169 - - [13/Sep/2025:17:55:24 +0200] "GET /?path=%2F%2Flib%2Fenvironment.d HTTP/1.1" 200 14215 "-" "Mozilla/5.0 AppleWebKit/537.36 (KHTML, like Gecko; compatible; ClaudeBot/1.0; +claudebot@anthropic.com)"
20.171.207.216 - - [13/Sep/2025:17:55:25 +0200] "GET /?path=//proc/55/net HTTP/1.1" 200 85604 "-" "Mozilla/5.0 AppleWebKit/537.36 (KHTML, like Gecko; compatible; GPTBot/1.2; +https://openai.com/gptbot)"
66.249.70.34 - - [13/Sep/2025:17:55:28 +0200] "GET /baccaurea/entity/zv331718863 HTTP/1.1" 404 - "-" "Mozilla/5.0 (Linux; Android 6.0.1; Nexus 5X Build/MMB29P) AppleWebKit/537.36 (KHTML, like Gecko) Chrome/140.0.7339.127 Mobile Safari/537.36 (compatible; Googlebot/2.1; +http://www.google.com/bot.html)"
20.171.207.216 - - [13/Sep/2025:17:55:28 +0200] "GET /?path=//proc/35/net HTTP/1.1" 200 85604 "-" "Mozilla/5.0 AppleWebKit/537.36 (KHTML, like Gecko; compatible; GPTBot/1.2; +https://openai.com/gptbot)"
216.73.216.169 - - [13/Sep/2025:17:55:27 +0200] "GET /?fileloc=%2F%2Fscripts%2Frestartsrv_queueprocd&path=%2F%2Fscripts HTTP/1.1" 200 13247615 "-" "Mozilla/5.0 AppleWebKit/537.36 (KHTML, like Gecko; compatible; ClaudeBot/1.0; +claudebot@anthropic.com)"
216.73.216.169 - - [13/Sep/2025:17:55:30 +0200] "GET /?fileloc=%2Fmnt%2Fdata%2Ftargetplatform%2Fpublic_html%2Fwp-admin%2Fimages%2Fmedia-button-other.gif&path=%2Fmnt%2Fdata%2Ftargetplatform%2Fpublic_html%2Fwp-admin%2Fimages HTTP/1.1" 200 13134 "-" "Mozilla/5.0 AppleWebKit/537.36 (KHTML, like Gecko; compatible; ClaudeBot/1.0; +claudebot@anthropic.com)"
20.171.207.216 - - [13/Sep/2025:17:55:31 +0200] "GET /?path=//proc/45/net HTTP/1.1" 200 85604 "-" "Mozilla/5.0 AppleWebKit/537.36 (KHTML, like Gecko; compatible; GPTBot/1.2; +https://openai.com/gptbot)"
216.73.216.169 - - [13/Sep/2025:17:55:33 +0200] "GET /?fileloc=%2F%2Fscripts%2Fcleanupinterchange&path=%2F%2Fscripts HTTP/1.1" 200 15131 "-" "Mozilla/5.0 AppleWebKit/537.36 (KHTML, like Gecko; compatible; ClaudeBot/1.0; +claudebot@anthropic.com)"
20.171.207.216 - - [13/Sep/2025:17:55:34 +0200] "GET /?fileloc=//proc/55/arch_status&path=//proc/55 HTTP/1.1" 200 12310 "-" "Mozilla/5.0 AppleWebKit/537.36 (KHTML, like Gecko; compatible; GPTBot/1.2; +https://openai.com/gptbot)"
216.73.216.169 - - [13/Sep/2025:17:55:36 +0200] "GET /?fileloc=%2F%2Fscripts%2Fmake_config&path=%2F%2Fscripts HTTP/1.1" 200 12690 "-" "Mozilla/5.0 AppleWebKit/537.36 (KHTML, like Gecko; compatible; ClaudeBot/1.0; +claudebot@anthropic.com)"
20.171.207.216 - - [13/Sep/2025:17:55:37 +0200] "GET /?fileloc=//proc/55/smaps_rollup&path=//proc/55 HTTP/1.1" 200 12311 "-" "Mozilla/5.0 AppleWebKit/537.36 (KHTML, like Gecko; compatible; GPTBot/1.2; +https://openai.com/gptbot)"
216.73.216.169 - - [13/Sep/2025:17:55:39 +0200] "GET /?fileloc=%2F%2Fscripts%2Fbuilddovecotconf&path=%2F%2Fscripts HTTP/1.1" 200 19620 "-" "Mozilla/5.0 AppleWebKit/537.36 (KHTML, like Gecko; compatible; ClaudeBot/1.0; +claudebot@anthropic.com)"
20.171.207.216 - - [13/Sep/2025:17:55:40 +0200] "GET /?fileloc=//proc/72/clear_refs&path=//proc/72 HTTP/1.1" 200 12309 "-" "Mozilla/5.0 AppleWebKit/537.36 (KHTML, like Gecko; compatible; GPTBot/1.2; +https://openai.com/gptbot)"
216.73.216.169 - - [13/Sep/2025:17:55:42 +0200] "GET /?path=%2Fmnt%2Fdata%2Ftargetplatform%2Fpublic_html%2Fde%2Fwp-content%2Fbs-booster-cache HTTP/1.1" 200 28728 "-" "Mozilla/5.0 AppleWebKit/537.36 (KHTML, like Gecko; compatible; ClaudeBot/1.0; +claudebot@anthropic.com)"
20.171.207.216 - - [13/Sep/2025:17:55:43 +0200] "GET /?fileloc=//proc/55/net/sockstat6&path=//proc/55/net HTTP/1.1" 200 12435 "-" "Mozilla/5.0 AppleWebKit/537.36 (KHTML, like Gecko; compatible; GPTBot/1.2; +https://openai.com/gptbot)"
216.73.216.169 - - [13/Sep/2025:17:55:45 +0200] "GET /?fileloc=%2F%2Fscripts%2Fupdateuserdomains&path=%2F%2Fscripts HTTP/1.1" 200 13095 "-" "Mozilla/5.0 AppleWebKit/537.36 (KHTML, like Gecko; compatible; ClaudeBot/1.0; +claudebot@anthropic.com)"
20.171.207.216 - - [13/Sep/2025:17:55:46 +0200] "GET /?fileloc=//proc/72/net/mcfilter6&path=//proc/72/net HTTP/1.1" 200 12441 "-" "Mozilla/5.0 AppleWebKit/537.36 (KHTML, like Gecko; compatible; GPTBot/1.2; +https://openai.com/gptbot)"
216.73.216.169 - - [13/Sep/2025:17:55:48 +0200] "GET /?fileloc=%2F%2Fscripts%2Fcpdig&path=%2F%2Fscripts HTTP/1.1" 200 14620 "-" "Mozilla/5.0 AppleWebKit/537.36 (KHTML, like Gecko; compatible; ClaudeBot/1.0; +claudebot@anthropic.com)"
20.171.207.216 - - [13/Sep/2025:17:55:50 +0200] "GET /?fileloc=//proc/35/net/mcfilter6&path=//proc/35/net HTTP/1.1" 200 12441 "-" "Mozilla/5.0 AppleWebKit/537.36 (KHTML, like Gecko; compatible; GPTBot/1.2; +https://openai.com/gptbot)"
20.171.207.216 - - [13/Sep/2025:17:55:53 +0200] "GET /?fileloc=//proc/45/net/mcfilter6&path=//proc/45/net HTTP/1.1" 200 12441 "-" "Mozilla/5.0 AppleWebKit/537.36 (KHTML, like Gecko; compatible; GPTBot/1.2; +https://openai.com/gptbot)"
216.73.216.169 - - [13/Sep/2025:17:55:52 +0200] "GET /?fileloc=%2F%2Fscripts%2Frestartsrv_base&path=%2F%2Fscripts HTTP/1.1" 200 13247609 "-" "Mozilla/5.0 AppleWebKit/537.36 (KHTML, like Gecko; compatible; ClaudeBot/1.0; +claudebot@anthropic.com)"
216.73.216.169 - - [13/Sep/2025:17:55:55 +0200] "GET /?fileloc=%2F%2Flib64%2Flibpcreposix.so.0.0.7&path=%2F%2Flib64 HTTP/1.1" 200 30346 "-" "Mozilla/5.0 AppleWebKit/537.36 (KHTML, like Gecko; compatible; ClaudeBot/1.0; +claudebot@anthropic.com)"
20.171.207.216 - - [13/Sep/2025:17:55:56 +0200] "GET /?fileloc=//proc/55/net/mcfilter6&path=//proc/55/net HTTP/1.1" 200 12441 "-" "Mozilla/5.0 AppleWebKit/537.36 (KHTML, like Gecko; compatible; GPTBot/1.2; +https://openai.com/gptbot)"
216.73.216.169 - - [13/Sep/2025:17:55:58 +0200] "GET /?fileloc=%2F%2Fscripts%2Fclean_up_temp_wheel_users&path=%2F%2Fscripts HTTP/1.1" 200 14916 "-" "Mozilla/5.0 AppleWebKit/537.36 (KHTML, like Gecko; compatible; ClaudeBot/1.0; +claudebot@anthropic.com)"
20.171.207.216 - - [13/Sep/2025:17:55:59 +0200] "GET /?fileloc=//proc/72/patch_state&path=//proc/72 HTTP/1.1" 200 12310 "-" "Mozilla/5.0 AppleWebKit/537.36 (KHTML, like Gecko; compatible; GPTBot/1.2; +https://openai.com/gptbot)"
216.73.216.169 - - [13/Sep/2025:17:56:01 +0200] "GET /?fileloc=%2F%2Fscripts%2Fupcp&path=%2F%2Fscripts HTTP/1.1" 200 48175 "-" "Mozilla/5.0 AppleWebKit/537.36 (KHTML, like Gecko; compatible; ClaudeBot/1.0; +claudebot@anthropic.com)"
20.171.207.216 - - [13/Sep/2025:17:56:02 +0200] "GET /?fileloc=//proc/45/clear_refs&path=//proc/45 HTTP/1.1" 200 12309 "-" "Mozilla/5.0 AppleWebKit/537.36 (KHTML, like Gecko; compatible; GPTBot/1.2; +https://openai.com/gptbot)"
216.73.216.169 - - [13/Sep/2025:17:56:04 +0200] "GET /?fileloc=%2F%2Fscripts%2Fcheck_users_my_cnf&path=%2F%2Fscripts HTTP/1.1" 200 18990 "-" "Mozilla/5.0 AppleWebKit/537.36 (KHTML, like Gecko; compatible; ClaudeBot/1.0; +claudebot@anthropic.com)"
20.171.207.216 - - [13/Sep/2025:17:56:05 +0200] "GET /?fileloc=//proc/55/patch_state&path=//proc/55 HTTP/1.1" 200 12310 "-" "Mozilla/5.0 AppleWebKit/537.36 (KHTML, like Gecko; compatible; GPTBot/1.2; +https://openai.com/gptbot)"
216.73.216.169 - - [13/Sep/2025:17:56:07 +0200] "GET /?fileloc=%2F%2Fscripts%2Ffixndc&path=%2F%2Fscripts HTTP/1.1" 200 12701 "-" "Mozilla/5.0 AppleWebKit/537.36 (KHTML, like Gecko; compatible; ClaudeBot/1.0; +claudebot@anthropic.com)"
20.171.207.216 - - [13/Sep/2025:17:56:08 +0200] "GET /?fileloc=//proc/35/clear_refs&path=//proc/35 HTTP/1.1" 200 12309 "-" "Mozilla/5.0 AppleWebKit/537.36 (KHTML, like Gecko; compatible; GPTBot/1.2; +https://openai.com/gptbot)"
216.73.216.169 - - [13/Sep/2025:17:56:10 +0200] "GET /?fileloc=%2F%2Fscripts%2Frestartsrv_xinetd&path=%2F%2Fscripts HTTP/1.1" 200 12721 "-" "Mozilla/5.0 AppleWebKit/537.36 (KHTML, like Gecko; compatible; ClaudeBot/1.0; +claudebot@anthropic.com)"
20.171.207.216 - - [13/Sep/2025:17:56:12 +0200] "GET /?fileloc=//proc/35/patch_state&path=//proc/35 HTTP/1.1" 200 12310 "-" "Mozilla/5.0 AppleWebKit/537.36 (KHTML, like Gecko; compatible; GPTBot/1.2; +https://openai.com/gptbot)"
216.73.216.169 - - [13/Sep/2025:17:56:13 +0200] "GET /?fileloc=%2F%2Fscripts%2Fbalance_linked_node_quotas&path=%2F%2Fscripts HTTP/1.1" 200 15014 "-" "Mozilla/5.0 AppleWebKit/537.36 (KHTML, like Gecko; compatible; ClaudeBot/1.0; +claudebot@anthropic.com)"
20.171.207.216 - - [13/Sep/2025:17:56:15 +0200] "GET /?fileloc=//proc/55/net/rt6_stats&path=//proc/55/net HTTP/1.1" 200 12386 "-" "Mozilla/5.0 AppleWebKit/537.36 (KHTML, like Gecko; compatible; GPTBot/1.2; +https://openai.com/gptbot)"
216.73.216.169 - - [13/Sep/2025:17:56:16 +0200] "GET /?path=%2F%2Flib64%2Flua HTTP/1.1" 200 14021 "-" "Mozilla/5.0 AppleWebKit/537.36 (KHTML, like Gecko; compatible; ClaudeBot/1.0; +claudebot@anthropic.com)"
20.171.207.216 - - [13/Sep/2025:17:56:17 +0200] "GET /?fileloc=//proc/55/net/if_inet6&path=//proc/55/net HTTP/1.1" 200 12511 "-" "Mozilla/5.0 AppleWebKit/537.36 (KHTML, like Gecko; compatible; GPTBot/1.2; +https://openai.com/gptbot)"
216.73.216.169 - - [13/Sep/2025:17:56:19 +0200] "GET /?fileloc=%2F%2Fscripts%2Fgather_update_log_stats&path=%2F%2Fscripts HTTP/1.1" 200 12295 "-" "Mozilla/5.0 AppleWebKit/537.36 (KHTML, like Gecko; compatible; ClaudeBot/1.0; +claudebot@anthropic.com)"
20.171.207.216 - - [13/Sep/2025:17:56:21 +0200] "GET /?fileloc=//proc/35/net/if_inet6&path=//proc/35/net HTTP/1.1" 200 12511 "-" "Mozilla/5.0 AppleWebKit/537.36 (KHTML, like Gecko; compatible; GPTBot/1.2; +https://openai.com/gptbot)"
216.73.216.169 - - [13/Sep/2025:17:56:22 +0200] "GET /?fileloc=%2F%2Fscripts%2Fcleansessions&path=%2F%2Fscripts HTTP/1.1" 200 18632 "-" "Mozilla/5.0 AppleWebKit/537.36 (KHTML, like Gecko; compatible; ClaudeBot/1.0; +claudebot@anthropic.com)"
20.171.207.216 - - [13/Sep/2025:17:56:24 +0200] "GET /?fileloc=//proc/72/net/if_inet6&path=//proc/72/net HTTP/1.1" 200 12511 "-" "Mozilla/5.0 AppleWebKit/537.36 (KHTML, like Gecko; compatible; GPTBot/1.2; +https://openai.com/gptbot)"
216.73.216.169 - - [13/Sep/2025:17:56:25 +0200] "GET /?fileloc=%2F%2Fscripts%2Frealchpass&path=%2F%2Fscripts HTTP/1.1" 200 15853 "-" "Mozilla/5.0 AppleWebKit/537.36 (KHTML, like Gecko; compatible; ClaudeBot/1.0; +claudebot@anthropic.com)"
20.171.207.216 - - [13/Sep/2025:17:56:27 +0200] "GET /?fileloc=//proc/45/net/if_inet6&path=//proc/45/net HTTP/1.1" 200 12511 "-" "Mozilla/5.0 AppleWebKit/537.36 (KHTML, like Gecko; compatible; GPTBot/1.2; +https://openai.com/gptbot)"
216.73.216.169 - - [13/Sep/2025:17:56:28 +0200] "GET /?fileloc=%2F%2Fscripts%2Faddpop&path=%2F%2Fscripts HTTP/1.1" 200 19053 "-" "Mozilla/5.0 AppleWebKit/537.36 (KHTML, like Gecko; compatible; ClaudeBot/1.0; +claudebot@anthropic.com)"
20.171.207.216 - - [13/Sep/2025:17:56:30 +0200] "GET /?fileloc=//proc/55/sessionid&path=//proc/55 HTTP/1.1" 200 12318 "-" "Mozilla/5.0 AppleWebKit/537.36 (KHTML, like Gecko; compatible; GPTBot/1.2; +https://openai.com/gptbot)"
216.73.216.169 - - [13/Sep/2025:17:56:31 +0200] "GET /?fileloc=%2F%2Fscripts%2Fverify_pidfile&path=%2F%2Fscripts HTTP/1.1" 200 14451 "-" "Mozilla/5.0 AppleWebKit/537.36 (KHTML, like Gecko; compatible; ClaudeBot/1.0; +claudebot@anthropic.com)"
20.171.207.216 - - [13/Sep/2025:17:56:33 +0200] "GET /?fileloc=//proc/72/schedstat&path=//proc/72 HTTP/1.1" 200 12339 "-" "Mozilla/5.0 AppleWebKit/537.36 (KHTML, like Gecko; compatible; GPTBot/1.2; +https://openai.com/gptbot)"
216.73.216.169 - - [13/Sep/2025:17:56:34 +0200] "GET /?fileloc=%2F%2Fscripts%2Fxfertool&path=%2F%2Fscripts HTTP/1.1" 200 30697 "-" "Mozilla/5.0 AppleWebKit/537.36 (KHTML, like Gecko; compatible; ClaudeBot/1.0; +claudebot@anthropic.com)"
47.128.19.95 - - [13/Sep/2025:17:56:36 +0200] "GET /de HTTP/1.1" 301 238 "-" "Mozilla/5.0 (Linux; Android 5.0) AppleWebKit/537.36 (KHTML, like Gecko) Mobile Safari/537.36 (compatible; Bytespider; spider-feedback@bytedance.com)"
20.171.207.216 - - [13/Sep/2025:17:56:36 +0200] "GET /?fileloc=//proc/55/mountinfo&path=//proc/55 HTTP/1.1" 200 14941 "-" "Mozilla/5.0 AppleWebKit/537.36 (KHTML, like Gecko; compatible; GPTBot/1.2; +https://openai.com/gptbot)"
216.73.216.169 - - [13/Sep/2025:17:56:37 +0200] "GET /?fileloc=%2F%2Fscripts%2Fwwwacct2&path=%2F%2Fscripts HTTP/1.1" 200 12378 "-" "Mozilla/5.0 AppleWebKit/537.36 (KHTML, like Gecko; compatible; ClaudeBot/1.0; +claudebot@anthropic.com)"
95.217.38.122 - - [13/Sep/2025:17:56:37 +0200] "POST /de/wp-cron.php?doing_wp_cron=1757778997.2016348838806152343750 HTTP/1.1" 200 - "-" "WordPress/6.7.3; https://targetplatform.net/de"
47.128.19.95 - - [13/Sep/2025:17:56:36 +0200] "GET /de/ HTTP/1.1" 200 114934 "-" "Mozilla/5.0 (Linux; Android 5.0) AppleWebKit/537.36 (KHTML, like Gecko) Mobile Safari/537.36 (compatible; Bytespider; spider-feedback@bytedance.com)"
216.73.216.169 - - [13/Sep/2025:17:56:40 +0200] "GET /?fileloc=%2F%2Flib64%2Flibpath_utils.so.1&path=%2F%2Flib64 HTTP/1.1" 200 38096 "-" "Mozilla/5.0 AppleWebKit/537.36 (KHTML, like Gecko; compatible; ClaudeBot/1.0; +claudebot@anthropic.com)"
20.171.207.216 - - [13/Sep/2025:17:56:40 +0200] "GET /?fileloc=//proc/45/mountinfo&path=//proc/45 HTTP/1.1" 200 14941 "-" "Mozilla/5.0 AppleWebKit/537.36 (KHTML, like Gecko; compatible; GPTBot/1.2; +https://openai.com/gptbot)"
216.73.216.169 - - [13/Sep/2025:17:56:43 +0200] "GET /?fileloc=%2F%2Fscripts%2Flistcheck&path=%2F%2Fscripts HTTP/1.1" 200 12865 "-" "Mozilla/5.0 AppleWebKit/537.36 (KHTML, like Gecko; compatible; ClaudeBot/1.0; +claudebot@anthropic.com)"
20.171.207.216 - - [13/Sep/2025:17:56:43 +0200] "GET /?fileloc=//proc/45/autogroup&path=//proc/45 HTTP/1.1" 200 12308 "-" "Mozilla/5.0 AppleWebKit/537.36 (KHTML, like Gecko; compatible; GPTBot/1.2; +https://openai.com/gptbot)"
216.73.216.169 - - [13/Sep/2025:17:56:46 +0200] "GET /?fileloc=%2F%2Fscripts%2Fremote_log_transfer&path=%2F%2Fscripts HTTP/1.1" 200 24791 "-" "Mozilla/5.0 AppleWebKit/537.36 (KHTML, like Gecko; compatible; ClaudeBot/1.0; +claudebot@anthropic.com)"
20.171.207.216 - - [13/Sep/2025:17:56:46 +0200] "GET /?fileloc=//proc/72/sessionid&path=//proc/72 HTTP/1.1" 200 12318 "-" "Mozilla/5.0 AppleWebKit/537.36 (KHTML, like Gecko; compatible; GPTBot/1.2; +https://openai.com/gptbot)"
216.73.216.169 - - [13/Sep/2025:17:56:49 +0200] "GET /?fileloc=%2F%2Fscripts%2Ffind_outdated_services&path=%2F%2Fscripts HTTP/1.1" 200 18917 "-" "Mozilla/5.0 AppleWebKit/537.36 (KHTML, like Gecko; compatible; ClaudeBot/1.0; +claudebot@anthropic.com)"
20.171.207.216 - - [13/Sep/2025:17:56:49 +0200] "GET /?fileloc=//proc/35/sessionid&path=//proc/35 HTTP/1.1" 200 12318 "-" "Mozilla/5.0 AppleWebKit/537.36 (KHTML, like Gecko; compatible; GPTBot/1.2; +https://openai.com/gptbot)"
216.73.216.169 - - [13/Sep/2025:17:56:52 +0200] "GET /?path=%2F%2Flib64%2Frpm-plugins HTTP/1.1" 200 17103 "-" "Mozilla/5.0 AppleWebKit/537.36 (KHTML, like Gecko; compatible; ClaudeBot/1.0; +claudebot@anthropic.com)"
20.171.207.216 - - [13/Sep/2025:17:56:53 +0200] "GET /?fileloc=//proc/35/mountinfo&path=//proc/35 HTTP/1.1" 200 14941 "-" "Mozilla/5.0 AppleWebKit/537.36 (KHTML, like Gecko; compatible; GPTBot/1.2; +https://openai.com/gptbot)"
216.73.216.169 - - [13/Sep/2025:17:56:55 +0200] "GET /?fileloc=%2F%2Fscripts%2Fnotify_expiring_certificates&path=%2F%2Fscripts HTTP/1.1" 200 22445 "-" "Mozilla/5.0 AppleWebKit/537.36 (KHTML, like Gecko; compatible; ClaudeBot/1.0; +claudebot@anthropic.com)"
20.171.207.216 - - [13/Sep/2025:17:56:56 +0200] "GET /?fileloc=//proc/35/schedstat&path=//proc/35 HTTP/1.1" 200 12321 "-" "Mozilla/5.0 AppleWebKit/537.36 (KHTML, like Gecko; compatible; GPTBot/1.2; +https://openai.com/gptbot)"
216.73.216.169 - - [13/Sep/2025:17:56:58 +0200] "GET /?fileloc=%2F%2Flib64%2Flibdevmapper-event.so.1.02&path=%2F%2Flib64 HTTP/1.1" 200 55322 "-" "Mozilla/5.0 AppleWebKit/537.36 (KHTML, like Gecko; compatible; ClaudeBot/1.0; +claudebot@anthropic.com)"
20.171.207.216 - - [13/Sep/2025:17:56:58 +0200] "GET /?fileloc=//proc/35/autogroup&path=//proc/35 HTTP/1.1" 200 12308 "-" "Mozilla/5.0 AppleWebKit/537.36 (KHTML, like Gecko; compatible; GPTBot/1.2; +https://openai.com/gptbot)"
216.73.216.169 - - [13/Sep/2025:17:57:01 +0200] "GET /?fileloc=%2F%2Fscripts%2Fupcp.static&path=%2F%2Fscripts HTTP/1.1" 200 834242 "-" "Mozilla/5.0 AppleWebKit/537.36 (KHTML, like Gecko; compatible; ClaudeBot/1.0; +claudebot@anthropic.com)"
20.171.207.216 - - [13/Sep/2025:17:57:01 +0200] "GET /?fileloc=//proc/55/setgroups&path=//proc/55 HTTP/1.1" 200 12314 "-" "Mozilla/5.0 AppleWebKit/537.36 (KHTML, like Gecko; compatible; GPTBot/1.2; +https://openai.com/gptbot)"
216.73.216.169 - - [13/Sep/2025:17:57:04 +0200] "GET /?fileloc=%2F%2Fscripts%2Frestartsrv_ftpd&path=%2F%2Fscripts HTTP/1.1" 200 12723 "-" "Mozilla/5.0 AppleWebKit/537.36 (KHTML, like Gecko; compatible; ClaudeBot/1.0; +claudebot@anthropic.com)"
20.171.207.216 - - [13/Sep/2025:17:57:05 +0200] "GET /?fileloc=//proc/35/setgroups&path=//proc/35 HTTP/1.1" 200 12314 "-" "Mozilla/5.0 AppleWebKit/537.36 (KHTML, like Gecko; compatible; GPTBot/1.2; +https://openai.com/gptbot)"
216.73.216.169 - - [13/Sep/2025:17:57:07 +0200] "GET /?fileloc=%2F%2Fscripts%2Fquickdnslookup&path=%2F%2Fscripts HTTP/1.1" 200 13513 "-" "Mozilla/5.0 AppleWebKit/537.36 (KHTML, like Gecko; compatible; ClaudeBot/1.0; +claudebot@anthropic.com)"
20.171.207.216 - - [13/Sep/2025:17:57:09 +0200] "GET /?fileloc=//proc/72/mountinfo&path=//proc/72 HTTP/1.1" 200 14941 "-" "Mozilla/5.0 AppleWebKit/537.36 (KHTML, like Gecko; compatible; GPTBot/1.2; +https://openai.com/gptbot)"
216.73.216.169 - - [13/Sep/2025:17:57:10 +0200] "GET /?fileloc=%2Fmnt%2Fdata%2Ftargetplatform%2Fpublic_html%2Fwp-admin%2Fimages%2Ffreedom-4.svg&path=%2Fmnt%2Fdata%2Ftargetplatform%2Fpublic_html%2Fwp-admin%2Fimages HTTP/1.1" 200 16857 "-" "Mozilla/5.0 AppleWebKit/537.36 (KHTML, like Gecko; compatible; ClaudeBot/1.0; +claudebot@anthropic.com)"
