216.244.66.228 - - [14/Sep/2025:18:19:38 +0200] "GET /?cat=149&paged=2 HTTP/1.1" 200 56106 "-" "Mozilla/5.0 (compatible; DotBot/1.2; +https://opensiteexplorer.org/dotbot; help@moz.com)"
216.244.66.228 - - [14/Sep/2025:18:22:39 +0200] "GET /en/?p=3101 HTTP/1.1" 301 245 "-" "Mozilla/5.0 (compatible; DotBot/1.2; +https://opensiteexplorer.org/dotbot; help@moz.com)"
216.244.66.228 - - [14/Sep/2025:18:22:42 +0200] "GET /ku/?tag=hiskesali HTTP/1.1" 301 252 "-" "Mozilla/5.0 (compatible; DotBot/1.2; +https://opensiteexplorer.org/dotbot; help@moz.com)"
143.92.32.166 - - [14/Sep/2025:18:22:46 +0200] "GET /?rest_route=/wp/v2/users/ HTTP/1.1" 200 56106 "http://targetplatform.net" "Mozilla/5.0 (compatible; Baiduspider/2.0; +http://www.baidu.com/search/spider.html\xa3\xa9"
142.147.194.45 - - [14/Sep/2025:18:23:54 +0200] "GET /?regicide/shopping/wc1741186930 HTTP/1.1" 200 56106 "-" "Mozilla/5.0 (Windows NT 10.0; Win64; x64) AppleWebKit/537.36 (KHTML, like Gecko) Chrome/132.0.0.0 Safari/537.36 OPR/117.0.0.0"
216.244.66.228 - - [14/Sep/2025:18:26:04 +0200] "GET /?author=5&paged=130 HTTP/1.1" 200 56106 "-" "Mozilla/5.0 (compatible; DotBot/1.2; +https://opensiteexplorer.org/dotbot; help@moz.com)"
142.147.190.104 - - [14/Sep/2025:18:26:09 +0200] "GET /?entombing/u/1741801608 HTTP/1.1" 200 56106 "-" "Mozilla/5.0 (Macintosh; Intel Mac OS X 10_15_7) AppleWebKit/605.1.15 (KHTML, like Gecko) Version/17.10 Safari/605.1.1"
216.244.66.228 - - [14/Sep/2025:18:26:37 +0200] "GET /de/?p=2966 HTTP/1.1" 301 245 "-" "Mozilla/5.0 (compatible; DotBot/1.2; +https://opensiteexplorer.org/dotbot; help@moz.com)"
23.230.186.2 - - [14/Sep/2025:18:27:47 +0200] "GET /?superbum/dt1741389877 HTTP/1.1" 200 56106 "-" "Mozilla/5.0 (Windows NT 10.0; Win64; x64) AppleWebKit/537.36 (KHTML, like Gecko) Chrome/134.0.0.0 Safari/537.36 Edg/134.0.0.0"
92.50.31.20 - - [14/Sep/2025:18:29:05 +0200] "GET /?bestowment1741221709 HTTP/1.1" 200 56106 "-" "Mozilla/5.0 (Macintosh; Intel Mac OS X 10_15_7) AppleWebKit/605.1.15 (KHTML, like Gecko) Version/17.10 Safari/605.1.1"
182.44.8.254 - - [14/Sep/2025:18:30:51 +0200] "GET / HTTP/1.1" 200 56106 "-" "Mozilla/5.0 (iPhone; CPU iPhone OS 13_2_3 like Mac OS X) AppleWebKit/605.1.15 (KHTML, like Gecko) Version/13.0.3 Mobile/15E148 Safari/604.1"
147.136.68.168 - - [14/Sep/2025:18:31:17 +0200] "GET /?gridelin/shopbrand/q1741401552 HTTP/1.1" 200 56106 "-" "Mozilla/5.0 (Macintosh; Intel Mac OS X 10_15_7) AppleWebKit/605.1.15 (KHTML, like Gecko) Version/17.10 Safari/605.1.1"
141.11.65.77 - - [14/Sep/2025:18:31:27 +0200] "GET /wp-json/wp/v2/posts HTTP/1.1" 404 - "-" "Mozilla/5.0 (Windows NT 10.0; Win64; x64) AppleWebKit/537.36 (KHTML, like Gecko) Chrome/120.0.0.0 Safari/537.36"
216.244.66.228 - - [14/Sep/2025:18:49:48 +0200] "GET /robots.txt HTTP/1.1" 200 1119 "-" "Mozilla/5.0 (compatible; DotBot/1.2; +https://opensiteexplorer.org/dotbot; help@moz.com)"
216.244.66.228 - - [14/Sep/2025:18:53:05 +0200] "GET /en/?p=1485 HTTP/1.1" 301 245 "-" "Mozilla/5.0 (compatible; DotBot/1.2; +https://opensiteexplorer.org/dotbot; help@moz.com)"
216.244.66.228 - - [14/Sep/2025:18:53:14 +0200] "GET /de/?p=3595 HTTP/1.1" 301 245 "-" "Mozilla/5.0 (compatible; DotBot/1.2; +https://opensiteexplorer.org/dotbot; help@moz.com)"
216.244.66.228 - - [14/Sep/2025:18:53:21 +0200] "GET /en/?p=2901 HTTP/1.1" 301 245 "-" "Mozilla/5.0 (compatible; DotBot/1.2; +https://opensiteexplorer.org/dotbot; help@moz.com)"
216.244.66.228 - - [14/Sep/2025:18:53:30 +0200] "GET /ku/?p=1940 HTTP/1.1" 301 245 "-" "Mozilla/5.0 (compatible; DotBot/1.2; +https://opensiteexplorer.org/dotbot; help@moz.com)"
216.244.66.228 - - [14/Sep/2025:18:53:34 +0200] "GET /ku/?p=1949 HTTP/1.1" 301 245 "-" "Mozilla/5.0 (compatible; DotBot/1.2; +https://opensiteexplorer.org/dotbot; help@moz.com)"
216.244.66.228 - - [14/Sep/2025:18:58:40 +0200] "GET /ku/wp-content/uploads/2022/07/Screenshot-43.png HTTP/1.1" 301 282 "-" "Mozilla/5.0 (compatible; DotBot/1.2; +https://opensiteexplorer.org/dotbot; help@moz.com)"
43.159.145.153 - - [14/Sep/2025:19:01:16 +0200] "GET / HTTP/1.1" 200 56106 "-" "Mozilla/5.0 (iPhone; CPU iPhone OS 13_2_3 like Mac OS X) AppleWebKit/605.1.15 (KHTML, like Gecko) Version/13.0.3 Mobile/15E148 Safari/604.1"
216.244.66.228 - - [14/Sep/2025:19:01:42 +0200] "GET /?p=10026 HTTP/1.1" 200 56106 "-" "Mozilla/5.0 (compatible; DotBot/1.2; +https://opensiteexplorer.org/dotbot; help@moz.com)"
216.244.66.228 - - [14/Sep/2025:19:01:46 +0200] "GET /?p=10062 HTTP/1.1" 200 56106 "-" "Mozilla/5.0 (compatible; DotBot/1.2; +https://opensiteexplorer.org/dotbot; help@moz.com)"
216.73.216.169 - - [14/Sep/2025:19:02:35 +0200] "GET /robots.txt HTTP/1.1" 200 1119 "-" "Mozilla/5.0 AppleWebKit/537.36 (KHTML, like Gecko; compatible; ClaudeBot/1.0; +claudebot@anthropic.com)"
51.89.129.97 - - [14/Sep/2025:19:04:40 +0200] "GET /sitemap-hot-2986997.xml HTTP/1.1" 404 - "-" "Mozilla/5.0 (compatible; AhrefsBot/7.0; +http://ahrefs.com/robot/)"
216.73.216.169 - - [14/Sep/2025:19:06:19 +0200] "GET /sitemap-hot-2966997.xml HTTP/1.1" 404 - "-" "Mozilla/5.0 AppleWebKit/537.36 (KHTML, like Gecko; compatible; ClaudeBot/1.0; +claudebot@anthropic.com)"
216.73.216.169 - - [14/Sep/2025:19:06:22 +0200] "GET /sitemap-hot-2990997.xml HTTP/1.1" 404 - "-" "Mozilla/5.0 AppleWebKit/537.36 (KHTML, like Gecko; compatible; ClaudeBot/1.0; +claudebot@anthropic.com)"
216.73.216.169 - - [14/Sep/2025:19:06:25 +0200] "GET /sitemap-hot-2968997.xml HTTP/1.1" 404 - "-" "Mozilla/5.0 AppleWebKit/537.36 (KHTML, like Gecko; compatible; ClaudeBot/1.0; +claudebot@anthropic.com)"
216.73.216.169 - - [14/Sep/2025:19:06:28 +0200] "GET /sitemap-hot-2992997.xml HTTP/1.1" 404 - "-" "Mozilla/5.0 AppleWebKit/537.36 (KHTML, like Gecko; compatible; ClaudeBot/1.0; +claudebot@anthropic.com)"
216.73.216.169 - - [14/Sep/2025:19:06:31 +0200] "GET /sitemap-hot-2986997.xml HTTP/1.1" 404 - "-" "Mozilla/5.0 AppleWebKit/537.36 (KHTML, like Gecko; compatible; ClaudeBot/1.0; +claudebot@anthropic.com)"
216.73.216.169 - - [14/Sep/2025:19:06:34 +0200] "GET /sitemap-hot-2972997.xml HTTP/1.1" 404 - "-" "Mozilla/5.0 AppleWebKit/537.36 (KHTML, like Gecko; compatible; ClaudeBot/1.0; +claudebot@anthropic.com)"
216.73.216.169 - - [14/Sep/2025:19:06:37 +0200] "GET /sitemap-hot-2970997.xml HTTP/1.1" 404 - "-" "Mozilla/5.0 AppleWebKit/537.36 (KHTML, like Gecko; compatible; ClaudeBot/1.0; +claudebot@anthropic.com)"
216.73.216.169 - - [14/Sep/2025:19:06:40 +0200] "GET /sitemap-hot-2988997.xml HTTP/1.1" 404 - "-" "Mozilla/5.0 AppleWebKit/537.36 (KHTML, like Gecko; compatible; ClaudeBot/1.0; +claudebot@anthropic.com)"
216.73.216.169 - - [14/Sep/2025:19:06:43 +0200] "GET /sitemap-hot-2994997.xml HTTP/1.1" 404 - "-" "Mozilla/5.0 AppleWebKit/537.36 (KHTML, like Gecko; compatible; ClaudeBot/1.0; +claudebot@anthropic.com)"
216.73.216.169 - - [14/Sep/2025:19:06:46 +0200] "GET /sitemap-hot-2974997.xml HTTP/1.1" 404 - "-" "Mozilla/5.0 AppleWebKit/537.36 (KHTML, like Gecko; compatible; ClaudeBot/1.0; +claudebot@anthropic.com)"
216.73.216.169 - - [14/Sep/2025:19:06:49 +0200] "GET /sitemap-hot-2980997.xml HTTP/1.1" 404 - "-" "Mozilla/5.0 AppleWebKit/537.36 (KHTML, like Gecko; compatible; ClaudeBot/1.0; +claudebot@anthropic.com)"
216.73.216.169 - - [14/Sep/2025:19:06:52 +0200] "GET /sitemap-hot-2996997.xml HTTP/1.1" 404 - "-" "Mozilla/5.0 AppleWebKit/537.36 (KHTML, like Gecko; compatible; ClaudeBot/1.0; +claudebot@anthropic.com)"
216.73.216.169 - - [14/Sep/2025:19:06:55 +0200] "GET /sitemap-hot-2976997.xml HTTP/1.1" 404 - "-" "Mozilla/5.0 AppleWebKit/537.36 (KHTML, like Gecko; compatible; ClaudeBot/1.0; +claudebot@anthropic.com)"
216.73.216.169 - - [14/Sep/2025:19:07:00 +0200] "GET /sitemap-hot-2984997.xml HTTP/1.1" 404 - "-" "Mozilla/5.0 AppleWebKit/537.36 (KHTML, like Gecko; compatible; ClaudeBot/1.0; +claudebot@anthropic.com)"
216.73.216.169 - - [14/Sep/2025:19:07:02 +0200] "GET /sitemapindex.xml HTTP/1.1" 404 - "-" "Mozilla/5.0 AppleWebKit/537.36 (KHTML, like Gecko; compatible; ClaudeBot/1.0; +claudebot@anthropic.com)"
216.244.66.228 - - [14/Sep/2025:19:08:01 +0200] "GET /?p=2691 HTTP/1.1" 200 56106 "-" "Mozilla/5.0 (compatible; DotBot/1.2; +https://opensiteexplorer.org/dotbot; help@moz.com)"
216.244.66.228 - - [14/Sep/2025:19:11:24 +0200] "GET /en/?p=1346 HTTP/1.1" 301 245 "-" "Mozilla/5.0 (compatible; DotBot/1.2; +https://opensiteexplorer.org/dotbot; help@moz.com)"
43.157.50.58 - - [14/Sep/2025:19:16:57 +0200] "GET /?fileloc=/mnt/data/targetplatform/public_html/wp-links-opml.php&path=/mnt/data/targetplatform/public_html HTTP/1.1" 200 15529 "-" "Mozilla/5.0 (iPhone; CPU iPhone OS 13_2_3 like Mac OS X) AppleWebKit/605.1.15 (KHTML, like Gecko) Version/13.0.3 Mobile/15E148 Safari/604.1"
216.244.66.228 - - [14/Sep/2025:19:17:09 +0200] "GET /de/?p=3289 HTTP/1.1" 301 245 "-" "Mozilla/5.0 (compatible; DotBot/1.2; +https://opensiteexplorer.org/dotbot; help@moz.com)"
119.28.140.106 - - [14/Sep/2025:19:31:21 +0200] "GET /?fileloc=/mnt/data/targetplatform/public_html/readme.html&path=/mnt/data/targetplatform/public_html HTTP/1.1" 200 21800 "-" "Mozilla/5.0 (iPhone; CPU iPhone OS 13_2_3 like Mac OS X) AppleWebKit/605.1.15 (KHTML, like Gecko) Version/13.0.3 Mobile/15E148 Safari/604.1"
43.166.132.142 - - [14/Sep/2025:19:36:55 +0200] "GET /?fileloc=/mnt/data/targetplatform/public_html/wp-comments-post.php&path=/mnt/data/targetplatform/public_html HTTP/1.1" 200 15143 "-" "Mozilla/5.0 (iPhone; CPU iPhone OS 13_2_3 like Mac OS X) AppleWebKit/605.1.15 (KHTML, like Gecko) Version/13.0.3 Mobile/15E148 Safari/604.1"
20.39.201.203 - - [14/Sep/2025:19:38:26 +0200] "GET //wp-content/plugins/fix/up.php HTTP/1.1" 404 - "-" "Mozilla/5.0 (Windows NT 10.0; Win64; x64) AppleWebKit/537.36 (KHTML, like Gecko) Chrome/85.0.4183.102 Safari/537.36"
170.106.73.216 - - [14/Sep/2025:19:46:34 +0200] "GET /?fileloc=/mnt/data/targetplatform/public_html/wp-cron.php&path=/mnt/data/targetplatform/public_html HTTP/1.1" 200 18427 "-" "Mozilla/5.0 (iPhone; CPU iPhone OS 13_2_3 like Mac OS X) AppleWebKit/605.1.15 (KHTML, like Gecko) Version/13.0.3 Mobile/15E148 Safari/604.1"
216.244.66.228 - - [14/Sep/2025:19:48:25 +0200] "GET /robots.txt HTTP/1.1" 200 1119 "-" "Mozilla/5.0 (compatible; DotBot/1.2; +https://opensiteexplorer.org/dotbot; help@moz.com)"
216.244.66.228 - - [14/Sep/2025:19:51:28 +0200] "GET /de/?p=3448 HTTP/1.1" 301 245 "-" "Mozilla/5.0 (compatible; DotBot/1.2; +https://opensiteexplorer.org/dotbot; help@moz.com)"
216.244.66.228 - - [14/Sep/2025:19:51:34 +0200] "GET /de/?p=3558 HTTP/1.1" 301 245 "-" "Mozilla/5.0 (compatible; DotBot/1.2; +https://opensiteexplorer.org/dotbot; help@moz.com)"
216.244.66.228 - - [14/Sep/2025:19:51:41 +0200] "GET /en/?p=2437 HTTP/1.1" 301 245 "-" "Mozilla/5.0 (compatible; DotBot/1.2; +https://opensiteexplorer.org/dotbot; help@moz.com)"
216.244.66.228 - - [14/Sep/2025:19:52:19 +0200] "GET /de/?p=2852 HTTP/1.1" 301 245 "-" "Mozilla/5.0 (compatible; DotBot/1.2; +https://opensiteexplorer.org/dotbot; help@moz.com)"
216.244.66.228 - - [14/Sep/2025:19:55:53 +0200] "GET /de/wp-content/uploads/2023/08/8888888888888888888888.jpg HTTP/1.1" 301 291 "-" "Mozilla/5.0 (compatible; DotBot/1.2; +https://opensiteexplorer.org/dotbot; help@moz.com)"
216.244.66.228 - - [14/Sep/2025:19:55:57 +0200] "GET /de/wp-content/uploads/2023/08/IMG-20230816-WA0013.jpg HTTP/1.1" 301 288 "-" "Mozilla/5.0 (compatible; DotBot/1.2; +https://opensiteexplorer.org/dotbot; help@moz.com)"
216.244.66.228 - - [14/Sep/2025:19:56:01 +0200] "GET /de/wp-content/uploads/2023/11/IMG-20231115-WA0018.jpg HTTP/1.1" 301 288 "-" "Mozilla/5.0 (compatible; DotBot/1.2; +https://opensiteexplorer.org/dotbot; help@moz.com)"
216.244.66.228 - - [14/Sep/2025:19:58:43 +0200] "GET /en/?p=2318 HTTP/1.1" 301 245 "-" "Mozilla/5.0 (compatible; DotBot/1.2; +https://opensiteexplorer.org/dotbot; help@moz.com)"
43.157.98.187 - - [14/Sep/2025:20:00:37 +0200] "GET /?fileloc=/mnt/data/targetplatform/public_html/wp-login.php&path=/mnt/data/targetplatform/public_html HTTP/1.1" 200 74979 "-" "Mozilla/5.0 (iPhone; CPU iPhone OS 13_2_3 like Mac OS X) AppleWebKit/605.1.15 (KHTML, like Gecko) Version/13.0.3 Mobile/15E148 Safari/604.1"
216.244.66.228 - - [14/Sep/2025:20:06:40 +0200] "GET /en/?p=1571 HTTP/1.1" 301 245 "-" "Mozilla/5.0 (compatible; DotBot/1.2; +https://opensiteexplorer.org/dotbot; help@moz.com)"
216.244.66.228 - - [14/Sep/2025:20:07:15 +0200] "GET /de/?tag=bedran HTTP/1.1" 301 249 "-" "Mozilla/5.0 (compatible; DotBot/1.2; +https://opensiteexplorer.org/dotbot; help@moz.com)"
216.244.66.228 - - [14/Sep/2025:20:07:18 +0200] "GET /en/?tag=elections HTTP/1.1" 301 252 "-" "Mozilla/5.0 (compatible; DotBot/1.2; +https://opensiteexplorer.org/dotbot; help@moz.com)"
104.28.240.85 - - [14/Sep/2025:20:08:08 +0200] "GET /xmlrpc.php HTTP/1.1" 200 56106 "-" "Mozilla/5.0 (Windows NT 10.0; Win64; x64; rv:72.0) Gecko/20100101 Firefox/72.0"
104.28.240.85 - - [14/Sep/2025:20:08:09 +0200] "POST /xmlrpc.php HTTP/1.1" 200 56106 "-" "Mozilla/5.0 (Windows NT 10.0; Win64; x64; rv:72.0) Gecko/20100101 Firefox/72.0"
104.28.240.85 - - [14/Sep/2025:20:08:09 +0200] "GET /.htaccess HTTP/1.1" 404 - "-" "Mozilla/5.0 (Windows NT 10.0; Win64; x64; rv:72.0) Gecko/20100101 Firefox/72.0"
104.28.240.85 - - [14/Sep/2025:20:08:10 +0200] "GET /xmlrpc.php HTTP/1.1" 200 56106 "-" "Mozilla/5.0 (Windows NT 10.0; Win64; x64; rv:72.0) Gecko/20100101 Firefox/72.0"
104.28.240.85 - - [14/Sep/2025:20:08:10 +0200] "POST /xmlrpc.php HTTP/1.1" 200 56106 "-" "Mozilla/5.0 (Windows NT 10.0; Win64; x64; rv:72.0) Gecko/20100101 Firefox/72.0"
104.28.240.85 - - [14/Sep/2025:20:08:11 +0200] "GET /.htaccess HTTP/1.1" 404 - "-" "Mozilla/5.0 (Windows NT 10.0; Win64; x64; rv:72.0) Gecko/20100101 Firefox/72.0"
216.244.66.228 - - [14/Sep/2025:20:11:28 +0200] "GET /en/wp-content/uploads/2023/08/00-1.jpg HTTP/1.1" 301 273 "-" "Mozilla/5.0 (compatible; DotBot/1.2; +https://opensiteexplorer.org/dotbot; help@moz.com)"
216.244.66.228 - - [14/Sep/2025:20:13:26 +0200] "GET /de/?p=2688 HTTP/1.1" 301 245 "-" "Mozilla/5.0 (compatible; DotBot/1.2; +https://opensiteexplorer.org/dotbot; help@moz.com)"
43.130.174.37 - - [14/Sep/2025:20:17:02 +0200] "GET /?fileloc=/mnt/data/targetplatform/public_html/wp-signup.php&path=/mnt/data/targetplatform/public_html HTTP/1.1" 200 53995 "-" "Mozilla/5.0 (iPhone; CPU iPhone OS 13_2_3 like Mac OS X) AppleWebKit/605.1.15 (KHTML, like Gecko) Version/13.0.3 Mobile/15E148 Safari/604.1"
95.217.38.122 - - [14/Sep/2025:20:20:17 +0200] "POST /wp-cron.php?doing_wp_cron=1757874017.3436019420623779296875 HTTP/1.1" 200 - "-" "WordPress/6.8.2; https://targetplatform.net"
43.166.245.120 - - [14/Sep/2025:20:20:17 +0200] "GET /wp-admin/install.php HTTP/1.1" 200 1451 "-" "Mozilla/5.0 (iPhone; CPU iPhone OS 13_2_3 like Mac OS X) AppleWebKit/605.1.15 (KHTML, like Gecko) Version/13.0.3 Mobile/15E148 Safari/604.1"
104.28.240.85 - - [14/Sep/2025:20:31:09 +0200] "GET /xmlrpc.php HTTP/1.1" 200 56106 "-" "Mozilla/5.0 (Windows NT 10.0; Win64; x64; rv:72.0) Gecko/20100101 Firefox/72.0"
104.28.240.85 - - [14/Sep/2025:20:31:10 +0200] "POST /xmlrpc.php HTTP/1.1" 200 56106 "-" "Mozilla/5.0 (Windows NT 10.0; Win64; x64; rv:72.0) Gecko/20100101 Firefox/72.0"
104.28.240.85 - - [14/Sep/2025:20:31:10 +0200] "GET /ncx.php HTTP/1.1" 404 16 "-" "Mozilla/5.0 (Windows NT 10.0; Win64; x64; rv:72.0) Gecko/20100101 Firefox/72.0"
104.28.240.85 - - [14/Sep/2025:20:31:10 +0200] "GET /xmlrpc.php HTTP/1.1" 200 56106 "-" "Mozilla/5.0 (Windows NT 10.0; Win64; x64; rv:72.0) Gecko/20100101 Firefox/72.0"
104.28.240.85 - - [14/Sep/2025:20:31:11 +0200] "POST /xmlrpc.php HTTP/1.1" 200 56106 "-" "Mozilla/5.0 (Windows NT 10.0; Win64; x64; rv:72.0) Gecko/20100101 Firefox/72.0"
104.28.240.85 - - [14/Sep/2025:20:31:11 +0200] "GET /ncx.php HTTP/1.1" 404 16 "-" "Mozilla/5.0 (Windows NT 10.0; Win64; x64; rv:72.0) Gecko/20100101 Firefox/72.0"
104.28.240.85 - - [14/Sep/2025:20:31:15 +0200] "GET /xmlrpc.php HTTP/1.1" 200 56106 "-" "Mozilla/5.0 (Windows NT 10.0; Win64; x64; rv:72.0) Gecko/20100101 Firefox/72.0"
104.28.240.85 - - [14/Sep/2025:20:31:16 +0200] "POST /xmlrpc.php HTTP/1.1" 200 56106 "-" "Mozilla/5.0 (Windows NT 10.0; Win64; x64; rv:72.0) Gecko/20100101 Firefox/72.0"
104.28.240.85 - - [14/Sep/2025:20:31:16 +0200] "GET /q1.php HTTP/1.1" 404 16 "-" "Mozilla/5.0 (Windows NT 10.0; Win64; x64; rv:72.0) Gecko/20100101 Firefox/72.0"
104.28.240.85 - - [14/Sep/2025:20:31:16 +0200] "GET /xmlrpc.php HTTP/1.1" 200 56106 "-" "Mozilla/5.0 (Windows NT 10.0; Win64; x64; rv:72.0) Gecko/20100101 Firefox/72.0"
104.28.240.85 - - [14/Sep/2025:20:31:17 +0200] "POST /xmlrpc.php HTTP/1.1" 200 56106 "-" "Mozilla/5.0 (Windows NT 10.0; Win64; x64; rv:72.0) Gecko/20100101 Firefox/72.0"
104.28.240.85 - - [14/Sep/2025:20:31:17 +0200] "GET /q1.php HTTP/1.1" 404 16 "-" "Mozilla/5.0 (Windows NT 10.0; Win64; x64; rv:72.0) Gecko/20100101 Firefox/72.0"
18.169.0.198 - - [14/Sep/2025:20:33:45 +0200] "GET / HTTP/1.1" 200 56106 "https://www.google.com/" "Mozilla/5.0 (Macintosh; Intel Mac OS X 10_2_4) AppleWebKit/537.6 (KHTML, like Gecko) Chrome/7.0.1107.8 Safari/537.33"
18.169.0.198 - - [14/Sep/2025:20:33:45 +0200] "GET /.env HTTP/1.1" 404 - "https://www.google.com/" "Mozilla/5.0 (Macintosh; Intel Mac OS X 10_2_4) AppleWebKit/537.6 (KHTML, like Gecko) Chrome/7.0.1107.8 Safari/537.33"
18.169.0.198 - - [14/Sep/2025:20:33:45 +0200] "GET /.remote HTTP/1.1" 404 - "https://www.google.com/" "Mozilla/5.0 (Macintosh; Intel Mac OS X 10_2_4) AppleWebKit/537.6 (KHTML, like Gecko) Chrome/7.0.1107.8 Safari/537.33"
18.169.0.198 - - [14/Sep/2025:20:33:45 +0200] "GET /.local HTTP/1.1" 404 - "https://www.google.com/" "Mozilla/5.0 (Macintosh; Intel Mac OS X 10_2_4) AppleWebKit/537.6 (KHTML, like Gecko) Chrome/7.0.1107.8 Safari/537.33"
18.169.0.198 - - [14/Sep/2025:20:33:45 +0200] "GET /.production HTTP/1.1" 404 - "https://www.google.com/" "Mozilla/5.0 (Macintosh; Intel Mac OS X 10_2_4) AppleWebKit/537.6 (KHTML, like Gecko) Chrome/7.0.1107.8 Safari/537.33"
18.169.0.198 - - [14/Sep/2025:20:33:45 +0200] "GET //vendor/.env HTTP/1.1" 404 - "https://www.google.com/" "Mozilla/5.0 (Macintosh; Intel Mac OS X 10_2_4) AppleWebKit/537.6 (KHTML, like Gecko) Chrome/7.0.1107.8 Safari/537.33"
18.169.0.198 - - [14/Sep/2025:20:33:45 +0200] "GET //lib/.env HTTP/1.1" 404 - "https://www.google.com/" "Mozilla/5.0 (Macintosh; Intel Mac OS X 10_2_4) AppleWebKit/537.6 (KHTML, like Gecko) Chrome/7.0.1107.8 Safari/537.33"
18.169.0.198 - - [14/Sep/2025:20:33:45 +0200] "GET //lab/.env HTTP/1.1" 404 - "https://www.google.com/" "Mozilla/5.0 (Macintosh; Intel Mac OS X 10_2_4) AppleWebKit/537.6 (KHTML, like Gecko) Chrome/7.0.1107.8 Safari/537.33"
18.169.0.198 - - [14/Sep/2025:20:33:45 +0200] "GET //cronlab/.env HTTP/1.1" 404 - "https://www.google.com/" "Mozilla/5.0 (Macintosh; Intel Mac OS X 10_2_4) AppleWebKit/537.6 (KHTML, like Gecko) Chrome/7.0.1107.8 Safari/537.33"
18.169.0.198 - - [14/Sep/2025:20:33:45 +0200] "GET //cron/.env HTTP/1.1" 404 - "https://www.google.com/" "Mozilla/5.0 (Macintosh; Intel Mac OS X 10_2_4) AppleWebKit/537.6 (KHTML, like Gecko) Chrome/7.0.1107.8 Safari/537.33"
18.169.0.198 - - [14/Sep/2025:20:33:45 +0200] "GET //core/.env HTTP/1.1" 404 - "https://www.google.com/" "Mozilla/5.0 (Macintosh; Intel Mac OS X 10_2_4) AppleWebKit/537.6 (KHTML, like Gecko) Chrome/7.0.1107.8 Safari/537.33"
18.169.0.198 - - [14/Sep/2025:20:33:45 +0200] "GET //core/app/.env HTTP/1.1" 404 - "https://www.google.com/" "Mozilla/5.0 (Macintosh; Intel Mac OS X 10_2_4) AppleWebKit/537.6 (KHTML, like Gecko) Chrome/7.0.1107.8 Safari/537.33"
18.169.0.198 - - [14/Sep/2025:20:33:45 +0200] "GET //core/Datavase/.env HTTP/1.1" 404 - "https://www.google.com/" "Mozilla/5.0 (Macintosh; Intel Mac OS X 10_2_4) AppleWebKit/537.6 (KHTML, like Gecko) Chrome/7.0.1107.8 Safari/537.33"
43.166.226.57 - - [14/Sep/2025:20:33:45 +0200] "GET /wp-admin/update-core.php HTTP/1.1" 200 171045 "-" "Mozilla/5.0 (iPhone; CPU iPhone OS 13_2_3 like Mac OS X) AppleWebKit/605.1.15 (KHTML, like Gecko) Version/13.0.3 Mobile/15E148 Safari/604.1"
18.169.0.198 - - [14/Sep/2025:20:33:45 +0200] "GET //database/.env HTTP/1.1" 404 - "https://www.google.com/" "Mozilla/5.0 (Macintosh; Intel Mac OS X 10_2_4) AppleWebKit/537.6 (KHTML, like Gecko) Chrome/7.0.1107.8 Safari/537.33"
18.169.0.198 - - [14/Sep/2025:20:33:45 +0200] "GET //config/.env HTTP/1.1" 404 - "https://www.google.com/" "Mozilla/5.0 (Macintosh; Intel Mac OS X 10_2_4) AppleWebKit/537.6 (KHTML, like Gecko) Chrome/7.0.1107.8 Safari/537.33"
18.169.0.198 - - [14/Sep/2025:20:33:45 +0200] "GET //assets/.env HTTP/1.1" 404 - "https://www.google.com/" "Mozilla/5.0 (Macintosh; Intel Mac OS X 10_2_4) AppleWebKit/537.6 (KHTML, like Gecko) Chrome/7.0.1107.8 Safari/537.33"
18.169.0.198 - - [14/Sep/2025:20:33:45 +0200] "GET //app/.env HTTP/1.1" 404 - "https://www.google.com/" "Mozilla/5.0 (Macintosh; Intel Mac OS X 10_2_4) AppleWebKit/537.6 (KHTML, like Gecko) Chrome/7.0.1107.8 Safari/537.33"
18.169.0.198 - - [14/Sep/2025:20:33:45 +0200] "GET //apps/.env HTTP/1.1" 404 - "https://www.google.com/" "Mozilla/5.0 (Macintosh; Intel Mac OS X 10_2_4) AppleWebKit/537.6 (KHTML, like Gecko) Chrome/7.0.1107.8 Safari/537.33"
18.169.0.198 - - [14/Sep/2025:20:33:45 +0200] "GET //uploads/.env HTTP/1.1" 404 - "https://www.google.com/" "Mozilla/5.0 (Macintosh; Intel Mac OS X 10_2_4) AppleWebKit/537.6 (KHTML, like Gecko) Chrome/7.0.1107.8 Safari/537.33"
18.169.0.198 - - [14/Sep/2025:20:33:45 +0200] "GET //sitemaps/.env HTTP/1.1" 404 - "https://www.google.com/" "Mozilla/5.0 (Macintosh; Intel Mac OS X 10_2_4) AppleWebKit/537.6 (KHTML, like Gecko) Chrome/7.0.1107.8 Safari/537.33"
18.169.0.198 - - [14/Sep/2025:20:33:45 +0200] "GET //saas/.env HTTP/1.1" 404 - "https://www.google.com/" "Mozilla/5.0 (Macintosh; Intel Mac OS X 10_2_4) AppleWebKit/537.6 (KHTML, like Gecko) Chrome/7.0.1107.8 Safari/537.33"
18.169.0.198 - - [14/Sep/2025:20:33:45 +0200] "GET //api/.env HTTP/1.1" 404 - "https://www.google.com/" "Mozilla/5.0 (Macintosh; Intel Mac OS X 10_2_4) AppleWebKit/537.6 (KHTML, like Gecko) Chrome/7.0.1107.8 Safari/537.33"
18.169.0.198 - - [14/Sep/2025:20:33:45 +0200] "GET //psnlink/.env HTTP/1.1" 404 - "https://www.google.com/" "Mozilla/5.0 (Macintosh; Intel Mac OS X 10_2_4) AppleWebKit/537.6 (KHTML, like Gecko) Chrome/7.0.1107.8 Safari/537.33"
18.169.0.198 - - [14/Sep/2025:20:33:46 +0200] "GET //exapi/.env HTTP/1.1" 404 - "https://www.google.com/" "Mozilla/5.0 (Macintosh; Intel Mac OS X 10_2_4) AppleWebKit/537.6 (KHTML, like Gecko) Chrome/7.0.1107.8 Safari/537.33"
18.169.0.198 - - [14/Sep/2025:20:33:46 +0200] "GET //site/.env HTTP/1.1" 404 - "https://www.google.com/" "Mozilla/5.0 (Macintosh; Intel Mac OS X 10_2_4) AppleWebKit/537.6 (KHTML, like Gecko) Chrome/7.0.1107.8 Safari/537.33"
18.169.0.198 - - [14/Sep/2025:20:33:46 +0200] "GET //admin/.env HTTP/1.1" 404 - "https://www.google.com/" "Mozilla/5.0 (Macintosh; Intel Mac OS X 10_2_4) AppleWebKit/537.6 (KHTML, like Gecko) Chrome/7.0.1107.8 Safari/537.33"
18.169.0.198 - - [14/Sep/2025:20:33:46 +0200] "GET //web/.env HTTP/1.1" 404 - "https://www.google.com/" "Mozilla/5.0 (Macintosh; Intel Mac OS X 10_2_4) AppleWebKit/537.6 (KHTML, like Gecko) Chrome/7.0.1107.8 Safari/537.33"
18.169.0.198 - - [14/Sep/2025:20:33:46 +0200] "GET //public/.env HTTP/1.1" 404 - "https://www.google.com/" "Mozilla/5.0 (Macintosh; Intel Mac OS X 10_2_4) AppleWebKit/537.6 (KHTML, like Gecko) Chrome/7.0.1107.8 Safari/537.33"
18.169.0.198 - - [14/Sep/2025:20:33:46 +0200] "GET //en/.env HTTP/1.1" 404 - "https://www.google.com/" "Mozilla/5.0 (Macintosh; Intel Mac OS X 10_2_4) AppleWebKit/537.6 (KHTML, like Gecko) Chrome/7.0.1107.8 Safari/537.33"
18.169.0.198 - - [14/Sep/2025:20:33:46 +0200] "GET //tools/.env HTTP/1.1" 404 - "https://www.google.com/" "Mozilla/5.0 (Macintosh; Intel Mac OS X 10_2_4) AppleWebKit/537.6 (KHTML, like Gecko) Chrome/7.0.1107.8 Safari/537.33"
18.169.0.198 - - [14/Sep/2025:20:33:46 +0200] "GET //v1/.env HTTP/1.1" 404 - "https://www.google.com/" "Mozilla/5.0 (Macintosh; Intel Mac OS X 10_2_4) AppleWebKit/537.6 (KHTML, like Gecko) Chrome/7.0.1107.8 Safari/537.33"
18.169.0.198 - - [14/Sep/2025:20:33:46 +0200] "GET //v2/.env HTTP/1.1" 404 - "https://www.google.com/" "Mozilla/5.0 (Macintosh; Intel Mac OS X 10_2_4) AppleWebKit/537.6 (KHTML, like Gecko) Chrome/7.0.1107.8 Safari/537.33"
18.169.0.198 - - [14/Sep/2025:20:33:46 +0200] "GET //administrator/.env HTTP/1.1" 404 - "https://www.google.com/" "Mozilla/5.0 (Macintosh; Intel Mac OS X 10_2_4) AppleWebKit/537.6 (KHTML, like Gecko) Chrome/7.0.1107.8 Safari/537.33"
18.169.0.198 - - [14/Sep/2025:20:33:46 +0200] "GET //laravel/.env HTTP/1.1" 404 - "https://www.google.com/" "Mozilla/5.0 (Macintosh; Intel Mac OS X 10_2_4) AppleWebKit/537.6 (KHTML, like Gecko) Chrome/7.0.1107.8 Safari/537.33"
18.169.0.198 - - [14/Sep/2025:20:33:46 +0200] "POST / HTTP/1.1" 200 56106 "https://www.google.com/" "Mozilla/5.0 (Macintosh; Intel Mac OS X 10_2_4) AppleWebKit/537.6 (KHTML, like Gecko) Chrome/7.0.1107.8 Safari/537.33"
18.169.0.198 - - [14/Sep/2025:20:33:46 +0200] "POST //admin/vendor/phpunit/phpunit/src/Util/PHP/eval-stdin.php HTTP/1.1" 404 - "https://www.google.com/" "Mozilla/5.0 (Macintosh; Intel Mac OS X 10_2_4) AppleWebKit/537.6 (KHTML, like Gecko) Chrome/7.0.1107.8 Safari/537.33"
18.169.0.198 - - [14/Sep/2025:20:33:46 +0200] "POST //api/vendor/phpunit/phpunit/src/Util/PHP/eval-stdin.php HTTP/1.1" 404 - "https://www.google.com/" "Mozilla/5.0 (Macintosh; Intel Mac OS X 10_2_4) AppleWebKit/537.6 (KHTML, like Gecko) Chrome/7.0.1107.8 Safari/537.33"
18.169.0.198 - - [14/Sep/2025:20:33:46 +0200] "POST //backup/vendor/phpunit/phpunit/src/Util/PHP/eval-stdin.php HTTP/1.1" 404 - "https://www.google.com/" "Mozilla/5.0 (Macintosh; Intel Mac OS X 10_2_4) AppleWebKit/537.6 (KHTML, like Gecko) Chrome/7.0.1107.8 Safari/537.33"
18.169.0.198 - - [14/Sep/2025:20:33:46 +0200] "POST //blog/vendor/phpunit/phpunit/src/Util/PHP/eval-stdin.php HTTP/1.1" 404 - "https://www.google.com/" "Mozilla/5.0 (Macintosh; Intel Mac OS X 10_2_4) AppleWebKit/537.6 (KHTML, like Gecko) Chrome/7.0.1107.8 Safari/537.33"
18.169.0.198 - - [14/Sep/2025:20:33:46 +0200] "POST //cms/vendor/phpunit/phpunit/src/Util/PHP/eval-stdin.php HTTP/1.1" 404 - "https://www.google.com/" "Mozilla/5.0 (Macintosh; Intel Mac OS X 10_2_4) AppleWebKit/537.6 (KHTML, like Gecko) Chrome/7.0.1107.8 Safari/537.33"
18.169.0.198 - - [14/Sep/2025:20:33:46 +0200] "POST //demo/vendor/phpunit/phpunit/src/Util/PHP/eval-stdin.php HTTP/1.1" 404 - "https://www.google.com/" "Mozilla/5.0 (Macintosh; Intel Mac OS X 10_2_4) AppleWebKit/537.6 (KHTML, like Gecko) Chrome/7.0.1107.8 Safari/537.33"
18.169.0.198 - - [14/Sep/2025:20:33:46 +0200] "POST //dev/vendor/phpunit/phpunit/src/Util/PHP/eval-stdin.php HTTP/1.1" 404 - "https://www.google.com/" "Mozilla/5.0 (Macintosh; Intel Mac OS X 10_2_4) AppleWebKit/537.6 (KHTML, like Gecko) Chrome/7.0.1107.8 Safari/537.33"
18.169.0.198 - - [14/Sep/2025:20:33:46 +0200] "POST //laravel/vendor/phpunit/phpunit/src/Util/PHP/eval-stdin.php HTTP/1.1" 404 - "https://www.google.com/" "Mozilla/5.0 (Macintosh; Intel Mac OS X 10_2_4) AppleWebKit/537.6 (KHTML, like Gecko) Chrome/7.0.1107.8 Safari/537.33"
18.169.0.198 - - [14/Sep/2025:20:33:46 +0200] "POST //lib/phpunit/Util/PHP/eval-stdin.php HTTP/1.1" 404 - "https://www.google.com/" "Mozilla/5.0 (Macintosh; Intel Mac OS X 10_2_4) AppleWebKit/537.6 (KHTML, like Gecko) Chrome/7.0.1107.8 Safari/537.33"
18.169.0.198 - - [14/Sep/2025:20:33:46 +0200] "POST //lib/phpunit/phpunit/Util/PHP/eval-stdin.php HTTP/1.1" 404 - "https://www.google.com/" "Mozilla/5.0 (Macintosh; Intel Mac OS X 10_2_4) AppleWebKit/537.6 (KHTML, like Gecko) Chrome/7.0.1107.8 Safari/537.33"
18.169.0.198 - - [14/Sep/2025:20:33:46 +0200] "POST //lib/phpunit/phpunit/src/Util/PHP/eval-stdin.php HTTP/1.1" 404 - "https://www.google.com/" "Mozilla/5.0 (Macintosh; Intel Mac OS X 10_2_4) AppleWebKit/537.6 (KHTML, like Gecko) Chrome/7.0.1107.8 Safari/537.33"
18.169.0.198 - - [14/Sep/2025:20:33:46 +0200] "POST //lib/phpunit/src/Util/PHP/eval-stdin.php HTTP/1.1" 404 - "https://www.google.com/" "Mozilla/5.0 (Macintosh; Intel Mac OS X 10_2_4) AppleWebKit/537.6 (KHTML, like Gecko) Chrome/7.0.1107.8 Safari/537.33"
18.169.0.198 - - [14/Sep/2025:20:33:47 +0200] "POST //new/vendor/phpunit/phpunit/src/Util/PHP/eval-stdin.php HTTP/1.1" 404 - "https://www.google.com/" "Mozilla/5.0 (Macintosh; Intel Mac OS X 10_2_4) AppleWebKit/537.6 (KHTML, like Gecko) Chrome/7.0.1107.8 Safari/537.33"
18.169.0.198 - - [14/Sep/2025:20:33:47 +0200] "POST //old/vendor/phpunit/phpunit/src/Util/PHP/eval-stdin.php HTTP/1.1" 404 - "https://www.google.com/" "Mozilla/5.0 (Macintosh; Intel Mac OS X 10_2_4) AppleWebKit/537.6 (KHTML, like Gecko) Chrome/7.0.1107.8 Safari/537.33"
18.169.0.198 - - [14/Sep/2025:20:33:47 +0200] "POST //panel/vendor/phpunit/phpunit/src/Util/PHP/eval-stdin.php HTTP/1.1" 404 - "https://www.google.com/" "Mozilla/5.0 (Macintosh; Intel Mac OS X 10_2_4) AppleWebKit/537.6 (KHTML, like Gecko) Chrome/7.0.1107.8 Safari/537.33"
18.169.0.198 - - [14/Sep/2025:20:33:47 +0200] "POST //phpunit/Util/PHP/eval-stdin.php HTTP/1.1" 404 - "https://www.google.com/" "Mozilla/5.0 (Macintosh; Intel Mac OS X 10_2_4) AppleWebKit/537.6 (KHTML, like Gecko) Chrome/7.0.1107.8 Safari/537.33"
18.169.0.198 - - [14/Sep/2025:20:33:47 +0200] "POST //phpunit/phpunit/Util/PHP/eval-stdin.php HTTP/1.1" 404 - "https://www.google.com/" "Mozilla/5.0 (Macintosh; Intel Mac OS X 10_2_4) AppleWebKit/537.6 (KHTML, like Gecko) Chrome/7.0.1107.8 Safari/537.33"
18.169.0.198 - - [14/Sep/2025:20:33:47 +0200] "POST //phpunit/phpunit/src/Util/PHP/eval-stdin.php HTTP/1.1" 404 - "https://www.google.com/" "Mozilla/5.0 (Macintosh; Intel Mac OS X 10_2_4) AppleWebKit/537.6 (KHTML, like Gecko) Chrome/7.0.1107.8 Safari/537.33"
18.169.0.198 - - [14/Sep/2025:20:33:47 +0200] "POST //phpunit/src/Util/PHP/eval-stdin.php HTTP/1.1" 404 - "https://www.google.com/" "Mozilla/5.0 (Macintosh; Intel Mac OS X 10_2_4) AppleWebKit/537.6 (KHTML, like Gecko) Chrome/7.0.1107.8 Safari/537.33"
18.169.0.198 - - [14/Sep/2025:20:33:47 +0200] "POST //protected/vendor/phpunit/phpunit/src/Util/PHP/eval-stdin.php HTTP/1.1" 404 - "https://www.google.com/" "Mozilla/5.0 (Macintosh; Intel Mac OS X 10_2_4) AppleWebKit/537.6 (KHTML, like Gecko) Chrome/7.0.1107.8 Safari/537.33"
18.169.0.198 - - [14/Sep/2025:20:33:47 +0200] "POST //sites/all/libraries/mailchimp/vendor/phpunit/phpunit/src/Util/PHP/eval-stdin.php HTTP/1.1" 404 - "https://www.google.com/" "Mozilla/5.0 (Macintosh; Intel Mac OS X 10_2_4) AppleWebKit/537.6 (KHTML, like Gecko) Chrome/7.0.1107.8 Safari/537.33"
18.169.0.198 - - [14/Sep/2025:20:33:47 +0200] "POST //vendor/phpunit/Util/PHP/eval-stdin.php HTTP/1.1" 404 - "https://www.google.com/" "Mozilla/5.0 (Macintosh; Intel Mac OS X 10_2_4) AppleWebKit/537.6 (KHTML, like Gecko) Chrome/7.0.1107.8 Safari/537.33"
18.169.0.198 - - [14/Sep/2025:20:33:47 +0200] "POST //vendor/phpunit/phpunit/Util/PHP/eval-stdin.php HTTP/1.1" 404 - "https://www.google.com/" "Mozilla/5.0 (Macintosh; Intel Mac OS X 10_2_4) AppleWebKit/537.6 (KHTML, like Gecko) Chrome/7.0.1107.8 Safari/537.33"
18.169.0.198 - - [14/Sep/2025:20:33:47 +0200] "POST //vendor/phpunit/phpunit/src/Util/PHP/eval-stdin.php HTTP/1.1" 404 - "https://www.google.com/" "Mozilla/5.0 (Macintosh; Intel Mac OS X 10_2_4) AppleWebKit/537.6 (KHTML, like Gecko) Chrome/7.0.1107.8 Safari/537.33"
18.169.0.198 - - [14/Sep/2025:20:33:47 +0200] "POST //vendor/phpunit/src/Util/PHP/eval-stdin.php HTTP/1.1" 404 - "https://www.google.com/" "Mozilla/5.0 (Macintosh; Intel Mac OS X 10_2_4) AppleWebKit/537.6 (KHTML, like Gecko) Chrome/7.0.1107.8 Safari/537.33"
18.169.0.198 - - [14/Sep/2025:20:33:47 +0200] "POST //wp-content/plugins/cloudflare/vendor/phpunit/phpunit/src/Util/PHP/eval-stdin.php HTTP/1.1" 404 - "https://www.google.com/" "Mozilla/5.0 (Macintosh; Intel Mac OS X 10_2_4) AppleWebKit/537.6 (KHTML, like Gecko) Chrome/7.0.1107.8 Safari/537.33"
18.169.0.198 - - [14/Sep/2025:20:33:47 +0200] "POST //wp-content/plugins/dzs-videogallery/class_parts/vendor/phpunit/phpunit/src/Util/PHP/eval-stdin.php HTTP/1.1" 404 - "https://www.google.com/" "Mozilla/5.0 (Macintosh; Intel Mac OS X 10_2_4) AppleWebKit/537.6 (KHTML, like Gecko) Chrome/7.0.1107.8 Safari/537.33"
18.169.0.198 - - [14/Sep/2025:20:33:47 +0200] "POST //wp-content/plugins/jekyll-exporter/vendor/phpunit/phpunit/src/Util/PHP/eval-stdin.php HTTP/1.1" 404 - "https://www.google.com/" "Mozilla/5.0 (Macintosh; Intel Mac OS X 10_2_4) AppleWebKit/537.6 (KHTML, like Gecko) Chrome/7.0.1107.8 Safari/537.33"
18.169.0.198 - - [14/Sep/2025:20:33:47 +0200] "POST //wp-content/plugins/mm-plugin/inc/vendors/vendor/phpunit/phpunit/src/Util/PHP/eval-stdin.php HTTP/1.1" 404 - "https://www.google.com/" "Mozilla/5.0 (Macintosh; Intel Mac OS X 10_2_4) AppleWebKit/537.6 (KHTML, like Gecko) Chrome/7.0.1107.8 Safari/537.33"
18.169.0.198 - - [14/Sep/2025:20:33:47 +0200] "POST //www/vendor/phpunit/phpunit/src/Util/PHP/eval-stdin.php HTTP/1.1" 404 - "https://www.google.com/" "Mozilla/5.0 (Macintosh; Intel Mac OS X 10_2_4) AppleWebKit/537.6 (KHTML, like Gecko) Chrome/7.0.1107.8 Safari/537.33"
51.89.129.169 - - [14/Sep/2025:20:38:56 +0200] "GET /sitemap-hot-2994997.xml HTTP/1.1" 404 - "-" "Mozilla/5.0 (compatible; AhrefsBot/7.0; +http://ahrefs.com/robot/)"
216.244.66.228 - - [14/Sep/2025:20:39:26 +0200] "GET /robots.txt HTTP/1.1" 200 1119 "-" "Mozilla/5.0 (compatible; DotBot/1.2; +https://opensiteexplorer.org/dotbot; help@moz.com)"
43.130.34.74 - - [14/Sep/2025:20:39:40 +0200] "GET /wp-admin/import.php HTTP/1.1" 200 171045 "-" "Mozilla/5.0 (iPhone; CPU iPhone OS 13_2_3 like Mac OS X) AppleWebKit/605.1.15 (KHTML, like Gecko) Version/13.0.3 Mobile/15E148 Safari/604.1"
216.244.66.228 - - [14/Sep/2025:20:43:29 +0200] "GET /de/?p=2357 HTTP/1.1" 301 245 "-" "Mozilla/5.0 (compatible; DotBot/1.2; +https://opensiteexplorer.org/dotbot; help@moz.com)"
216.244.66.228 - - [14/Sep/2025:20:44:20 +0200] "GET /de/?p=2991 HTTP/1.1" 301 245 "-" "Mozilla/5.0 (compatible; DotBot/1.2; +https://opensiteexplorer.org/dotbot; help@moz.com)"
216.244.66.228 - - [14/Sep/2025:20:45:08 +0200] "GET /de/?p=2455 HTTP/1.1" 301 245 "-" "Mozilla/5.0 (compatible; DotBot/1.2; +https://opensiteexplorer.org/dotbot; help@moz.com)"
216.244.66.228 - - [14/Sep/2025:20:45:11 +0200] "GET /en/?p=2974 HTTP/1.1" 301 245 "-" "Mozilla/5.0 (compatible; DotBot/1.2; +https://opensiteexplorer.org/dotbot; help@moz.com)"
34.58.228.56 - - [14/Sep/2025:20:48:04 +0200] "HEAD /backup HTTP/1.1" 404 - "-" "Mozilla/5.0 (Macintosh; Intel Mac OS X 12_7_4) AppleWebKit/605.1.15 (KHTML, like Gecko) Version/16.6 Safari/605.1.15"
34.58.228.56 - - [14/Sep/2025:20:48:04 +0200] "HEAD /old HTTP/1.1" 404 - "-" "Mozilla/5.0 (Windows NT 6.1; Win64; x64; rv:115.0) Gecko/20100101 Firefox/115.0"
34.58.228.56 - - [14/Sep/2025:20:48:04 +0200] "HEAD /new HTTP/1.1" 404 - "-" "Mozilla/5.0 (Windows NT 6.1; Win64; x64; rv:115.0) Gecko/20100101 Firefox/115.0"
34.58.228.56 - - [14/Sep/2025:20:48:04 +0200] "HEAD / HTTP/1.1" 200 - "-" "Mozilla/5.0 (Macintosh; Intel Mac OS X 14_2) AppleWebKit/537.36 (KHTML, like Gecko) Chrome/121.0.6167.86 Safari/537.36 Brave/1.62.162"
34.58.228.56 - - [14/Sep/2025:20:48:04 +0200] "HEAD /bk HTTP/1.1" 404 - "-" "Mozilla/5.0 (X11; Linux x86_64) AppleWebKit/537.36 (KHTML, like Gecko) Chrome/126.0.6478.20 Safari/537.36"
34.58.228.56 - - [14/Sep/2025:20:48:04 +0200] "HEAD /wordpress HTTP/1.1" 404 - "-" "Mozilla/5.0 (iPhone; CPU iPhone OS 17_2 like Mac OS X) AppleWebKit/605.1.15 (KHTML, like Gecko) CriOS/124.0.6367.56 Mobile/15E148 Safari/604.1"
34.58.228.56 - - [14/Sep/2025:20:48:05 +0200] "HEAD /home HTTP/1.1" 404 - "-" "Mozilla/5.0 (Linux; U; Android 11; en-US; V2027) AppleWebKit/537.36 (KHTML, like Gecko) Version/4.0 Chrome/89.0.4389.116 UCBrowser/13.4.0.1306 Mobile Safari/537.36"
34.58.228.56 - - [14/Sep/2025:20:48:05 +0200] "HEAD /wp HTTP/1.1" 404 - "-" "Mozilla/5.0 (Macintosh; Intel Mac OS X 14_4) AppleWebKit/605.1.15 (KHTML, like Gecko) Version/17.4 Safari/605.1.15"
34.58.228.56 - - [14/Sep/2025:20:48:05 +0200] "HEAD /bc HTTP/1.1" 404 - "-" "Mozilla/5.0 (Windows NT 10.0; Win64; x64) AppleWebKit/537.36 (KHTML, like Gecko) Chrome/123.0.6312.86 Safari/537.36"
34.58.228.56 - - [14/Sep/2025:20:48:05 +0200] "HEAD /main HTTP/1.1" 404 - "-" "Mozilla/5.0 (Windows NT 10.0; Win64; x64; rv:123.0) Gecko/20100101 Firefox/123.0"
216.244.66.228 - - [14/Sep/2025:20:49:41 +0200] "GET /de/wp-content/uploads/2022/11/msd.de_.jpg HTTP/1.1" 301 276 "-" "Mozilla/5.0 (compatible; DotBot/1.2; +https://opensiteexplorer.org/dotbot; help@moz.com)"
216.244.66.228 - - [14/Sep/2025:20:49:44 +0200] "GET /de/wp-content/uploads/2023/10/WhatsApp-Image-2023-10-07-at-19.41.22.jpeg HTTP/1.1" 301 307 "-" "Mozilla/5.0 (compatible; DotBot/1.2; +https://opensiteexplorer.org/dotbot; help@moz.com)"
216.244.66.228 - - [14/Sep/2025:20:49:47 +0200] "GET /en/wp-content/uploads/2023/10/Macron-calls-for-expansion-of-the-International-Coalition-to-fight-Hamas.jpg HTTP/1.1" 301 341 "-" "Mozilla/5.0 (compatible; DotBot/1.2; +https://opensiteexplorer.org/dotbot; help@moz.com)"
216.73.216.169 - - [14/Sep/2025:20:52:28 +0200] "GET /robots.txt HTTP/1.1" 200 1119 "-" "Mozilla/5.0 AppleWebKit/537.36 (KHTML, like Gecko; compatible; ClaudeBot/1.0; +claudebot@anthropic.com)"
216.73.216.169 - - [14/Sep/2025:20:52:52 +0200] "GET /sitemap-hot-2966997.xml HTTP/1.1" 404 - "-" "Mozilla/5.0 AppleWebKit/537.36 (KHTML, like Gecko; compatible; ClaudeBot/1.0; +claudebot@anthropic.com)"
216.73.216.169 - - [14/Sep/2025:20:52:55 +0200] "GET /sitemap-hot-2968997.xml HTTP/1.1" 404 - "-" "Mozilla/5.0 AppleWebKit/537.36 (KHTML, like Gecko; compatible; ClaudeBot/1.0; +claudebot@anthropic.com)"
216.73.216.169 - - [14/Sep/2025:20:52:58 +0200] "GET /sitemap-hot-2986997.xml HTTP/1.1" 404 - "-" "Mozilla/5.0 AppleWebKit/537.36 (KHTML, like Gecko; compatible; ClaudeBot/1.0; +claudebot@anthropic.com)"
216.73.216.169 - - [14/Sep/2025:20:53:01 +0200] "GET /sitemap-hot-2970997.xml HTTP/1.1" 404 - "-" "Mozilla/5.0 AppleWebKit/537.36 (KHTML, like Gecko; compatible; ClaudeBot/1.0; +claudebot@anthropic.com)"
216.73.216.169 - - [14/Sep/2025:20:53:04 +0200] "GET /sitemap-hot-2982997.xml HTTP/1.1" 404 - "-" "Mozilla/5.0 AppleWebKit/537.36 (KHTML, like Gecko; compatible; ClaudeBot/1.0; +claudebot@anthropic.com)"
216.73.216.169 - - [14/Sep/2025:20:53:07 +0200] "GET /sitemap-hot-2988997.xml HTTP/1.1" 404 - "-" "Mozilla/5.0 AppleWebKit/537.36 (KHTML, like Gecko; compatible; ClaudeBot/1.0; +claudebot@anthropic.com)"
216.73.216.169 - - [14/Sep/2025:20:53:10 +0200] "GET /sitemap-hot-2984997.xml HTTP/1.1" 404 - "-" "Mozilla/5.0 AppleWebKit/537.36 (KHTML, like Gecko; compatible; ClaudeBot/1.0; +claudebot@anthropic.com)"
216.73.216.169 - - [14/Sep/2025:20:53:13 +0200] "GET /sitemap.xml HTTP/1.1" 404 - "-" "Mozilla/5.0 AppleWebKit/537.36 (KHTML, like Gecko; compatible; ClaudeBot/1.0; +claudebot@anthropic.com)"
216.73.216.169 - - [14/Sep/2025:20:53:16 +0200] "GET /sitemapmobileindex.xml HTTP/1.1" 404 - "-" "Mozilla/5.0 AppleWebKit/537.36 (KHTML, like Gecko; compatible; ClaudeBot/1.0; +claudebot@anthropic.com)"
104.28.240.85 - - [14/Sep/2025:20:54:55 +0200] "GET /xmlrpc.php HTTP/1.1" 200 56106 "-" "Mozilla/5.0 (Windows NT 10.0; Win64; x64; rv:72.0) Gecko/20100101 Firefox/72.0"
104.28.240.85 - - [14/Sep/2025:20:54:56 +0200] "POST /xmlrpc.php HTTP/1.1" 200 56106 "-" "Mozilla/5.0 (Windows NT 10.0; Win64; x64; rv:72.0) Gecko/20100101 Firefox/72.0"
104.28.240.85 - - [14/Sep/2025:20:54:56 +0200] "GET /witmm.php HTTP/1.1" 404 16 "-" "Mozilla/5.0 (Windows NT 10.0; Win64; x64; rv:72.0) Gecko/20100101 Firefox/72.0"
104.28.240.85 - - [14/Sep/2025:20:54:56 +0200] "GET /xmlrpc.php HTTP/1.1" 200 56106 "-" "Mozilla/5.0 (Windows NT 10.0; Win64; x64; rv:72.0) Gecko/20100101 Firefox/72.0"
104.28.240.85 - - [14/Sep/2025:20:54:57 +0200] "POST /xmlrpc.php HTTP/1.1" 200 56106 "-" "Mozilla/5.0 (Windows NT 10.0; Win64; x64; rv:72.0) Gecko/20100101 Firefox/72.0"
104.28.240.85 - - [14/Sep/2025:20:54:57 +0200] "GET /witmm.php HTTP/1.1" 404 16 "-" "Mozilla/5.0 (Windows NT 10.0; Win64; x64; rv:72.0) Gecko/20100101 Firefox/72.0"
216.244.66.228 - - [14/Sep/2025:20:56:49 +0200] "GET /en/wp-content/uploads/2023/09/US-Operation-Inherent-Resolve-reassures-fight-against-ISIS.jpg HTTP/1.1" 301 327 "-" "Mozilla/5.0 (compatible; DotBot/1.2; +https://opensiteexplorer.org/dotbot; help@moz.com)"
216.244.66.228 - - [14/Sep/2025:20:57:54 +0200] "GET /?p=3032 HTTP/1.1" 200 56106 "-" "Mozilla/5.0 (compatible; DotBot/1.2; +https://opensiteexplorer.org/dotbot; help@moz.com)"
216.244.66.228 - - [14/Sep/2025:21:03:47 +0200] "GET /de/wp-content/uploads/2024/02/IMG-20240205-WA0004.jpg HTTP/1.1" 301 288 "-" "Mozilla/5.0 (compatible; DotBot/1.2; +https://opensiteexplorer.org/dotbot; help@moz.com)"
104.28.240.85 - - [14/Sep/2025:21:07:01 +0200] "GET /xmlrpc.php HTTP/1.1" 200 56106 "-" "Mozilla/5.0 (Macintosh; Intel Mac OS X 10_9_3) AppleWebKit/537.75.14 (KHTML, like Gecko) Version/7.0.3 Safari/7046A194A"
104.28.240.85 - - [14/Sep/2025:21:07:02 +0200] "GET /xmlrpc.php HTTP/1.1" 200 56106 "-" "Mozilla/5.0 (Windows NT 6.3; WOW64) AppleWebKit/537.36 (KHTML, like Gecko) Chrome/41.0.2227.0 Safari/537.36"
104.28.240.85 - - [14/Sep/2025:21:07:02 +0200] "POST /xmlrpc.php HTTP/1.1" 200 56106 "-" "Mozilla/5.0 (Windows NT 6.1) AppleWebKit/537.36 (KHTML, like Gecko) Chrome/41.0.2228.0 Safari/537.36"
104.28.240.85 - - [14/Sep/2025:21:07:03 +0200] "GET /q1.php HTTP/1.1" 404 16 "-" "Mozilla/5.0 (Macintosh; Intel Mac OS X 10_10_1) AppleWebKit/537.36 (KHTML, like Gecko) Chrome/41.0.2227.1 Safari/537.36"
216.244.66.228 - - [14/Sep/2025:21:09:56 +0200] "GET /de/?p=3283 HTTP/1.1" 301 245 "-" "Mozilla/5.0 (compatible; DotBot/1.2; +https://opensiteexplorer.org/dotbot; help@moz.com)"
216.244.66.228 - - [14/Sep/2025:21:09:59 +0200] "GET /de/?p=4233 HTTP/1.1" 301 245 "-" "Mozilla/5.0 (compatible; DotBot/1.2; +https://opensiteexplorer.org/dotbot; help@moz.com)"
43.153.96.79 - - [14/Sep/2025:21:18:15 +0200] "GET /wp-admin/update-core.php?path=/mnt/data/targetplatform/public_html/wp-admin/user HTTP/1.1" 200 30367 "-" "Mozilla/5.0 (iPhone; CPU iPhone OS 13_2_3 like Mac OS X) AppleWebKit/605.1.15 (KHTML, like Gecko) Version/13.0.3 Mobile/15E148 Safari/604.1"
198.244.226.70 - - [14/Sep/2025:21:27:49 +0200] "GET /sitemap-hot-2986997.xml HTTP/1.1" 404 - "-" "Mozilla/5.0 (compatible; AhrefsBot/7.0; +http://ahrefs.com/robot/)"
43.130.100.35 - - [14/Sep/2025:21:27:51 +0200] "GET /wp-admin/update-core.php?fileloc=/mnt/data/targetplatform/public_html/wp-admin/admin-functions.php&path=/mnt/data/targetplatform/public_html/wp-admin HTTP/1.1" 200 13104 "-" "Mozilla/5.0 (iPhone; CPU iPhone OS 13_2_3 like Mac OS X) AppleWebKit/605.1.15 (KHTML, like Gecko) Version/13.0.3 Mobile/15E148 Safari/604.1"
216.244.66.228 - - [14/Sep/2025:21:36:27 +0200] "GET /robots.txt HTTP/1.1" 200 1119 "-" "Mozilla/5.0 (compatible; DotBot/1.2; +https://opensiteexplorer.org/dotbot; help@moz.com)"
216.244.66.228 - - [14/Sep/2025:21:40:01 +0200] "GET /de/?p=3721 HTTP/1.1" 301 245 "-" "Mozilla/5.0 (compatible; DotBot/1.2; +https://opensiteexplorer.org/dotbot; help@moz.com)"
216.244.66.228 - - [14/Sep/2025:21:40:21 +0200] "GET /de/?p=2488 HTTP/1.1" 301 245 "-" "Mozilla/5.0 (compatible; DotBot/1.2; +https://opensiteexplorer.org/dotbot; help@moz.com)"
216.244.66.228 - - [14/Sep/2025:21:40:26 +0200] "GET /de/?p=2784 HTTP/1.1" 301 245 "-" "Mozilla/5.0 (compatible; DotBot/1.2; +https://opensiteexplorer.org/dotbot; help@moz.com)"
216.244.66.228 - - [14/Sep/2025:21:40:53 +0200] "GET /de/?p=3728 HTTP/1.1" 301 245 "-" "Mozilla/5.0 (compatible; DotBot/1.2; +https://opensiteexplorer.org/dotbot; help@moz.com)"
216.244.66.228 - - [14/Sep/2025:21:40:56 +0200] "GET /de/?p=3731 HTTP/1.1" 301 245 "-" "Mozilla/5.0 (compatible; DotBot/1.2; +https://opensiteexplorer.org/dotbot; help@moz.com)"
216.244.66.228 - - [14/Sep/2025:21:40:59 +0200] "GET /en/?p=2874 HTTP/1.1" 301 245 "-" "Mozilla/5.0 (compatible; DotBot/1.2; +https://opensiteexplorer.org/dotbot; help@moz.com)"
43.135.115.233 - - [14/Sep/2025:21:41:23 +0200] "GET /wp-admin/update-core.php?fileloc=/mnt/data/targetplatform/public_html/wp-admin/contribute.php&path=/mnt/data/targetplatform/public_html/wp-admin HTTP/1.1" 200 20308 "-" "Mozilla/5.0 (iPhone; CPU iPhone OS 13_2_3 like Mac OS X) AppleWebKit/605.1.15 (KHTML, like Gecko) Version/13.0.3 Mobile/15E148 Safari/604.1"
216.244.66.228 - - [14/Sep/2025:21:42:14 +0200] "GET /wp-content/uploads/2025/06/%D8%A7%D9%84%D9%85%D9%88%D9%82%D8%B9-8.jpg HTTP/1.1" 200 72542 "-" "Mozilla/5.0 (compatible; DotBot/1.2; +https://opensiteexplorer.org/dotbot; help@moz.com)"
216.244.66.228 - - [14/Sep/2025:21:42:37 +0200] "GET /de/wp-content/uploads/2023/08/d0e87b7d-c7ff-4172-a1cb-101d1a1a0e15.jpeg HTTP/1.1" 301 306 "-" "Mozilla/5.0 (compatible; DotBot/1.2; +https://opensiteexplorer.org/dotbot; help@moz.com)"
216.244.66.228 - - [14/Sep/2025:21:46:38 +0200] "GET /en/wp-content/uploads/2023/04/IMG-20230412-WA0000.jpg HTTP/1.1" 301 288 "-" "Mozilla/5.0 (compatible; DotBot/1.2; +https://opensiteexplorer.org/dotbot; help@moz.com)"
216.244.66.228 - - [14/Sep/2025:21:47:40 +0200] "GET /?p=4680 HTTP/1.1" 200 56106 "-" "Mozilla/5.0 (compatible; DotBot/1.2; +https://opensiteexplorer.org/dotbot; help@moz.com)"
216.244.66.228 - - [14/Sep/2025:21:47:44 +0200] "GET /wp-content/uploads/2024/02/WhatsApp-Image-2024-02-16-at-5.57.45-PM.jpeg HTTP/1.1" 200 238372 "-" "Mozilla/5.0 (compatible; DotBot/1.2; +https://opensiteexplorer.org/dotbot; help@moz.com)"
216.244.66.228 - - [14/Sep/2025:22:02:47 +0200] "GET /ku/wp-content/uploads/2023/08/5-1.png HTTP/1.1" 301 272 "-" "Mozilla/5.0 (compatible; DotBot/1.2; +https://opensiteexplorer.org/dotbot; help@moz.com)"
216.73.216.169 - - [14/Sep/2025:22:02:49 +0200] "GET /robots.txt HTTP/1.1" 200 1119 "-" "Mozilla/5.0 AppleWebKit/537.36 (KHTML, like Gecko; compatible; ClaudeBot/1.0; +claudebot@anthropic.com)"
216.73.216.169 - - [14/Sep/2025:22:02:49 +0200] "GET /sitemapmobileindex.xml HTTP/1.1" 404 - "-" "Mozilla/5.0 AppleWebKit/537.36 (KHTML, like Gecko; compatible; ClaudeBot/1.0; +claudebot@anthropic.com)"
216.244.66.228 - - [14/Sep/2025:22:03:49 +0200] "GET /ku/?p=1282 HTTP/1.1" 301 245 "-" "Mozilla/5.0 (compatible; DotBot/1.2; +https://opensiteexplorer.org/dotbot; help@moz.com)"
216.244.66.228 - - [14/Sep/2025:22:03:53 +0200] "GET /ku/?p=2510 HTTP/1.1" 301 245 "-" "Mozilla/5.0 (compatible; DotBot/1.2; +https://opensiteexplorer.org/dotbot; help@moz.com)"
216.244.66.228 - - [14/Sep/2025:22:04:18 +0200] "GET /en/?feed=rss2&cat=27 HTTP/1.1" 301 259 "-" "Mozilla/5.0 (compatible; DotBot/1.2; +https://opensiteexplorer.org/dotbot; help@moz.com)"
114.119.128.139 - - [14/Sep/2025:22:15:02 +0200] "GET /sitemapmobileindex.xml HTTP/1.1" 404 - "-" "Mozilla/5.0 (Linux; Android 7.0;) AppleWebKit/537.36 (KHTML, like Gecko) Mobile Safari/537.36 (compatible; PetalBot;+https://webmaster.petalsearch.com/site/petalbot)"
125.75.66.97 - - [14/Sep/2025:22:15:53 +0200] "GET / HTTP/1.1" 200 56106 "-" "Mozilla/5.0 (iPhone; CPU iPhone OS 13_2_3 like Mac OS X) AppleWebKit/605.1.15 (KHTML, like Gecko) Version/13.0.3 Mobile/15E148 Safari/604.1"
114.119.131.139 - - [14/Sep/2025:22:16:29 +0200] "GET /ku/wp-content/uploads/2022/04/07.jpg HTTP/1.1" 301 271 "-" "Mozilla/5.0 (Linux; Android 7.0;) AppleWebKit/537.36 (KHTML, like Gecko) Mobile Safari/537.36 (compatible; PetalBot;+https://webmaster.petalsearch.com/site/petalbot)"
216.73.216.169 - - [14/Sep/2025:22:23:10 +0200] "GET /sitemapmobileindex.xml HTTP/1.1" 404 - "-" "Mozilla/5.0 AppleWebKit/537.36 (KHTML, like Gecko; compatible; ClaudeBot/1.0; +claudebot@anthropic.com)"
216.244.66.228 - - [14/Sep/2025:22:26:35 +0200] "GET /robots.txt HTTP/1.1" 200 1119 "-" "Mozilla/5.0 (compatible; DotBot/1.2; +https://opensiteexplorer.org/dotbot; help@moz.com)"
216.244.66.228 - - [14/Sep/2025:22:30:21 +0200] "GET /de/?p=2772 HTTP/1.1" 301 245 "-" "Mozilla/5.0 (compatible; DotBot/1.2; +https://opensiteexplorer.org/dotbot; help@moz.com)"
216.244.66.228 - - [14/Sep/2025:22:30:27 +0200] "GET /ku/?p=1919 HTTP/1.1" 301 245 "-" "Mozilla/5.0 (compatible; DotBot/1.2; +https://opensiteexplorer.org/dotbot; help@moz.com)"
216.244.66.228 - - [14/Sep/2025:22:31:55 +0200] "GET /ku/?p=1456 HTTP/1.1" 301 245 "-" "Mozilla/5.0 (compatible; DotBot/1.2; +https://opensiteexplorer.org/dotbot; help@moz.com)"
112.65.211.191 - - [14/Sep/2025:22:34:17 +0200] "GET /en/wp-login.php?action=lostpassword&redirect_to=https%3a%2f%2ftargetplatform.net%2fen%2f%3fcat%3d33%26paged%3d15 HTTP/1.1" 301 351 "-" "Mozilla/5.0 (Macintosh; Intel Mac OS X 10_14_6) AppleWebKit/537.36 (KHTML, like Gecko) Chrome/129.0.0.0 Safari/537.36"
216.244.66.228 - - [14/Sep/2025:22:36:44 +0200] "GET /de/wp-content/uploads/2023/07/Syrien_lira_inflation.jpg HTTP/1.1" 301 290 "-" "Mozilla/5.0 (compatible; DotBot/1.2; +https://opensiteexplorer.org/dotbot; help@moz.com)"
216.244.66.228 - - [14/Sep/2025:22:36:48 +0200] "GET /de/wp-content/uploads/2023/08/IMG-20230821-WA0010.jpg HTTP/1.1" 301 288 "-" "Mozilla/5.0 (compatible; DotBot/1.2; +https://opensiteexplorer.org/dotbot; help@moz.com)"
216.244.66.228 - - [14/Sep/2025:22:36:51 +0200] "GET /en/wp-content/uploads/2022/09/388f3eed-8d36-433e-916a-475c3decc1da.jpg HTTP/1.1" 301 305 "-" "Mozilla/5.0 (compatible; DotBot/1.2; +https://opensiteexplorer.org/dotbot; help@moz.com)"
216.244.66.228 - - [14/Sep/2025:22:36:54 +0200] "GET /en/wp-content/uploads/2022/09/ffr.jpg HTTP/1.1" 301 272 "-" "Mozilla/5.0 (compatible; DotBot/1.2; +https://opensiteexplorer.org/dotbot; help@moz.com)"
216.244.66.228 - - [14/Sep/2025:22:36:58 +0200] "GET /ku/wp-content/uploads/2023/08/Yekem-car-wezireke-bere-ye-berevaniya-Amerikaye-serdana-Bakur-u-Rojhilate-Suriyaye-dike.png HTTP/1.1" 301 356 "-" "Mozilla/5.0 (compatible; DotBot/1.2; +https://opensiteexplorer.org/dotbot; help@moz.com)"
180.153.197.92 - - [14/Sep/2025:22:37:13 +0200] "GET /en/wp-login.php?action=lostpassword&redirect_to=https%3a%2f%2ftargetplatform.net%2fen%2f%3fcat%3d33%26paged%3d15 HTTP/1.1" 301 351 "-" "Mozilla/5.0 (iPhone; CPU iPhone OS 16_0 like Mac OS X) AppleWebKit/605.1.15 (KHTML, like Gecko) Version/18.0 Mobile/15E148 Safari/604.1"
